208.18.58.254 - - [04/Apr/2005:16:05:48 -0400] "GET /english/life/images/statueshrewsschool-t.jpg HTTP/1.0" 200 20227 "http://www.darwinday.org/english/life/shrewsbury.html" "Mozilla/4.0 (compatible; MSIE 6.0; Windows 98)"
208.45.116.15 - - [04/Apr/2005:16:08:16 -0400] "GET /home/images/darwinages.gif HTTP/1.1" 404 4484 "http://goodshit.phlap.net/archives/2005_02_14.html" "Mozilla/4.0 (compatible; MSIE 6.0; Windows NT 5.1; SV1)"
208.45.116.15 - - [04/Apr/2005:16:09:10 -0400] "GET /home/images/darwinages.gif HTTP/1.1" 404 4484 "http://goodshit.phlap.net/archives/2005_02_14.html" "Mozilla/4.0 (compatible; MSIE 6.0; Windows NT 5.1; SV1)"
64.5.245.11 - - [04/Apr/2005:16:17:50 -0400] "GET /museum/faces-of-darwin.html HTTP/1.0" 404 4466 "-" "Mozilla/5.0 wgao@genieknows.com"
68.191.206.155 - - [04/Apr/2005:16:17:58 -0400] "GET /english/life/shrewsbury.html HTTP/1.0" 200 12008 "http://search.msn.com/results.aspx?srch=105&FORM=AS5&q=Darwin+and+Dragoon+Soldier" "Mozilla/4.0 (compatible; MSIE 6.0; Windows NT 5.1; .NET CLR 1.1.4322)"
68.191.206.155 - - [04/Apr/2005:16:18:04 -0400] "GET /english/life/shrewsbury.html HTTP/1.0" 200 12008 "http://search.msn.com/results.aspx?srch=105&FORM=AS5&q=Darwin+and+Dragoon+Soldier" "Mozilla/4.0 (compatible; MSIE 6.0; Windows NT 5.1; .NET CLR 1.1.4322)"
24.177.134.6 - - [04/Apr/2005:16:18:15 -0400] "GET /robots.txt HTTP/1.0" 404 4449 "-" "aipbot/1.0 (aipbot; http://www.aipbot.com; aipbot@aipbot.com)"
24.225.176.117 - - [04/Apr/2005:16:19:24 -0400] "GET /life/children.html HTTP/1.1" 404 4476 "http://images.google.com/imgres?imgurl=http://www.darwinday.org/life/images/family/henrietta-emma-t.jpg&imgrefurl=http://www.darwinday.org/life/children.html&h=175&w=67&sz=20&tbnid=L-m4ykryIO0J:&tbnh=94&tbnw=36&start=9&prev=/images%3Fq%3Dhenrietta%2Bdarwin%26hl%3Den%26lr%3D%26safe%3Doff%26sa%3DG%26edition%3Dus" "Mozilla/5.0 (Macintosh; U; PPC Mac OS X; en-us) AppleWebKit/125.5.7 (KHTML, like Gecko) Safari/125.12"
24.225.176.117 - - [04/Apr/2005:16:19:25 -0400] "GET /life/stylesheets/main.css HTTP/1.1" 404 4483 "http://www.darwinday.org/life/children.html" "Mozilla/5.0 (Macintosh; U; PPC Mac OS X; en-us) AppleWebKit/125.5.7 (KHTML, like Gecko) Safari/125.12"
24.225.176.117 - - [04/Apr/2005:16:19:25 -0400] "GET /life/images/topleftlogo.gif HTTP/1.1" 404 4485 "http://www.darwinday.org/life/children.html" "Mozilla/5.0 (Macintosh; U; PPC Mac OS X; en-us) AppleWebKit/125.5.7 (KHTML, like Gecko) Safari/125.12"
24.225.176.117 - - [04/Apr/2005:16:19:25 -0400] "GET /life/images/worldmaptransp.gif HTTP/1.1" 404 4488 "http://www.darwinday.org/life/children.html" "Mozilla/5.0 (Macintosh; U; PPC Mac OS X; en-us) AppleWebKit/125.5.7 (KHTML, like Gecko) Safari/125.12"
24.225.176.117 - - [04/Apr/2005:16:19:25 -0400] "GET /life/english/images/titletrans.gif HTTP/1.1" 404 4498 "http://www.darwinday.org/life/children.html" "Mozilla/5.0 (Macintosh; U; PPC Mac OS X; en-us) AppleWebKit/125.5.7 (KHTML, like Gecko) Safari/125.12"
24.225.176.117 - - [04/Apr/2005:16:19:25 -0400] "GET /life/english/images/navbar.gif HTTP/1.1" 404 4488 "http://www.darwinday.org/life/children.html" "Mozilla/5.0 (Macintosh; U; PPC Mac OS X; en-us) AppleWebKit/125.5.7 (KHTML, like Gecko) Safari/125.12"
63.149.53.2 - - [04/Apr/2005:16:19:49 -0400] "GET /english/home/2004.html HTTP/1.1" 200 12727 "-" "Mozilla/4.0 (compatible; MSIE 6.0; Windows NT 5.1; SV1)"
24.225.176.117 - - [04/Apr/2005:16:20:08 -0400] "GET /life/images/trans.gif HTTP/1.1" 404 4479 "http://www.darwinday.org/life/children.html" "Mozilla/5.0 (Macintosh; U; PPC Mac OS X; en-us) AppleWebKit/125.5.7 (KHTML, like Gecko) Safari/125.12"
24.225.176.117 - - [04/Apr/2005:16:20:09 -0400] "GET /life/english/images/redbar.gif HTTP/1.1" 404 4488 "http://www.darwinday.org/life/children.html" "Mozilla/5.0 (Macintosh; U; PPC Mac OS X; en-us) AppleWebKit/125.5.7 (KHTML, like Gecko) Safari/125.12"
63.149.53.2 - - [04/Apr/2005:16:20:19 -0400] "GET /english/home/2004.html HTTP/1.1" 200 81189 "-" "Mozilla/4.0 (compatible; MSIE 6.0; Windows NT 5.1; SV1)"
63.149.53.2 - - [04/Apr/2005:16:20:20 -0400] "GET /stylesheets/main.css HTTP/1.1" 200 144 "-" "Mozilla/4.0 (compatible; MSIE 6.0; Windows NT 5.1; SV1)"
68.158.16.85 - - [04/Apr/2005:16:20:21 -0400] "GET / HTTP/1.1" 200 20419 "-" "Mozilla/4.0 (compatible; MSIE 5.0; Windows NT; DigExt; DTS Agent"
63.149.53.2 - - [04/Apr/2005:16:20:21 -0400] "GET /images/trans.gif HTTP/1.1" 200 49 "-" "Mozilla/4.0 (compatible; MSIE 6.0; Windows NT 5.1; SV1)"
63.149.53.2 - - [04/Apr/2005:16:20:22 -0400] "GET /images/header.gif HTTP/1.1" 200 31921 "-" "Mozilla/4.0 (compatible; MSIE 6.0; Windows NT 5.1; SV1)"
63.149.53.2 - - [04/Apr/2005:16:20:23 -0400] "GET /english/images/redbar.gif HTTP/1.1" 200 1680 "-" "Mozilla/4.0 (compatible; MSIE 6.0; Windows NT 5.1; SV1)"
63.149.53.2 - - [04/Apr/2005:16:20:26 -0400] "GET /images/worldmaptransp.gif HTTP/1.1" 200 128893 "-" "Mozilla/4.0 (compatible; MSIE 6.0; Windows NT 5.1; SV1)"
63.149.53.2 - - [04/Apr/2005:16:20:30 -0400] "GET /english/images/titletrans.gif HTTP/1.1" 200 15588 "-" "Mozilla/4.0 (compatible; MSIE 6.0; Windows NT 5.1; SV1)"
63.149.53.2 - - [04/Apr/2005:16:20:32 -0400] "GET /english/images/navbar.gif HTTP/1.1" 200 2992 "-" "Mozilla/4.0 (compatible; MSIE 6.0; Windows NT 5.1; SV1)"
139.18.2.81 - - [04/Apr/2005:16:20:33 -0400] "GET /features/hyde1.html HTTP/1.1" 404 4477 "-" "findlinks/0.901f (+http://wortschatz.uni-leipzig.de/findlinks/)"
24.225.176.117 - - [04/Apr/2005:16:20:37 -0400] "GET /life/images/header.gif HTTP/1.1" 404 4480 "http://www.darwinday.org/life/children.html" "Mozilla/5.0 (Macintosh; U; PPC Mac OS X; en-us) AppleWebKit/125.5.7 (KHTML, like Gecko) Safari/125.12"
68.142.251.39 - - [04/Apr/2005:16:21:55 -0400] "GET /life/ HTTP/1.0" 404 4444 "-" "Mozilla/5.0 (compatible; Yahoo! Slurp; http://help.yahoo.com/help/us/ysearch/slurp)"
63.149.53.2 - - [04/Apr/2005:16:22:50 -0400] "GET /images/topleftlogo.gif HTTP/1.1" 200 10464 "-" "Mozilla/4.0 (compatible; MSIE 6.0; Windows NT 5.1; SV1)"
24.225.176.117 - - [04/Apr/2005:16:23:18 -0400] "GET /life/images/family/henrietta-emma-t.jpg HTTP/1.1" 404 4503 "http://images.google.com/imgres?imgurl=http://www.darwinday.org/life/images/family/henrietta-emma-t.jpg&imgrefurl=http://www.darwinday.org/life/children.html&h=175&w=67&sz=20&tbnid=L-m4ykryIO0J:&tbnh=94&tbnw=36&prev=/images%3Fq%3Dhenrietta%2Bdarwin%26hl%3Den%26lr%3D%26safe%3Doff%26sa%3DG%26edition%3Dus&frame=small" "Mozilla/5.0 (Macintosh; U; PPC Mac OS X; en-us) AppleWebKit/125.5.7 (KHTML, like Gecko) Safari/125.12"
69.251.81.118 - - [04/Apr/2005:16:26:13 -0400] "GET /english/dispevent HTTP/1.1" 301 333 "http://search.yahoo.com/search?p=www.darwinday.com&ei=UTF-8&xargs=0&pstart=1&fr=ieas-dns&b=11" "Mozilla/4.0 (compatible; MSIE 6.0; Windows NT 5.1; SV1; .NET CLR 1.1.4322)"
195.70.35.179 - - [04/Apr/2005:16:27:13 -0400] "GET / HTTP/1.1" 200 12658 "-" "KummHttp/1.1 (compatible; KummClient; Linux rulez)"
68.142.250.73 - - [04/Apr/2005:16:27:30 -0400] "GET /register/index.php HTTP/1.0" 404 4457 "-" "Mozilla/5.0 (compatible; Yahoo! Slurp; http://help.yahoo.com/help/us/ysearch/slurp)"
195.70.35.179 - - [04/Apr/2005:16:27:51 -0400] "GET / HTTP/1.1" 200 12658 "-" "KummHttp/1.1 (compatible; KummClient; Linux rulez)"
195.70.35.179 - - [04/Apr/2005:16:28:07 -0400] "GET / HTTP/1.1" 200 15554 "-" "KummHttp/1.1 (compatible; KummClient; Linux rulez)"
24.225.176.117 - - [04/Apr/2005:16:28:14 -0400] "GET / HTTP/1.1" 200 12620 "http://www.darwinday.org/life/children.html" "Mozilla/5.0 (Macintosh; U; PPC Mac OS X; en-us) AppleWebKit/125.5.7 (KHTML, like Gecko) Safari/125.12"
68.142.250.83 - - [04/Apr/2005:16:28:57 -0400] "GET /home/2007.html HTTP/1.0" 404 4453 "-" "Mozilla/5.0 (compatible; Yahoo! Slurp; http://help.yahoo.com/help/us/ysearch/slurp)"
69.251.81.118 - - [04/Apr/2005:16:29:12 -0400] "GET /english/dispevent HTTP/1.1" 301 333 "http://search.yahoo.com/search?p=www.DarwinDay.com&ei=UTF-8&xargs=0&pstart=1&fr=ieas-dns&b=11" "Mozilla/4.0 (compatible; MSIE 6.0; Windows NT 5.1; SV1; .NET CLR 1.1.4322)"
208.248.231.58 - - [04/Apr/2005:16:29:35 -0400] "GET / HTTP/1.1" 200 20419 "http://www.darwinlive.com/" "Mozilla/4.0 (compatible; MSIE 6.0; Windows NT 5.1)"
208.248.231.58 - - [04/Apr/2005:16:29:36 -0400] "GET /stylesheets/main.css HTTP/1.1" 200 144 "http://www.darwinday.org/" "Mozilla/4.0 (compatible; MSIE 6.0; Windows NT 5.1)"
208.248.231.58 - - [04/Apr/2005:16:29:38 -0400] "GET /images/trans.gif HTTP/1.1" 200 49 "http://www.darwinday.org/" "Mozilla/4.0 (compatible; MSIE 6.0; Windows NT 5.1)"
208.248.231.58 - - [04/Apr/2005:16:29:39 -0400] "GET /images/header.gif HTTP/1.1" 200 31921 "http://www.darwinday.org/" "Mozilla/4.0 (compatible; MSIE 6.0; Windows NT 5.1)"
208.248.231.58 - - [04/Apr/2005:16:29:40 -0400] "GET /english/images/redbar.gif HTTP/1.1" 200 1680 "http://www.darwinday.org/" "Mozilla/4.0 (compatible; MSIE 6.0; Windows NT 5.1)"
208.248.231.58 - - [04/Apr/2005:16:29:44 -0400] "GET /images/worldmaptransp.gif HTTP/1.1" 200 128893 "http://www.darwinday.org/" "Mozilla/4.0 (compatible; MSIE 6.0; Windows NT 5.1)"
208.248.231.58 - - [04/Apr/2005:16:29:46 -0400] "GET /english/images/titletrans.gif HTTP/1.1" 200 15588 "http://www.darwinday.org/" "Mozilla/4.0 (compatible; MSIE 6.0; Windows NT 5.1)"
69.251.81.118 - - [04/Apr/2005:16:29:46 -0400] "GET /english/dispevent/ HTTP/1.1" 200 0 "http://search.yahoo.com/search?p=www.DarwinDay.com&ei=UTF-8&xargs=0&pstart=1&fr=ieas-dns&b=11" "Mozilla/4.0 (compatible; MSIE 6.0; Windows NT 5.1; SV1; .NET CLR 1.1.4322)"
208.248.231.58 - - [04/Apr/2005:16:29:47 -0400] "GET /english/images/navbar.gif HTTP/1.1" 200 2992 "http://www.darwinday.org/" "Mozilla/4.0 (compatible; MSIE 6.0; Windows NT 5.1)"
208.248.231.58 - - [04/Apr/2005:16:29:52 -0400] "GET /english/home/images/darwinages.gif HTTP/1.1" 200 50309 "http://www.darwinday.org/" "Mozilla/4.0 (compatible; MSIE 6.0; Windows NT 5.1)"
208.248.231.58 - - [04/Apr/2005:16:29:52 -0400] "GET /images/dnahorizl.gif HTTP/1.1" 200 2130 "http://www.darwinday.org/" "Mozilla/4.0 (compatible; MSIE 6.0; Windows NT 5.1)"
208.248.231.58 - - [04/Apr/2005:16:29:53 -0400] "GET /images/dnahoriz.gif HTTP/1.1" 200 3391 "http://www.darwinday.org/" "Mozilla/4.0 (compatible; MSIE 6.0; Windows NT 5.1)"
208.248.231.58 - - [04/Apr/2005:16:29:53 -0400] "GET /images/dnahorizr.gif HTTP/1.1" 200 2104 "http://www.darwinday.org/" "Mozilla/4.0 (compatible; MSIE 6.0; Windows NT 5.1)"
208.248.231.58 - - [04/Apr/2005:16:29:57 -0400] "GET /NEWlang/images/navbar.gif HTTP/1.1" 200 2992 "http://www.darwinday.org/" "Mozilla/4.0 (compatible; MSIE 6.0; Windows NT 5.1)"
208.248.231.58 - - [04/Apr/2005:16:29:58 -0400] "GET /images/topleftlogo.gif HTTP/1.1" 200 10464 "http://www.darwinday.org/" "Mozilla/4.0 (compatible; MSIE 6.0; Windows NT 5.1)"
208.248.231.58 - - [04/Apr/2005:16:29:58 -0400] "GET /english/home/images/beagle.gif HTTP/1.1" 200 37108 "http://www.darwinday.org/" "Mozilla/4.0 (compatible; MSIE 6.0; Windows NT 5.1)"
208.248.231.58 - - [04/Apr/2005:16:29:58 -0400] "GET /english/home/images/manymore.gif HTTP/1.1" 200 581 "http://www.darwinday.org/" "Mozilla/4.0 (compatible; MSIE 6.0; Windows NT 5.1)"
208.248.231.58 - - [04/Apr/2005:16:29:58 -0400] "GET /english/home/images/joinus.gif HTTP/1.1" 200 524 "http://www.darwinday.org/" "Mozilla/4.0 (compatible; MSIE 6.0; Windows NT 5.1)"
208.248.231.58 - - [04/Apr/2005:16:29:59 -0400] "GET /english/home/images/arrow_tail.gif HTTP/1.1" 200 242 "http://www.darwinday.org/" "Mozilla/4.0 (compatible; MSIE 6.0; Windows NT 5.1)"
208.248.231.58 - - [04/Apr/2005:16:29:59 -0400] "GET /english/home/images/horse.evolution.jpg HTTP/1.1" 200 29612 "http://www.darwinday.org/" "Mozilla/4.0 (compatible; MSIE 6.0; Windows NT 5.1)"
208.248.231.58 - - [04/Apr/2005:16:29:59 -0400] "GET /english/home/images/arrow.gif HTTP/1.1" 200 716 "http://www.darwinday.org/" "Mozilla/4.0 (compatible; MSIE 6.0; Windows NT 5.1)"
208.248.231.58 - - [04/Apr/2005:16:29:59 -0400] "GET /english/home/images/arrow_head.gif HTTP/1.1" 200 683 "http://www.darwinday.org/" "Mozilla/4.0 (compatible; MSIE 6.0; Windows NT 5.1)"
66.154.125.78 - - [04/Apr/2005:16:32:48 -0400] "GET /robots.txt HTTP/1.1" 404 4468 "-" "Kitenga-crawler-bot-alpha/0.9 (+http://www.kitenga.com/about.html)"
68.142.250.40 - - [04/Apr/2005:16:36:33 -0400] "GET /robots.txt HTTP/1.0" 404 4449 "-" "Mozilla/5.0 (compatible; Yahoo! Slurp; http://help.yahoo.com/help/us/ysearch/slurp)"
68.142.250.183 - - [04/Apr/2005:16:38:21 -0400] "GET /events/ HTTP/1.0" 404 4446 "-" "Mozilla/5.0 (compatible; Yahoo! Slurp; http://help.yahoo.com/help/us/ysearch/slurp)"
68.142.251.181 - - [04/Apr/2005:16:38:48 -0400] "GET /regevent/index.php HTTP/1.0" 404 4457 "-" "Mozilla/5.0 (compatible; Yahoo! Slurp; http://help.yahoo.com/help/us/ysearch/slurp)"
68.214.81.2 - - [04/Apr/2005:16:41:41 -0400] "GET /home/images/darwinages.gif HTTP/1.1" 404 0 "http://goodshit.phlap.net/archives/2005_02_14.html" "Mozilla/4.0 (compatible; MSIE 6.0; Windows NT 5.1)"
68.142.251.159 - - [04/Apr/2005:16:51:29 -0400] "GET /robots.txt HTTP/1.0" 404 4449 "-" "Mozilla/5.0 (compatible; Yahoo! Slurp; http://help.yahoo.com/help/us/ysearch/slurp)"
68.142.251.34 - - [04/Apr/2005:16:53:20 -0400] "GET /dispsupport/index.php HTTP/1.0" 404 4460 "-" "Mozilla/5.0 (compatible; Yahoo! Slurp; http://help.yahoo.com/help/us/ysearch/slurp)"
65.54.188.54 - - [04/Apr/2005:16:53:58 -0400] "GET /dispevent/index.php HTTP/1.0" 404 4458 "-" "msnbot/1.0 (+http://search.msn.com/msnbot.htm)"
68.142.251.159 - - [04/Apr/2005:16:54:30 -0400] "GET /robots.txt HTTP/1.0" 404 4449 "-" "Mozilla/5.0 (compatible; Yahoo! Slurp; http://help.yahoo.com/help/us/ysearch/slurp)"
68.142.250.153 - - [04/Apr/2005:16:56:52 -0400] "GET /life/beagle.html HTTP/1.0" 404 4455 "-" "Mozilla/5.0 (compatible; Yahoo! Slurp; http://help.yahoo.com/help/us/ysearch/slurp)"
68.142.251.94 - - [04/Apr/2005:16:58:43 -0400] "GET /dev/events/ HTTP/1.0" 404 4450 "-" "Mozilla/5.0 (compatible; Yahoo! Slurp; http://help.yahoo.com/help/us/ysearch/slurp)"
213.227.140.229 - - [04/Apr/2005:17:01:47 -0400] "GET / HTTP/1.1" 200 12728 "http://darwin.ws/" "Mozilla/5.0 (Windows; U; Windows NT 5.1; en-US; rv:1.7.5) Gecko/20041107 Firefox/1.0"
213.227.140.229 - - [04/Apr/2005:17:01:56 -0400] "GET / HTTP/1.1" 200 12728 "http://darwin.ws/" "Mozilla/5.0 (Windows; U; Windows NT 5.1; en-US; rv:1.7.5) Gecko/20041107 Firefox/1.0"
213.227.140.229 - - [04/Apr/2005:17:02:09 -0400] "GET / HTTP/1.1" 200 20419 "http://darwin.ws/" "Mozilla/5.0 (Windows; U; Windows NT 5.1; en-US; rv:1.7.5) Gecko/20041107 Firefox/1.0"
213.227.140.229 - - [04/Apr/2005:17:02:26 -0400] "GET /stylesheets/main.css HTTP/1.1" 200 144 "http://www.darwinday.org/" "Mozilla/5.0 (Windows; U; Windows NT 5.1; en-US; rv:1.7.5) Gecko/20041107 Firefox/1.0"
65.54.188.54 - - [04/Apr/2005:17:02:26 -0400] "GET /event_info/activities.html HTTP/1.0" 404 4465 "-" "msnbot/1.0 (+http://search.msn.com/msnbot.htm)"
213.227.140.229 - - [04/Apr/2005:17:02:27 -0400] "GET /images/topleftlogo.gif HTTP/1.1" 200 10464 "http://www.darwinday.org/" "Mozilla/5.0 (Windows; U; Windows NT 5.1; en-US; rv:1.7.5) Gecko/20041107 Firefox/1.0"
213.227.140.229 - - [04/Apr/2005:17:02:33 -0400] "GET /images/header.gif HTTP/1.1" 200 31921 "http://www.darwinday.org/" "Mozilla/5.0 (Windows; U; Windows NT 5.1; en-US; rv:1.7.5) Gecko/20041107 Firefox/1.0"
213.227.140.229 - - [04/Apr/2005:17:02:40 -0400] "GET /english/images/redbar.gif HTTP/1.1" 200 1680 "http://www.darwinday.org/" "Mozilla/5.0 (Windows; U; Windows NT 5.1; en-US; rv:1.7.5) Gecko/20041107 Firefox/1.0"
68.142.250.159 - - [04/Apr/2005:17:02:44 -0400] "GET /aboutddc/contact.html HTTP/1.0" 404 4460 "-" "Mozilla/5.0 (compatible; Yahoo! Slurp; http://help.yahoo.com/help/us/ysearch/slurp)"
213.227.140.229 - - [04/Apr/2005:17:02:45 -0400] "GET /images/trans.gif HTTP/1.1" 200 49 "http://www.darwinday.org/" "Mozilla/5.0 (Windows; U; Windows NT 5.1; en-US; rv:1.7.5) Gecko/20041107 Firefox/1.0"
65.54.188.54 - - [04/Apr/2005:17:02:50 -0400] "GET /evolution/index.html HTTP/1.0" 404 4459 "-" "msnbot/1.0 (+http://search.msn.com/msnbot.htm)"
213.227.140.229 - - [04/Apr/2005:17:02:51 -0400] "GET /english/images/titletrans.gif HTTP/1.1" 200 15588 "http://www.darwinday.org/" "Mozilla/5.0 (Windows; U; Windows NT 5.1; en-US; rv:1.7.5) Gecko/20041107 Firefox/1.0"
213.227.140.229 - - [04/Apr/2005:17:02:56 -0400] "GET /english/images/navbar.gif HTTP/1.1" 200 2992 "http://www.darwinday.org/" "Mozilla/5.0 (Windows; U; Windows NT 5.1; en-US; rv:1.7.5) Gecko/20041107 Firefox/1.0"
213.227.140.229 - - [04/Apr/2005:17:03:19 -0400] "GET /english/home/images/darwinages.gif HTTP/1.1" 200 50309 "http://www.darwinday.org/" "Mozilla/5.0 (Windows; U; Windows NT 5.1; en-US; rv:1.7.5) Gecko/20041107 Firefox/1.0"
213.227.140.229 - - [04/Apr/2005:17:03:27 -0400] "GET /images/dnahorizl.gif HTTP/1.1" 200 2130 "http://www.darwinday.org/" "Mozilla/5.0 (Windows; U; Windows NT 5.1; en-US; rv:1.7.5) Gecko/20041107 Firefox/1.0"
213.227.140.229 - - [04/Apr/2005:17:03:30 -0400] "GET /images/dnahoriz.gif HTTP/1.1" 200 3391 "http://www.darwinday.org/" "Mozilla/5.0 (Windows; U; Windows NT 5.1; en-US; rv:1.7.5) Gecko/20041107 Firefox/1.0"
213.227.140.229 - - [04/Apr/2005:17:03:33 -0400] "GET /images/worldmaptransp.gif HTTP/1.1" 200 128893 "http://www.darwinday.org/" "Mozilla/5.0 (Windows; U; Windows NT 5.1; en-US; rv:1.7.5) Gecko/20041107 Firefox/1.0"
213.227.140.229 - - [04/Apr/2005:17:03:35 -0400] "GET /images/dnahorizr.gif HTTP/1.1" 200 2104 "http://www.darwinday.org/" "Mozilla/5.0 (Windows; U; Windows NT 5.1; en-US; rv:1.7.5) Gecko/20041107 Firefox/1.0"
213.227.140.229 - - [04/Apr/2005:17:03:38 -0400] "GET /NEWlang/images/navbar.gif HTTP/1.1" 200 2992 "http://www.darwinday.org/" "Mozilla/5.0 (Windows; U; Windows NT 5.1; en-US; rv:1.7.5) Gecko/20041107 Firefox/1.0"
213.227.140.229 - - [04/Apr/2005:17:03:41 -0400] "GET /english/home/images/manymore.gif HTTP/1.1" 200 581 "http://www.darwinday.org/" "Mozilla/5.0 (Windows; U; Windows NT 5.1; en-US; rv:1.7.5) Gecko/20041107 Firefox/1.0"
213.227.140.229 - - [04/Apr/2005:17:03:42 -0400] "GET /english/home/images/beagle.gif HTTP/1.1" 200 37108 "http://www.darwinday.org/" "Mozilla/5.0 (Windows; U; Windows NT 5.1; en-US; rv:1.7.5) Gecko/20041107 Firefox/1.0"
213.227.140.229 - - [04/Apr/2005:17:03:43 -0400] "GET /english/home/images/joinus.gif HTTP/1.1" 200 524 "http://www.darwinday.org/" "Mozilla/5.0 (Windows; U; Windows NT 5.1; en-US; rv:1.7.5) Gecko/20041107 Firefox/1.0"
213.227.140.229 - - [04/Apr/2005:17:03:50 -0400] "GET /english/home/images/arrow_tail.gif HTTP/1.1" 200 242 "http://www.darwinday.org/" "Mozilla/5.0 (Windows; U; Windows NT 5.1; en-US; rv:1.7.5) Gecko/20041107 Firefox/1.0"
213.227.140.229 - - [04/Apr/2005:17:03:50 -0400] "GET /english/home/images/horse.evolution.jpg HTTP/1.1" 200 29612 "http://www.darwinday.org/" "Mozilla/5.0 (Windows; U; Windows NT 5.1; en-US; rv:1.7.5) Gecko/20041107 Firefox/1.0"
213.227.140.229 - - [04/Apr/2005:17:03:51 -0400] "GET /english/home/images/arrow.gif HTTP/1.1" 200 716 "http://www.darwinday.org/" "Mozilla/5.0 (Windows; U; Windows NT 5.1; en-US; rv:1.7.5) Gecko/20041107 Firefox/1.0"
213.227.140.229 - - [04/Apr/2005:17:03:52 -0400] "GET /english/home/images/arrow_head.gif HTTP/1.1" 200 683 "http://www.darwinday.org/" "Mozilla/5.0 (Windows; U; Windows NT 5.1; en-US; rv:1.7.5) Gecko/20041107 Firefox/1.0"
213.227.140.229 - - [04/Apr/2005:17:03:54 -0400] "GET /favicon.ico HTTP/1.1" 404 4469 "-" "Mozilla/5.0 (Windows; U; Windows NT 5.1; en-US; rv:1.7.5) Gecko/20041107 Firefox/1.0"
140.192.35.134 - - [04/Apr/2005:17:03:54 -0400] "GET / HTTP/1.1" 200 20419 "http://www.google.com/search?q=darwin&hl=en&lr=&start=10&sa=N" "Mozilla/4.0 (compatible; MSIE 6.0; Windows NT 5.1; SV1; .NET CLR 1.1.4322)"
140.192.35.134 - - [04/Apr/2005:17:03:54 -0400] "GET /images/topleftlogo.gif HTTP/1.1" 200 10464 "http://www.darwinday.org/" "Mozilla/4.0 (compatible; MSIE 6.0; Windows NT 5.1; SV1; .NET CLR 1.1.4322)"
140.192.35.134 - - [04/Apr/2005:17:03:54 -0400] "GET /images/trans.gif HTTP/1.1" 200 49 "http://www.darwinday.org/" "Mozilla/4.0 (compatible; MSIE 6.0; Windows NT 5.1; SV1; .NET CLR 1.1.4322)"
140.192.35.134 - - [04/Apr/2005:17:03:54 -0400] "GET /images/header.gif HTTP/1.1" 200 31921 "http://www.darwinday.org/" "Mozilla/4.0 (compatible; MSIE 6.0; Windows NT 5.1; SV1; .NET CLR 1.1.4322)"
140.192.35.134 - - [04/Apr/2005:17:03:55 -0400] "GET /english/images/redbar.gif HTTP/1.1" 200 1680 "http://www.darwinday.org/" "Mozilla/4.0 (compatible; MSIE 6.0; Windows NT 5.1; SV1; .NET CLR 1.1.4322)"
140.192.35.134 - - [04/Apr/2005:17:03:55 -0400] "GET /images/worldmaptransp.gif HTTP/1.1" 200 128893 "http://www.darwinday.org/" "Mozilla/4.0 (compatible; MSIE 6.0; Windows NT 5.1; SV1; .NET CLR 1.1.4322)"
140.192.35.134 - - [04/Apr/2005:17:03:55 -0400] "GET /english/images/titletrans.gif HTTP/1.1" 200 15588 "http://www.darwinday.org/" "Mozilla/4.0 (compatible; MSIE 6.0; Windows NT 5.1; SV1; .NET CLR 1.1.4322)"
140.192.35.134 - - [04/Apr/2005:17:03:55 -0400] "GET /english/images/navbar.gif HTTP/1.1" 200 2992 "http://www.darwinday.org/" "Mozilla/4.0 (compatible; MSIE 6.0; Windows NT 5.1; SV1; .NET CLR 1.1.4322)"
140.192.35.134 - - [04/Apr/2005:17:03:55 -0400] "GET /english/home/images/darwinages.gif HTTP/1.1" 200 50309 "http://www.darwinday.org/" "Mozilla/4.0 (compatible; MSIE 6.0; Windows NT 5.1; SV1; .NET CLR 1.1.4322)"
140.192.35.134 - - [04/Apr/2005:17:03:55 -0400] "GET /images/dnahorizl.gif HTTP/1.1" 200 2130 "http://www.darwinday.org/" "Mozilla/4.0 (compatible; MSIE 6.0; Windows NT 5.1; SV1; .NET CLR 1.1.4322)"
140.192.35.134 - - [04/Apr/2005:17:03:55 -0400] "GET /images/dnahoriz.gif HTTP/1.1" 200 3391 "http://www.darwinday.org/" "Mozilla/4.0 (compatible; MSIE 6.0; Windows NT 5.1; SV1; .NET CLR 1.1.4322)"
140.192.35.134 - - [04/Apr/2005:17:03:55 -0400] "GET /images/dnahorizr.gif HTTP/1.1" 200 2104 "http://www.darwinday.org/" "Mozilla/4.0 (compatible; MSIE 6.0; Windows NT 5.1; SV1; .NET CLR 1.1.4322)"
140.192.35.134 - - [04/Apr/2005:17:03:55 -0400] "GET /NEWlang/images/navbar.gif HTTP/1.1" 200 2992 "http://www.darwinday.org/" "Mozilla/4.0 (compatible; MSIE 6.0; Windows NT 5.1; SV1; .NET CLR 1.1.4322)"
140.192.35.134 - - [04/Apr/2005:17:03:55 -0400] "GET /english/home/images/beagle.gif HTTP/1.1" 200 37108 "http://www.darwinday.org/" "Mozilla/4.0 (compatible; MSIE 6.0; Windows NT 5.1; SV1; .NET CLR 1.1.4322)"
140.192.35.134 - - [04/Apr/2005:17:03:56 -0400] "GET /english/home/images/manymore.gif HTTP/1.1" 200 581 "http://www.darwinday.org/" "Mozilla/4.0 (compatible; MSIE 6.0; Windows NT 5.1; SV1; .NET CLR 1.1.4322)"
140.192.35.134 - - [04/Apr/2005:17:03:56 -0400] "GET /english/home/images/joinus.gif HTTP/1.1" 200 524 "http://www.darwinday.org/" "Mozilla/4.0 (compatible; MSIE 6.0; Windows NT 5.1; SV1; .NET CLR 1.1.4322)"
140.192.35.134 - - [04/Apr/2005:17:03:56 -0400] "GET /stylesheets/main.css HTTP/1.1" 200 144 "http://www.darwinday.org/" "Mozilla/4.0 (compatible; MSIE 6.0; Windows NT 5.1; SV1; .NET CLR 1.1.4322)"
140.192.35.134 - - [04/Apr/2005:17:03:56 -0400] "GET /english/home/images/horse.evolution.jpg HTTP/1.1" 200 29612 "http://www.darwinday.org/" "Mozilla/4.0 (compatible; MSIE 6.0; Windows NT 5.1; SV1; .NET CLR 1.1.4322)"
140.192.35.134 - - [04/Apr/2005:17:03:56 -0400] "GET /english/home/images/arrow_tail.gif HTTP/1.1" 200 242 "http://www.darwinday.org/" "Mozilla/4.0 (compatible; MSIE 6.0; Windows NT 5.1; SV1; .NET CLR 1.1.4322)"
140.192.35.134 - - [04/Apr/2005:17:03:56 -0400] "GET /english/home/images/arrow.gif HTTP/1.1" 200 716 "http://www.darwinday.org/" "Mozilla/4.0 (compatible; MSIE 6.0; Windows NT 5.1; SV1; .NET CLR 1.1.4322)"
140.192.35.134 - - [04/Apr/2005:17:03:56 -0400] "GET /english/home/images/arrow_head.gif HTTP/1.1" 200 683 "http://www.darwinday.org/" "Mozilla/4.0 (compatible; MSIE 6.0; Windows NT 5.1; SV1; .NET CLR 1.1.4322)"
169.231.34.244 - - [04/Apr/2005:17:06:53 -0400] "GET /home/images/darwinages.gif HTTP/1.1" 404 4484 "http://66.102.7.104/search?q=cache:rz6O1gKLBOAJ:goodshit.phlap.net/archives/2005_02_14.html+planet+suzy&hl=en" "Mozilla/5.0 (Windows; U; Windows NT 5.1; en-US; rv:1.7.6) Gecko/20050317 Firefox/1.0.2"
68.142.251.91 - - [04/Apr/2005:17:08:45 -0400] "GET /dev/aboutddc/ HTTP/1.0" 404 4452 "-" "Mozilla/5.0 (compatible; Yahoo! Slurp; http://help.yahoo.com/help/us/ysearch/slurp)"
68.142.249.202 - - [04/Apr/2005:17:18:43 -0400] "GET /life/cambridgeafter.html HTTP/1.0" 404 4463 "-" "Mozilla/5.0 (compatible; Yahoo! Slurp; http://help.yahoo.com/help/us/ysearch/slurp)"
68.142.250.199 - - [04/Apr/2005:17:22:01 -0400] "GET /dev/aboutddc/creators.html HTTP/1.0" 404 4465 "-" "Mozilla/5.0 (compatible; Yahoo! Slurp; http://help.yahoo.com/help/us/ysearch/slurp)"
208.249.105.221 - - [04/Apr/2005:17:22:25 -0400] "GET /life/emma.html HTTP/1.0" 404 4453 "http://images.google.com/imgres?imgurl=http://www.darwinday.org/life/images/emma.gif&imgrefurl=http://www.darwinday.org/life/emma.html&h=536&w=423&sz=176&tbnid=M4YP4GKHWpcJ:&tbnh=128&tbnw=101&start=3&prev=/images%3Fq%3DEmma%2BWedgwood%26hl%3Den%26lr%3D%26c2coff%3D1%26safe%3Doff%26rls%3DGGLD,GGLD:2003-41,GGLD:en%26sa%3DN" "Mozilla/4.0 (compatible; MSIE 6.0; Windows NT 5.1; SV1)"
68.142.251.39 - - [04/Apr/2005:17:24:56 -0400] "GET /life/ HTTP/1.0" 404 4444 "-" "Mozilla/5.0 (compatible; Yahoo! Slurp; http://help.yahoo.com/help/us/ysearch/slurp)"
200.63.228.143 - - [04/Apr/2005:17:25:43 -0400] "GET /life/beagle.html HTTP/1.1" 404 4474 "-" "Mozilla/5.0 (Windows; U; Windows NT 5.1; es-AR; rv:1.7.5) Gecko/20041108 Firefox/1.0"
68.142.251.37 - - [04/Apr/2005:17:25:57 -0400] "GET /life/shrewsbury.html HTTP/1.0" 404 4459 "-" "Mozilla/5.0 (compatible; Yahoo! Slurp; http://help.yahoo.com/help/us/ysearch/slurp)"
200.63.228.143 - - [04/Apr/2005:17:25:57 -0400] "GET /life/images/beagle/galapagos.jpg HTTP/1.1" 404 4490 "-" "Mozilla/5.0 (Windows; U; Windows NT 5.1; es-AR; rv:1.7.5) Gecko/20041108 Firefox/1.0"
200.63.228.143 - - [04/Apr/2005:17:26:28 -0400] "GET /life/images/beagle/galapagos.jpg HTTP/1.1" 404 4490 "-" "Mozilla/5.0 (Windows; U; Windows NT 5.1; es-AR; rv:1.7.5) Gecko/20041108 Firefox/1.0"
68.142.250.97 - - [04/Apr/2005:17:26:35 -0400] "GET /dev/assistevent/ HTTP/1.0" 404 4455 "-" "Mozilla/5.0 (compatible; Yahoo! Slurp; http://help.yahoo.com/help/us/ysearch/slurp)"
200.63.228.143 - - [04/Apr/2005:17:27:13 -0400] "GET /life/images/beagle/stylesheets/main.css HTTP/1.1" 404 4503 "http://www.darwinday.org/life/images/beagle/galapagos.jpg" "Mozilla/5.0 (Windows; U; Windows NT 5.1; es-AR; rv:1.7.5) Gecko/20041108 Firefox/1.0"
200.63.228.143 - - [04/Apr/2005:17:27:21 -0400] "GET /life/beagle.html HTTP/1.1" 404 4474 "-" "Mozilla/5.0 (Windows; U; Windows NT 5.1; es-AR; rv:1.7.5) Gecko/20041108 Firefox/1.0"
12.144.130.7 - - [04/Apr/2005:17:27:28 -0400] "GET / HTTP/1.1" 200 20419 "http://www.google.com/search?sourceid=navclient&ie=UTF-8&rls=GGLD,GGLD:2004-29,GGLD:en&q=darwin+birthday" "Mozilla/4.0 (compatible; MSIE 6.0; Windows NT 5.1; SV1; .NET CLR 1.0.3705; .NET CLR 1.1.4322)"
12.144.130.7 - - [04/Apr/2005:17:27:30 -0400] "GET /images/topleftlogo.gif HTTP/1.1" 200 10464 "http://www.darwinday.org/" "Mozilla/4.0 (compatible; MSIE 6.0; Windows NT 5.1; SV1; .NET CLR 1.0.3705; .NET CLR 1.1.4322)"
12.144.130.7 - - [04/Apr/2005:17:27:34 -0400] "GET /images/trans.gif HTTP/1.1" 200 49 "http://www.darwinday.org/" "Mozilla/4.0 (compatible; MSIE 6.0; Windows NT 5.1; SV1; .NET CLR 1.0.3705; .NET CLR 1.1.4322)"
12.144.130.7 - - [04/Apr/2005:17:27:35 -0400] "GET /images/header.gif HTTP/1.1" 200 31921 "http://www.darwinday.org/" "Mozilla/4.0 (compatible; MSIE 6.0; Windows NT 5.1; SV1; .NET CLR 1.0.3705; .NET CLR 1.1.4322)"
12.144.130.7 - - [04/Apr/2005:17:27:41 -0400] "GET /english/images/redbar.gif HTTP/1.1" 200 1680 "http://www.darwinday.org/" "Mozilla/4.0 (compatible; MSIE 6.0; Windows NT 5.1; SV1; .NET CLR 1.0.3705; .NET CLR 1.1.4322)"
67.124.121.28 - - [04/Apr/2005:17:27:41 -0400] "GET / HTTP/1.1" 304 - "-" "Mozilla/5.0 (Windows; U; Windows NT 5.1; en-US; rv:1.7.3) Gecko/20040910"
67.124.121.28 - - [04/Apr/2005:17:27:44 -0400] "GET /stylesheets/main.css HTTP/1.1" 304 - "-" "Mozilla/5.0 (Windows; U; Windows NT 5.1; en-US; rv:1.7.3) Gecko/20040910"
67.124.121.28 - - [04/Apr/2005:17:27:45 -0400] "GET /images/topleftlogo.gif HTTP/1.1" 304 - "-" "Mozilla/5.0 (Windows; U; Windows NT 5.1; en-US; rv:1.7.3) Gecko/20040910"
67.124.121.28 - - [04/Apr/2005:17:27:45 -0400] "GET /images/header.gif HTTP/1.1" 304 - "-" "Mozilla/5.0 (Windows; U; Windows NT 5.1; en-US; rv:1.7.3) Gecko/20040910"
67.124.121.28 - - [04/Apr/2005:17:27:45 -0400] "GET /english/images/redbar.gif HTTP/1.1" 304 - "-" "Mozilla/5.0 (Windows; U; Windows NT 5.1; en-US; rv:1.7.3) Gecko/20040910"
67.124.121.28 - - [04/Apr/2005:17:27:45 -0400] "GET /images/worldmaptransp.gif HTTP/1.1" 304 - "-" "Mozilla/5.0 (Windows; U; Windows NT 5.1; en-US; rv:1.7.3) Gecko/20040910"
67.124.121.28 - - [04/Apr/2005:17:27:45 -0400] "GET /english/images/titletrans.gif HTTP/1.1" 304 - "-" "Mozilla/5.0 (Windows; U; Windows NT 5.1; en-US; rv:1.7.3) Gecko/20040910"
67.124.121.28 - - [04/Apr/2005:17:27:45 -0400] "GET /english/images/navbar.gif HTTP/1.1" 304 - "-" "Mozilla/5.0 (Windows; U; Windows NT 5.1; en-US; rv:1.7.3) Gecko/20040910"
12.144.130.7 - - [04/Apr/2005:17:27:47 -0400] "GET /images/worldmaptransp.gif HTTP/1.1" 200 128893 "http://www.darwinday.org/" "Mozilla/4.0 (compatible; MSIE 6.0; Windows NT 5.1; SV1; .NET CLR 1.0.3705; .NET CLR 1.1.4322)"
67.124.121.28 - - [04/Apr/2005:17:27:48 -0400] "GET /english/home/images/darwinages.gif HTTP/1.1" 304 - "-" "Mozilla/5.0 (Windows; U; Windows NT 5.1; en-US; rv:1.7.3) Gecko/20040910"
67.124.121.28 - - [04/Apr/2005:17:27:48 -0400] "GET /english/home/images/arrow_tail.gif HTTP/1.1" 304 - "-" "Mozilla/5.0 (Windows; U; Windows NT 5.1; en-US; rv:1.7.3) Gecko/20040910"
67.124.121.28 - - [04/Apr/2005:17:27:48 -0400] "GET /english/home/images/arrow.gif HTTP/1.1" 304 - "-" "Mozilla/5.0 (Windows; U; Windows NT 5.1; en-US; rv:1.7.3) Gecko/20040910"
67.124.121.28 - - [04/Apr/2005:17:27:48 -0400] "GET /english/home/images/arrow_head.gif HTTP/1.1" 304 - "-" "Mozilla/5.0 (Windows; U; Windows NT 5.1; en-US; rv:1.7.3) Gecko/20040910"
67.124.121.28 - - [04/Apr/2005:17:27:48 -0400] "GET /images/dnahorizl.gif HTTP/1.1" 304 - "-" "Mozilla/5.0 (Windows; U; Windows NT 5.1; en-US; rv:1.7.3) Gecko/20040910"
67.124.121.28 - - [04/Apr/2005:17:27:48 -0400] "GET /images/dnahoriz.gif HTTP/1.1" 304 - "-" "Mozilla/5.0 (Windows; U; Windows NT 5.1; en-US; rv:1.7.3) Gecko/20040910"
67.124.121.28 - - [04/Apr/2005:17:27:48 -0400] "GET /images/dnahorizr.gif HTTP/1.1" 304 - "-" "Mozilla/5.0 (Windows; U; Windows NT 5.1; en-US; rv:1.7.3) Gecko/20040910"
12.144.130.7 - - [04/Apr/2005:17:27:49 -0400] "GET /english/images/titletrans.gif HTTP/1.1" 200 15588 "http://www.darwinday.org/" "Mozilla/4.0 (compatible; MSIE 6.0; Windows NT 5.1; SV1; .NET CLR 1.0.3705; .NET CLR 1.1.4322)"
12.144.130.7 - - [04/Apr/2005:17:27:49 -0400] "GET /english/images/navbar.gif HTTP/1.1" 200 2992 "http://www.darwinday.org/" "Mozilla/4.0 (compatible; MSIE 6.0; Windows NT 5.1; SV1; .NET CLR 1.0.3705; .NET CLR 1.1.4322)"
67.124.121.28 - - [04/Apr/2005:17:27:50 -0400] "GET /NEWlang/images/navbar.gif HTTP/1.1" 304 - "-" "Mozilla/5.0 (Windows; U; Windows NT 5.1; en-US; rv:1.7.3) Gecko/20040910"
12.144.130.7 - - [04/Apr/2005:17:27:50 -0400] "GET /english/home/images/darwinages.gif HTTP/1.1" 200 50309 "http://www.darwinday.org/" "Mozilla/4.0 (compatible; MSIE 6.0; Windows NT 5.1; SV1; .NET CLR 1.0.3705; .NET CLR 1.1.4322)"
67.124.121.28 - - [04/Apr/2005:17:27:51 -0400] "GET /english/home/images/beagle.gif HTTP/1.1" 304 - "-" "Mozilla/5.0 (Windows; U; Windows NT 5.1; en-US; rv:1.7.3) Gecko/20040910"
67.124.121.28 - - [04/Apr/2005:17:27:51 -0400] "GET /english/home/images/manymore.gif HTTP/1.1" 304 - "-" "Mozilla/5.0 (Windows; U; Windows NT 5.1; en-US; rv:1.7.3) Gecko/20040910"
67.124.121.28 - - [04/Apr/2005:17:27:51 -0400] "GET /english/home/images/joinus.gif HTTP/1.1" 304 - "-" "Mozilla/5.0 (Windows; U; Windows NT 5.1; en-US; rv:1.7.3) Gecko/20040910"
67.124.121.28 - - [04/Apr/2005:17:27:51 -0400] "GET /english/home/images/horse.evolution.jpg HTTP/1.1" 304 - "-" "Mozilla/5.0 (Windows; U; Windows NT 5.1; en-US; rv:1.7.3) Gecko/20040910"
12.144.130.7 - - [04/Apr/2005:17:27:53 -0400] "GET /images/dnahorizl.gif HTTP/1.1" 200 2130 "http://www.darwinday.org/" "Mozilla/4.0 (compatible; MSIE 6.0; Windows NT 5.1; SV1; .NET CLR 1.0.3705; .NET CLR 1.1.4322)"
12.144.130.7 - - [04/Apr/2005:17:27:53 -0400] "GET /images/dnahoriz.gif HTTP/1.1" 200 3391 "http://www.darwinday.org/" "Mozilla/4.0 (compatible; MSIE 6.0; Windows NT 5.1; SV1; .NET CLR 1.0.3705; .NET CLR 1.1.4322)"
12.144.130.7 - - [04/Apr/2005:17:27:54 -0400] "GET /images/dnahorizr.gif HTTP/1.1" 200 2104 "http://www.darwinday.org/" "Mozilla/4.0 (compatible; MSIE 6.0; Windows NT 5.1; SV1; .NET CLR 1.0.3705; .NET CLR 1.1.4322)"
12.144.130.7 - - [04/Apr/2005:17:27:54 -0400] "GET /NEWlang/images/navbar.gif HTTP/1.1" 200 2992 "http://www.darwinday.org/" "Mozilla/4.0 (compatible; MSIE 6.0; Windows NT 5.1; SV1; .NET CLR 1.0.3705; .NET CLR 1.1.4322)"
12.144.130.7 - - [04/Apr/2005:17:27:56 -0400] "GET /english/home/images/beagle.gif HTTP/1.1" 200 37108 "http://www.darwinday.org/" "Mozilla/4.0 (compatible; MSIE 6.0; Windows NT 5.1; SV1; .NET CLR 1.0.3705; .NET CLR 1.1.4322)"
67.124.121.28 - - [04/Apr/2005:17:27:57 -0400] "GET /english/events/index.html HTTP/1.1" 304 - "-" "Mozilla/5.0 (Windows; U; Windows NT 5.1; en-US; rv:1.7.3) Gecko/20040910"
67.124.121.28 - - [04/Apr/2005:17:27:57 -0400] "GET /images/arrowtrans.gif HTTP/1.1" 304 - "-" "Mozilla/5.0 (Windows; U; Windows NT 5.1; en-US; rv:1.7.3) Gecko/20040910"
12.144.130.7 - - [04/Apr/2005:17:27:57 -0400] "GET /english/home/images/manymore.gif HTTP/1.1" 200 581 "http://www.darwinday.org/" "Mozilla/4.0 (compatible; MSIE 6.0; Windows NT 5.1; SV1; .NET CLR 1.0.3705; .NET CLR 1.1.4322)"
12.144.130.7 - - [04/Apr/2005:17:27:59 -0400] "GET /english/home/images/joinus.gif HTTP/1.1" 200 524 "http://www.darwinday.org/" "Mozilla/4.0 (compatible; MSIE 6.0; Windows NT 5.1; SV1; .NET CLR 1.0.3705; .NET CLR 1.1.4322)"
12.144.130.7 - - [04/Apr/2005:17:27:59 -0400] "GET /english/home/images/horse.evolution.jpg HTTP/1.1" 200 29612 "http://www.darwinday.org/" "Mozilla/4.0 (compatible; MSIE 6.0; Windows NT 5.1; SV1; .NET CLR 1.0.3705; .NET CLR 1.1.4322)"
12.144.130.7 - - [04/Apr/2005:17:28:13 -0400] "GET /stylesheets/main.css HTTP/1.1" 200 144 "http://www.darwinday.org/" "Mozilla/4.0 (compatible; MSIE 6.0; Windows NT 5.1; SV1; .NET CLR 1.0.3705; .NET CLR 1.1.4322)"
12.144.130.7 - - [04/Apr/2005:17:28:14 -0400] "GET /english/home/images/arrow.gif HTTP/1.1" 200 716 "http://www.darwinday.org/" "Mozilla/4.0 (compatible; MSIE 6.0; Windows NT 5.1; SV1; .NET CLR 1.0.3705; .NET CLR 1.1.4322)"
12.144.130.7 - - [04/Apr/2005:17:28:14 -0400] "GET /english/home/images/arrow_tail.gif HTTP/1.1" 200 242 "http://www.darwinday.org/" "Mozilla/4.0 (compatible; MSIE 6.0; Windows NT 5.1; SV1; .NET CLR 1.0.3705; .NET CLR 1.1.4322)"
12.144.130.7 - - [04/Apr/2005:17:28:14 -0400] "GET /english/home/images/arrow_head.gif HTTP/1.1" 200 683 "http://www.darwinday.org/" "Mozilla/4.0 (compatible; MSIE 6.0; Windows NT 5.1; SV1; .NET CLR 1.0.3705; .NET CLR 1.1.4322)"
67.124.121.28 - - [04/Apr/2005:17:28:23 -0400] "GET /english/dispevent/index.php HTTP/1.1" 200 353074 "-" "Mozilla/5.0 (Windows; U; Windows NT 5.1; en-US; rv:1.7.3) Gecko/20040910"
67.124.121.28 - - [04/Apr/2005:17:28:25 -0400] "GET /english/stylesheets/main.css HTTP/1.1" 304 - "-" "Mozilla/5.0 (Windows; U; Windows NT 5.1; en-US; rv:1.7.3) Gecko/20040910"
67.124.121.28 - - [04/Apr/2005:17:28:25 -0400] "GET /images/trans.gif HTTP/1.1" 304 - "-" "Mozilla/5.0 (Windows; U; Windows NT 5.1; en-US; rv:1.7.3) Gecko/20040910"
12.144.130.7 - - [04/Apr/2005:17:31:13 -0400] "GET /english/dispevent/index.php HTTP/1.1" 200 18635 "http://www.darwinday.org/" "Mozilla/4.0 (compatible; MSIE 6.0; Windows NT 5.1; SV1; .NET CLR 1.0.3705; .NET CLR 1.1.4322)"
64.5.245.11 - - [04/Apr/2005:17:31:23 -0400] "GET /robots.txt HTTP/1.0" 404 4449 "-" "larbin_2.6.3 (larbin-2.6.3@unspecified.mail)"
68.142.249.98 - - [04/Apr/2005:17:35:53 -0400] "GET /aboutddc/history.html HTTP/1.0" 404 4460 "-" "Mozilla/5.0 (compatible; Yahoo! Slurp; http://help.yahoo.com/help/us/ysearch/slurp)"
68.142.250.152 - - [04/Apr/2005:17:40:42 -0400] "GET /dev/life/shrewsbury.html HTTP/1.0" 404 4463 "-" "Mozilla/5.0 (compatible; Yahoo! Slurp; http://help.yahoo.com/help/us/ysearch/slurp)"
64.5.245.11 - - [04/Apr/2005:17:48:03 -0400] "GET /robots.txt HTTP/1.0" 404 4449 "-" "Mozilla/5.0 (wgao@genieknows.com)"
68.142.250.54 - - [04/Apr/2005:17:48:04 -0400] "GET /evolution/inheritance.html HTTP/1.0" 404 4465 "-" "Mozilla/5.0 (compatible; Yahoo! Slurp; http://help.yahoo.com/help/us/ysearch/slurp)"
68.142.249.202 - - [04/Apr/2005:17:49:18 -0400] "GET /evolution/dna.html HTTP/1.0" 404 4457 "-" "Mozilla/5.0 (compatible; Yahoo! Slurp; http://help.yahoo.com/help/us/ysearch/slurp)"
64.5.245.11 - - [04/Apr/2005:17:49:55 -0400] "GET / HTTP/1.0" 200 20419 "-" "Mozilla/5.0 wgao@genieknows.com"
68.142.249.97 - - [04/Apr/2005:17:53:39 -0400] "GET /life/emma.html HTTP/1.0" 404 4453 "-" "Mozilla/5.0 (compatible; Yahoo! Slurp; http://help.yahoo.com/help/us/ysearch/slurp)"
68.142.251.114 - - [04/Apr/2005:17:53:48 -0400] "GET /dev/aboutddc/organization.html HTTP/1.0" 404 4469 "-" "Mozilla/5.0 (compatible; Yahoo! Slurp; http://help.yahoo.com/help/us/ysearch/slurp)"
199.126.188.20 - - [04/Apr/2005:17:54:19 -0400] "GET /home/images/darwinages.gif HTTP/1.1" 404 4484 "http://goodshit.phlap.net/archives/2005_02_14.html" "Mozilla/4.0 (compatible; MSIE 6.0; Windows NT 5.1; SV1; .NET CLR 1.1.4322)"
217.146.109.209 - - [04/Apr/2005:17:54:33 -0400] "GET /english/life/parents.html HTTP/1.1" 200 8216 "-" "Mozilla/5.0 (Windows; U; Windows NT 5.1; en-US; rv:1.7.5) Gecko/20041217"
217.146.109.209 - - [04/Apr/2005:17:54:33 -0400] "GET /stylesheets/main.css HTTP/1.1" 200 144 "-" "Mozilla/5.0 (Windows; U; Windows NT 5.1; en-US; rv:1.7.5) Gecko/20041217"
217.146.109.209 - - [04/Apr/2005:17:54:34 -0400] "GET /images/topleftlogo.gif HTTP/1.1" 200 10464 "-" "Mozilla/5.0 (Windows; U; Windows NT 5.1; en-US; rv:1.7.5) Gecko/20041217"
217.146.109.209 - - [04/Apr/2005:17:54:34 -0400] "GET /images/trans.gif HTTP/1.1" 200 49 "-" "Mozilla/5.0 (Windows; U; Windows NT 5.1; en-US; rv:1.7.5) Gecko/20041217"
217.146.109.209 - - [04/Apr/2005:17:54:34 -0400] "GET /images/redbar.gif HTTP/1.1" 200 1680 "-" "Mozilla/5.0 (Windows; U; Windows NT 5.1; en-US; rv:1.7.5) Gecko/20041217"
217.146.109.209 - - [04/Apr/2005:17:54:35 -0400] "GET /images/header.gif HTTP/1.1" 200 31921 "-" "Mozilla/5.0 (Windows; U; Windows NT 5.1; en-US; rv:1.7.5) Gecko/20041217"
217.146.109.209 - - [04/Apr/2005:17:54:36 -0400] "GET /english/images/titletrans.gif HTTP/1.1" 200 15588 "-" "Mozilla/5.0 (Windows; U; Windows NT 5.1; en-US; rv:1.7.5) Gecko/20041217"
217.146.109.209 - - [04/Apr/2005:17:54:36 -0400] "GET /english/images/navbar.gif HTTP/1.1" 200 2992 "-" "Mozilla/5.0 (Windows; U; Windows NT 5.1; en-US; rv:1.7.5) Gecko/20041217"
217.146.109.209 - - [04/Apr/2005:17:54:38 -0400] "GET /english/life/images/family/robert-t.jpg HTTP/1.1" 200 25046 "-" "Mozilla/5.0 (Windows; U; Windows NT 5.1; en-US; rv:1.7.5) Gecko/20041217"
217.146.109.209 - - [04/Apr/2005:17:54:38 -0400] "GET /english/life/images/mountold.jpg HTTP/1.1" 200 9960 "-" "Mozilla/5.0 (Windows; U; Windows NT 5.1; en-US; rv:1.7.5) Gecko/20041217"
217.146.109.209 - - [04/Apr/2005:17:54:38 -0400] "GET /english/images/worldmaptransp.gif HTTP/1.1" 200 128893 "-" "Mozilla/5.0 (Windows; U; Windows NT 5.1; en-US; rv:1.7.5) Gecko/20041217"
68.142.251.159 - - [04/Apr/2005:17:55:39 -0400] "GET /robots.txt HTTP/1.0" 404 4449 "-" "Mozilla/5.0 (compatible; Yahoo! Slurp; http://help.yahoo.com/help/us/ysearch/slurp)"
68.142.249.169 - - [04/Apr/2005:17:55:39 -0400] "GET /regevent/PrivacyPolicy HTTP/1.0" 404 4461 "-" "Mozilla/5.0 (compatible; Yahoo! Slurp; http://help.yahoo.com/help/us/ysearch/slurp)"
68.142.250.160 - - [04/Apr/2005:17:56:26 -0400] "GET /dev/evolution/dna.html HTTP/1.0" 404 4461 "-" "Mozilla/5.0 (compatible; Yahoo! Slurp; http://help.yahoo.com/help/us/ysearch/slurp)"
68.142.251.190 - - [04/Apr/2005:17:57:16 -0400] "GET /life/children.html HTTP/1.0" 404 4457 "-" "Mozilla/5.0 (compatible; Yahoo! Slurp; http://help.yahoo.com/help/us/ysearch/slurp)"
64.5.245.11 - - [04/Apr/2005:17:57:50 -0400] "GET /home/index.html HTTP/1.0" 200 20478 "-" "larbin_2.6.3 larbin-2.6.3@unspecified.mail"
199.126.188.20 - - [04/Apr/2005:17:58:29 -0400] "GET /home/images/darwinages.gif HTTP/1.1" 404 4484 "http://goodshit.phlap.net/archives/2005_02_14.html" "Mozilla/4.0 (compatible; MSIE 6.0; Windows NT 5.1; SV1; .NET CLR 1.1.4322)"
66.249.71.72 - - [04/Apr/2005:18:00:52 -0400] "GET /robots.txt HTTP/1.0" 404 4449 "-" "Googlebot/2.1 (+http://www.google.com/bot.html)"
66.249.71.72 - - [04/Apr/2005:18:00:53 -0400] "GET /education/lessons.html HTTP/1.0" 404 4461 "-" "Googlebot/2.1 (+http://www.google.com/bot.html)"
68.142.250.183 - - [04/Apr/2005:18:01:55 -0400] "GET /dispevent/none HTTP/1.0" 404 4453 "-" "Mozilla/5.0 (compatible; Yahoo! Slurp; http://help.yahoo.com/help/us/ysearch/slurp)"
68.142.250.10 - - [04/Apr/2005:18:02:48 -0400] "GET /dev/aboutddc/advisory.html HTTP/1.0" 404 4465 "-" "Mozilla/5.0 (compatible; Yahoo! Slurp; http://help.yahoo.com/help/us/ysearch/slurp)"
68.142.251.31 - - [04/Apr/2005:18:12:27 -0400] "GET /life/downhouse.html HTTP/1.0" 404 4458 "-" "Mozilla/5.0 (compatible; Yahoo! Slurp; http://help.yahoo.com/help/us/ysearch/slurp)"
68.142.249.76 - - [04/Apr/2005:18:12:54 -0400] "GET /life/informal.html HTTP/1.0" 404 4457 "-" "Mozilla/5.0 (compatible; Yahoo! Slurp; http://help.yahoo.com/help/us/ysearch/slurp)"
68.142.251.61 - - [04/Apr/2005:18:12:54 -0400] "GET /home/ HTTP/1.0" 200 20478 "-" "Mozilla/5.0 (compatible; Yahoo! Slurp; http://help.yahoo.com/help/us/ysearch/slurp)"
149.161.9.192 - - [04/Apr/2005:18:15:41 -0400] "GET / HTTP/1.1" 200 20419 "http://www.google.com/search?hl=en&q=darwin+day&btnG=Google+Search" "Mozilla/4.0 (compatible; MSIE 6.0; Windows NT 5.1; SV1)"
149.161.9.192 - - [04/Apr/2005:18:15:42 -0400] "GET /stylesheets/main.css HTTP/1.1" 200 144 "http://www.darwinday.org/" "Mozilla/4.0 (compatible; MSIE 6.0; Windows NT 5.1; SV1)"
149.161.9.192 - - [04/Apr/2005:18:15:42 -0400] "GET /images/topleftlogo.gif HTTP/1.1" 200 10464 "http://www.darwinday.org/" "Mozilla/4.0 (compatible; MSIE 6.0; Windows NT 5.1; SV1)"
149.161.9.192 - - [04/Apr/2005:18:15:42 -0400] "GET /images/trans.gif HTTP/1.1" 200 49 "http://www.darwinday.org/" "Mozilla/4.0 (compatible; MSIE 6.0; Windows NT 5.1; SV1)"
149.161.9.192 - - [04/Apr/2005:18:15:43 -0400] "GET /english/images/redbar.gif HTTP/1.1" 200 1680 "http://www.darwinday.org/" "Mozilla/4.0 (compatible; MSIE 6.0; Windows NT 5.1; SV1)"
149.161.9.192 - - [04/Apr/2005:18:15:44 -0400] "GET /images/header.gif HTTP/1.1" 200 31921 "http://www.darwinday.org/" "Mozilla/4.0 (compatible; MSIE 6.0; Windows NT 5.1; SV1)"
149.161.9.192 - - [04/Apr/2005:18:15:46 -0400] "GET /english/images/titletrans.gif HTTP/1.1" 200 15588 "http://www.darwinday.org/" "Mozilla/4.0 (compatible; MSIE 6.0; Windows NT 5.1; SV1)"
149.161.9.192 - - [04/Apr/2005:18:15:46 -0400] "GET /images/worldmaptransp.gif HTTP/1.1" 200 31707 "http://www.darwinday.org/" "Mozilla/4.0 (compatible; MSIE 6.0; Windows NT 5.1; SV1)"
68.142.249.13 - - [04/Apr/2005:18:16:42 -0400] "GET /dev/life/downhouse.html HTTP/1.0" 404 4462 "-" "Mozilla/5.0 (compatible; Yahoo! Slurp; http://help.yahoo.com/help/us/ysearch/slurp)"
68.166.205.192 - - [04/Apr/2005:18:17:36 -0400] "GET /english/life/images/mountmap-t.jpg HTTP/1.1" 200 61648 "http://www.darwinday.org/" "Mozilla/5.0 (Windows; U; Windows NT 5.1; en-US; rv:1.7.6) Gecko/20050317 Firefox/1.0.2"
68.166.205.192 - - [04/Apr/2005:18:17:36 -0400] "GET /english/life/images/shrewsbury.jpg HTTP/1.1" 200 103773 "http://www.darwinday.org/" "Mozilla/5.0 (Windows; U; Windows NT 5.1; en-US; rv:1.7.6) Gecko/20050317 Firefox/1.0.2"
68.142.251.124 - - [04/Apr/2005:18:20:52 -0400] "GET /dev/aboutddc/contact.html HTTP/1.0" 404 4464 "-" "Mozilla/5.0 (compatible; Yahoo! Slurp; http://help.yahoo.com/help/us/ysearch/slurp)"
68.142.250.48 - - [04/Apr/2005:18:23:45 -0400] "GET /chglangs/ HTTP/1.0" 404 4448 "-" "Mozilla/5.0 (compatible; Yahoo! Slurp; http://help.yahoo.com/help/us/ysearch/slurp)"
66.249.64.30 - - [04/Apr/2005:18:26:28 -0400] "GET /event_info/ HTTP/1.0" 404 4450 "-" "Googlebot/2.1 (+http://www.google.com/bot.html)"
24.106.46.2 - - [04/Apr/2005:18:27:09 -0400] "GET /stylesheets/main.css HTTP/1.1" 200 144 "http://darwinday.org/home/index.html" "Mozilla/5.0 (Windows; U; Windows NT 5.1; en-US; rv:1.7.5) Gecko/20041107 Firefox/1.0"
24.106.46.2 - - [04/Apr/2005:18:27:09 -0400] "GET /home/index.html HTTP/1.1" 200 20478 "-" "Mozilla/5.0 (Windows; U; Windows NT 5.1; en-US; rv:1.7.5) Gecko/20041107 Firefox/1.0"
24.106.46.2 - - [04/Apr/2005:18:27:10 -0400] "GET /images/trans.gif HTTP/1.1" 200 49 "http://darwinday.org/home/index.html" "Mozilla/5.0 (Windows; U; Windows NT 5.1; en-US; rv:1.7.5) Gecko/20041107 Firefox/1.0"
24.106.46.2 - - [04/Apr/2005:18:27:10 -0400] "GET /images/topleftlogo.gif HTTP/1.1" 200 10464 "http://darwinday.org/home/index.html" "Mozilla/5.0 (Windows; U; Windows NT 5.1; en-US; rv:1.7.5) Gecko/20041107 Firefox/1.0"
24.106.46.2 - - [04/Apr/2005:18:27:10 -0400] "GET /images/header.gif HTTP/1.1" 200 31921 "http://darwinday.org/home/index.html" "Mozilla/5.0 (Windows; U; Windows NT 5.1; en-US; rv:1.7.5) Gecko/20041107 Firefox/1.0"
24.106.46.2 - - [04/Apr/2005:18:27:11 -0400] "GET /images/redbar.gif HTTP/1.1" 200 1680 "http://darwinday.org/home/index.html" "Mozilla/5.0 (Windows; U; Windows NT 5.1; en-US; rv:1.7.5) Gecko/20041107 Firefox/1.0"
24.106.46.2 - - [04/Apr/2005:18:27:12 -0400] "GET /english/images/titletrans.gif HTTP/1.1" 200 15588 "http://darwinday.org/home/index.html" "Mozilla/5.0 (Windows; U; Windows NT 5.1; en-US; rv:1.7.5) Gecko/20041107 Firefox/1.0"
24.106.46.2 - - [04/Apr/2005:18:27:13 -0400] "GET /images/navbar.gif HTTP/1.1" 200 2992 "http://darwinday.org/home/index.html" "Mozilla/5.0 (Windows; U; Windows NT 5.1; en-US; rv:1.7.5) Gecko/20041107 Firefox/1.0"
24.106.46.2 - - [04/Apr/2005:18:27:14 -0400] "GET /english/images/worldmaptransp.gif HTTP/1.1" 200 128893 "http://darwinday.org/home/index.html" "Mozilla/5.0 (Windows; U; Windows NT 5.1; en-US; rv:1.7.5) Gecko/20041107 Firefox/1.0"
156.34.91.97 - - [04/Apr/2005:18:27:15 -0400] "GET / HTTP/1.1" 200 20419 "http://search.sympatico.msn.ca/results.aspx?FORM=MSNH&cp=65001&q=Darwin%27s+Theory+of+Evolution" "Mozilla/4.0 (compatible; MSIE 6.0; Windows NT 5.1; DigExt; SpamBlockerUtility 4.6.1)"
156.34.91.97 - - [04/Apr/2005:18:27:15 -0400] "GET /stylesheets/main.css HTTP/1.1" 200 144 "http://www.darwinday.org/" "Mozilla/4.0 (compatible; MSIE 6.0; Windows NT 5.1; DigExt; SpamBlockerUtility 4.6.1)"
24.106.46.2 - - [04/Apr/2005:18:27:15 -0400] "GET /images/dnahorizl.gif HTTP/1.1" 200 2130 "http://darwinday.org/home/index.html" "Mozilla/5.0 (Windows; U; Windows NT 5.1; en-US; rv:1.7.5) Gecko/20041107 Firefox/1.0"
156.34.91.97 - - [04/Apr/2005:18:27:15 -0400] "GET /images/topleftlogo.gif HTTP/1.1" 200 10464 "http://www.darwinday.org/" "Mozilla/4.0 (compatible; MSIE 6.0; Windows NT 5.1; DigExt; SpamBlockerUtility 4.6.1)"
156.34.91.97 - - [04/Apr/2005:18:27:15 -0400] "GET /images/trans.gif HTTP/1.1" 200 49 "http://www.darwinday.org/" "Mozilla/4.0 (compatible; MSIE 6.0; Windows NT 5.1; DigExt; SpamBlockerUtility 4.6.1)"
24.106.46.2 - - [04/Apr/2005:18:27:15 -0400] "GET /english/home/images/darwinages.gif HTTP/1.1" 200 50309 "http://darwinday.org/home/index.html" "Mozilla/5.0 (Windows; U; Windows NT 5.1; en-US; rv:1.7.5) Gecko/20041107 Firefox/1.0"
24.106.46.2 - - [04/Apr/2005:18:27:15 -0400] "GET /images/dnahoriz.gif HTTP/1.1" 200 3391 "http://darwinday.org/home/index.html" "Mozilla/5.0 (Windows; U; Windows NT 5.1; en-US; rv:1.7.5) Gecko/20041107 Firefox/1.0"
156.34.91.97 - - [04/Apr/2005:18:27:16 -0400] "GET /images/header.gif HTTP/1.1" 200 31921 "http://www.darwinday.org/" "Mozilla/4.0 (compatible; MSIE 6.0; Windows NT 5.1; DigExt; SpamBlockerUtility 4.6.1)"
156.34.91.97 - - [04/Apr/2005:18:27:16 -0400] "GET /english/images/redbar.gif HTTP/1.1" 200 1680 "http://www.darwinday.org/" "Mozilla/4.0 (compatible; MSIE 6.0; Windows NT 5.1; DigExt; SpamBlockerUtility 4.6.1)"
24.106.46.2 - - [04/Apr/2005:18:27:16 -0400] "GET /images/dnahorizr.gif HTTP/1.1" 200 2104 "http://darwinday.org/home/index.html" "Mozilla/5.0 (Windows; U; Windows NT 5.1; en-US; rv:1.7.5) Gecko/20041107 Firefox/1.0"
156.34.91.97 - - [04/Apr/2005:18:27:16 -0400] "GET /english/images/titletrans.gif HTTP/1.1" 200 15588 "http://www.darwinday.org/" "Mozilla/4.0 (compatible; MSIE 6.0; Windows NT 5.1; DigExt; SpamBlockerUtility 4.6.1)"
24.106.46.2 - - [04/Apr/2005:18:27:16 -0400] "GET /english/images/navbar.gif HTTP/1.1" 200 2992 "http://darwinday.org/home/index.html" "Mozilla/5.0 (Windows; U; Windows NT 5.1; en-US; rv:1.7.5) Gecko/20041107 Firefox/1.0"
156.34.91.97 - - [04/Apr/2005:18:27:16 -0400] "GET /english/images/navbar.gif HTTP/1.1" 200 2992 "http://www.darwinday.org/" "Mozilla/4.0 (compatible; MSIE 6.0; Windows NT 5.1; DigExt; SpamBlockerUtility 4.6.1)"
24.106.46.2 - - [04/Apr/2005:18:27:17 -0400] "GET /english/home/images/manymore.gif HTTP/1.1" 200 581 "http://darwinday.org/home/index.html" "Mozilla/5.0 (Windows; U; Windows NT 5.1; en-US; rv:1.7.5) Gecko/20041107 Firefox/1.0"
156.34.91.97 - - [04/Apr/2005:18:27:17 -0400] "GET /images/worldmaptransp.gif HTTP/1.1" 200 128893 "http://www.darwinday.org/" "Mozilla/4.0 (compatible; MSIE 6.0; Windows NT 5.1; DigExt; SpamBlockerUtility 4.6.1)"
24.106.46.2 - - [04/Apr/2005:18:27:17 -0400] "GET /english/home/images/joinus.gif HTTP/1.1" 200 524 "http://darwinday.org/home/index.html" "Mozilla/5.0 (Windows; U; Windows NT 5.1; en-US; rv:1.7.5) Gecko/20041107 Firefox/1.0"
