138.217.236.244 - - [04/Apr/2005:22:02:33 -0400] "GET /stylesheets/main.css HTTP/1.1" 200 144 "http://www.darwinday.org/" "Mozilla/4.0 (compatible; MSIE 6.0; Windows NT 5.1; BIGPOND_ADSL_42; SV1)"
138.217.236.244 - - [04/Apr/2005:22:02:33 -0400] "GET /images/topleftlogo.gif HTTP/1.1" 200 10464 "http://www.darwinday.org/" "Mozilla/4.0 (compatible; MSIE 6.0; Windows NT 5.1; BIGPOND_ADSL_42; SV1)"
138.217.236.244 - - [04/Apr/2005:22:02:34 -0400] "GET / HTTP/1.1" 200 20419 "http://search.ninemsn.com.au/results.aspx?srch=105&FORM=AS5&q=Darwin+Day" "Mozilla/4.0 (compatible; MSIE 6.0; Windows NT 5.1; BIGPOND_ADSL_42; SV1)"
138.217.236.244 - - [04/Apr/2005:22:02:34 -0400] "GET /images/trans.gif HTTP/1.1" 200 49 "http://www.darwinday.org/" "Mozilla/4.0 (compatible; MSIE 6.0; Windows NT 5.1; BIGPOND_ADSL_42; SV1)"
138.217.236.244 - - [04/Apr/2005:22:02:35 -0400] "GET /english/images/redbar.gif HTTP/1.1" 200 1680 "http://www.darwinday.org/" "Mozilla/4.0 (compatible; MSIE 6.0; Windows NT 5.1; BIGPOND_ADSL_42; SV1)"
138.217.236.244 - - [04/Apr/2005:22:02:36 -0400] "GET /images/header.gif HTTP/1.1" 200 31921 "http://www.darwinday.org/" "Mozilla/4.0 (compatible; MSIE 6.0; Windows NT 5.1; BIGPOND_ADSL_42; SV1)"
138.217.236.244 - - [04/Apr/2005:22:02:37 -0400] "GET /english/images/titletrans.gif HTTP/1.1" 200 15588 "http://www.darwinday.org/" "Mozilla/4.0 (compatible; MSIE 6.0; Windows NT 5.1; BIGPOND_ADSL_42; SV1)"
138.217.236.244 - - [04/Apr/2005:22:02:38 -0400] "GET /english/images/navbar.gif HTTP/1.1" 200 2992 "http://www.darwinday.org/" "Mozilla/4.0 (compatible; MSIE 6.0; Windows NT 5.1; BIGPOND_ADSL_42; SV1)"
138.217.236.244 - - [04/Apr/2005:22:02:39 -0400] "GET /images/worldmaptransp.gif HTTP/1.1" 200 128893 "http://www.darwinday.org/" "Mozilla/4.0 (compatible; MSIE 6.0; Windows NT 5.1; BIGPOND_ADSL_42; SV1)"
138.217.236.244 - - [04/Apr/2005:22:02:42 -0400] "GET /english/home/images/arrow_tail.gif HTTP/1.1" 200 242 "http://www.darwinday.org/" "Mozilla/4.0 (compatible; MSIE 6.0; Windows NT 5.1; BIGPOND_ADSL_42; SV1)"
138.217.236.244 - - [04/Apr/2005:22:02:43 -0400] "GET /english/home/images/darwinages.gif HTTP/1.1" 200 50309 "http://www.darwinday.org/" "Mozilla/4.0 (compatible; MSIE 6.0; Windows NT 5.1; BIGPOND_ADSL_42; SV1)"
138.217.236.244 - - [04/Apr/2005:22:02:43 -0400] "GET /english/home/images/arrow.gif HTTP/1.1" 200 716 "http://www.darwinday.org/" "Mozilla/4.0 (compatible; MSIE 6.0; Windows NT 5.1; BIGPOND_ADSL_42; SV1)"
138.217.236.244 - - [04/Apr/2005:22:02:43 -0400] "GET /english/home/images/arrow_head.gif HTTP/1.1" 200 683 "http://www.darwinday.org/" "Mozilla/4.0 (compatible; MSIE 6.0; Windows NT 5.1; BIGPOND_ADSL_42; SV1)"
138.217.236.244 - - [04/Apr/2005:22:02:44 -0400] "GET /images/dnahorizl.gif HTTP/1.1" 200 2130 "http://www.darwinday.org/" "Mozilla/4.0 (compatible; MSIE 6.0; Windows NT 5.1; BIGPOND_ADSL_42; SV1)"
138.217.236.244 - - [04/Apr/2005:22:02:44 -0400] "GET /images/dnahoriz.gif HTTP/1.1" 200 3391 "http://www.darwinday.org/" "Mozilla/4.0 (compatible; MSIE 6.0; Windows NT 5.1; BIGPOND_ADSL_42; SV1)"
138.217.236.244 - - [04/Apr/2005:22:02:44 -0400] "GET /images/dnahorizr.gif HTTP/1.1" 200 2104 "http://www.darwinday.org/" "Mozilla/4.0 (compatible; MSIE 6.0; Windows NT 5.1; BIGPOND_ADSL_42; SV1)"
138.217.236.244 - - [04/Apr/2005:22:02:45 -0400] "GET /NEWlang/images/navbar.gif HTTP/1.1" 200 2992 "http://www.darwinday.org/" "Mozilla/4.0 (compatible; MSIE 6.0; Windows NT 5.1; BIGPOND_ADSL_42; SV1)"
138.217.236.244 - - [04/Apr/2005:22:02:45 -0400] "GET /english/home/images/beagle.gif HTTP/1.1" 200 37108 "http://www.darwinday.org/" "Mozilla/4.0 (compatible; MSIE 6.0; Windows NT 5.1; BIGPOND_ADSL_42; SV1)"
138.217.236.244 - - [04/Apr/2005:22:02:45 -0400] "GET /english/home/images/manymore.gif HTTP/1.1" 200 581 "http://www.darwinday.org/" "Mozilla/4.0 (compatible; MSIE 6.0; Windows NT 5.1; BIGPOND_ADSL_42; SV1)"
138.217.236.244 - - [04/Apr/2005:22:02:46 -0400] "GET /english/home/images/joinus.gif HTTP/1.1" 200 524 "http://www.darwinday.org/" "Mozilla/4.0 (compatible; MSIE 6.0; Windows NT 5.1; BIGPOND_ADSL_42; SV1)"
138.217.236.244 - - [04/Apr/2005:22:02:46 -0400] "GET /english/home/images/horse.evolution.jpg HTTP/1.1" 200 29612 "http://www.darwinday.org/" "Mozilla/4.0 (compatible; MSIE 6.0; Windows NT 5.1; BIGPOND_ADSL_42; SV1)"
67.139.110.162 - - [04/Apr/2005:22:03:29 -0400] "GET /stylesheets/main.css HTTP/1.1" 200 144 "http://www.darwinday.org/" "Mozilla/5.0 (Windows; U; Windows NT 5.0; en-US; rv:1.0.2) Gecko/20030208 Netscape/7.02"
67.139.110.162 - - [04/Apr/2005:22:03:29 -0400] "GET / HTTP/1.1" 200 20419 "http://portal.wikinerds.org/darwin-day-2005" "Mozilla/5.0 (Windows; U; Windows NT 5.0; en-US; rv:1.0.2) Gecko/20030208 Netscape/7.02"
67.139.110.162 - - [04/Apr/2005:22:03:29 -0400] "GET /images/trans.gif HTTP/1.1" 200 49 "http://www.darwinday.org/" "Mozilla/5.0 (Windows; U; Windows NT 5.0; en-US; rv:1.0.2) Gecko/20030208 Netscape/7.02"
67.139.110.162 - - [04/Apr/2005:22:03:29 -0400] "GET /images/topleftlogo.gif HTTP/1.1" 200 10464 "http://www.darwinday.org/" "Mozilla/5.0 (Windows; U; Windows NT 5.0; en-US; rv:1.0.2) Gecko/20030208 Netscape/7.02"
67.139.110.162 - - [04/Apr/2005:22:03:29 -0400] "GET /images/header.gif HTTP/1.1" 200 31921 "http://www.darwinday.org/" "Mozilla/5.0 (Windows; U; Windows NT 5.0; en-US; rv:1.0.2) Gecko/20030208 Netscape/7.02"
67.139.110.162 - - [04/Apr/2005:22:03:30 -0400] "GET /english/images/redbar.gif HTTP/1.1" 200 1680 "http://www.darwinday.org/" "Mozilla/5.0 (Windows; U; Windows NT 5.0; en-US; rv:1.0.2) Gecko/20030208 Netscape/7.02"
67.139.110.162 - - [04/Apr/2005:22:03:30 -0400] "GET /english/images/titletrans.gif HTTP/1.1" 200 15588 "http://www.darwinday.org/" "Mozilla/5.0 (Windows; U; Windows NT 5.0; en-US; rv:1.0.2) Gecko/20030208 Netscape/7.02"
67.139.110.162 - - [04/Apr/2005:22:03:30 -0400] "GET /english/images/navbar.gif HTTP/1.1" 200 2992 "http://www.darwinday.org/" "Mozilla/5.0 (Windows; U; Windows NT 5.0; en-US; rv:1.0.2) Gecko/20030208 Netscape/7.02"
67.139.110.162 - - [04/Apr/2005:22:03:30 -0400] "GET /images/worldmaptransp.gif HTTP/1.1" 200 128893 "http://www.darwinday.org/" "Mozilla/5.0 (Windows; U; Windows NT 5.0; en-US; rv:1.0.2) Gecko/20030208 Netscape/7.02"
67.139.110.162 - - [04/Apr/2005:22:03:31 -0400] "GET /images/dnahorizl.gif HTTP/1.1" 200 2130 "http://www.darwinday.org/" "Mozilla/5.0 (Windows; U; Windows NT 5.0; en-US; rv:1.0.2) Gecko/20030208 Netscape/7.02"
67.139.110.162 - - [04/Apr/2005:22:03:31 -0400] "GET /images/dnahoriz.gif HTTP/1.1" 200 3391 "http://www.darwinday.org/" "Mozilla/5.0 (Windows; U; Windows NT 5.0; en-US; rv:1.0.2) Gecko/20030208 Netscape/7.02"
67.139.110.162 - - [04/Apr/2005:22:03:31 -0400] "GET /english/home/images/darwinages.gif HTTP/1.1" 200 50309 "http://www.darwinday.org/" "Mozilla/5.0 (Windows; U; Windows NT 5.0; en-US; rv:1.0.2) Gecko/20030208 Netscape/7.02"
67.139.110.162 - - [04/Apr/2005:22:03:32 -0400] "GET /images/dnahorizr.gif HTTP/1.1" 200 2104 "http://www.darwinday.org/" "Mozilla/5.0 (Windows; U; Windows NT 5.0; en-US; rv:1.0.2) Gecko/20030208 Netscape/7.02"
67.139.110.162 - - [04/Apr/2005:22:03:32 -0400] "GET /NEWlang/images/navbar.gif HTTP/1.1" 200 2992 "http://www.darwinday.org/" "Mozilla/5.0 (Windows; U; Windows NT 5.0; en-US; rv:1.0.2) Gecko/20030208 Netscape/7.02"
67.139.110.162 - - [04/Apr/2005:22:03:32 -0400] "GET /english/home/images/beagle.gif HTTP/1.1" 200 37108 "http://www.darwinday.org/" "Mozilla/5.0 (Windows; U; Windows NT 5.0; en-US; rv:1.0.2) Gecko/20030208 Netscape/7.02"
67.139.110.162 - - [04/Apr/2005:22:03:32 -0400] "GET /english/home/images/manymore.gif HTTP/1.1" 200 581 "http://www.darwinday.org/" "Mozilla/5.0 (Windows; U; Windows NT 5.0; en-US; rv:1.0.2) Gecko/20030208 Netscape/7.02"
67.139.110.162 - - [04/Apr/2005:22:03:32 -0400] "GET /english/home/images/joinus.gif HTTP/1.1" 200 524 "http://www.darwinday.org/" "Mozilla/5.0 (Windows; U; Windows NT 5.0; en-US; rv:1.0.2) Gecko/20030208 Netscape/7.02"
67.139.110.162 - - [04/Apr/2005:22:03:32 -0400] "GET /english/home/images/horse.evolution.jpg HTTP/1.1" 200 29612 "http://www.darwinday.org/" "Mozilla/5.0 (Windows; U; Windows NT 5.0; en-US; rv:1.0.2) Gecko/20030208 Netscape/7.02"
67.139.110.162 - - [04/Apr/2005:22:03:33 -0400] "GET /favicon.ico HTTP/1.1" 404 4469 "-" "Mozilla/5.0 (Windows; U; Windows NT 5.0; en-US; rv:1.0.2) Gecko/20030208 Netscape/7.02"
67.139.110.162 - - [04/Apr/2005:22:03:38 -0400] "GET /english/home/images/arrow_tail.gif HTTP/1.1" 200 242 "http://www.darwinday.org/" "Mozilla/5.0 (Windows; U; Windows NT 5.0; en-US; rv:1.0.2) Gecko/20030208 Netscape/7.02"
67.139.110.162 - - [04/Apr/2005:22:03:38 -0400] "GET /english/home/images/arrow.gif HTTP/1.1" 200 716 "http://www.darwinday.org/" "Mozilla/5.0 (Windows; U; Windows NT 5.0; en-US; rv:1.0.2) Gecko/20030208 Netscape/7.02"
67.139.110.162 - - [04/Apr/2005:22:03:38 -0400] "GET /english/home/images/arrow_head.gif HTTP/1.1" 200 683 "http://www.darwinday.org/" "Mozilla/5.0 (Windows; U; Windows NT 5.0; en-US; rv:1.0.2) Gecko/20030208 Netscape/7.02"
138.217.236.244 - - [04/Apr/2005:22:03:57 -0400] "GET /english/chooselang/index.html HTTP/1.1" 200 6292 "http://search.ninemsn.com.au/results.aspx?q=Darwin+Day&first=21&count=10&FORM=PERE2" "Mozilla/4.0 (compatible; MSIE 6.0; Windows NT 5.1; BIGPOND_ADSL_42; SV1)"
138.217.236.244 - - [04/Apr/2005:22:03:58 -0400] "GET /images/topleftlogo.gif HTTP/1.1" 200 10464 "http://darwinday.org/english/chooselang/index.html" "Mozilla/4.0 (compatible; MSIE 6.0; Windows NT 5.1; BIGPOND_ADSL_42; SV1)"
138.217.236.244 - - [04/Apr/2005:22:03:58 -0400] "GET /stylesheets/main.css HTTP/1.1" 200 144 "http://darwinday.org/english/chooselang/index.html" "Mozilla/4.0 (compatible; MSIE 6.0; Windows NT 5.1; BIGPOND_ADSL_42; SV1)"
138.217.236.244 - - [04/Apr/2005:22:03:59 -0400] "GET /images/trans.gif HTTP/1.1" 200 49 "http://darwinday.org/english/chooselang/index.html" "Mozilla/4.0 (compatible; MSIE 6.0; Windows NT 5.1; BIGPOND_ADSL_42; SV1)"
138.217.236.244 - - [04/Apr/2005:22:03:59 -0400] "GET /images/header.gif HTTP/1.1" 200 31921 "http://darwinday.org/english/chooselang/index.html" "Mozilla/4.0 (compatible; MSIE 6.0; Windows NT 5.1; BIGPOND_ADSL_42; SV1)"
138.217.236.244 - - [04/Apr/2005:22:04:00 -0400] "GET /english/images/redbar.gif HTTP/1.1" 200 1680 "http://darwinday.org/english/chooselang/index.html" "Mozilla/4.0 (compatible; MSIE 6.0; Windows NT 5.1; BIGPOND_ADSL_42; SV1)"
138.217.236.244 - - [04/Apr/2005:22:04:00 -0400] "GET /english/images/titletrans.gif HTTP/1.1" 200 15588 "http://darwinday.org/english/chooselang/index.html" "Mozilla/4.0 (compatible; MSIE 6.0; Windows NT 5.1; BIGPOND_ADSL_42; SV1)"
138.217.236.244 - - [04/Apr/2005:22:04:00 -0400] "GET /english/images/worldmaptransp.gif HTTP/1.1" 200 12727 "http://darwinday.org/english/chooselang/index.html" "Mozilla/4.0 (compatible; MSIE 6.0; Windows NT 5.1; BIGPOND_ADSL_42; SV1)"
198.166.21.222 - - [04/Apr/2005:22:04:26 -0400] "GET /home/images/darwinages.gif HTTP/1.1" 404 4484 "http://www.livejournal.com/users/ymp/" "Mozilla/4.0 (compatible; MSIE 6.0; Windows 98; .NET CLR 1.1.4322)"
129.22.160.195 - - [04/Apr/2005:22:04:28 -0400] "GET / HTTP/1.1" 200 20419 "http://www.google.com/search?hl=en&q=darwin+day&btnG=Google+Search" "Mozilla/5.0 (Windows; U; Windows NT 5.0; en-US; rv:1.7.1) Gecko/20040707"
129.22.160.195 - - [04/Apr/2005:22:04:28 -0400] "GET /stylesheets/main.css HTTP/1.1" 200 144 "http://www.darwinday.org/" "Mozilla/5.0 (Windows; U; Windows NT 5.0; en-US; rv:1.7.1) Gecko/20040707"
129.22.160.195 - - [04/Apr/2005:22:04:28 -0400] "GET /images/trans.gif HTTP/1.1" 200 49 "http://www.darwinday.org/" "Mozilla/5.0 (Windows; U; Windows NT 5.0; en-US; rv:1.7.1) Gecko/20040707"
129.22.160.195 - - [04/Apr/2005:22:04:28 -0400] "GET /images/topleftlogo.gif HTTP/1.1" 200 10464 "http://www.darwinday.org/" "Mozilla/5.0 (Windows; U; Windows NT 5.0; en-US; rv:1.7.1) Gecko/20040707"
129.22.160.195 - - [04/Apr/2005:22:04:28 -0400] "GET /english/images/redbar.gif HTTP/1.1" 200 1680 "http://www.darwinday.org/" "Mozilla/5.0 (Windows; U; Windows NT 5.0; en-US; rv:1.7.1) Gecko/20040707"
129.22.160.195 - - [04/Apr/2005:22:04:28 -0400] "GET /images/header.gif HTTP/1.1" 200 31921 "http://www.darwinday.org/" "Mozilla/5.0 (Windows; U; Windows NT 5.0; en-US; rv:1.7.1) Gecko/20040707"
129.22.160.195 - - [04/Apr/2005:22:04:29 -0400] "GET /english/images/titletrans.gif HTTP/1.1" 200 15588 "http://www.darwinday.org/" "Mozilla/5.0 (Windows; U; Windows NT 5.0; en-US; rv:1.7.1) Gecko/20040707"
129.22.160.195 - - [04/Apr/2005:22:04:29 -0400] "GET /images/worldmaptransp.gif HTTP/1.1" 200 128893 "http://www.darwinday.org/" "Mozilla/5.0 (Windows; U; Windows NT 5.0; en-US; rv:1.7.1) Gecko/20040707"
129.22.160.195 - - [04/Apr/2005:22:04:29 -0400] "GET /english/images/navbar.gif HTTP/1.1" 200 2992 "http://www.darwinday.org/" "Mozilla/5.0 (Windows; U; Windows NT 5.0; en-US; rv:1.7.1) Gecko/20040707"
129.22.160.195 - - [04/Apr/2005:22:04:29 -0400] "GET /english/home/images/darwinages.gif HTTP/1.1" 200 50309 "http://www.darwinday.org/" "Mozilla/5.0 (Windows; U; Windows NT 5.0; en-US; rv:1.7.1) Gecko/20040707"
129.22.160.195 - - [04/Apr/2005:22:04:29 -0400] "GET /images/dnahorizl.gif HTTP/1.1" 200 2130 "http://www.darwinday.org/" "Mozilla/5.0 (Windows; U; Windows NT 5.0; en-US; rv:1.7.1) Gecko/20040707"
129.22.160.195 - - [04/Apr/2005:22:04:29 -0400] "GET /images/dnahoriz.gif HTTP/1.1" 200 3391 "http://www.darwinday.org/" "Mozilla/5.0 (Windows; U; Windows NT 5.0; en-US; rv:1.7.1) Gecko/20040707"
129.22.160.195 - - [04/Apr/2005:22:04:29 -0400] "GET /NEWlang/images/navbar.gif HTTP/1.1" 200 2992 "http://www.darwinday.org/" "Mozilla/5.0 (Windows; U; Windows NT 5.0; en-US; rv:1.7.1) Gecko/20040707"
129.22.160.195 - - [04/Apr/2005:22:04:29 -0400] "GET /english/home/images/beagle.gif HTTP/1.1" 200 37108 "http://www.darwinday.org/" "Mozilla/5.0 (Windows; U; Windows NT 5.0; en-US; rv:1.7.1) Gecko/20040707"
129.22.160.195 - - [04/Apr/2005:22:04:30 -0400] "GET /images/dnahorizr.gif HTTP/1.1" 200 2104 "http://www.darwinday.org/" "Mozilla/5.0 (Windows; U; Windows NT 5.0; en-US; rv:1.7.1) Gecko/20040707"
129.22.160.195 - - [04/Apr/2005:22:04:30 -0400] "GET /english/home/images/manymore.gif HTTP/1.1" 200 581 "http://www.darwinday.org/" "Mozilla/5.0 (Windows; U; Windows NT 5.0; en-US; rv:1.7.1) Gecko/20040707"
129.22.160.195 - - [04/Apr/2005:22:04:30 -0400] "GET /english/home/images/joinus.gif HTTP/1.1" 200 524 "http://www.darwinday.org/" "Mozilla/5.0 (Windows; U; Windows NT 5.0; en-US; rv:1.7.1) Gecko/20040707"
129.22.160.195 - - [04/Apr/2005:22:04:30 -0400] "GET /english/home/images/horse.evolution.jpg HTTP/1.1" 200 29612 "http://www.darwinday.org/" "Mozilla/5.0 (Windows; U; Windows NT 5.0; en-US; rv:1.7.1) Gecko/20040707"
129.22.160.195 - - [04/Apr/2005:22:04:30 -0400] "GET /english/home/images/arrow_tail.gif HTTP/1.1" 200 242 "http://www.darwinday.org/" "Mozilla/5.0 (Windows; U; Windows NT 5.0; en-US; rv:1.7.1) Gecko/20040707"
129.22.160.195 - - [04/Apr/2005:22:04:30 -0400] "GET /english/home/images/arrow.gif HTTP/1.1" 200 716 "http://www.darwinday.org/" "Mozilla/5.0 (Windows; U; Windows NT 5.0; en-US; rv:1.7.1) Gecko/20040707"
129.22.160.195 - - [04/Apr/2005:22:04:30 -0400] "GET /english/home/images/arrow_head.gif HTTP/1.1" 200 683 "http://www.darwinday.org/" "Mozilla/5.0 (Windows; U; Windows NT 5.0; en-US; rv:1.7.1) Gecko/20040707"
198.166.21.222 - - [04/Apr/2005:22:05:14 -0400] "GET /home/images/darwinages.gif HTTP/1.1" 404 4484 "http://www.livejournal.com/users/ymp/" "Mozilla/4.0 (compatible; MSIE 6.0; Windows 98; .NET CLR 1.1.4322)"
198.166.21.222 - - [04/Apr/2005:22:07:05 -0400] "GET /home/images/darwinages.gif HTTP/1.1" 404 4484 "http://www.livejournal.com/users/ymp/" "Mozilla/4.0 (compatible; MSIE 6.0; Windows 98; .NET CLR 1.1.4322)"
65.136.39.246 - - [04/Apr/2005:22:08:10 -0400] "GET /stylesheets/main.css HTTP/1.1" 200 144 "http://www.darwinday.org/" "Mozilla/4.0 (compatible; MSIE 6.0; Windows NT 5.0)"
65.136.39.246 - - [04/Apr/2005:22:08:12 -0400] "GET /images/topleftlogo.gif HTTP/1.1" 200 10464 "http://www.darwinday.org/" "Mozilla/4.0 (compatible; MSIE 6.0; Windows NT 5.0)"
65.136.39.246 - - [04/Apr/2005:22:08:12 -0400] "GET / HTTP/1.1" 200 20419 "http://www.google.com/search?q=*+day&hl=en&lr=&start=120&sa=N" "Mozilla/4.0 (compatible; MSIE 6.0; Windows NT 5.0)"
65.136.39.246 - - [04/Apr/2005:22:08:18 -0400] "GET /english/images/redbar.gif HTTP/1.1" 200 1680 "http://www.darwinday.org/" "Mozilla/4.0 (compatible; MSIE 6.0; Windows NT 5.0)"
65.136.39.246 - - [04/Apr/2005:22:08:24 -0400] "GET /images/trans.gif HTTP/1.1" 200 49 "http://www.darwinday.org/" "Mozilla/4.0 (compatible; MSIE 6.0; Windows NT 5.0)"
65.136.39.246 - - [04/Apr/2005:22:08:51 -0400] "GET /images/header.gif HTTP/1.1" 200 31921 "http://www.darwinday.org/" "Mozilla/4.0 (compatible; MSIE 6.0; Windows NT 5.0)"
65.136.39.246 - - [04/Apr/2005:22:09:02 -0400] "GET /english/images/titletrans.gif HTTP/1.1" 200 15588 "http://www.darwinday.org/" "Mozilla/4.0 (compatible; MSIE 6.0; Windows NT 5.0)"
68.142.251.159 - - [04/Apr/2005:22:09:12 -0400] "GET /robots.txt HTTP/1.0" 404 4449 "-" "Mozilla/5.0 (compatible; Yahoo! Slurp; http://help.yahoo.com/help/us/ysearch/slurp)"
68.142.251.183 - - [04/Apr/2005:22:09:13 -0400] "GET /english/life/images/?M=A HTTP/1.0" 200 11410 "-" "Mozilla/5.0 (compatible; Yahoo! Slurp; http://help.yahoo.com/help/us/ysearch/slurp)"
68.142.249.127 - - [04/Apr/2005:22:09:13 -0400] "GET /english/?N=A HTTP/1.0" 200 2300 "-" "Mozilla/5.0 (compatible; Yahoo! Slurp; http://help.yahoo.com/help/us/ysearch/slurp)"
65.136.39.246 - - [04/Apr/2005:22:09:15 -0400] "GET /english/images/navbar.gif HTTP/1.1" 200 2992 "http://www.darwinday.org/" "Mozilla/4.0 (compatible; MSIE 6.0; Windows NT 5.0)"
68.142.249.115 - - [04/Apr/2005:22:09:32 -0400] "GET /english/life/images/?M=D HTTP/1.0" 200 11410 "-" "Mozilla/5.0 (compatible; Yahoo! Slurp; http://help.yahoo.com/help/us/ysearch/slurp)"
65.136.39.246 - - [04/Apr/2005:22:09:52 -0400] "GET /english/home/images/darwinages.gif HTTP/1.1" 200 50309 "http://www.darwinday.org/" "Mozilla/4.0 (compatible; MSIE 6.0; Windows NT 5.0)"
65.136.39.246 - - [04/Apr/2005:22:10:01 -0400] "GET /images/worldmaptransp.gif HTTP/1.1" 200 128893 "http://www.darwinday.org/" "Mozilla/4.0 (compatible; MSIE 6.0; Windows NT 5.0)"
65.136.39.246 - - [04/Apr/2005:22:10:06 -0400] "GET /english/home/images/arrow_tail.gif HTTP/1.1" 200 242 "http://www.darwinday.org/" "Mozilla/4.0 (compatible; MSIE 6.0; Windows NT 5.0)"
65.136.39.246 - - [04/Apr/2005:22:10:13 -0400] "GET /english/home/images/arrow.gif HTTP/1.1" 200 716 "http://www.darwinday.org/" "Mozilla/4.0 (compatible; MSIE 6.0; Windows NT 5.0)"
65.136.39.246 - - [04/Apr/2005:22:10:16 -0400] "GET /english/home/images/arrow_head.gif HTTP/1.1" 200 683 "http://www.darwinday.org/" "Mozilla/4.0 (compatible; MSIE 6.0; Windows NT 5.0)"
65.136.39.246 - - [04/Apr/2005:22:10:21 -0400] "GET /images/dnahorizl.gif HTTP/1.1" 200 2130 "http://www.darwinday.org/" "Mozilla/4.0 (compatible; MSIE 6.0; Windows NT 5.0)"
65.136.39.246 - - [04/Apr/2005:22:10:22 -0400] "GET /images/dnahoriz.gif HTTP/1.1" 200 3391 "http://www.darwinday.org/" "Mozilla/4.0 (compatible; MSIE 6.0; Windows NT 5.0)"
65.136.39.246 - - [04/Apr/2005:22:10:26 -0400] "GET /images/dnahorizr.gif HTTP/1.1" 200 2104 "http://www.darwinday.org/" "Mozilla/4.0 (compatible; MSIE 6.0; Windows NT 5.0)"
65.136.39.246 - - [04/Apr/2005:22:10:27 -0400] "GET /NEWlang/images/navbar.gif HTTP/1.1" 200 2992 "http://www.darwinday.org/" "Mozilla/4.0 (compatible; MSIE 6.0; Windows NT 5.0)"
65.136.39.246 - - [04/Apr/2005:22:10:29 -0400] "GET /english/home/images/manymore.gif HTTP/1.1" 200 581 "http://www.darwinday.org/" "Mozilla/4.0 (compatible; MSIE 6.0; Windows NT 5.0)"
65.136.39.246 - - [04/Apr/2005:22:10:32 -0400] "GET /english/home/images/joinus.gif HTTP/1.1" 200 524 "http://www.darwinday.org/" "Mozilla/4.0 (compatible; MSIE 6.0; Windows NT 5.0)"
65.136.39.246 - - [04/Apr/2005:22:10:39 -0400] "GET /english/home/images/beagle.gif HTTP/1.1" 200 37108 "http://www.darwinday.org/" "Mozilla/4.0 (compatible; MSIE 6.0; Windows NT 5.0)"
65.136.39.246 - - [04/Apr/2005:22:10:44 -0400] "GET /english/home/images/horse.evolution.jpg HTTP/1.1" 200 29612 "http://www.darwinday.org/" "Mozilla/4.0 (compatible; MSIE 6.0; Windows NT 5.0)"
65.136.39.246 - - [04/Apr/2005:22:12:56 -0400] "GET /favicon.ico HTTP/1.1" 404 4469 "-" "Mozilla/4.0 (compatible; MSIE 6.0; Windows NT 5.0)"
68.142.250.48 - - [04/Apr/2005:22:16:04 -0400] "GET /english/life/images/beagle/?D=A HTTP/1.0" 200 2535 "-" "Mozilla/5.0 (compatible; Yahoo! Slurp; http://help.yahoo.com/help/us/ysearch/slurp)"
152.163.100.67 - - [04/Apr/2005:22:16:43 -0400] "GET /english/life/images/shrewsbury.jpg HTTP/1.0" 200 103773 "http://bbs.keyhole.com/boards/showflat/Board-general-Number-19709.html" "Mozilla/4.0 (compatible; MSIE 6.0; AOL 7.0; Windows NT 5.1)"
152.163.100.65 - - [04/Apr/2005:22:16:43 -0400] "GET /english/life/images/mountmap-t.jpg HTTP/1.0" 200 61648 "http://bbs.keyhole.com/boards/showflat/Board-general-Number-19709.html" "Mozilla/4.0 (compatible; MSIE 6.0; AOL 7.0; Windows NT 5.1)"
65.214.44.161 - - [04/Apr/2005:22:16:48 -0400] "GET /robots.txt HTTP/1.0" 404 4449 "-" "Mozilla/2.0 (compatible; Ask Jeeves/Teoma; +http://sp.ask.com/docs/about/tech_crawling.html)"
68.142.250.22 - - [04/Apr/2005:22:16:48 -0400] "GET /english/life/images/beagle/?D=D HTTP/1.0" 200 2535 "-" "Mozilla/5.0 (compatible; Yahoo! Slurp; http://help.yahoo.com/help/us/ysearch/slurp)"
65.214.44.161 - - [04/Apr/2005:22:16:51 -0400] "GET /english/life/emma.html HTTP/1.0" 200 13948 "-" "Mozilla/2.0 (compatible; Ask Jeeves/Teoma; +http://sp.ask.com/docs/about/tech_crawling.html)"
68.142.251.127 - - [04/Apr/2005:22:17:54 -0400] "GET /dev/languages/ HTTP/1.0" 404 4453 "-" "Mozilla/5.0 (compatible; Yahoo! Slurp; http://help.yahoo.com/help/us/ysearch/slurp)"
66.249.71.1 - - [04/Apr/2005:22:18:24 -0400] "GET /robots.txt HTTP/1.0" 404 4449 "-" "Googlebot/2.1 (+http://www.google.com/bot.html)"
66.249.71.1 - - [04/Apr/2005:22:18:26 -0400] "GET / HTTP/1.0" 200 20419 "-" "Googlebot/2.1 (+http://www.google.com/bot.html)"
66.249.71.17 - - [04/Apr/2005:22:24:09 -0400] "GET / HTTP/1.0" 200 20419 "-" "Googlebot/2.1 (+http://www.google.com/bot.html)"
68.142.251.10 - - [04/Apr/2005:22:25:02 -0400] "GET /english/stylesheets/?M=D HTTP/1.0" 200 687 "-" "Mozilla/5.0 (compatible; Yahoo! Slurp; http://help.yahoo.com/help/us/ysearch/slurp)"
64.12.116.66 - - [04/Apr/2005:22:27:17 -0400] "GET /life/children.html HTTP/1.0" 404 4457 "http://images.google.com/imgres?imgurl=http://www.darwinday.org/life/images/family/anne-t.jpg&imgrefurl=http://www.darwinday.org/life/children.html&h=175&w=144&sz=33&tbnid=wjeg5kcQmrIJ:&tbnh=95&tbnw=78&start=40&prev=/images%3Fq%3D1849%2Bchildren%26start%3D20%26hl%3Den%26lr%3D%26ie%3DUTF-8%26sa%3DN" "Mozilla/4.0 (compatible; MSIE 6.0; AOL 9.0; Windows NT 5.1; SV1; .NET CLR 1.1.4322)"
64.12.116.199 - - [04/Apr/2005:22:27:17 -0400] "GET /life/stylesheets/main.css HTTP/1.0" 404 4464 "http://www.darwinday.org/life/children.html" "Mozilla/4.0 (compatible; MSIE 6.0; AOL 9.0; Windows NT 5.1; SV1; .NET CLR 1.1.4322)"
64.12.116.204 - - [04/Apr/2005:22:27:19 -0400] "GET /life/images/topleftlogo.gif HTTP/1.0" 404 4466 "http://www.darwinday.org/life/children.html" "Mozilla/4.0 (compatible; MSIE 6.0; AOL 9.0; Windows NT 5.1; SV1; .NET CLR 1.1.4322)"
64.12.116.74 - - [04/Apr/2005:22:27:19 -0400] "GET /life/images/trans.gif HTTP/1.0" 404 4460 "http://www.darwinday.org/life/children.html" "Mozilla/4.0 (compatible; MSIE 6.0; AOL 9.0; Windows NT 5.1; SV1; .NET CLR 1.1.4322)"
64.12.116.134 - - [04/Apr/2005:22:27:19 -0400] "GET /life/images/header.gif HTTP/1.0" 404 4461 "http://www.darwinday.org/life/children.html" "Mozilla/4.0 (compatible; MSIE 6.0; AOL 9.0; Windows NT 5.1; SV1; .NET CLR 1.1.4322)"
64.12.117.11 - - [04/Apr/2005:22:27:20 -0400] "GET /life/english/images/redbar.gif HTTP/1.0" 404 4469 "http://www.darwinday.org/life/children.html" "Mozilla/4.0 (compatible; MSIE 6.0; AOL 9.0; Windows NT 5.1; SV1; .NET CLR 1.1.4322)"
64.12.116.66 - - [04/Apr/2005:22:27:20 -0400] "GET /life/english/images/titletrans.gif HTTP/1.1" 404 4492 "http://www.darwinday.org/life/children.html" "Mozilla/4.0 (compatible; MSIE 6.0; AOL 9.0; Windows NT 5.1; SV1; .NET CLR 1.1.4322)"
64.12.116.5 - - [04/Apr/2005:22:27:20 -0400] "GET /life/images/worldmaptransp.gif HTTP/1.0" 404 4469 "http://www.darwinday.org/life/children.html" "Mozilla/4.0 (compatible; MSIE 6.0; AOL 9.0; Windows NT 5.1; SV1; .NET CLR 1.1.4322)"
64.12.117.12 - - [04/Apr/2005:22:27:20 -0400] "GET /life/english/images/navbar.gif HTTP/1.0" 404 4469 "http://www.darwinday.org/life/children.html" "Mozilla/4.0 (compatible; MSIE 6.0; AOL 9.0; Windows NT 5.1; SV1; .NET CLR 1.1.4322)"
64.12.117.7 - - [04/Apr/2005:22:27:35 -0400] "GET /life/images/family/anne-t.jpg HTTP/1.0" 404 4468 "http://images.google.com/imgres?imgurl=http://www.darwinday.org/life/images/family/anne-t.jpg&imgrefurl=http://www.darwinday.org/life/children.html&h=175&w=144&sz=33&tbnid=wjeg5kcQmrIJ:&tbnh=95&tbnw=78&prev=/images%3Fq%3D1849%2Bchildren%26start%3D20%26hl%3Den%26lr%3D%26ie%3DUTF-8%26sa%3DN&frame=small" "Mozilla/4.0 (compatible; MSIE 6.0; AOL 9.0; Windows NT 5.1; SV1; .NET CLR 1.1.4322)"
64.12.117.13 - - [04/Apr/2005:22:27:37 -0400] "GET /life/images/family/stylesheets/main.css HTTP/1.0" 404 4478 "http://www.darwinday.org/life/images/family/anne-t.jpg" "Mozilla/4.0 (compatible; MSIE 6.0; AOL 9.0; Windows NT 5.1; SV1; .NET CLR 1.1.4322)"
64.12.116.197 - - [04/Apr/2005:22:27:38 -0400] "GET /life/images/family/images/topleftlogo.gif HTTP/1.0" 404 4480 "http://www.darwinday.org/life/images/family/anne-t.jpg" "Mozilla/4.0 (compatible; MSIE 6.0; AOL 9.0; Windows NT 5.1; SV1; .NET CLR 1.1.4322)"
64.12.116.204 - - [04/Apr/2005:22:27:38 -0400] "GET /life/images/family/english/images/redbar.gif HTTP/1.1" 404 4502 "http://www.darwinday.org/life/images/family/anne-t.jpg" "Mozilla/4.0 (compatible; MSIE 6.0; AOL 9.0; Windows NT 5.1; SV1; .NET CLR 1.1.4322)"
64.12.116.69 - - [04/Apr/2005:22:27:38 -0400] "GET /life/images/family/images/header.gif HTTP/1.0" 404 4475 "http://www.darwinday.org/life/images/family/anne-t.jpg" "Mozilla/4.0 (compatible; MSIE 6.0; AOL 9.0; Windows NT 5.1; SV1; .NET CLR 1.1.4322)"
64.12.116.67 - - [04/Apr/2005:22:27:38 -0400] "GET /life/images/family/images/trans.gif HTTP/1.0" 404 4474 "http://www.darwinday.org/life/images/family/anne-t.jpg" "Mozilla/4.0 (compatible; MSIE 6.0; AOL 9.0; Windows NT 5.1; SV1; .NET CLR 1.1.4322)"
64.12.117.8 - - [04/Apr/2005:22:27:39 -0400] "GET /life/images/family/images/worldmaptransp.gif HTTP/1.0" 404 4483 "http://www.darwinday.org/life/images/family/anne-t.jpg" "Mozilla/4.0 (compatible; MSIE 6.0; AOL 9.0; Windows NT 5.1; SV1; .NET CLR 1.1.4322)"
64.12.116.9 - - [04/Apr/2005:22:27:39 -0400] "GET /life/images/family/english/images/titletrans.gif HTTP/1.0" 404 4487 "http://www.darwinday.org/life/images/family/anne-t.jpg" "Mozilla/4.0 (compatible; MSIE 6.0; AOL 9.0; Windows NT 5.1; SV1; .NET CLR 1.1.4322)"
64.12.117.14 - - [04/Apr/2005:22:27:39 -0400] "GET /life/images/family/english/images/navbar.gif HTTP/1.0" 404 4483 "http://www.darwinday.org/life/images/family/anne-t.jpg" "Mozilla/4.0 (compatible; MSIE 6.0; AOL 9.0; Windows NT 5.1; SV1; .NET CLR 1.1.4322)"
64.12.116.66 - - [04/Apr/2005:22:27:46 -0400] "GET /life/children.html HTTP/1.1" 404 4476 "http://images.google.com/imgres?imgurl=http://www.darwinday.org/life/images/family/anne-t.jpg&imgrefurl=http://www.darwinday.org/life/children.html&h=175&w=144&sz=33&tbnid=wjeg5kcQmrIJ:&tbnh=95&tbnw=78&start=40&prev=/images%3Fq%3D1849%2Bchildren%26start%3D20%26hl%3Den%26lr%3D%26ie%3DUTF-8%26sa%3DN" "Mozilla/4.0 (compatible; MSIE 6.0; AOL 9.0; Windows NT 5.1; SV1; .NET CLR 1.1.4322)"
64.12.117.7 - - [04/Apr/2005:22:27:49 -0400] "GET /life/images/family/anne-t.jpg HTTP/1.1" 404 4487 "http://images.google.com/imgres?imgurl=http://www.darwinday.org/life/images/family/anne-t.jpg&imgrefurl=http://www.darwinday.org/life/children.html&h=175&w=144&sz=33&tbnid=wjeg5kcQmrIJ:&tbnh=95&tbnw=78&prev=/images%3Fq%3D1849%2Bchildren%26start%3D20%26hl%3Den%26lr%3D%26ie%3DUTF-8%26sa%3DN&frame=small" "Mozilla/4.0 (compatible; MSIE 6.0; AOL 9.0; Windows NT 5.1; SV1; .NET CLR 1.1.4322)"
64.12.117.13 - - [04/Apr/2005:22:27:50 -0400] "GET /life/images/family/stylesheets/main.css HTTP/1.1" 404 4497 "http://www.darwinday.org/life/images/family/anne-t.jpg" "Mozilla/4.0 (compatible; MSIE 6.0; AOL 9.0; Windows NT 5.1; SV1; .NET CLR 1.1.4322)"
64.12.116.197 - - [04/Apr/2005:22:27:51 -0400] "GET /life/images/family/images/topleftlogo.gif HTTP/1.1" 404 4499 "http://www.darwinday.org/life/images/family/anne-t.jpg" "Mozilla/4.0 (compatible; MSIE 6.0; AOL 9.0; Windows NT 5.1; SV1; .NET CLR 1.1.4322)"
64.12.116.67 - - [04/Apr/2005:22:27:51 -0400] "GET /life/images/family/images/trans.gif HTTP/1.1" 404 4493 "http://www.darwinday.org/life/images/family/anne-t.jpg" "Mozilla/4.0 (compatible; MSIE 6.0; AOL 9.0; Windows NT 5.1; SV1; .NET CLR 1.1.4322)"
64.12.116.69 - - [04/Apr/2005:22:27:51 -0400] "GET /life/images/family/images/header.gif HTTP/1.1" 404 4494 "http://www.darwinday.org/life/images/family/anne-t.jpg" "Mozilla/4.0 (compatible; MSIE 6.0; AOL 9.0; Windows NT 5.1; SV1; .NET CLR 1.1.4322)"
64.12.116.204 - - [04/Apr/2005:22:27:51 -0400] "GET /life/images/family/english/images/redbar.gif HTTP/1.1" 404 4502 "http://www.darwinday.org/life/images/family/anne-t.jpg" "Mozilla/4.0 (compatible; MSIE 6.0; AOL 9.0; Windows NT 5.1; SV1; .NET CLR 1.1.4322)"
64.12.117.8 - - [04/Apr/2005:22:27:52 -0400] "GET /life/images/family/images/worldmaptransp.gif HTTP/1.1" 404 4502 "http://www.darwinday.org/life/images/family/anne-t.jpg" "Mozilla/4.0 (compatible; MSIE 6.0; AOL 9.0; Windows NT 5.1; SV1; .NET CLR 1.1.4322)"
64.12.116.9 - - [04/Apr/2005:22:27:53 -0400] "GET /life/images/family/english/images/titletrans.gif HTTP/1.1" 404 4506 "http://www.darwinday.org/life/images/family/anne-t.jpg" "Mozilla/4.0 (compatible; MSIE 6.0; AOL 9.0; Windows NT 5.1; SV1; .NET CLR 1.1.4322)"
64.12.117.14 - - [04/Apr/2005:22:27:53 -0400] "GET /life/images/family/english/images/navbar.gif HTTP/1.1" 404 4502 "http://www.darwinday.org/life/images/family/anne-t.jpg" "Mozilla/4.0 (compatible; MSIE 6.0; AOL 9.0; Windows NT 5.1; SV1; .NET CLR 1.1.4322)"
64.12.116.66 - - [04/Apr/2005:22:27:59 -0400] "GET /life/children.html HTTP/1.1" 404 4476 "http://images.google.com/imgres?imgurl=http://www.darwinday.org/life/images/family/anne-t.jpg&imgrefurl=http://www.darwinday.org/life/children.html&h=175&w=144&sz=33&tbnid=wjeg5kcQmrIJ:&tbnh=95&tbnw=78&start=40&prev=/images%3Fq%3D1849%2Bchildren%26start%3D20%26hl%3Den%26lr%3D%26ie%3DUTF-8%26sa%3DN" "Mozilla/4.0 (compatible; MSIE 6.0; AOL 9.0; Windows NT 5.1; SV1; .NET CLR 1.1.4322)"
68.142.249.131 - - [04/Apr/2005:22:29:48 -0400] "GET /english/life/images/beagle/?N=D HTTP/1.0" 200 2535 "-" "Mozilla/5.0 (compatible; Yahoo! Slurp; http://help.yahoo.com/help/us/ysearch/slurp)"
64.12.116.66 - - [04/Apr/2005:22:30:16 -0400] "GET /life/children.html HTTP/1.1" 404 4476 "http://images.google.com/imgres?imgurl=http://www.darwinday.org/life/images/family/anne-t.jpg&imgrefurl=http://www.darwinday.org/life/children.html&h=175&w=144&sz=33&tbnid=wjeg5kcQmrIJ:&tbnh=95&tbnw=78&start=40&prev=/images%3Fq%3D1849%2Bchildren%26start%3D20%26hl%3Den%26lr%3D%26ie%3DUTF-8%26sa%3DN" "Mozilla/4.0 (compatible; MSIE 6.0; AOL 9.0; Windows NT 5.1; SV1; .NET CLR 1.1.4322)"
64.12.116.199 - - [04/Apr/2005:22:30:17 -0400] "GET /life/stylesheets/main.css HTTP/1.1" 404 4483 "http://www.darwinday.org/life/children.html" "Mozilla/4.0 (compatible; MSIE 6.0; AOL 9.0; Windows NT 5.1; SV1; .NET CLR 1.1.4322)"
64.12.116.204 - - [04/Apr/2005:22:30:18 -0400] "GET /life/images/topleftlogo.gif HTTP/1.1" 404 4485 "http://www.darwinday.org/life/children.html" "Mozilla/4.0 (compatible; MSIE 6.0; AOL 9.0; Windows NT 5.1; SV1; .NET CLR 1.1.4322)"
64.12.116.74 - - [04/Apr/2005:22:30:18 -0400] "GET /life/images/trans.gif HTTP/1.1" 404 4479 "http://www.darwinday.org/life/children.html" "Mozilla/4.0 (compatible; MSIE 6.0; AOL 9.0; Windows NT 5.1; SV1; .NET CLR 1.1.4322)"
64.12.116.134 - - [04/Apr/2005:22:30:18 -0400] "GET /life/images/header.gif HTTP/1.1" 404 4480 "http://www.darwinday.org/life/children.html" "Mozilla/4.0 (compatible; MSIE 6.0; AOL 9.0; Windows NT 5.1; SV1; .NET CLR 1.1.4322)"
64.12.117.11 - - [04/Apr/2005:22:30:18 -0400] "GET /life/english/images/redbar.gif HTTP/1.1" 404 4488 "http://www.darwinday.org/life/children.html" "Mozilla/4.0 (compatible; MSIE 6.0; AOL 9.0; Windows NT 5.1; SV1; .NET CLR 1.1.4322)"
64.12.116.5 - - [04/Apr/2005:22:30:19 -0400] "GET /life/images/worldmaptransp.gif HTTP/1.1" 404 4488 "http://www.darwinday.org/life/children.html" "Mozilla/4.0 (compatible; MSIE 6.0; AOL 9.0; Windows NT 5.1; SV1; .NET CLR 1.1.4322)"
64.12.116.66 - - [04/Apr/2005:22:30:19 -0400] "GET /life/english/images/titletrans.gif HTTP/1.1" 404 4492 "http://www.darwinday.org/life/children.html" "Mozilla/4.0 (compatible; MSIE 6.0; AOL 9.0; Windows NT 5.1; SV1; .NET CLR 1.1.4322)"
64.12.117.12 - - [04/Apr/2005:22:30:20 -0400] "GET /life/english/images/navbar.gif HTTP/1.1" 404 4488 "http://www.darwinday.org/life/children.html" "Mozilla/4.0 (compatible; MSIE 6.0; AOL 9.0; Windows NT 5.1; SV1; .NET CLR 1.1.4322)"
64.12.117.7 - - [04/Apr/2005:22:30:29 -0400] "GET /life/images/family/anne-t.jpg HTTP/1.1" 404 4487 "http://images.google.com/imgres?imgurl=http://www.darwinday.org/life/images/family/anne-t.jpg&imgrefurl=http://www.darwinday.org/life/children.html&h=175&w=144&sz=33&tbnid=wjeg5kcQmrIJ:&tbnh=95&tbnw=78&prev=/images%3Fq%3D1849%2Bchildren%26start%3D20%26hl%3Den%26lr%3D%26ie%3DUTF-8%26sa%3DN&frame=small" "Mozilla/4.0 (compatible; MSIE 6.0; AOL 9.0; Windows NT 5.1; SV1; .NET CLR 1.1.4322)"
64.12.117.13 - - [04/Apr/2005:22:30:30 -0400] "GET /life/images/family/stylesheets/main.css HTTP/1.1" 404 4497 "http://www.darwinday.org/life/images/family/anne-t.jpg" "Mozilla/4.0 (compatible; MSIE 6.0; AOL 9.0; Windows NT 5.1; SV1; .NET CLR 1.1.4322)"
64.12.116.197 - - [04/Apr/2005:22:30:31 -0400] "GET /life/images/family/images/topleftlogo.gif HTTP/1.1" 404 4499 "http://www.darwinday.org/life/images/family/anne-t.jpg" "Mozilla/4.0 (compatible; MSIE 6.0; AOL 9.0; Windows NT 5.1; SV1; .NET CLR 1.1.4322)"
64.12.116.67 - - [04/Apr/2005:22:30:32 -0400] "GET /life/images/family/images/trans.gif HTTP/1.1" 404 4493 "http://www.darwinday.org/life/images/family/anne-t.jpg" "Mozilla/4.0 (compatible; MSIE 6.0; AOL 9.0; Windows NT 5.1; SV1; .NET CLR 1.1.4322)"
64.12.116.204 - - [04/Apr/2005:22:30:32 -0400] "GET /life/images/family/english/images/redbar.gif HTTP/1.1" 404 4502 "http://www.darwinday.org/life/images/family/anne-t.jpg" "Mozilla/4.0 (compatible; MSIE 6.0; AOL 9.0; Windows NT 5.1; SV1; .NET CLR 1.1.4322)"
64.12.116.69 - - [04/Apr/2005:22:30:32 -0400] "GET /life/images/family/images/header.gif HTTP/1.1" 404 4494 "http://www.darwinday.org/life/images/family/anne-t.jpg" "Mozilla/4.0 (compatible; MSIE 6.0; AOL 9.0; Windows NT 5.1; SV1; .NET CLR 1.1.4322)"
64.12.117.8 - - [04/Apr/2005:22:30:32 -0400] "GET /life/images/family/images/worldmaptransp.gif HTTP/1.1" 404 4502 "http://www.darwinday.org/life/images/family/anne-t.jpg" "Mozilla/4.0 (compatible; MSIE 6.0; AOL 9.0; Windows NT 5.1; SV1; .NET CLR 1.1.4322)"
64.12.116.9 - - [04/Apr/2005:22:30:33 -0400] "GET /life/images/family/english/images/titletrans.gif HTTP/1.1" 404 4506 "http://www.darwinday.org/life/images/family/anne-t.jpg" "Mozilla/4.0 (compatible; MSIE 6.0; AOL 9.0; Windows NT 5.1; SV1; .NET CLR 1.1.4322)"
64.12.117.14 - - [04/Apr/2005:22:30:33 -0400] "GET /life/images/family/english/images/navbar.gif HTTP/1.1" 404 4502 "http://www.darwinday.org/life/images/family/anne-t.jpg" "Mozilla/4.0 (compatible; MSIE 6.0; AOL 9.0; Windows NT 5.1; SV1; .NET CLR 1.1.4322)"