219.89.213.110 - - [12/Jan/2006:00:11:30 -0500] "GET /images/dnahorizr.gif HTTP/1.1" 200 2104 "http://darwinday.org/" "Mozilla/5.0 (Windows; U; Windows NT 5.1; en-US; rv:1.8) Gecko/20051111 Firefox/1.5"
219.89.213.110 - - [12/Jan/2006:00:11:30 -0500] "GET /images/trans.gif HTTP/1.1" 200 49 "http://darwinday.org/" "Mozilla/5.0 (Windows; U; Windows NT 5.1; en-US; rv:1.8) Gecko/20051111 Firefox/1.5"
219.89.213.110 - - [12/Jan/2006:00:11:30 -0500] "GET /englishL/home/images/manymore.gif HTTP/1.1" 200 581 "http://darwinday.org/" "Mozilla/5.0 (Windows; U; Windows NT 5.1; en-US; rv:1.8) Gecko/20051111 Firefox/1.5"
219.89.213.110 - - [12/Jan/2006:00:11:30 -0500] "GET /englishL/home/images/joinus.gif HTTP/1.1" 200 524 "http://darwinday.org/" "Mozilla/5.0 (Windows; U; Windows NT 5.1; en-US; rv:1.8) Gecko/20051111 Firefox/1.5"
219.89.213.110 - - [12/Jan/2006:00:11:30 -0500] "GET /englishL/home/images/lincoln.gif HTTP/1.1" 200 11057 "http://darwinday.org/" "Mozilla/5.0 (Windows; U; Windows NT 5.1; en-US; rv:1.8) Gecko/20051111 Firefox/1.5"
219.89.213.110 - - [12/Jan/2006:00:11:30 -0500] "GET /englishL/home/images/darwin.gif HTTP/1.1" 200 13783 "http://darwinday.org/" "Mozilla/5.0 (Windows; U; Windows NT 5.1; en-US; rv:1.8) Gecko/20051111 Firefox/1.5"
219.89.213.110 - - [12/Jan/2006:00:11:30 -0500] "GET /englishL/images/titletrans.gif HTTP/1.1" 200 15588 "http://darwinday.org/" "Mozilla/5.0 (Windows; U; Windows NT 5.1; en-US; rv:1.8) Gecko/20051111 Firefox/1.5"
219.89.213.110 - - [12/Jan/2006:00:11:31 -0500] "GET /images/header.gif HTTP/1.1" 200 26756 "http://darwinday.org/" "Mozilla/5.0 (Windows; U; Windows NT 5.1; en-US; rv:1.8) Gecko/20051111 Firefox/1.5"
219.89.213.110 - - [12/Jan/2006:00:11:31 -0500] "GET /englishL/home/images/beagle.gif HTTP/1.1" 200 37108 "http://darwinday.org/" "Mozilla/5.0 (Windows; U; Windows NT 5.1; en-US; rv:1.8) Gecko/20051111 Firefox/1.5"
219.89.213.110 - - [12/Jan/2006:00:11:31 -0500] "GET /images/DNAlogo.gif HTTP/1.1" 200 1370 "http://darwinday.org/englishL/currarts.html" "Mozilla/5.0 (Windows; U; Windows NT 5.1; en-US; rv:1.8) Gecko/20051111 Firefox/1.5"
219.89.213.110 - - [12/Jan/2006:00:11:31 -0500] "GET /englishL/home/images/darwinages.gif HTTP/1.1" 200 50309 "http://darwinday.org/" "Mozilla/5.0 (Windows; U; Windows NT 5.1; en-US; rv:1.8) Gecko/20051111 Firefox/1.5"
219.89.213.110 - - [12/Jan/2006:00:11:31 -0500] "GET /englishL/home/images/horse.evolution.jpg HTTP/1.1" 200 29612 "http://darwinday.org/" "Mozilla/5.0 (Windows; U; Windows NT 5.1; en-US; rv:1.8) Gecko/20051111 Firefox/1.5"
219.89.213.110 - - [12/Jan/2006:00:11:32 -0500] "GET /images/worldmaptransp.gif HTTP/1.1" 200 128893 "http://darwinday.org/" "Mozilla/5.0 (Windows; U; Windows NT 5.1; en-US; rv:1.8) Gecko/20051111 Firefox/1.5"
219.89.213.110 - - [12/Jan/2006:00:11:32 -0500] "GET /favicon.ico HTTP/1.1" 404 3496 "-" "Mozilla/5.0 (Windows; U; Windows NT 5.1; en-US; rv:1.8) Gecko/20051111 Firefox/1.5"
194.224.199.51 - - [12/Jan/2006:00:11:51 -0500] "GET /englishL/regevent/index.php HTTP/1.1" 200 31778 "http://www.darwinday.org/" "noxtrumbot/1.0 (crawler@noxtrum.com)"
219.89.213.110 - - [12/Jan/2006:00:11:54 -0500] "GET /englishL/regemail/index.php HTTP/1.1" 200 6113 "http://darwinday.org/" "Mozilla/5.0 (Windows; U; Windows NT 5.1; en-US; rv:1.8) Gecko/20051111 Firefox/1.5"
219.89.213.110 - - [12/Jan/2006:00:12:16 -0500] "POST /englishL/regemail/index.php? HTTP/1.1" 302 6113 "http://darwinday.org/englishL/regemail/index.php" "Mozilla/5.0 (Windows; U; Windows NT 5.1; en-US; rv:1.8) Gecko/20051111 Firefox/1.5"
219.89.213.110 - - [12/Jan/2006:00:12:17 -0500] "GET /englishL/home/index.html? HTTP/1.1" 200 25419 "http://darwinday.org/englishL/regemail/index.php" "Mozilla/5.0 (Windows; U; Windows NT 5.1; en-US; rv:1.8) Gecko/20051111 Firefox/1.5"
219.89.213.110 - - [12/Jan/2006:00:12:22 -0500] "GET /englishL/register/index.php HTTP/1.1" 200 20068 "http://darwinday.org/englishL/home/index.html?" "Mozilla/5.0 (Windows; U; Windows NT 5.1; en-US; rv:1.8) Gecko/20051111 Firefox/1.5"
218.101.22.65 - - [12/Jan/2006:00:12:45 -0500] "GET / HTTP/1.1" 200 25029 "http://www.hsnsw.asn.au/darwinday/index.html" "Opera/7.54 (Windows NT 5.1; U) [en]"
218.101.22.65 - - [12/Jan/2006:00:12:46 -0500] "GET /stylesheets/main.css HTTP/1.1" 200 562 "http://www.darwinday.org/" "Opera/7.54 (Windows NT 5.1; U) [en]"
218.101.22.65 - - [12/Jan/2006:00:12:47 -0500] "GET /englishL/currarts.html HTTP/1.1" 200 5776 "http://www.darwinday.org/" "Opera/7.54 (Windows NT 5.1; U) [en]"
218.101.22.65 - - [12/Jan/2006:00:12:47 -0500] "GET /images/topleftlogo.gif HTTP/1.1" 200 6907 "http://www.darwinday.org/" "Opera/7.54 (Windows NT 5.1; U) [en]"
218.101.22.65 - - [12/Jan/2006:00:12:48 -0500] "GET /englishL/images/titletrans.gif HTTP/1.1" 200 15588 "http://www.darwinday.org/" "Opera/7.54 (Windows NT 5.1; U) [en]"
218.101.22.65 - - [12/Jan/2006:00:12:48 -0500] "GET /images/header.gif HTTP/1.1" 200 26756 "http://www.darwinday.org/" "Opera/7.54 (Windows NT 5.1; U) [en]"
218.101.22.65 - - [12/Jan/2006:00:12:48 -0500] "GET /englishL/images/navbar.gif HTTP/1.1" 200 2667 "http://www.darwinday.org/" "Opera/7.54 (Windows NT 5.1; U) [en]"
219.89.213.110 - - [12/Jan/2006:00:12:49 -0500] "GET /englishL/register/index.php HTTP/1.1" 200 20068 "http://darwinday.org/englishL/home/index.html?" "Mozilla/5.0 (Windows; U; Windows NT 5.1; en-US; rv:1.8) Gecko/20051111 Firefox/1.5"
218.101.22.65 - - [12/Jan/2006:00:12:49 -0500] "GET /images/dnahoriz.gif HTTP/1.1" 200 3391 "http://www.darwinday.org/" "Opera/7.54 (Windows NT 5.1; U) [en]"
194.224.199.51 - - [12/Jan/2006:00:12:51 -0500] "GET /englishL/home/2002.html HTTP/1.1" 200 26505 "http://www.darwinday.org/" "noxtrumbot/1.0 (crawler@noxtrum.com)"
218.101.22.65 - - [12/Jan/2006:00:12:51 -0500] "GET /images/dnahorizl.gif HTTP/1.1" 200 2130 "http://www.darwinday.org/" "Opera/7.54 (Windows NT 5.1; U) [en]"
218.101.22.65 - - [12/Jan/2006:00:12:52 -0500] "GET /englishL/home/images/beagle.gif HTTP/1.1" 200 37108 "http://www.darwinday.org/" "Opera/7.54 (Windows NT 5.1; U) [en]"
218.101.22.65 - - [12/Jan/2006:00:12:53 -0500] "GET /englishL/home/images/darwinages.gif HTTP/1.1" 200 50309 "http://www.darwinday.org/" "Opera/7.54 (Windows NT 5.1; U) [en]"
218.101.22.65 - - [12/Jan/2006:00:12:53 -0500] "GET /englishL/home/images/darwin.gif HTTP/1.1" 200 13783 "http://www.darwinday.org/" "Opera/7.54 (Windows NT 5.1; U) [en]"
218.101.22.65 - - [12/Jan/2006:00:12:57 -0500] "GET /englishL/home/images/joinus.gif HTTP/1.1" 200 524 "http://www.darwinday.org/" "Opera/7.54 (Windows NT 5.1; U) [en]"
218.101.22.65 - - [12/Jan/2006:00:13:01 -0500] "GET /images/worldmaptransp.gif HTTP/1.1" 200 128893 "http://www.darwinday.org/" "Opera/7.54 (Windows NT 5.1; U) [en]"
218.101.22.65 - - [12/Jan/2006:00:13:01 -0500] "GET /englishL/home/images/horse.evolution.jpg HTTP/1.1" 200 29612 "http://www.darwinday.org/" "Opera/7.54 (Windows NT 5.1; U) [en]"
219.89.213.110 - - [12/Jan/2006:00:13:04 -0500] "GET /englishL/regevent/index.php HTTP/1.1" 200 31778 "http://darwinday.org/englishL/home/index.html?" "Mozilla/5.0 (Windows; U; Windows NT 5.1; en-US; rv:1.8) Gecko/20051111 Firefox/1.5"
218.101.22.65 - - [12/Jan/2006:00:13:05 -0500] "GET /images/dnahorizr.gif HTTP/1.1" 200 2104 "http://www.darwinday.org/" "Opera/7.54 (Windows NT 5.1; U) [en]"
218.101.22.65 - - [12/Jan/2006:00:13:07 -0500] "GET /images/trans.gif HTTP/1.1" 200 49 "http://www.darwinday.org/" "Opera/7.54 (Windows NT 5.1; U) [en]"
218.101.22.65 - - [12/Jan/2006:00:13:09 -0500] "GET /images/DNAlogo.gif HTTP/1.1" 200 1370 "http://www.darwinday.org/englishL/currarts.html" "Opera/7.54 (Windows NT 5.1; U) [en]"
218.101.22.65 - - [12/Jan/2006:00:13:11 -0500] "GET /images/arrow.gif HTTP/1.1" 200 112 "http://www.darwinday.org/" "Opera/7.54 (Windows NT 5.1; U) [en]"
218.101.22.65 - - [12/Jan/2006:00:13:13 -0500] "GET /englishL/home/images/lincoln.gif HTTP/1.1" 200 11057 "http://www.darwinday.org/" "Opera/7.54 (Windows NT 5.1; U) [en]"
218.101.22.65 - - [12/Jan/2006:00:13:16 -0500] "GET /englishL/home/images/manymore.gif HTTP/1.1" 200 581 "http://www.darwinday.org/" "Opera/7.54 (Windows NT 5.1; U) [en]"
218.101.22.65 - - [12/Jan/2006:00:13:33 -0500] "GET /englishL/events/index.html HTTP/1.1" 200 4710 "http://www.darwinday.org/" "Opera/7.54 (Windows NT 5.1; U) [en]"
218.101.22.65 - - [12/Jan/2006:00:13:36 -0500] "GET /images/goldball.gif HTTP/1.1" 200 332 "http://www.darwinday.org/englishL/events/index.html" "Opera/7.54 (Windows NT 5.1; U) [en]"
194.224.199.51 - - [12/Jan/2006:00:13:53 -0500] "GET /englishL/home/2003.html HTTP/1.1" 200 100683 "http://www.darwinday.org/" "noxtrumbot/1.0 (crawler@noxtrum.com)"
218.101.22.65 - - [12/Jan/2006:00:14:22 -0500] "GET /englishL/home/2006.php HTTP/1.1" 200 108983 "http://www.darwinday.org/englishL/events/index.html" "Opera/7.54 (Windows NT 5.1; U) [en]"
65.54.188.55 - - [12/Jan/2006:00:14:29 -0500] "GET /evolution/theory.html HTTP/1.0" 404 3494 "-" "msnbot/1.0 (+http://search.msn.com/msnbot.htm)"
84.148.100.224 - - [12/Jan/2006:00:14:32 -0500] "GET /robots.txt HTTP/1.0" 404 3483 "-" "Mozilla/5.0 (X11; U; Linux i686; en-US; rv:1.4) Larbin/2.6.3 (larbin@unspecified.mail)"
84.148.100.224 - - [12/Jan/2006:00:14:38 -0500] "GET / HTTP/1.0" 200 25029 "-" "Mozilla/5.0 (X11; U; Linux i686; en-US; rv:1.4) Larbin/2.6.3 larbin@unspecified.mail"
218.101.22.65 - - [12/Jan/2006:00:14:45 -0500] "GET /englishL/stylesheets/main.css HTTP/1.1" 200 536 "http://www.darwinday.org/englishL/home/2006.php" "Opera/7.54 (Windows NT 5.1; U) [en]"
194.224.199.51 - - [12/Jan/2006:00:14:52 -0500] "GET /englishL/home/2004.html HTTP/1.1" 200 80248 "http://www.darwinday.org/" "noxtrumbot/1.0 (crawler@noxtrum.com)"
194.224.199.51 - - [12/Jan/2006:00:15:53 -0500] "GET /englishL/home/2005.php HTTP/1.1" 200 361877 "http://www.darwinday.org/" "noxtrumbot/1.0 (crawler@noxtrum.com)"
194.224.199.51 - - [12/Jan/2006:00:16:52 -0500] "GET /englishL/home/2006.php HTTP/1.1" 200 108983 "http://www.darwinday.org/" "noxtrumbot/1.0 (crawler@noxtrum.com)"
194.224.199.51 - - [12/Jan/2006:00:17:51 -0500] "GET /englishL/home/2007.html HTTP/1.1" 200 4412 "http://www.darwinday.org/" "noxtrumbot/1.0 (crawler@noxtrum.com)"
66.249.65.132 - - [12/Jan/2006:00:18:08 -0500] "GET / HTTP/1.1" 200 25029 "-" "Mozilla/5.0 (compatible; Googlebot/2.1; +http://www.google.com/bot.html)"
65.54.188.55 - - [12/Jan/2006:00:18:27 -0500] "GET /englishL/aboutddc/mission.html HTTP/1.0" 200 5255 "-" "msnbot/1.0 (+http://search.msn.com/msnbot.htm)"
65.54.188.55 - - [12/Jan/2006:00:18:37 -0500] "GET /englishL/aboutddc/organization.html HTTP/1.0" 200 4141 "-" "msnbot/1.0 (+http://search.msn.com/msnbot.htm)"
65.54.188.55 - - [12/Jan/2006:00:18:37 -0500] "GET /NEWlang/aboutddc/organization.html HTTP/1.0" 200 4139 "-" "msnbot/1.0 (+http://search.msn.com/msnbot.htm)"
66.249.65.132 - - [12/Jan/2006:00:18:49 -0500] "GET /home/ HTTP/1.1" 200 25272 "-" "Mozilla/5.0 (compatible; Googlebot/2.1; +http://www.google.com/bot.html)"
194.224.199.51 - - [12/Jan/2006:00:18:51 -0500] "GET /englishL/home/2008.html HTTP/1.1" 200 3967 "http://www.darwinday.org/" "noxtrumbot/1.0 (crawler@noxtrum.com)"
24.108.198.176 - - [12/Jan/2006:00:19:32 -0500] "GET /stylesheets/main.css HTTP/1.1" 200 562 "http://www.darwinday.org/englishL/home/2006.php" "Mozilla/5.0 (Macintosh; U; PPC Mac OS X Mach-O; en-US; rv:1.8) Gecko/20051111 Firefox/1.5"
24.108.198.176 - - [12/Jan/2006:00:19:32 -0500] "GET /images/topleftlogo.gif HTTP/1.1" 200 6907 "http://www.darwinday.org/englishL/home/2006.php" "Mozilla/5.0 (Macintosh; U; PPC Mac OS X Mach-O; en-US; rv:1.8) Gecko/20051111 Firefox/1.5"
24.108.198.176 - - [12/Jan/2006:00:19:33 -0500] "GET /images/header.gif HTTP/1.1" 200 26756 "http://www.darwinday.org/englishL/home/2006.php" "Mozilla/5.0 (Macintosh; U; PPC Mac OS X Mach-O; en-US; rv:1.8) Gecko/20051111 Firefox/1.5"
24.108.198.176 - - [12/Jan/2006:00:19:34 -0500] "GET /englishL/home/2006.php HTTP/1.1" 200 108983 "-" "Mozilla/5.0 (Macintosh; U; PPC Mac OS X Mach-O; en-US; rv:1.8) Gecko/20051111 Firefox/1.5"
24.108.198.176 - - [12/Jan/2006:00:19:34 -0500] "GET /images/worldmaptransp.gif HTTP/1.1" 200 128893 "http://www.darwinday.org/englishL/home/2006.php" "Mozilla/5.0 (Macintosh; U; PPC Mac OS X Mach-O; en-US; rv:1.8) Gecko/20051111 Firefox/1.5"
24.108.198.176 - - [12/Jan/2006:00:19:34 -0500] "GET /englishL/images/titletrans.gif HTTP/1.1" 200 15588 "http://www.darwinday.org/englishL/home/2006.php" "Mozilla/5.0 (Macintosh; U; PPC Mac OS X Mach-O; en-US; rv:1.8) Gecko/20051111 Firefox/1.5"
24.108.198.176 - - [12/Jan/2006:00:19:34 -0500] "GET /englishL/stylesheets/main.css HTTP/1.1" 200 536 "http://www.darwinday.org/englishL/home/2006.php" "Mozilla/5.0 (Macintosh; U; PPC Mac OS X Mach-O; en-US; rv:1.8) Gecko/20051111 Firefox/1.5"
24.108.198.176 - - [12/Jan/2006:00:19:34 -0500] "GET /englishL/images/navbar.gif HTTP/1.1" 200 2667 "http://www.darwinday.org/englishL/home/2006.php" "Mozilla/5.0 (Macintosh; U; PPC Mac OS X Mach-O; en-US; rv:1.8) Gecko/20051111 Firefox/1.5"
24.108.198.176 - - [12/Jan/2006:00:19:35 -0500] "GET /favicon.ico HTTP/1.1" 404 3496 "-" "Mozilla/5.0 (Macintosh; U; PPC Mac OS X Mach-O; en-US; rv:1.8) Gecko/20051111 Firefox/1.5"
194.224.199.51 - - [12/Jan/2006:00:19:51 -0500] "GET /englishL/home/2009.html HTTP/1.1" 200 4593 "http://www.darwinday.org/" "noxtrumbot/1.0 (crawler@noxtrum.com)"
65.54.188.55 - - [12/Jan/2006:00:20:29 -0500] "GET /events/index.html HTTP/1.0" 404 3490 "-" "msnbot/1.0 (+http://search.msn.com/msnbot.htm)"
194.224.199.51 - - [12/Jan/2006:00:20:51 -0500] "GET /englishL/currarts.html HTTP/1.1" 200 5776 "http://www.darwinday.org/" "noxtrumbot/1.0 (crawler@noxtrum.com)"
194.224.199.51 - - [12/Jan/2006:00:21:52 -0500] "GET /englishL/newsviews/darlin.html HTTP/1.1" 200 21632 "http://www.darwinday.org/" "noxtrumbot/1.0 (crawler@noxtrum.com)"
24.108.198.176 - - [12/Jan/2006:00:22:31 -0500] "GET /englishL/home/2006.php HTTP/1.1" 200 108983 "-" "Mozilla/5.0 (Macintosh; U; PPC Mac OS X Mach-O; en-US; rv:1.8) Gecko/20051111 Firefox/1.5"
24.108.198.176 - - [12/Jan/2006:00:22:34 -0500] "GET /englishL/events/index.html HTTP/1.1" 200 4710 "http://www.darwinday.org/englishL/home/2006.php" "Mozilla/5.0 (Macintosh; U; PPC Mac OS X Mach-O; en-US; rv:1.8) Gecko/20051111 Firefox/1.5"
24.108.198.176 - - [12/Jan/2006:00:22:34 -0500] "GET /images/goldball.gif HTTP/1.1" 200 332 "http://www.darwinday.org/englishL/events/index.html" "Mozilla/5.0 (Macintosh; U; PPC Mac OS X Mach-O; en-US; rv:1.8) Gecko/20051111 Firefox/1.5"
24.108.198.176 - - [12/Jan/2006:00:22:39 -0500] "GET /englishL/home/2002.html HTTP/1.1" 200 26505 "http://www.darwinday.org/englishL/events/index.html" "Mozilla/5.0 (Macintosh; U; PPC Mac OS X Mach-O; en-US; rv:1.8) Gecko/20051111 Firefox/1.5"
194.224.199.51 - - [12/Jan/2006:00:22:51 -0500] "GET /englishL/newsviews/essays.html HTTP/1.1" 200 7676 "http://www.darwinday.org/" "noxtrumbot/1.0 (crawler@noxtrum.com)"
24.6.67.50 - - [12/Jan/2006:00:23:44 -0500] "GET / HTTP/1.1" 304 - "-" "Mozilla/4.0 (compatible; MSIE 6.0; Windows NT 5.1; SV1; .NET CLR 1.1.4322)"
24.6.67.50 - - [12/Jan/2006:00:23:45 -0500] "GET /stylesheets/main.css HTTP/1.1" 304 - "http://www.darwinday.org/" "Mozilla/4.0 (compatible; MSIE 6.0; Windows NT 5.1; SV1; .NET CLR 1.1.4322)"
24.6.67.50 - - [12/Jan/2006:00:23:45 -0500] "GET /images/worldmaptransp.gif HTTP/1.1" 304 - "http://www.darwinday.org/" "Mozilla/4.0 (compatible; MSIE 6.0; Windows NT 5.1; SV1; .NET CLR 1.1.4322)"
24.6.67.50 - - [12/Jan/2006:00:23:45 -0500] "GET /images/topleftlogo.gif HTTP/1.1" 304 - "http://www.darwinday.org/" "Mozilla/4.0 (compatible; MSIE 6.0; Windows NT 5.1; SV1; .NET CLR 1.1.4322)"
24.6.67.50 - - [12/Jan/2006:00:23:45 -0500] "GET /englishL/currarts.html HTTP/1.1" 304 - "http://www.darwinday.org/" "Mozilla/4.0 (compatible; MSIE 6.0; Windows NT 5.1; SV1; .NET CLR 1.1.4322)"
24.6.67.50 - - [12/Jan/2006:00:23:45 -0500] "GET /englishL/images/titletrans.gif HTTP/1.1" 304 - "http://www.darwinday.org/" "Mozilla/4.0 (compatible; MSIE 6.0; Windows NT 5.1; SV1; .NET CLR 1.1.4322)"
24.6.67.50 - - [12/Jan/2006:00:23:45 -0500] "GET /englishL/images/navbar.gif HTTP/1.1" 304 - "http://www.darwinday.org/" "Mozilla/4.0 (compatible; MSIE 6.0; Windows NT 5.1; SV1; .NET CLR 1.1.4322)"
24.6.67.50 - - [12/Jan/2006:00:23:45 -0500] "GET /englishL/home/images/darwinages.gif HTTP/1.1" 304 - "http://www.darwinday.org/" "Mozilla/4.0 (compatible; MSIE 6.0; Windows NT 5.1; SV1; .NET CLR 1.1.4322)"
24.6.67.50 - - [12/Jan/2006:00:23:45 -0500] "GET /englishL/home/images/lincoln.gif HTTP/1.1" 304 - "http://www.darwinday.org/" "Mozilla/4.0 (compatible; MSIE 6.0; Windows NT 5.1; SV1; .NET CLR 1.1.4322)"
24.6.67.50 - - [12/Jan/2006:00:23:45 -0500] "GET /englishL/home/images/darwin.gif HTTP/1.1" 304 - "http://www.darwinday.org/" "Mozilla/4.0 (compatible; MSIE 6.0; Windows NT 5.1; SV1; .NET CLR 1.1.4322)"
24.6.67.50 - - [12/Jan/2006:00:23:45 -0500] "GET /englishL/home/images/beagle.gif HTTP/1.1" 304 - "http://www.darwinday.org/" "Mozilla/4.0 (compatible; MSIE 6.0; Windows NT 5.1; SV1; .NET CLR 1.1.4322)"
24.6.67.50 - - [12/Jan/2006:00:23:45 -0500] "GET /englishL/home/images/manymore.gif HTTP/1.1" 304 - "http://www.darwinday.org/" "Mozilla/4.0 (compatible; MSIE 6.0; Windows NT 5.1; SV1; .NET CLR 1.1.4322)"
24.6.67.50 - - [12/Jan/2006:00:23:46 -0500] "GET /englishL/home/images/joinus.gif HTTP/1.1" 304 - "http://www.darwinday.org/" "Mozilla/4.0 (compatible; MSIE 6.0; Windows NT 5.1; SV1; .NET CLR 1.1.4322)"
194.224.199.51 - - [12/Jan/2006:00:23:52 -0500] "GET /englishL/aboutddc/advisory.html HTTP/1.1" 200 27482 "http://www.darwinday.org/" "noxtrumbot/1.0 (crawler@noxtrum.com)"
128.178.155.103 - - [12/Jan/2006:00:24:03 -0500] "GET /robots.txt HTTP/1.0" 404 3483 "-" "larbin_2.6.3 (ltaa_web_crawler@groupes.epfl.ch)"
128.178.155.103 - - [12/Jan/2006:00:24:03 -0500] "GET /englishL/aboutddc/organization.html HTTP/1.0" 200 4141 "-" "larbin_2.6.3 ltaa_web_crawler@groupes.epfl.ch"
24.108.198.176 - - [12/Jan/2006:00:24:47 -0500] "GET /englishL/evolution/index.html HTTP/1.1" 200 4704 "http://www.darwinday.org/englishL/events/index.html" "Mozilla/5.0 (Macintosh; U; PPC Mac OS X Mach-O; en-US; rv:1.8) Gecko/20051111 Firefox/1.5"
24.108.198.176 - - [12/Jan/2006:00:24:48 -0500] "GET /images/dnagraphic.jpg HTTP/1.1" 200 25020 "http://www.darwinday.org/englishL/evolution/index.html" "Mozilla/5.0 (Macintosh; U; PPC Mac OS X Mach-O; en-US; rv:1.8) Gecko/20051111 Firefox/1.5"
24.108.198.176 - - [12/Jan/2006:00:24:54 -0500] "GET /chooselang/index.html HTTP/1.1" 200 5696 "http://www.darwinday.org/englishL/evolution/index.html" "Mozilla/5.0 (Macintosh; U; PPC Mac OS X Mach-O; en-US; rv:1.8) Gecko/20051111 Firefox/1.5"
194.224.199.51 - - [12/Jan/2006:00:24:55 -0500] "GET /englishL/dispsupport/index.php HTTP/1.1" 200 394344 "http://www.darwinday.org/" "noxtrumbot/1.0 (crawler@noxtrum.com)"
128.178.155.103 - - [12/Jan/2006:00:25:03 -0500] "GET /home/index.html HTTP/1.0" 200 25272 "-" "larbin_2.6.3 ltaa_web_crawler@groupes.epfl.ch"
24.108.198.176 - - [12/Jan/2006:00:25:03 -0500] "GET /englishL/home/index.html HTTP/1.1" 200 25419 "http://www.darwinday.org/chooselang/index.html" "Mozilla/5.0 (Macintosh; U; PPC Mac OS X Mach-O; en-US; rv:1.8) Gecko/20051111 Firefox/1.5"
24.108.198.176 - - [12/Jan/2006:00:25:04 -0500] "GET /englishL/currarts.html HTTP/1.1" 200 5776 "http://www.darwinday.org/englishL/home/index.html" "Mozilla/5.0 (Macintosh; U; PPC Mac OS X Mach-O; en-US; rv:1.8) Gecko/20051111 Firefox/1.5"
24.108.198.176 - - [12/Jan/2006:00:25:04 -0500] "GET /images/arrow.gif HTTP/1.1" 200 112 "http://www.darwinday.org/englishL/home/index.html" "Mozilla/5.0 (Macintosh; U; PPC Mac OS X Mach-O; en-US; rv:1.8) Gecko/20051111 Firefox/1.5"
24.108.198.176 - - [12/Jan/2006:00:25:04 -0500] "GET /images/dnahorizl.gif HTTP/1.1" 200 2130 "http://www.darwinday.org/englishL/home/index.html" "Mozilla/5.0 (Macintosh; U; PPC Mac OS X Mach-O; en-US; rv:1.8) Gecko/20051111 Firefox/1.5"
24.108.198.176 - - [12/Jan/2006:00:25:04 -0500] "GET /images/dnahoriz.gif HTTP/1.1" 200 3391 "http://www.darwinday.org/englishL/home/index.html" "Mozilla/5.0 (Macintosh; U; PPC Mac OS X Mach-O; en-US; rv:1.8) Gecko/20051111 Firefox/1.5"
24.108.198.176 - - [12/Jan/2006:00:25:04 -0500] "GET /images/dnahorizr.gif HTTP/1.1" 200 2104 "http://www.darwinday.org/englishL/home/index.html" "Mozilla/5.0 (Macintosh; U; PPC Mac OS X Mach-O; en-US; rv:1.8) Gecko/20051111 Firefox/1.5"
24.108.198.176 - - [12/Jan/2006:00:25:04 -0500] "GET /englishL/home/images/lincoln.gif HTTP/1.1" 200 11057 "http://www.darwinday.org/englishL/home/index.html" "Mozilla/5.0 (Macintosh; U; PPC Mac OS X Mach-O; en-US; rv:1.8) Gecko/20051111 Firefox/1.5"
24.108.198.176 - - [12/Jan/2006:00:25:04 -0500] "GET /englishL/home/images/darwinages.gif HTTP/1.1" 200 50309 "http://www.darwinday.org/englishL/home/index.html" "Mozilla/5.0 (Macintosh; U; PPC Mac OS X Mach-O; en-US; rv:1.8) Gecko/20051111 Firefox/1.5"
24.108.198.176 - - [12/Jan/2006:00:25:05 -0500] "GET /englishL/home/images/darwin.gif HTTP/1.1" 200 13783 "http://www.darwinday.org/englishL/home/index.html" "Mozilla/5.0 (Macintosh; U; PPC Mac OS X Mach-O; en-US; rv:1.8) Gecko/20051111 Firefox/1.5"
24.108.198.176 - - [12/Jan/2006:00:25:05 -0500] "GET /images/trans.gif HTTP/1.1" 200 49 "http://www.darwinday.org/englishL/home/index.html" "Mozilla/5.0 (Macintosh; U; PPC Mac OS X Mach-O; en-US; rv:1.8) Gecko/20051111 Firefox/1.5"
24.108.198.176 - - [12/Jan/2006:00:25:05 -0500] "GET /englishL/home/images/beagle.gif HTTP/1.1" 200 37108 "http://www.darwinday.org/englishL/home/index.html" "Mozilla/5.0 (Macintosh; U; PPC Mac OS X Mach-O; en-US; rv:1.8) Gecko/20051111 Firefox/1.5"
24.108.198.176 - - [12/Jan/2006:00:25:05 -0500] "GET /englishL/home/images/manymore.gif HTTP/1.1" 200 581 "http://www.darwinday.org/englishL/home/index.html" "Mozilla/5.0 (Macintosh; U; PPC Mac OS X Mach-O; en-US; rv:1.8) Gecko/20051111 Firefox/1.5"
24.108.198.176 - - [12/Jan/2006:00:25:05 -0500] "GET /englishL/home/images/joinus.gif HTTP/1.1" 200 524 "http://www.darwinday.org/englishL/home/index.html" "Mozilla/5.0 (Macintosh; U; PPC Mac OS X Mach-O; en-US; rv:1.8) Gecko/20051111 Firefox/1.5"
24.108.198.176 - - [12/Jan/2006:00:25:05 -0500] "GET /images/DNAlogo.gif HTTP/1.1" 200 1370 "http://www.darwinday.org/englishL/currarts.html" "Mozilla/5.0 (Macintosh; U; PPC Mac OS X Mach-O; en-US; rv:1.8) Gecko/20051111 Firefox/1.5"
24.108.198.176 - - [12/Jan/2006:00:25:05 -0500] "GET /englishL/home/images/horse.evolution.jpg HTTP/1.1" 200 29612 "http://www.darwinday.org/englishL/home/index.html" "Mozilla/5.0 (Macintosh; U; PPC Mac OS X Mach-O; en-US; rv:1.8) Gecko/20051111 Firefox/1.5"
194.224.199.51 - - [12/Jan/2006:00:25:52 -0500] "GET /NEWlang/home/index.html HTTP/1.1" 200 25484 "http://www.darwinday.org/chooselang/index.html" "noxtrumbot/1.0 (crawler@noxtrum.com)"
128.178.155.103 - - [12/Jan/2006:00:26:03 -0500] "GET /englishL/aboutddc/support.html HTTP/1.0" 200 4624 "-" "larbin_2.6.3 ltaa_web_crawler@groupes.epfl.ch"
194.224.199.51 - - [12/Jan/2006:00:26:52 -0500] "GET /englishL/aboutddc/contact.html HTTP/1.1" 200 3457 "http://www.darwinday.org/chooselang/index.html" "noxtrumbot/1.0 (crawler@noxtrum.com)"
128.178.155.103 - - [12/Jan/2006:00:27:03 -0500] "GET /NEWlang/home/index.html HTTP/1.0" 200 25484 "-" "larbin_2.6.3 ltaa_web_crawler@groupes.epfl.ch"
141.249.133.25 - - [12/Jan/2006:00:27:25 -0500] "GET /stylesheets/main.css HTTP/1.1" 200 562 "http://www.darwinday.org/home/index.html" "Mozilla/4.0 (compatible; MSIE 6.0; Windows NT 5.0)"
141.249.133.25 - - [12/Jan/2006:00:27:25 -0500] "GET /images/topleftlogo.gif HTTP/1.1" 200 6907 "http://www.darwinday.org/home/index.html" "Mozilla/4.0 (compatible; MSIE 6.0; Windows NT 5.0)"
141.249.133.25 - - [12/Jan/2006:00:27:25 -0500] "GET /englishL/images/navbar.gif HTTP/1.1" 200 2667 "http://www.darwinday.org/home/index.html" "Mozilla/4.0 (compatible; MSIE 6.0; Windows NT 5.0)"
141.249.133.25 - - [12/Jan/2006:00:27:25 -0500] "GET /home/index.html HTTP/1.1" 200 25272 "-" "Mozilla/4.0 (compatible; MSIE 6.0; Windows NT 5.0)"
141.249.133.25 - - [12/Jan/2006:00:27:25 -0500] "GET /images/arrow.gif HTTP/1.1" 200 112 "http://www.darwinday.org/home/index.html" "Mozilla/4.0 (compatible; MSIE 6.0; Windows NT 5.0)"
141.249.133.25 - - [12/Jan/2006:00:27:25 -0500] "GET /images/dnahoriz.gif HTTP/1.1" 200 3391 "http://www.darwinday.org/home/index.html" "Mozilla/4.0 (compatible; MSIE 6.0; Windows NT 5.0)"
141.249.133.25 - - [12/Jan/2006:00:27:25 -0500] "GET /images/dnahorizl.gif HTTP/1.1" 200 2130 "http://www.darwinday.org/home/index.html" "Mozilla/4.0 (compatible; MSIE 6.0; Windows NT 5.0)"
141.249.133.25 - - [12/Jan/2006:00:27:25 -0500] "GET /images/dnahorizr.gif HTTP/1.1" 200 2104 "http://www.darwinday.org/home/index.html" "Mozilla/4.0 (compatible; MSIE 6.0; Windows NT 5.0)"
141.249.133.25 - - [12/Jan/2006:00:27:25 -0500] "GET /englishL/currarts.html HTTP/1.1" 200 5776 "http://www.darwinday.org/home/index.html" "Mozilla/4.0 (compatible; MSIE 6.0; Windows NT 5.0)"
141.249.133.25 - - [12/Jan/2006:00:27:25 -0500] "GET /englishL/images/titletrans.gif HTTP/1.1" 200 15588 "http://www.darwinday.org/home/index.html" "Mozilla/4.0 (compatible; MSIE 6.0; Windows NT 5.0)"
141.249.133.25 - - [12/Jan/2006:00:27:25 -0500] "GET /englishL/home/images/lincoln.gif HTTP/1.1" 200 11057 "http://www.darwinday.org/home/index.html" "Mozilla/4.0 (compatible; MSIE 6.0; Windows NT 5.0)"
141.249.133.25 - - [12/Jan/2006:00:27:25 -0500] "GET /englishL/home/images/manymore.gif HTTP/1.1" 200 581 "http://www.darwinday.org/home/index.html" "Mozilla/4.0 (compatible; MSIE 6.0; Windows NT 5.0)"
141.249.133.25 - - [12/Jan/2006:00:27:25 -0500] "GET /images/trans.gif HTTP/1.1" 200 49 "http://www.darwinday.org/home/index.html" "Mozilla/4.0 (compatible; MSIE 6.0; Windows NT 5.0)"
141.249.133.25 - - [12/Jan/2006:00:27:25 -0500] "GET /englishL/home/images/joinus.gif HTTP/1.1" 200 524 "http://www.darwinday.org/home/index.html" "Mozilla/4.0 (compatible; MSIE 6.0; Windows NT 5.0)"
141.249.133.25 - - [12/Jan/2006:00:27:25 -0500] "GET /images/header.gif HTTP/1.1" 200 26756 "http://www.darwinday.org/home/index.html" "Mozilla/4.0 (compatible; MSIE 6.0; Windows NT 5.0)"
141.249.133.25 - - [12/Jan/2006:00:27:25 -0500] "GET /englishL/home/images/darwin.gif HTTP/1.1" 200 13783 "http://www.darwinday.org/home/index.html" "Mozilla/4.0 (compatible; MSIE 6.0; Windows NT 5.0)"
141.249.133.25 - - [12/Jan/2006:00:27:25 -0500] "GET /englishL/home/images/darwinages.gif HTTP/1.1" 200 50309 "http://www.darwinday.org/home/index.html" "Mozilla/4.0 (compatible; MSIE 6.0; Windows NT 5.0)"
141.249.133.25 - - [12/Jan/2006:00:27:26 -0500] "GET /englishL/home/images/beagle.gif HTTP/1.1" 200 37108 "http://www.darwinday.org/home/index.html" "Mozilla/4.0 (compatible; MSIE 6.0; Windows NT 5.0)"
141.249.133.25 - - [12/Jan/2006:00:27:26 -0500] "GET /englishL/home/images/horse.evolution.jpg HTTP/1.1" 200 29612 "http://www.darwinday.org/home/index.html" "Mozilla/4.0 (compatible; MSIE 6.0; Windows NT 5.0)"
141.249.133.25 - - [12/Jan/2006:00:27:26 -0500] "GET /images/worldmaptransp.gif HTTP/1.1" 200 128893 "http://www.darwinday.org/home/index.html" "Mozilla/4.0 (compatible; MSIE 6.0; Windows NT 5.0)"
141.249.133.25 - - [12/Jan/2006:00:27:26 -0500] "GET /images/DNAlogo.gif HTTP/1.1" 200 1370 "http://www.darwinday.org/englishL/currarts.html" "Mozilla/4.0 (compatible; MSIE 6.0; Windows NT 5.0)"
194.224.199.51 - - [12/Jan/2006:00:27:52 -0500] "GET /englishL/assistevent/index.html HTTP/1.1" 200 25464 "http://www.darwinday.org/englishL/events/index.html" "noxtrumbot/1.0 (crawler@noxtrum.com)"
128.178.155.103 - - [12/Jan/2006:00:28:03 -0500] "GET /englishL/register/privacy.html HTTP/1.0" 200 3571 "-" "larbin_2.6.3 ltaa_web_crawler@groupes.epfl.ch"
194.224.199.51 - - [12/Jan/2006:00:28:53 -0500] "GET /englishL/life/shrewsbury.html HTTP/1.1" 200 37679 "http://www.darwinday.org/englishL/life/index.html" "noxtrumbot/1.0 (crawler@noxtrum.com)"
52.159.32.104 - - [12/Jan/2006:00:29:22 -0500] "GET /englishL/home/images/darwinages.gif HTTP/1.1" 200 50309 "http://drervin.com/" "Mozilla/4.0 (compatible; MSIE 6.0; Windows NT 5.1)"
141.249.133.25 - - [12/Jan/2006:00:29:38 -0500] "GET /englishL/home/2006.php HTTP/1.1" 200 108983 "http://www.darwinday.org/home/index.html" "Mozilla/4.0 (compatible; MSIE 6.0; Windows NT 5.0)"
141.249.133.25 - - [12/Jan/2006:00:29:39 -0500] "GET /englishL/stylesheets/main.css HTTP/1.1" 200 536 "http://www.darwinday.org/englishL/home/2006.php" "Mozilla/4.0 (compatible; MSIE 6.0; Windows NT 5.0)"
194.224.199.51 - - [12/Jan/2006:00:29:53 -0500] "GET /englishL/life/college.html HTTP/1.1" 200 16998 "http://www.darwinday.org/englishL/life/index.html" "noxtrumbot/1.0 (crawler@noxtrum.com)"
141.249.133.25 - - [12/Jan/2006:00:30:22 -0500] "GET /englishL/home/2007.html HTTP/1.1" 200 4412 "http://www.darwinday.org/home/index.html" "Mozilla/4.0 (compatible; MSIE 6.0; Windows NT 5.0)"
141.249.133.25 - - [12/Jan/2006:00:30:22 -0500] "GET /englishL/home/images/iowa_proc-t.gif HTTP/1.1" 200 9193 "http://www.darwinday.org/englishL/home/2007.html" "Mozilla/4.0 (compatible; MSIE 6.0; Windows NT 5.0)"
141.249.133.25 - - [12/Jan/2006:00:30:39 -0500] "GET /englishL/home/2009.html HTTP/1.1" 200 4593 "http://www.darwinday.org/home/index.html" "Mozilla/4.0 (compatible; MSIE 6.0; Windows NT 5.0)"
194.224.199.51 - - [12/Jan/2006:00:30:53 -0500] "GET /englishL/life/informal.html HTTP/1.1" 200 13899 "http://www.darwinday.org/englishL/life/index.html" "noxtrumbot/1.0 (crawler@noxtrum.com)"
141.249.133.25 - - [12/Jan/2006:00:31:06 -0500] "GET /chooselang/index.html HTTP/1.1" 200 5696 "http://www.darwinday.org/englishL/home/2009.html" "Mozilla/4.0 (compatible; MSIE 6.0; Windows NT 5.0)"
194.224.199.51 - - [12/Jan/2006:00:31:53 -0500] "GET /englishL/life/beagle.html HTTP/1.1" 200 20672 "http://www.darwinday.org/englishL/life/index.html" "noxtrumbot/1.0 (crawler@noxtrum.com)"
194.224.199.51 - - [12/Jan/2006:00:32:53 -0500] "GET /englishL/life/cambridgeafter.html HTTP/1.1" 200 7483 "http://www.darwinday.org/englishL/life/index.html" "noxtrumbot/1.0 (crawler@noxtrum.com)"
194.224.199.51 - - [12/Jan/2006:00:33:53 -0500] "GET /englishL/life/london.html HTTP/1.1" 200 6182 "http://www.darwinday.org/englishL/life/index.html" "noxtrumbot/1.0 (crawler@noxtrum.com)"
194.224.199.51 - - [12/Jan/2006:00:34:53 -0500] "GET /englishL/life/downhouse.html HTTP/1.1" 200 20274 "http://www.darwinday.org/englishL/life/index.html" "noxtrumbot/1.0 (crawler@noxtrum.com)"
24.6.67.50 - - [12/Jan/2006:00:35:10 -0500] "GET / HTTP/1.1" 304 - "-" "Mozilla/4.0 (compatible; MSIE 6.0; Windows NT 5.1; SV1; .NET CLR 1.1.4322)"
24.6.67.50 - - [12/Jan/2006:00:35:10 -0500] "GET /stylesheets/main.css HTTP/1.1" 304 - "http://www.darwinday.org/" "Mozilla/4.0 (compatible; MSIE 6.0; Windows NT 5.1; SV1; .NET CLR 1.1.4322)"
24.6.67.50 - - [12/Jan/2006:00:35:10 -0500] "GET /images/worldmaptransp.gif HTTP/1.1" 304 - "http://www.darwinday.org/" "Mozilla/4.0 (compatible; MSIE 6.0; Windows NT 5.1; SV1; .NET CLR 1.1.4322)"
24.6.67.50 - - [12/Jan/2006:00:35:10 -0500] "GET /images/topleftlogo.gif HTTP/1.1" 304 - "http://www.darwinday.org/" "Mozilla/4.0 (compatible; MSIE 6.0; Windows NT 5.1; SV1; .NET CLR 1.1.4322)"
24.6.67.50 - - [12/Jan/2006:00:35:10 -0500] "GET /englishL/currarts.html HTTP/1.1" 304 - "http://www.darwinday.org/" "Mozilla/4.0 (compatible; MSIE 6.0; Windows NT 5.1; SV1; .NET CLR 1.1.4322)"
24.6.67.50 - - [12/Jan/2006:00:35:10 -0500] "GET /englishL/images/titletrans.gif HTTP/1.1" 304 - "http://www.darwinday.org/" "Mozilla/4.0 (compatible; MSIE 6.0; Windows NT 5.1; SV1; .NET CLR 1.1.4322)"
24.6.67.50 - - [12/Jan/2006:00:35:11 -0500] "GET /englishL/images/navbar.gif HTTP/1.1" 304 - "http://www.darwinday.org/" "Mozilla/4.0 (compatible; MSIE 6.0; Windows NT 5.1; SV1; .NET CLR 1.1.4322)"
24.6.67.50 - - [12/Jan/2006:00:35:11 -0500] "GET /englishL/home/images/darwinages.gif HTTP/1.1" 304 - "http://www.darwinday.org/" "Mozilla/4.0 (compatible; MSIE 6.0; Windows NT 5.1; SV1; .NET CLR 1.1.4322)"
24.6.67.50 - - [12/Jan/2006:00:35:11 -0500] "GET /englishL/home/images/lincoln.gif HTTP/1.1" 304 - "http://www.darwinday.org/" "Mozilla/4.0 (compatible; MSIE 6.0; Windows NT 5.1; SV1; .NET CLR 1.1.4322)"
24.6.67.50 - - [12/Jan/2006:00:35:11 -0500] "GET /englishL/home/images/darwin.gif HTTP/1.1" 304 - "http://www.darwinday.org/" "Mozilla/4.0 (compatible; MSIE 6.0; Windows NT 5.1; SV1; .NET CLR 1.1.4322)"
24.6.67.50 - - [12/Jan/2006:00:35:11 -0500] "GET /englishL/home/images/beagle.gif HTTP/1.1" 304 - "http://www.darwinday.org/" "Mozilla/4.0 (compatible; MSIE 6.0; Windows NT 5.1; SV1; .NET CLR 1.1.4322)"
24.6.67.50 - - [12/Jan/2006:00:35:11 -0500] "GET /englishL/home/images/manymore.gif HTTP/1.1" 304 - "http://www.darwinday.org/" "Mozilla/4.0 (compatible; MSIE 6.0; Windows NT 5.1; SV1; .NET CLR 1.1.4322)"
24.6.67.50 - - [12/Jan/2006:00:35:11 -0500] "GET /englishL/home/images/joinus.gif HTTP/1.1" 304 - "http://www.darwinday.org/" "Mozilla/4.0 (compatible; MSIE 6.0; Windows NT 5.1; SV1; .NET CLR 1.1.4322)"
194.224.199.51 - - [12/Jan/2006:00:35:53 -0500] "GET /englishL/life/maternal.html HTTP/1.1" 200 9461 "http://www.darwinday.org/englishL/life/index.html" "noxtrumbot/1.0 (crawler@noxtrum.com)"
194.224.199.51 - - [12/Jan/2006:00:36:53 -0500] "GET /englishL/life/parents.html HTTP/1.1" 200 7313 "http://www.darwinday.org/englishL/life/index.html" "noxtrumbot/1.0 (crawler@noxtrum.com)"
194.224.199.51 - - [12/Jan/2006:00:37:54 -0500] "GET /englishL/life/siblings.html HTTP/1.1" 200 7848 "http://www.darwinday.org/englishL/life/index.html" "noxtrumbot/1.0 (crawler@noxtrum.com)"
194.224.199.51 - - [12/Jan/2006:00:38:54 -0500] "GET /englishL/life/emma.html HTTP/1.1" 200 13045 "http://www.darwinday.org/englishL/life/index.html" "noxtrumbot/1.0 (crawler@noxtrum.com)"
66.249.64.6 - - [12/Jan/2006:00:39:48 -0500] "GET /englishL/newsviews/essays.html HTTP/1.0" 200 7676 "-" "Googlebot/2.1 (+http://www.google.com/bot.html)"
194.224.199.51 - - [12/Jan/2006:00:39:54 -0500] "GET /englishL/life/children.html HTTP/1.1" 200 13763 "http://www.darwinday.org/englishL/life/index.html" "noxtrumbot/1.0 (crawler@noxtrum.com)"
66.249.71.10 - - [12/Jan/2006:00:40:13 -0500] "GET /englishL/regevent/index.php HTTP/1.0" 200 31668 "-" "Googlebot/2.1 (+http://www.google.com/bot.html)"
72.29.233.165 - - [12/Jan/2006:00:40:19 -0500] "GET /robots.txt HTTP/1.1" 404 3495 "-" "Mozilla 4.0"
194.224.199.51 - - [12/Jan/2006:00:40:53 -0500] "GET /englishL/evolution/theory.html HTTP/1.1" 200 9510 "http://www.darwinday.org/englishL/evolution/index.html" "noxtrumbot/1.0 (crawler@noxtrum.com)"
194.224.199.51 - - [12/Jan/2006:00:41:54 -0500] "GET /englishL/evolution/inheritance.html HTTP/1.1" 200 4729 "http://www.darwinday.org/englishL/evolution/index.html" "noxtrumbot/1.0 (crawler@noxtrum.com)"
194.224.199.51 - - [12/Jan/2006:00:42:54 -0500] "GET /englishL/evolution/dna.html HTTP/1.1" 200 7190 "http://www.darwinday.org/englishL/evolution/index.html" "noxtrumbot/1.0 (crawler@noxtrum.com)"
194.224.199.51 - - [12/Jan/2006:00:43:54 -0500] "GET /englishL/newsviews/evolution.html HTTP/1.1" 200 9665 "http://www.darwinday.org/englishL/newsviews/index.html" "noxtrumbot/1.0 (crawler@noxtrum.com)"
194.224.199.51 - - [12/Jan/2006:00:44:54 -0500] "GET /englishL/newsviews/news.html HTTP/1.1" 200 13520 "http://www.darwinday.org/englishL/newsviews/index.html" "noxtrumbot/1.0 (crawler@noxtrum.com)"
210.170.156.88 - - [12/Jan/2006:00:44:57 -0500] "GET /englishL/home/images/darwinages.gif HTTP/1.1" 200 50309 "http://drervin.com/" "Mozilla/4.0 (compatible; MSIE 6.0; Windows NT 5.1)"
72.29.233.165 - - [12/Jan/2006:00:45:20 -0500] "GET / HTTP/1.1" 200 25029 "-" "Mozilla 4.0"
194.224.199.51 - - [12/Jan/2006:00:45:55 -0500] "GET /englishL/aboutddc/mission.html HTTP/1.1" 200 5255 "http://www.darwinday.org/englishL/aboutddc/index.html" "noxtrumbot/1.0 (crawler@noxtrum.com)"
194.224.199.51 - - [12/Jan/2006:00:46:55 -0500] "GET /englishL/aboutddc/history.html HTTP/1.1" 200 11013 "http://www.darwinday.org/englishL/aboutddc/index.html" "noxtrumbot/1.0 (crawler@noxtrum.com)"
67.173.150.20 - - [12/Jan/2006:00:47:50 -0500] "GET /englishL/images/titletrans.gif HTTP/1.1" 200 15588 "-" "Mozilla/4.0 (compatible; MSIE 6.0; Windows NT 5.1; SV1; .NET CLR 1.1.4322)"
194.224.199.51 - - [12/Jan/2006:00:47:55 -0500] "GET /englishL/aboutddc/organization.html HTTP/1.1" 200 4141 "http://www.darwinday.org/englishL/aboutddc/index.html" "noxtrumbot/1.0 (crawler@noxtrum.com)"
198.78.130.68 - - [12/Jan/2006:00:48:28 -0500] "GET /home/index.html HTTP/1.1" 200 25272 "-" "Mozilla/5.0 (Windows; U; Windows NT 5.1; en-US; rv:1.7.12) Gecko/20050915 Firefox/1.0.7"
72.29.233.165 - - [12/Jan/2006:00:48:43 -0500] "GET /chooselang/index.html HTTP/1.1" 200 5696 "-" "Mozilla 4.0"
66.217.105.84 - - [12/Jan/2006:00:48:44 -0500] "GET /stylesheets/main.css HTTP/1.1" 200 562 "http://www.darwinday.org/englishL/home/2006.php" "Mozilla/4.0 (compatible; MSIE 6.0; Windows 98; WAYTHORN)"
66.217.105.84 - - [12/Jan/2006:00:48:45 -0500] "GET /images/topleftlogo.gif HTTP/1.1" 200 6907 "http://www.darwinday.org/englishL/home/2006.php" "Mozilla/4.0 (compatible; MSIE 6.0; Windows 98; WAYTHORN)"
194.224.199.51 - - [12/Jan/2006:00:48:55 -0500] "GET /englishL/aboutddc/creators.html HTTP/1.1" 200 4492 "http://www.darwinday.org/englishL/aboutddc/index.html" "noxtrumbot/1.0 (crawler@noxtrum.com)"
66.217.105.84 - - [12/Jan/2006:00:49:00 -0500] "GET /images/header.gif HTTP/1.1" 200 26756 "http://www.darwinday.org/englishL/home/2006.php" "Mozilla/4.0 (compatible; MSIE 6.0; Windows 98; WAYTHORN)"
64.219.21.117 - - [12/Jan/2006:00:49:30 -0500] "GET /images/duplicatedna.gif HTTP/1.1" 200 16618 "http://images.google.com/images?q=dna%20mutations&num=20&hl=en&lr=lang_en&client=firefox-a&rls=org.mozilla:en-US:official&sa=N&tab=wi" "Mozilla/5.0 (Windows; U; Windows NT 5.1; en-US; rv:1.8) Gecko/20051111 Firefox/1.5"
66.217.105.84 - - [12/Jan/2006:00:49:33 -0500] "GET /englishL/home/2006.php HTTP/1.1" 200 108983 "http://www.skepdic.com/recent.html" "Mozilla/4.0 (compatible; MSIE 6.0; Windows 98; WAYTHORN)"
66.249.71.7 - - [12/Jan/2006:00:49:33 -0500] "GET /home/ HTTP/1.0" 200 25272 "-" "Googlebot/2.1 (+http://www.google.com/bot.html)"
66.249.64.35 - - [12/Jan/2006:00:49:37 -0500] "GET /chooselang/ HTTP/1.0" 304 - "-" "Googlebot/2.1 (+http://www.google.com/bot.html)"
66.217.105.84 - - [12/Jan/2006:00:49:47 -0500] "GET /englishL/images/titletrans.gif HTTP/1.1" 200 15588 "http://www.darwinday.org/englishL/home/2006.php" "Mozilla/4.0 (compatible; MSIE 6.0; Windows 98; WAYTHORN)"
66.249.64.49 - - [12/Jan/2006:00:49:47 -0500] "GET /englishL/home/ HTTP/1.0" 200 25419 "-" "Googlebot/2.1 (+http://www.google.com/bot.html)"
66.217.105.84 - - [12/Jan/2006:00:49:53 -0500] "GET /englishL/images/navbar.gif HTTP/1.1" 200 2667 "http://www.darwinday.org/englishL/home/2006.php" "Mozilla/4.0 (compatible; MSIE 6.0; Windows 98; WAYTHORN)"
194.224.199.51 - - [12/Jan/2006:00:49:55 -0500] "GET /englishL/aboutddc/support.html HTTP/1.1" 200 4624 "http://www.darwinday.org/englishL/aboutddc/index.html" "noxtrumbot/1.0 (crawler@noxtrum.com)"
66.217.105.84 - - [12/Jan/2006:00:49:56 -0500] "GET /englishL/stylesheets/main.css HTTP/1.1" 200 536 "http://www.darwinday.org/englishL/home/2006.php" "Mozilla/4.0 (compatible; MSIE 6.0; Windows 98; WAYTHORN)"
66.249.64.36 - - [12/Jan/2006:00:50:01 -0500] "GET /englishL/evolution/ HTTP/1.0" 200 4704 "-" "Googlebot/2.1 (+http://www.google.com/bot.html)"
66.217.105.84 - - [12/Jan/2006:00:50:12 -0500] "GET /images/worldmaptransp.gif HTTP/1.1" 200 128893 "http://www.darwinday.org/englishL/home/2006.php" "Mozilla/4.0 (compatible; MSIE 6.0; Windows 98; WAYTHORN)"
194.224.199.51 - - [12/Jan/2006:00:50:55 -0500] "GET /englishL/register/privacy.html HTTP/1.1" 200 3571 "http://www.darwinday.org/englishL/regemail/index.php" "noxtrumbot/1.0 (crawler@noxtrum.com)"
72.29.233.165 - - [12/Jan/2006:00:51:22 -0500] "GET /englishl/home/index.html HTTP/1.1" 404 3509 "-" "Mozilla 4.0"
24.6.67.50 - - [12/Jan/2006:00:51:35 -0500] "GET / HTTP/1.1" 304 - "-" "Mozilla/4.0 (compatible; MSIE 6.0; Windows NT 5.1; SV1; .NET CLR 1.1.4322)"
24.6.67.50 - - [12/Jan/2006:00:51:35 -0500] "GET /stylesheets/main.css HTTP/1.1" 304 - "http://www.darwinday.org/" "Mozilla/4.0 (compatible; MSIE 6.0; Windows NT 5.1; SV1; .NET CLR 1.1.4322)"
24.6.67.50 - - [12/Jan/2006:00:51:35 -0500] "GET /images/worldmaptransp.gif HTTP/1.1" 304 - "http://www.darwinday.org/" "Mozilla/4.0 (compatible; MSIE 6.0; Windows NT 5.1; SV1; .NET CLR 1.1.4322)"
24.6.67.50 - - [12/Jan/2006:00:51:35 -0500] "GET /images/topleftlogo.gif HTTP/1.1" 304 - "http://www.darwinday.org/" "Mozilla/4.0 (compatible; MSIE 6.0; Windows NT 5.1; SV1; .NET CLR 1.1.4322)"
24.6.67.50 - - [12/Jan/2006:00:51:36 -0500] "GET /englishL/currarts.html HTTP/1.1" 304 - "http://www.darwinday.org/" "Mozilla/4.0 (compatible; MSIE 6.0; Windows NT 5.1; SV1; .NET CLR 1.1.4322)"
24.6.67.50 - - [12/Jan/2006:00:51:36 -0500] "GET /englishL/images/titletrans.gif HTTP/1.1" 304 - "http://www.darwinday.org/" "Mozilla/4.0 (compatible; MSIE 6.0; Windows NT 5.1; SV1; .NET CLR 1.1.4322)"
24.6.67.50 - - [12/Jan/2006:00:51:36 -0500] "GET /englishL/images/navbar.gif HTTP/1.1" 304 - "http://www.darwinday.org/" "Mozilla/4.0 (compatible; MSIE 6.0; Windows NT 5.1; SV1; .NET CLR 1.1.4322)"
24.6.67.50 - - [12/Jan/2006:00:51:36 -0500] "GET /englishL/home/images/darwinages.gif HTTP/1.1" 304 - "http://www.darwinday.org/" "Mozilla/4.0 (compatible; MSIE 6.0; Windows NT 5.1; SV1; .NET CLR 1.1.4322)"
24.6.67.50 - - [12/Jan/2006:00:51:36 -0500] "GET /englishL/home/images/lincoln.gif HTTP/1.1" 304 - "http://www.darwinday.org/" "Mozilla/4.0 (compatible; MSIE 6.0; Windows NT 5.1; SV1; .NET CLR 1.1.4322)"
24.6.67.50 - - [12/Jan/2006:00:51:36 -0500] "GET /englishL/home/images/darwin.gif HTTP/1.1" 304 - "http://www.darwinday.org/" "Mozilla/4.0 (compatible; MSIE 6.0; Windows NT 5.1; SV1; .NET CLR 1.1.4322)"
24.6.67.50 - - [12/Jan/2006:00:51:36 -0500] "GET /englishL/home/images/beagle.gif HTTP/1.1" 304 - "http://www.darwinday.org/" "Mozilla/4.0 (compatible; MSIE 6.0; Windows NT 5.1; SV1; .NET CLR 1.1.4322)"
24.6.67.50 - - [12/Jan/2006:00:51:36 -0500] "GET /englishL/home/images/manymore.gif HTTP/1.1" 304 - "http://www.darwinday.org/" "Mozilla/4.0 (compatible; MSIE 6.0; Windows NT 5.1; SV1; .NET CLR 1.1.4322)"
24.6.67.50 - - [12/Jan/2006:00:51:36 -0500] "GET /englishL/home/images/joinus.gif HTTP/1.1" 304 - "http://www.darwinday.org/" "Mozilla/4.0 (compatible; MSIE 6.0; Windows NT 5.1; SV1; .NET CLR 1.1.4322)"
194.224.199.51 - - [12/Jan/2006:00:51:55 -0500] "GET /englishL/home/NULL HTTP/1.1" 404 3503 "http://www.darwinday.org/englishL/home/2005.php" "noxtrumbot/1.0 (crawler@noxtrum.com)"
142.104.250.115 - - [12/Jan/2006:00:52:37 -0500] "GET /stylesheets/main.css HTTP/1.1" 200 562 "http://www.darwinday.org/englishL/home/2006.php" "Mozilla/4.0 (compatible; MSIE 6.0; Windows NT 5.1; SV1; .NET CLR 1.1.4322)"
142.104.250.115 - - [12/Jan/2006:00:52:38 -0500] "GET /images/topleftlogo.gif HTTP/1.1" 200 6907 "http://www.darwinday.org/englishL/home/2006.php" "Mozilla/4.0 (compatible; MSIE 6.0; Windows NT 5.1; SV1; .NET CLR 1.1.4322)"
142.104.250.115 - - [12/Jan/2006:00:52:38 -0500] "GET /images/header.gif HTTP/1.1" 200 26756 "http://www.darwinday.org/englishL/home/2006.php" "Mozilla/4.0 (compatible; MSIE 6.0; Windows NT 5.1; SV1; .NET CLR 1.1.4322)"
142.104.250.115 - - [12/Jan/2006:00:52:38 -0500] "GET /englishL/home/2006.php HTTP/1.1" 200 108983 "-" "Mozilla/4.0 (compatible; MSIE 6.0; Windows NT 5.1; SV1; .NET CLR 1.1.4322)"
142.104.250.115 - - [12/Jan/2006:00:52:39 -0500] "GET /englishL/images/titletrans.gif HTTP/1.1" 200 15588 "http://www.darwinday.org/englishL/home/2006.php" "Mozilla/4.0 (compatible; MSIE 6.0; Windows NT 5.1; SV1; .NET CLR 1.1.4322)"
142.104.250.115 - - [12/Jan/2006:00:52:39 -0500] "GET /englishL/images/navbar.gif HTTP/1.1" 200 2667 "http://www.darwinday.org/englishL/home/2006.php" "Mozilla/4.0 (compatible; MSIE 6.0; Windows NT 5.1; SV1; .NET CLR 1.1.4322)"
142.104.250.115 - - [12/Jan/2006:00:52:40 -0500] "GET /englishL/stylesheets/main.css HTTP/1.1" 200 536 "http://www.darwinday.org/englishL/home/2006.php" "Mozilla/4.0 (compatible; MSIE 6.0; Windows NT 5.1; SV1; .NET CLR 1.1.4322)"
142.104.250.115 - - [12/Jan/2006:00:52:40 -0500] "GET /images/worldmaptransp.gif HTTP/1.1" 200 128893 "http://www.darwinday.org/englishL/home/2006.php" "Mozilla/4.0 (compatible; MSIE 6.0; Windows NT 5.1; SV1; .NET CLR 1.1.4322)"
24.6.67.50 - - [12/Jan/2006:00:52:55 -0500] "GET / HTTP/1.1" 304 - "-" "Mozilla/4.0 (compatible; MSIE 6.0; Windows NT 5.1; SV1; .NET CLR 1.1.4322)"
194.224.199.51 - - [12/Jan/2006:00:52:55 -0500] "GET /englishL/home/none HTTP/1.1" 404 3503 "http://www.darwinday.org/englishL/home/2005.php" "noxtrumbot/1.0 (crawler@noxtrum.com)"
24.6.67.50 - - [12/Jan/2006:00:52:55 -0500] "GET /stylesheets/main.css HTTP/1.1" 304 - "http://www.darwinday.org/" "Mozilla/4.0 (compatible; MSIE 6.0; Windows NT 5.1; SV1; .NET CLR 1.1.4322)"
24.6.67.50 - - [12/Jan/2006:00:52:55 -0500] "GET /images/worldmaptransp.gif HTTP/1.1" 304 - "http://www.darwinday.org/" "Mozilla/4.0 (compatible; MSIE 6.0; Windows NT 5.1; SV1; .NET CLR 1.1.4322)"
24.6.67.50 - - [12/Jan/2006:00:52:55 -0500] "GET /images/topleftlogo.gif HTTP/1.1" 304 - "http://www.darwinday.org/" "Mozilla/4.0 (compatible; MSIE 6.0; Windows NT 5.1; SV1; .NET CLR 1.1.4322)"
24.6.67.50 - - [12/Jan/2006:00:52:55 -0500] "GET /englishL/currarts.html HTTP/1.1" 304 - "http://www.darwinday.org/" "Mozilla/4.0 (compatible; MSIE 6.0; Windows NT 5.1; SV1; .NET CLR 1.1.4322)"
24.6.67.50 - - [12/Jan/2006:00:52:55 -0500] "GET /englishL/images/titletrans.gif HTTP/1.1" 304 - "http://www.darwinday.org/" "Mozilla/4.0 (compatible; MSIE 6.0; Windows NT 5.1; SV1; .NET CLR 1.1.4322)"
24.6.67.50 - - [12/Jan/2006:00:52:56 -0500] "GET /englishL/images/navbar.gif HTTP/1.1" 304 - "http://www.darwinday.org/" "Mozilla/4.0 (compatible; MSIE 6.0; Windows NT 5.1; SV1; .NET CLR 1.1.4322)"
24.6.67.50 - - [12/Jan/2006:00:52:56 -0500] "GET /englishL/home/images/darwinages.gif HTTP/1.1" 304 - "http://www.darwinday.org/" "Mozilla/4.0 (compatible; MSIE 6.0; Windows NT 5.1; SV1; .NET CLR 1.1.4322)"
24.6.67.50 - - [12/Jan/2006:00:52:56 -0500] "GET /englishL/home/images/lincoln.gif HTTP/1.1" 304 - "http://www.darwinday.org/" "Mozilla/4.0 (compatible; MSIE 6.0; Windows NT 5.1; SV1; .NET CLR 1.1.4322)"
24.6.67.50 - - [12/Jan/2006:00:52:56 -0500] "GET /englishL/home/images/darwin.gif HTTP/1.1" 304 - "http://www.darwinday.org/" "Mozilla/4.0 (compatible; MSIE 6.0; Windows NT 5.1; SV1; .NET CLR 1.1.4322)"
24.6.67.50 - - [12/Jan/2006:00:52:56 -0500] "GET /englishL/home/images/beagle.gif HTTP/1.1" 304 - "http://www.darwinday.org/" "Mozilla/4.0 (compatible; MSIE 6.0; Windows NT 5.1; SV1; .NET CLR 1.1.4322)"
24.6.67.50 - - [12/Jan/2006:00:52:56 -0500] "GET /englishL/home/images/manymore.gif HTTP/1.1" 304 - "http://www.darwinday.org/" "Mozilla/4.0 (compatible; MSIE 6.0; Windows NT 5.1; SV1; .NET CLR 1.1.4322)"
24.6.67.50 - - [12/Jan/2006:00:52:56 -0500] "GET /englishL/home/images/joinus.gif HTTP/1.1" 304 - "http://www.darwinday.org/" "Mozilla/4.0 (compatible; MSIE 6.0; Windows NT 5.1; SV1; .NET CLR 1.1.4322)"
194.224.199.51 - - [12/Jan/2006:00:53:55 -0500] "GET /englishL/home/coming%20soon! HTTP/1.1" 404 3513 "http://www.darwinday.org/englishL/home/2005.php" "noxtrumbot/1.0 (crawler@noxtrum.com)"
129.54.8.45 - - [12/Jan/2006:00:54:14 -0500] "GET /englishL/home/images/darwinages.gif HTTP/1.0" 200 50309 "-" "Mozilla/4.0 (compatible;)"
72.29.233.165 - - [12/Jan/2006:00:54:41 -0500] "GET /englishl/events/index.html HTTP/1.1" 404 3511 "-" "Mozilla 4.0"
194.224.199.51 - - [12/Jan/2006:00:54:55 -0500] "GET /englishL/newsviews/articles/notopinion.html HTTP/1.1" 200 9593 "http://www.darwinday.org/englishL/newsviews/essays.html" "noxtrumbot/1.0 (crawler@noxtrum.com)"
194.224.199.51 - - [12/Jan/2006:00:55:56 -0500] "GET /englishL/newsviews/articles/showme.html HTTP/1.1" 200 19239 "http://www.darwinday.org/englishL/newsviews/essays.html" "noxtrumbot/1.0 (crawler@noxtrum.com)"
68.142.249.198 - - [12/Jan/2006:00:56:43 -0500] "GET /robots.txt HTTP/1.0" 404 3483 "-" "Mozilla/5.0 (compatible; Yahoo! Slurp; http://help.yahoo.com/help/us/ysearch/slurp)"
68.142.249.24 - - [12/Jan/2006:00:56:44 -0500] "GET /NEWlang/home/2003.html HTTP/1.0" 200 100680 "-" "Mozilla/5.0 (compatible; Yahoo! Slurp; http://help.yahoo.com/help/us/ysearch/slurp)"
194.224.199.51 - - [12/Jan/2006:00:56:57 -0500] "GET /englishL/newsviews/articles/oneside.html HTTP/1.1" 200 19677 "http://www.darwinday.org/englishL/newsviews/essays.html" "noxtrumbot/1.0 (crawler@noxtrum.com)"
194.224.199.51 - - [12/Jan/2006:00:57:56 -0500] "GET /NEWlang/events/index.html HTTP/1.1" 200 4706 "http://www.darwinday.org/NEWlang/home/index.html" "noxtrumbot/1.0 (crawler@noxtrum.com)"
129.54.8.45 - - [12/Jan/2006:00:58:23 -0500] "GET /englishL/home/images/joinus.gif HTTP/1.0" 200 524 "-" "Mozilla/4.0 (compatible;)"
72.29.233.165 - - [12/Jan/2006:00:58:29 -0500] "GET /englishl/life/index.html HTTP/1.1" 404 3509 "-" "Mozilla 4.0"
194.224.199.51 - - [12/Jan/2006:00:58:56 -0500] "GET /NEWlang/life/index.html HTTP/1.1" 200 9923 "http://www.darwinday.org/NEWlang/home/index.html" "noxtrumbot/1.0 (crawler@noxtrum.com)"
194.224.199.51 - - [12/Jan/2006:00:59:56 -0500] "GET /NEWlang/evolution/index.html HTTP/1.1" 200 4699 "http://www.darwinday.org/NEWlang/home/index.html" "noxtrumbot/1.0 (crawler@noxtrum.com)"