70.251.190.221 - - [11/Jan/2006:20:44:13 -0500] "GET /stylesheets/main.css HTTP/1.1" 304 - "http://www.darwinday.org/" "Mozilla/4.0 (compatible; MSIE 6.0; Windows NT 5.1; SV1)"
70.251.190.221 - - [11/Jan/2006:20:44:13 -0500] "GET /images/header.gif HTTP/1.1" 304 - "http://www.darwinday.org/" "Mozilla/4.0 (compatible; MSIE 6.0; Windows NT 5.1; SV1)"
70.251.190.221 - - [11/Jan/2006:20:44:13 -0500] "GET /images/topleftlogo.gif HTTP/1.1" 304 - "http://www.darwinday.org/" "Mozilla/4.0 (compatible; MSIE 6.0; Windows NT 5.1; SV1)"
70.251.190.221 - - [11/Jan/2006:20:44:13 -0500] "GET /images/worldmaptransp.gif HTTP/1.1" 304 - "http://www.darwinday.org/" "Mozilla/4.0 (compatible; MSIE 6.0; Windows NT 5.1; SV1)"
70.251.190.221 - - [11/Jan/2006:20:44:13 -0500] "GET /englishL/images/titletrans.gif HTTP/1.1" 304 - "http://www.darwinday.org/" "Mozilla/4.0 (compatible; MSIE 6.0; Windows NT 5.1; SV1)"
70.251.190.221 - - [11/Jan/2006:20:44:13 -0500] "GET /englishL/images/navbar.gif HTTP/1.1" 304 - "http://www.darwinday.org/" "Mozilla/4.0 (compatible; MSIE 6.0; Windows NT 5.1; SV1)"
70.251.190.221 - - [11/Jan/2006:20:44:13 -0500] "GET /englishL/home/images/darwinages.gif HTTP/1.1" 304 - "http://www.darwinday.org/" "Mozilla/4.0 (compatible; MSIE 6.0; Windows NT 5.1; SV1)"
70.251.190.221 - - [11/Jan/2006:20:44:13 -0500] "GET /images/dnahorizl.gif HTTP/1.1" 304 - "http://www.darwinday.org/" "Mozilla/4.0 (compatible; MSIE 6.0; Windows NT 5.1; SV1)"
70.251.190.221 - - [11/Jan/2006:20:44:13 -0500] "GET /images/arrow.gif HTTP/1.1" 304 - "http://www.darwinday.org/" "Mozilla/4.0 (compatible; MSIE 6.0; Windows NT 5.1; SV1)"
70.251.190.221 - - [11/Jan/2006:20:44:13 -0500] "GET /images/dnahoriz.gif HTTP/1.1" 304 - "http://www.darwinday.org/" "Mozilla/4.0 (compatible; MSIE 6.0; Windows NT 5.1; SV1)"
70.251.190.221 - - [11/Jan/2006:20:44:13 -0500] "GET /images/dnahorizr.gif HTTP/1.1" 304 - "http://www.darwinday.org/" "Mozilla/4.0 (compatible; MSIE 6.0; Windows NT 5.1; SV1)"
70.251.190.221 - - [11/Jan/2006:20:44:14 -0500] "GET /englishL/home/images/lincoln.gif HTTP/1.1" 304 - "http://www.darwinday.org/" "Mozilla/4.0 (compatible; MSIE 6.0; Windows NT 5.1; SV1)"
70.251.190.221 - - [11/Jan/2006:20:44:14 -0500] "GET /englishL/currarts.html HTTP/1.1" 304 - "http://www.darwinday.org/" "Mozilla/4.0 (compatible; MSIE 6.0; Windows NT 5.1; SV1)"
70.251.190.221 - - [11/Jan/2006:20:44:14 -0500] "GET /englishL/home/images/darwin.gif HTTP/1.1" 304 - "http://www.darwinday.org/" "Mozilla/4.0 (compatible; MSIE 6.0; Windows NT 5.1; SV1)"
70.251.190.221 - - [11/Jan/2006:20:44:14 -0500] "GET /englishL/home/images/beagle.gif HTTP/1.1" 304 - "http://www.darwinday.org/" "Mozilla/4.0 (compatible; MSIE 6.0; Windows NT 5.1; SV1)"
70.251.190.221 - - [11/Jan/2006:20:44:14 -0500] "GET /images/trans.gif HTTP/1.1" 304 - "http://www.darwinday.org/" "Mozilla/4.0 (compatible; MSIE 6.0; Windows NT 5.1; SV1)"
70.251.190.221 - - [11/Jan/2006:20:44:14 -0500] "GET /englishL/home/images/manymore.gif HTTP/1.1" 304 - "http://www.darwinday.org/" "Mozilla/4.0 (compatible; MSIE 6.0; Windows NT 5.1; SV1)"
70.251.190.221 - - [11/Jan/2006:20:44:14 -0500] "GET /englishL/home/images/joinus.gif HTTP/1.1" 304 - "http://www.darwinday.org/" "Mozilla/4.0 (compatible; MSIE 6.0; Windows NT 5.1; SV1)"
70.251.190.221 - - [11/Jan/2006:20:44:14 -0500] "GET /englishL/home/images/horse.evolution.jpg HTTP/1.1" 304 - "http://www.darwinday.org/" "Mozilla/4.0 (compatible; MSIE 6.0; Windows NT 5.1; SV1)"
70.251.190.221 - - [11/Jan/2006:20:44:14 -0500] "GET /images/DNAlogo.gif HTTP/1.1" 304 - "http://www.darwinday.org/englishL/currarts.html" "Mozilla/4.0 (compatible; MSIE 6.0; Windows NT 5.1; SV1)"
194.224.199.51 - - [11/Jan/2006:20:44:36 -0500] "GET /englishL/life/downhouse.html HTTP/1.1" 200 20274 "http://www.darwinday.org/englishL/life/index.html" "noxtrumbot/1.0 (crawler@noxtrum.com)"
194.224.199.51 - - [11/Jan/2006:20:45:36 -0500] "GET /englishL/life/maternal.html HTTP/1.1" 200 9461 "http://www.darwinday.org/englishL/life/index.html" "noxtrumbot/1.0 (crawler@noxtrum.com)"
194.224.199.51 - - [11/Jan/2006:20:46:36 -0500] "GET /englishL/life/parents.html HTTP/1.1" 200 7313 "http://www.darwinday.org/englishL/life/index.html" "noxtrumbot/1.0 (crawler@noxtrum.com)"
194.224.199.51 - - [11/Jan/2006:20:47:36 -0500] "GET /englishL/life/siblings.html HTTP/1.1" 200 7848 "http://www.darwinday.org/englishL/life/index.html" "noxtrumbot/1.0 (crawler@noxtrum.com)"
70.89.253.165 - - [11/Jan/2006:20:48:13 -0500] "GET /englishL/home/images/darwinages.gif HTTP/1.1" 200 50309 "http://drervin.com/" "Mozilla/4.0 (compatible; MSIE 6.0; Windows NT 5.0)"
194.224.199.51 - - [11/Jan/2006:20:48:36 -0500] "GET /englishL/life/emma.html HTTP/1.1" 200 13045 "http://www.darwinday.org/englishL/life/index.html" "noxtrumbot/1.0 (crawler@noxtrum.com)"
194.224.199.51 - - [11/Jan/2006:20:49:36 -0500] "GET /englishL/life/children.html HTTP/1.1" 200 13763 "http://www.darwinday.org/englishL/life/index.html" "noxtrumbot/1.0 (crawler@noxtrum.com)"
194.224.199.51 - - [11/Jan/2006:20:50:36 -0500] "GET /englishL/evolution/theory.html HTTP/1.1" 200 9510 "http://www.darwinday.org/englishL/evolution/index.html" "noxtrumbot/1.0 (crawler@noxtrum.com)"
128.180.121.221 - - [11/Jan/2006:20:50:50 -0500] "GET / HTTP/1.1" 200 25029 "-" "Mozilla/4.0 (compatible; MSIE 5.5; Windows 98)"
194.224.199.51 - - [11/Jan/2006:20:51:36 -0500] "GET /englishL/evolution/inheritance.html HTTP/1.1" 200 4729 "http://www.darwinday.org/englishL/evolution/index.html" "noxtrumbot/1.0 (crawler@noxtrum.com)"
194.224.199.51 - - [11/Jan/2006:20:52:36 -0500] "GET /englishL/evolution/dna.html HTTP/1.1" 200 7190 "http://www.darwinday.org/englishL/evolution/index.html" "noxtrumbot/1.0 (crawler@noxtrum.com)"
194.224.199.51 - - [11/Jan/2006:20:53:36 -0500] "GET /englishL/newsviews/evolution.html HTTP/1.1" 200 9665 "http://www.darwinday.org/englishL/newsviews/index.html" "noxtrumbot/1.0 (crawler@noxtrum.com)"
194.224.199.51 - - [11/Jan/2006:20:54:36 -0500] "GET /englishL/newsviews/news.html HTTP/1.1" 200 13520 "http://www.darwinday.org/englishL/newsviews/index.html" "noxtrumbot/1.0 (crawler@noxtrum.com)"
128.3.254.94 - - [11/Jan/2006:20:55:35 -0500] "GET /stylesheets/main.css HTTP/1.1" 200 562 "http://www.darwinday.org/englishL/home/2006.php" "Mozilla/5.0 (Macintosh; U; PPC Mac OS X; en) AppleWebKit/416.12 (KHTML, like Gecko) Safari/416.13"
128.3.254.94 - - [11/Jan/2006:20:55:35 -0500] "GET /images/topleftlogo.gif HTTP/1.1" 200 6907 "http://www.darwinday.org/englishL/home/2006.php" "Mozilla/5.0 (Macintosh; U; PPC Mac OS X; en) AppleWebKit/416.12 (KHTML, like Gecko) Safari/416.13"
128.3.254.94 - - [11/Jan/2006:20:55:36 -0500] "GET /englishL/images/navbar.gif HTTP/1.1" 200 2667 "http://www.darwinday.org/englishL/home/2006.php" "Mozilla/5.0 (Macintosh; U; PPC Mac OS X; en) AppleWebKit/416.12 (KHTML, like Gecko) Safari/416.13"
128.3.254.94 - - [11/Jan/2006:20:55:36 -0500] "GET /images/header.gif HTTP/1.1" 200 26756 "http://www.darwinday.org/englishL/home/2006.php" "Mozilla/5.0 (Macintosh; U; PPC Mac OS X; en) AppleWebKit/416.12 (KHTML, like Gecko) Safari/416.13"
128.3.254.94 - - [11/Jan/2006:20:55:36 -0500] "GET /englishL/images/titletrans.gif HTTP/1.1" 200 15588 "http://www.darwinday.org/englishL/home/2006.php" "Mozilla/5.0 (Macintosh; U; PPC Mac OS X; en) AppleWebKit/416.12 (KHTML, like Gecko) Safari/416.13"
128.3.254.94 - - [11/Jan/2006:20:55:36 -0500] "GET /englishL/home/2006.php HTTP/1.1" 200 108983 "http://skepdic.com/recent.html" "Mozilla/5.0 (Macintosh; U; PPC Mac OS X; en) AppleWebKit/416.12 (KHTML, like Gecko) Safari/416.13"
128.3.254.94 - - [11/Jan/2006:20:55:36 -0500] "GET /englishL/stylesheets/main.css HTTP/1.1" 200 536 "http://www.darwinday.org/englishL/home/2006.php" "Mozilla/5.0 (Macintosh; U; PPC Mac OS X; en) AppleWebKit/416.12 (KHTML, like Gecko) Safari/416.13"
128.3.254.94 - - [11/Jan/2006:20:55:36 -0500] "GET /favicon.ico HTTP/1.1" 404 3496 "-" "Mozilla/5.0 (Macintosh; U; PPC Mac OS X; en) AppleWebKit/416.12 (KHTML, like Gecko) Safari/416.13"
194.224.199.51 - - [11/Jan/2006:20:55:36 -0500] "GET /englishL/aboutddc/mission.html HTTP/1.1" 200 5255 "http://www.darwinday.org/englishL/aboutddc/index.html" "noxtrumbot/1.0 (crawler@noxtrum.com)"
128.3.254.94 - - [11/Jan/2006:20:55:36 -0500] "GET /images/worldmaptransp.gif HTTP/1.1" 200 128893 "http://www.darwinday.org/englishL/home/2006.php" "Mozilla/5.0 (Macintosh; U; PPC Mac OS X; en) AppleWebKit/416.12 (KHTML, like Gecko) Safari/416.13"
205.188.116.11 - - [11/Jan/2006:20:55:50 -0500] "HEAD / HTTP/1.0" 200 0 "-" "-"
194.224.199.51 - - [11/Jan/2006:20:56:36 -0500] "GET /englishL/aboutddc/history.html HTTP/1.1" 200 11013 "http://www.darwinday.org/englishL/aboutddc/index.html" "noxtrumbot/1.0 (crawler@noxtrum.com)"
194.224.199.51 - - [11/Jan/2006:20:57:36 -0500] "GET /englishL/aboutddc/organization.html HTTP/1.1" 200 4141 "http://www.darwinday.org/englishL/aboutddc/index.html" "noxtrumbot/1.0 (crawler@noxtrum.com)"
205.188.116.11 - - [11/Jan/2006:20:57:37 -0500] "HEAD / HTTP/1.1" 200 0 "-" "-"
194.224.199.51 - - [11/Jan/2006:20:58:36 -0500] "GET /englishL/aboutddc/creators.html HTTP/1.1" 200 4492 "http://www.darwinday.org/englishL/aboutddc/index.html" "noxtrumbot/1.0 (crawler@noxtrum.com)"
69.214.221.191 - - [11/Jan/2006:20:59:34 -0500] "GET /englishL/images/titletrans.gif HTTP/1.1" 200 15588 "http://profile.myspace.com/index.cfm?fuseaction=user.viewprofile&friendid=11617746" "Mozilla/4.0 (compatible; MSIE 6.0; Windows NT 5.1; SV1; .NET CLR 1.1.4322; yplus 5.1.02b)"
194.224.199.51 - - [11/Jan/2006:20:59:36 -0500] "GET /englishL/aboutddc/support.html HTTP/1.1" 200 4624 "http://www.darwinday.org/englishL/aboutddc/index.html" "noxtrumbot/1.0 (crawler@noxtrum.com)"
194.224.199.51 - - [11/Jan/2006:21:00:36 -0500] "GET /englishL/register/privacy.html HTTP/1.1" 200 3571 "http://www.darwinday.org/englishL/regemail/index.php" "noxtrumbot/1.0 (crawler@noxtrum.com)"
194.224.199.51 - - [11/Jan/2006:21:01:36 -0500] "GET /englishL/home/NULL HTTP/1.1" 404 3503 "http://www.darwinday.org/englishL/home/2005.php" "noxtrumbot/1.0 (crawler@noxtrum.com)"
194.224.199.51 - - [11/Jan/2006:21:02:36 -0500] "GET /englishL/home/none HTTP/1.1" 404 3503 "http://www.darwinday.org/englishL/home/2005.php" "noxtrumbot/1.0 (crawler@noxtrum.com)"
194.224.199.51 - - [11/Jan/2006:21:03:36 -0500] "GET /englishL/home/coming%20soon! HTTP/1.1" 404 3513 "http://www.darwinday.org/englishL/home/2005.php" "noxtrumbot/1.0 (crawler@noxtrum.com)"
194.224.199.51 - - [11/Jan/2006:21:04:36 -0500] "GET /englishL/newsviews/articles/notopinion.html HTTP/1.1" 200 9593 "http://www.darwinday.org/englishL/newsviews/essays.html" "noxtrumbot/1.0 (crawler@noxtrum.com)"
38.113.234.180 - - [11/Jan/2006:21:05:06 -0500] "GET /robots.txt HTTP/1.0" 404 3483 "-" "voyager/1.0"
38.113.234.181 - - [11/Jan/2006:21:05:20 -0500] "GET / HTTP/1.0" 200 25029 "-" "voyager/1.0"
194.224.199.51 - - [11/Jan/2006:21:05:37 -0500] "GET /englishL/newsviews/articles/showme.html HTTP/1.1" 200 19239 "http://www.darwinday.org/englishL/newsviews/essays.html" "noxtrumbot/1.0 (crawler@noxtrum.com)"
67.149.10.241 - - [11/Jan/2006:21:06:22 -0500] "GET /englishL/assistevent/ HTTP/1.1" 200 25464 "-" "Mozilla/4.0 (compatible; MSIE 6.0; Windows NT 5.1; SV1; .NET CLR 1.1.4322)"
67.149.10.241 - - [11/Jan/2006:21:06:22 -0500] "GET /stylesheets/main.css HTTP/1.1" 200 562 "http://www.darwinday.org/englishL/assistevent/" "Mozilla/4.0 (compatible; MSIE 6.0; Windows NT 5.1; SV1; .NET CLR 1.1.4322)"
67.149.10.241 - - [11/Jan/2006:21:06:23 -0500] "GET /images/topleftlogo.gif HTTP/1.1" 200 6907 "http://www.darwinday.org/englishL/assistevent/" "Mozilla/4.0 (compatible; MSIE 6.0; Windows NT 5.1; SV1; .NET CLR 1.1.4322)"
67.149.10.241 - - [11/Jan/2006:21:06:25 -0500] "GET /images/header.gif HTTP/1.1" 200 26756 "http://www.darwinday.org/englishL/assistevent/" "Mozilla/4.0 (compatible; MSIE 6.0; Windows NT 5.1; SV1; .NET CLR 1.1.4322)"
67.149.10.241 - - [11/Jan/2006:21:06:26 -0500] "GET /englishL/images/titletrans.gif HTTP/1.1" 200 15588 "http://www.darwinday.org/englishL/assistevent/" "Mozilla/4.0 (compatible; MSIE 6.0; Windows NT 5.1; SV1; .NET CLR 1.1.4322)"
67.149.10.241 - - [11/Jan/2006:21:06:27 -0500] "GET /englishL/images/navbar.gif HTTP/1.1" 200 2667 "http://www.darwinday.org/englishL/assistevent/" "Mozilla/4.0 (compatible; MSIE 6.0; Windows NT 5.1; SV1; .NET CLR 1.1.4322)"
67.149.10.241 - - [11/Jan/2006:21:06:28 -0500] "GET /images/goldball.gif HTTP/1.1" 200 332 "http://www.darwinday.org/englishL/assistevent/" "Mozilla/4.0 (compatible; MSIE 6.0; Windows NT 5.1; SV1; .NET CLR 1.1.4322)"
194.224.199.51 - - [11/Jan/2006:21:06:37 -0500] "GET /englishL/newsviews/articles/oneside.html HTTP/1.1" 200 19677 "http://www.darwinday.org/englishL/newsviews/essays.html" "noxtrumbot/1.0 (crawler@noxtrum.com)"
67.149.10.241 - - [11/Jan/2006:21:06:39 -0500] "GET /images/worldmaptransp.gif HTTP/1.1" 200 128893 "http://www.darwinday.org/englishL/assistevent/" "Mozilla/4.0 (compatible; MSIE 6.0; Windows NT 5.1; SV1; .NET CLR 1.1.4322)"
194.224.199.51 - - [11/Jan/2006:21:07:36 -0500] "GET /NEWlang/events/index.html HTTP/1.1" 200 4706 "http://www.darwinday.org/NEWlang/home/index.html" "noxtrumbot/1.0 (crawler@noxtrum.com)"
81.199.61.46 - - [11/Jan/2006:21:08:29 -0500] "GET /englishL/home/2005.php HTTP/1.1" 200 361877 "http://www.mamma.com/MammaPSearch?query=2006+current+email+address+of+bellamy%28%2B1%29++++++++@yahoo.com++++++++@gmail.com++++++@msn.com+++++++++@yahoo.co.uk&eng%5B%5D=1681&eng%5B%5D=1697&eng%5B%5D=1668&eng%5B%5D=1691&eng%5B%5D=1804&eng%5B%5D=1805&eng%5B%5D=1694&eng%5B%5D=1791&eng%5B%5D=1620&eng%5B%5D=19&highlight=1&timeout=1&rpp=100&desc=0&savesettings=0&qtype=0&utfout=1" "Mozilla/4.0 (compatible; MSIE 6.0; Windows NT 5.0)"
194.224.199.51 - - [11/Jan/2006:21:08:37 -0500] "GET /NEWlang/life/index.html HTTP/1.1" 200 9923 "http://www.darwinday.org/NEWlang/home/index.html" "noxtrumbot/1.0 (crawler@noxtrum.com)"
81.199.61.46 - - [11/Jan/2006:21:08:44 -0500] "GET /englishL/stylesheets/main.css HTTP/1.1" 304 - "http://www.darwinday.org/englishL/home/2005.php" "Mozilla/4.0 (compatible; MSIE 6.0; Windows NT 5.0)"
194.224.199.51 - - [11/Jan/2006:21:09:37 -0500] "GET /NEWlang/evolution/index.html HTTP/1.1" 200 4699 "http://www.darwinday.org/NEWlang/home/index.html" "noxtrumbot/1.0 (crawler@noxtrum.com)"
194.224.199.51 - - [11/Jan/2006:21:10:37 -0500] "GET /NEWlang/newsviews/index.html HTTP/1.1" 200 4991 "http://www.darwinday.org/NEWlang/home/index.html" "noxtrumbot/1.0 (crawler@noxtrum.com)"
194.224.199.51 - - [11/Jan/2006:21:11:37 -0500] "GET /NEWlang/aboutddc/index.html HTTP/1.1" 200 6640 "http://www.darwinday.org/NEWlang/home/index.html" "noxtrumbot/1.0 (crawler@noxtrum.com)"
68.142.249.198 - - [11/Jan/2006:21:11:56 -0500] "GET /robots.txt HTTP/1.0" 404 3483 "-" "Mozilla/5.0 (compatible; Yahoo! Slurp; http://help.yahoo.com/help/us/ysearch/slurp)"
68.142.251.24 - - [11/Jan/2006:21:11:57 -0500] "GET /NEWlang/evolution/theory.html HTTP/1.0" 200 9508 "-" "Mozilla/5.0 (compatible; Yahoo! Slurp; http://help.yahoo.com/help/us/ysearch/slurp)"
194.224.199.51 - - [11/Jan/2006:21:12:37 -0500] "GET /NEWlang/regemail/index.php HTTP/1.1" 200 6110 "http://www.darwinday.org/NEWlang/home/index.html" "noxtrumbot/1.0 (crawler@noxtrum.com)"
24.6.67.50 - - [11/Jan/2006:21:12:52 -0500] "GET / HTTP/1.1" 304 - "-" "Mozilla/4.0 (compatible; MSIE 6.0; Windows NT 5.1; SV1; .NET CLR 1.1.4322)"
24.6.67.50 - - [11/Jan/2006:21:12:52 -0500] "GET /stylesheets/main.css HTTP/1.1" 304 - "http://www.darwinday.org/" "Mozilla/4.0 (compatible; MSIE 6.0; Windows NT 5.1; SV1; .NET CLR 1.1.4322)"
24.6.67.50 - - [11/Jan/2006:21:12:53 -0500] "GET /images/worldmaptransp.gif HTTP/1.1" 304 - "http://www.darwinday.org/" "Mozilla/4.0 (compatible; MSIE 6.0; Windows NT 5.1; SV1; .NET CLR 1.1.4322)"
24.6.67.50 - - [11/Jan/2006:21:12:53 -0500] "GET /images/topleftlogo.gif HTTP/1.1" 304 - "http://www.darwinday.org/" "Mozilla/4.0 (compatible; MSIE 6.0; Windows NT 5.1; SV1; .NET CLR 1.1.4322)"
24.6.67.50 - - [11/Jan/2006:21:12:53 -0500] "GET /englishL/currarts.html HTTP/1.1" 304 - "http://www.darwinday.org/" "Mozilla/4.0 (compatible; MSIE 6.0; Windows NT 5.1; SV1; .NET CLR 1.1.4322)"
24.6.67.50 - - [11/Jan/2006:21:12:53 -0500] "GET /englishL/images/titletrans.gif HTTP/1.1" 304 - "http://www.darwinday.org/" "Mozilla/4.0 (compatible; MSIE 6.0; Windows NT 5.1; SV1; .NET CLR 1.1.4322)"
24.6.67.50 - - [11/Jan/2006:21:12:53 -0500] "GET /englishL/images/navbar.gif HTTP/1.1" 304 - "http://www.darwinday.org/" "Mozilla/4.0 (compatible; MSIE 6.0; Windows NT 5.1; SV1; .NET CLR 1.1.4322)"
24.6.67.50 - - [11/Jan/2006:21:12:53 -0500] "GET /englishL/home/images/darwinages.gif HTTP/1.1" 304 - "http://www.darwinday.org/" "Mozilla/4.0 (compatible; MSIE 6.0; Windows NT 5.1; SV1; .NET CLR 1.1.4322)"
24.6.67.50 - - [11/Jan/2006:21:12:53 -0500] "GET /englishL/home/images/lincoln.gif HTTP/1.1" 304 - "http://www.darwinday.org/" "Mozilla/4.0 (compatible; MSIE 6.0; Windows NT 5.1; SV1; .NET CLR 1.1.4322)"
24.6.67.50 - - [11/Jan/2006:21:12:53 -0500] "GET /englishL/home/images/darwin.gif HTTP/1.1" 304 - "http://www.darwinday.org/" "Mozilla/4.0 (compatible; MSIE 6.0; Windows NT 5.1; SV1; .NET CLR 1.1.4322)"
24.6.67.50 - - [11/Jan/2006:21:12:53 -0500] "GET /englishL/home/images/beagle.gif HTTP/1.1" 304 - "http://www.darwinday.org/" "Mozilla/4.0 (compatible; MSIE 6.0; Windows NT 5.1; SV1; .NET CLR 1.1.4322)"
24.6.67.50 - - [11/Jan/2006:21:12:53 -0500] "GET /englishL/home/images/manymore.gif HTTP/1.1" 304 - "http://www.darwinday.org/" "Mozilla/4.0 (compatible; MSIE 6.0; Windows NT 5.1; SV1; .NET CLR 1.1.4322)"
24.6.67.50 - - [11/Jan/2006:21:12:53 -0500] "GET /englishL/home/images/joinus.gif HTTP/1.1" 304 - "http://www.darwinday.org/" "Mozilla/4.0 (compatible; MSIE 6.0; Windows NT 5.1; SV1; .NET CLR 1.1.4322)"
194.224.199.51 - - [11/Jan/2006:21:13:37 -0500] "GET /NEWlang/register/index.php HTTP/1.1" 200 20063 "http://www.darwinday.org/NEWlang/home/index.html" "noxtrumbot/1.0 (crawler@noxtrum.com)"
152.163.101.5 - - [11/Jan/2006:21:13:39 -0500] "GET /englishL/evolution/dna.html HTTP/1.0" 200 7190 "http://images.google.com/imgres?imgurl=http://www.darwinday.org/images/duplicatedna.gif&imgrefurl=http://www.darwinday.org/englishL/evolution/dna.html&h=342&w=205&sz=17&tbnid=Q00GnczCtq8J:&tbnh=115&tbnw=68&prev=/images%3Fq%3Dgenetic%2Bmutations%26hl%3Den%26lr%3D&oi=imagesr&start=2" "Mozilla/4.0 (compatible; MSIE 6.0; CS 2000 6.0; Windows NT 5.1; .NET CLR 1.0.3705; .NET CLR 1.1.4322)"
152.163.100.130 - - [11/Jan/2006:21:13:41 -0500] "GET /stylesheets/main.css HTTP/1.0" 200 562 "http://www.darwinday.org/englishL/evolution/dna.html" "Mozilla/4.0 (compatible; MSIE 6.0; CS 2000 6.0; Windows NT 5.1; .NET CLR 1.0.3705; .NET CLR 1.1.4322)"
152.163.100.135 - - [11/Jan/2006:21:13:42 -0500] "GET /images/topleftlogo.gif HTTP/1.0" 200 6907 "http://www.darwinday.org/englishL/evolution/dna.html" "Mozilla/4.0 (compatible; MSIE 6.0; CS 2000 6.0; Windows NT 5.1; .NET CLR 1.0.3705; .NET CLR 1.1.4322)"
152.163.100.12 - - [11/Jan/2006:21:13:42 -0500] "GET /images/header.gif HTTP/1.0" 200 26756 "http://www.darwinday.org/englishL/evolution/dna.html" "Mozilla/4.0 (compatible; MSIE 6.0; CS 2000 6.0; Windows NT 5.1; .NET CLR 1.0.3705; .NET CLR 1.1.4322)"
152.163.100.200 - - [11/Jan/2006:21:13:45 -0500] "GET /images/worldmaptransp.gif HTTP/1.0" 200 128893 "http://www.darwinday.org/englishL/evolution/dna.html" "Mozilla/4.0 (compatible; MSIE 6.0; CS 2000 6.0; Windows NT 5.1; .NET CLR 1.0.3705; .NET CLR 1.1.4322)"
152.163.101.14 - - [11/Jan/2006:21:13:45 -0500] "GET /englishL/images/titletrans.gif HTTP/1.0" 200 15588 "http://www.darwinday.org/englishL/evolution/dna.html" "Mozilla/4.0 (compatible; MSIE 6.0; CS 2000 6.0; Windows NT 5.1; .NET CLR 1.0.3705; .NET CLR 1.1.4322)"
152.163.100.200 - - [11/Jan/2006:21:13:50 -0500] "GET /englishL/images/navbar.gif HTTP/1.1" 200 2667 "http://www.darwinday.org/englishL/evolution/dna.html" "Mozilla/4.0 (compatible; MSIE 6.0; CS 2000 6.0; Windows NT 5.1; .NET CLR 1.0.3705; .NET CLR 1.1.4322)"
152.163.100.137 - - [11/Jan/2006:21:13:52 -0500] "GET /images/duplicatedna.gif HTTP/1.0" 200 16618 "http://www.darwinday.org/englishL/evolution/dna.html" "Mozilla/4.0 (compatible; MSIE 6.0; CS 2000 6.0; Windows NT 5.1; .NET CLR 1.0.3705; .NET CLR 1.1.4322)"
194.224.199.51 - - [11/Jan/2006:21:14:37 -0500] "GET /NEWlang/regevent/index.php HTTP/1.1" 200 31772 "http://www.darwinday.org/NEWlang/home/index.html" "noxtrumbot/1.0 (crawler@noxtrum.com)"
194.224.199.51 - - [11/Jan/2006:21:15:37 -0500] "GET /NEWlang/home/2002.html HTTP/1.1" 200 26502 "http://www.darwinday.org/NEWlang/home/index.html" "noxtrumbot/1.0 (crawler@noxtrum.com)"
194.224.199.51 - - [11/Jan/2006:21:16:38 -0500] "GET /NEWlang/home/2003.html HTTP/1.1" 200 100680 "http://www.darwinday.org/NEWlang/home/index.html" "noxtrumbot/1.0 (crawler@noxtrum.com)"
194.224.199.51 - - [11/Jan/2006:21:17:38 -0500] "GET /NEWlang/home/2004.html HTTP/1.1" 200 80244 "http://www.darwinday.org/NEWlang/home/index.html" "noxtrumbot/1.0 (crawler@noxtrum.com)"
71.195.188.4 - - [11/Jan/2006:21:17:39 -0500] "GET /stylesheets/main.css HTTP/1.1" 200 562 "http://www.darwinday.org/englishL/home/2006.php" "Mozilla/4.0 (compatible; MSIE 6.0; Windows 98)"
71.195.188.4 - - [11/Jan/2006:21:17:39 -0500] "GET /images/topleftlogo.gif HTTP/1.1" 200 6907 "http://www.darwinday.org/englishL/home/2006.php" "Mozilla/4.0 (compatible; MSIE 6.0; Windows 98)"
71.195.188.4 - - [11/Jan/2006:21:17:40 -0500] "GET /images/header.gif HTTP/1.1" 200 26756 "http://www.darwinday.org/englishL/home/2006.php" "Mozilla/4.0 (compatible; MSIE 6.0; Windows 98)"
71.195.188.4 - - [11/Jan/2006:21:17:40 -0500] "GET /englishL/home/2006.php HTTP/1.1" 200 108983 "http://skepdic.com/recent.html" "Mozilla/4.0 (compatible; MSIE 6.0; Windows 98)"
71.195.188.4 - - [11/Jan/2006:21:17:41 -0500] "GET /englishL/images/titletrans.gif HTTP/1.1" 200 15588 "http://www.darwinday.org/englishL/home/2006.php" "Mozilla/4.0 (compatible; MSIE 6.0; Windows 98)"
71.195.188.4 - - [11/Jan/2006:21:17:41 -0500] "GET /englishL/images/navbar.gif HTTP/1.1" 200 2667 "http://www.darwinday.org/englishL/home/2006.php" "Mozilla/4.0 (compatible; MSIE 6.0; Windows 98)"
71.195.188.4 - - [11/Jan/2006:21:17:41 -0500] "GET /englishL/stylesheets/main.css HTTP/1.1" 200 536 "http://www.darwinday.org/englishL/home/2006.php" "Mozilla/4.0 (compatible; MSIE 6.0; Windows 98)"
71.195.188.4 - - [11/Jan/2006:21:17:41 -0500] "GET /images/worldmaptransp.gif HTTP/1.1" 200 128893 "http://www.darwinday.org/englishL/home/2006.php" "Mozilla/4.0 (compatible; MSIE 6.0; Windows 98)"
71.195.188.4 - - [11/Jan/2006:21:18:09 -0500] "GET /englishL/home/index.html HTTP/1.1" 200 25419 "http://www.darwinday.org/englishL/home/2006.php" "Mozilla/4.0 (compatible; MSIE 6.0; Windows 98)"
71.195.188.4 - - [11/Jan/2006:21:18:10 -0500] "GET /englishL/currarts.html HTTP/1.1" 200 5776 "http://www.darwinday.org/englishL/home/index.html" "Mozilla/4.0 (compatible; MSIE 6.0; Windows 98)"
71.195.188.4 - - [11/Jan/2006:21:18:10 -0500] "GET /images/arrow.gif HTTP/1.1" 200 112 "http://www.darwinday.org/englishL/home/index.html" "Mozilla/4.0 (compatible; MSIE 6.0; Windows 98)"
71.195.188.4 - - [11/Jan/2006:21:18:10 -0500] "GET /images/dnahorizl.gif HTTP/1.1" 200 2130 "http://www.darwinday.org/englishL/home/index.html" "Mozilla/4.0 (compatible; MSIE 6.0; Windows 98)"
71.195.188.4 - - [11/Jan/2006:21:18:10 -0500] "GET /images/dnahoriz.gif HTTP/1.1" 200 3391 "http://www.darwinday.org/englishL/home/index.html" "Mozilla/4.0 (compatible; MSIE 6.0; Windows 98)"
71.195.188.4 - - [11/Jan/2006:21:18:10 -0500] "GET /englishL/home/images/darwinages.gif HTTP/1.1" 200 50309 "http://www.darwinday.org/englishL/home/index.html" "Mozilla/4.0 (compatible; MSIE 6.0; Windows 98)"
71.195.188.4 - - [11/Jan/2006:21:18:10 -0500] "GET /images/dnahorizr.gif HTTP/1.1" 200 2104 "http://www.darwinday.org/englishL/home/index.html" "Mozilla/4.0 (compatible; MSIE 6.0; Windows 98)"
71.195.188.4 - - [11/Jan/2006:21:18:10 -0500] "GET /englishL/home/images/lincoln.gif HTTP/1.1" 200 11057 "http://www.darwinday.org/englishL/home/index.html" "Mozilla/4.0 (compatible; MSIE 6.0; Windows 98)"
71.195.188.4 - - [11/Jan/2006:21:18:10 -0500] "GET /englishL/home/images/darwin.gif HTTP/1.1" 200 13783 "http://www.darwinday.org/englishL/home/index.html" "Mozilla/4.0 (compatible; MSIE 6.0; Windows 98)"
71.195.188.4 - - [11/Jan/2006:21:18:10 -0500] "GET /images/trans.gif HTTP/1.1" 200 49 "http://www.darwinday.org/englishL/home/index.html" "Mozilla/4.0 (compatible; MSIE 6.0; Windows 98)"
71.195.188.4 - - [11/Jan/2006:21:18:11 -0500] "GET /englishL/home/images/manymore.gif HTTP/1.1" 200 581 "http://www.darwinday.org/englishL/home/index.html" "Mozilla/4.0 (compatible; MSIE 6.0; Windows 98)"
71.195.188.4 - - [11/Jan/2006:21:18:11 -0500] "GET /englishL/home/images/beagle.gif HTTP/1.1" 200 37108 "http://www.darwinday.org/englishL/home/index.html" "Mozilla/4.0 (compatible; MSIE 6.0; Windows 98)"
71.195.188.4 - - [11/Jan/2006:21:18:11 -0500] "GET /englishL/home/images/joinus.gif HTTP/1.1" 200 524 "http://www.darwinday.org/englishL/home/index.html" "Mozilla/4.0 (compatible; MSIE 6.0; Windows 98)"
71.195.188.4 - - [11/Jan/2006:21:18:11 -0500] "GET /images/DNAlogo.gif HTTP/1.1" 200 1370 "http://www.darwinday.org/englishL/currarts.html" "Mozilla/4.0 (compatible; MSIE 6.0; Windows 98)"
71.195.188.4 - - [11/Jan/2006:21:18:11 -0500] "GET /englishL/home/images/horse.evolution.jpg HTTP/1.1" 200 29612 "http://www.darwinday.org/englishL/home/index.html" "Mozilla/4.0 (compatible; MSIE 6.0; Windows 98)"
194.224.199.51 - - [11/Jan/2006:21:18:40 -0500] "GET /NEWlang/home/2005.php HTTP/1.1" 200 361875 "http://www.darwinday.org/NEWlang/home/index.html" "noxtrumbot/1.0 (crawler@noxtrum.com)"
71.195.188.4 - - [11/Jan/2006:21:18:47 -0500] "GET /englishL/regemail/index.php HTTP/1.1" 200 6113 "http://www.darwinday.org/englishL/home/index.html" "Mozilla/4.0 (compatible; MSIE 6.0; Windows 98)"
71.195.188.4 - - [11/Jan/2006:21:19:26 -0500] "POST /englishL/regemail/index.php? HTTP/1.1" 302 6113 "http://www.darwinday.org/englishL/regemail/index.php" "Mozilla/4.0 (compatible; MSIE 6.0; Windows 98)"
71.195.188.4 - - [11/Jan/2006:21:19:26 -0500] "GET /englishL/home/index.html? HTTP/1.1" 200 25419 "http://www.darwinday.org/englishL/regemail/index.php" "Mozilla/4.0 (compatible; MSIE 6.0; Windows 98)"
71.195.188.4 - - [11/Jan/2006:21:19:29 -0500] "GET /englishL/register/index.php HTTP/1.1" 200 20068 "http://www.darwinday.org/englishL/home/index.html?" "Mozilla/4.0 (compatible; MSIE 6.0; Windows 98)"
194.224.199.51 - - [11/Jan/2006:21:19:40 -0500] "GET /NEWlang/home/2006.php HTTP/1.1" 200 108980 "http://www.darwinday.org/NEWlang/home/index.html" "noxtrumbot/1.0 (crawler@noxtrum.com)"
68.254.180.152 - - [11/Jan/2006:21:19:51 -0500] "GET /Templates/mainenglishL.dwt HTTP/1.0" 304 - "-" "Mozilla/4.0 (compatible; MSIE 5.5; Windows NT 5.0) Fetch API Request"
68.254.180.152 - - [11/Jan/2006:21:19:51 -0500] "GET /stylesheets/main.css HTTP/1.0" 304 - "-" "Mozilla/4.0 (compatible; MSIE 5.5; Windows NT 5.0) Fetch API Request"
68.254.180.152 - - [11/Jan/2006:21:19:51 -0500] "GET /images/topleftlogo.gif HTTP/1.0" 304 - "-" "Mozilla/4.0 (compatible; MSIE 5.5; Windows NT 5.0) Fetch API Request"
68.254.180.152 - - [11/Jan/2006:21:19:51 -0500] "GET /images/header.gif HTTP/1.0" 304 - "-" "Mozilla/4.0 (compatible; MSIE 5.5; Windows NT 5.0) Fetch API Request"
68.254.180.152 - - [11/Jan/2006:21:19:51 -0500] "GET /chooselang/index.html HTTP/1.0" 304 - "-" "Mozilla/4.0 (compatible; MSIE 5.5; Windows NT 5.0) Fetch API Request"
68.254.180.152 - - [11/Jan/2006:21:19:51 -0500] "GET /images/worldmaptransp.gif HTTP/1.0" 304 - "-" "Mozilla/4.0 (compatible; MSIE 5.5; Windows NT 5.0) Fetch API Request"
68.254.180.152 - - [11/Jan/2006:21:19:51 -0500] "GET /englishL/images/titletrans.gif HTTP/1.0" 304 - "-" "Mozilla/4.0 (compatible; MSIE 5.5; Windows NT 5.0) Fetch API Request"
68.254.180.152 - - [11/Jan/2006:21:19:51 -0500] "GET /englishL/images/navbar.gif HTTP/1.0" 304 - "-" "Mozilla/4.0 (compatible; MSIE 5.5; Windows NT 5.0) Fetch API Request"
68.254.180.152 - - [11/Jan/2006:21:19:52 -0500] "GET /englishL/home/index.html HTTP/1.0" 200 25419 "-" "Mozilla/4.0 (compatible; MSIE 5.5; Windows NT 5.0) Fetch API Request"
68.254.180.152 - - [11/Jan/2006:21:19:52 -0500] "GET /englishL/events/index.html HTTP/1.0" 304 - "-" "Mozilla/4.0 (compatible; MSIE 5.5; Windows NT 5.0) Fetch API Request"
68.254.180.152 - - [11/Jan/2006:21:19:52 -0500] "GET /englishL/life/index.html HTTP/1.0" 304 - "-" "Mozilla/4.0 (compatible; MSIE 5.5; Windows NT 5.0) Fetch API Request"
68.254.180.152 - - [11/Jan/2006:21:19:52 -0500] "GET /englishL/evolution/index.html HTTP/1.0" 304 - "-" "Mozilla/4.0 (compatible; MSIE 5.5; Windows NT 5.0) Fetch API Request"
68.254.180.152 - - [11/Jan/2006:21:19:52 -0500] "GET /englishL/newsviews/index.html HTTP/1.0" 304 - "-" "Mozilla/4.0 (compatible; MSIE 5.5; Windows NT 5.0) Fetch API Request"
68.254.180.152 - - [11/Jan/2006:21:19:52 -0500] "GET /englishL/aboutddc/index.html HTTP/1.0" 304 - "-" "Mozilla/4.0 (compatible; MSIE 5.5; Windows NT 5.0) Fetch API Request"
68.254.180.152 - - [11/Jan/2006:21:19:52 -0500] "GET /englishL/life/shrewsbury.html HTTP/1.0" 304 - "-" "Mozilla/4.0 (compatible; MSIE 5.5; Windows NT 5.0) Fetch API Request"
68.254.180.152 - - [11/Jan/2006:21:19:52 -0500] "GET /images/goldball.gif HTTP/1.0" 304 - "-" "Mozilla/4.0 (compatible; MSIE 5.5; Windows NT 5.0) Fetch API Request"
68.254.180.152 - - [11/Jan/2006:21:19:52 -0500] "GET /englishL/life/college.html HTTP/1.0" 304 - "-" "Mozilla/4.0 (compatible; MSIE 5.5; Windows NT 5.0) Fetch API Request"
68.254.180.152 - - [11/Jan/2006:21:19:52 -0500] "GET /englishL/life/informal.html HTTP/1.0" 304 - "-" "Mozilla/4.0 (compatible; MSIE 5.5; Windows NT 5.0) Fetch API Request"
68.254.180.152 - - [11/Jan/2006:21:19:52 -0500] "GET /englishL/life/beagle.html HTTP/1.0" 304 - "-" "Mozilla/4.0 (compatible; MSIE 5.5; Windows NT 5.0) Fetch API Request"
68.254.180.152 - - [11/Jan/2006:21:19:52 -0500] "GET /englishL/life/cambridgeafter.html HTTP/1.0" 304 - "-" "Mozilla/4.0 (compatible; MSIE 5.5; Windows NT 5.0) Fetch API Request"
68.254.180.152 - - [11/Jan/2006:21:19:52 -0500] "GET /englishL/life/london.html HTTP/1.0" 304 - "-" "Mozilla/4.0 (compatible; MSIE 5.5; Windows NT 5.0) Fetch API Request"
68.254.180.152 - - [11/Jan/2006:21:19:52 -0500] "GET /englishL/life/downhouse.html HTTP/1.0" 304 - "-" "Mozilla/4.0 (compatible; MSIE 5.5; Windows NT 5.0) Fetch API Request"
68.254.180.152 - - [11/Jan/2006:21:19:53 -0500] "GET /englishL/life/paternal.html HTTP/1.0" 304 - "-" "Mozilla/4.0 (compatible; MSIE 5.5; Windows NT 5.0) Fetch API Request"
68.254.180.152 - - [11/Jan/2006:21:19:53 -0500] "GET /englishL/life/maternal.html HTTP/1.0" 304 - "-" "Mozilla/4.0 (compatible; MSIE 5.5; Windows NT 5.0) Fetch API Request"
68.254.180.152 - - [11/Jan/2006:21:19:53 -0500] "GET /englishL/life/parents.html HTTP/1.0" 304 - "-" "Mozilla/4.0 (compatible; MSIE 5.5; Windows NT 5.0) Fetch API Request"
68.254.180.152 - - [11/Jan/2006:21:19:53 -0500] "GET /englishL/life/siblings.html HTTP/1.0" 304 - "-" "Mozilla/4.0 (compatible; MSIE 5.5; Windows NT 5.0) Fetch API Request"
68.254.180.152 - - [11/Jan/2006:21:19:53 -0500] "GET /englishL/life/emma.html HTTP/1.0" 304 - "-" "Mozilla/4.0 (compatible; MSIE 5.5; Windows NT 5.0) Fetch API Request"
68.254.180.152 - - [11/Jan/2006:21:19:53 -0500] "GET /englishL/life/children.html HTTP/1.0" 304 - "-" "Mozilla/4.0 (compatible; MSIE 5.5; Windows NT 5.0) Fetch API Request"
194.224.199.51 - - [11/Jan/2006:21:20:37 -0500] "GET /NEWlang/home/2007.html HTTP/1.1" 200 4409 "http://www.darwinday.org/NEWlang/home/index.html" "noxtrumbot/1.0 (crawler@noxtrum.com)"
207.58.165.175 - - [11/Jan/2006:21:21:27 -0500] "GET / HTTP/1.1" 200 25029 "-" "-"
194.224.199.51 - - [11/Jan/2006:21:21:38 -0500] "GET /NEWlang/home/2008.html HTTP/1.1" 200 3964 "http://www.darwinday.org/NEWlang/home/index.html" "noxtrumbot/1.0 (crawler@noxtrum.com)"
71.195.188.4 - - [11/Jan/2006:21:22:00 -0500] "GET /images/navbar.gif HTTP/1.1" 200 2667 "http://www.darwinday.org/englishL/dispsupport/index.php" "Mozilla/4.0 (compatible; MSIE 6.0; Windows 98)"
71.195.188.4 - - [11/Jan/2006:21:22:04 -0500] "GET /englishL/dispsupport/index.php HTTP/1.1" 200 394344 "http://www.darwinday.org/englishL/home/index.html" "Mozilla/4.0 (compatible; MSIE 6.0; Windows 98)"
194.224.199.51 - - [11/Jan/2006:21:22:38 -0500] "GET /NEWlang/home/2009.html HTTP/1.1" 200 4590 "http://www.darwinday.org/NEWlang/home/index.html" "noxtrumbot/1.0 (crawler@noxtrum.com)"
63.226.17.98 - - [11/Jan/2006:21:22:54 -0500] "GET /stylesheets/main.css HTTP/1.1" 200 562 "http://www.darwinday.org/" "Mozilla/5.0 (Windows; U; Windows NT 5.1; en-US; rv:1.7.12) Gecko/20050915 Firefox/1.0.7"
63.226.17.98 - - [11/Jan/2006:21:22:54 -0500] "GET /images/topleftlogo.gif HTTP/1.1" 200 6907 "http://www.darwinday.org/" "Mozilla/5.0 (Windows; U; Windows NT 5.1; en-US; rv:1.7.12) Gecko/20050915 Firefox/1.0.7"
63.226.17.98 - - [11/Jan/2006:21:22:54 -0500] "GET / HTTP/1.1" 200 25029 "http://www.atheistalliance.org/" "Mozilla/5.0 (Windows; U; Windows NT 5.1; en-US; rv:1.7.12) Gecko/20050915 Firefox/1.0.7"
63.226.17.98 - - [11/Jan/2006:21:22:55 -0500] "GET /images/header.gif HTTP/1.1" 200 26756 "http://www.darwinday.org/" "Mozilla/5.0 (Windows; U; Windows NT 5.1; en-US; rv:1.7.12) Gecko/20050915 Firefox/1.0.7"
63.226.17.98 - - [11/Jan/2006:21:22:56 -0500] "GET /englishL/images/titletrans.gif HTTP/1.1" 200 15588 "http://www.darwinday.org/" "Mozilla/5.0 (Windows; U; Windows NT 5.1; en-US; rv:1.7.12) Gecko/20050915 Firefox/1.0.7"
63.226.17.98 - - [11/Jan/2006:21:22:56 -0500] "GET /englishL/images/navbar.gif HTTP/1.1" 200 2667 "http://www.darwinday.org/" "Mozilla/5.0 (Windows; U; Windows NT 5.1; en-US; rv:1.7.12) Gecko/20050915 Firefox/1.0.7"
63.226.17.98 - - [11/Jan/2006:21:22:58 -0500] "GET /englishL/home/images/darwinages.gif HTTP/1.1" 200 50309 "http://www.darwinday.org/" "Mozilla/5.0 (Windows; U; Windows NT 5.1; en-US; rv:1.7.12) Gecko/20050915 Firefox/1.0.7"
63.226.17.98 - - [11/Jan/2006:21:22:58 -0500] "GET /images/arrow.gif HTTP/1.1" 200 112 "http://www.darwinday.org/" "Mozilla/5.0 (Windows; U; Windows NT 5.1; en-US; rv:1.7.12) Gecko/20050915 Firefox/1.0.7"
63.226.17.98 - - [11/Jan/2006:21:22:59 -0500] "GET /images/dnahorizl.gif HTTP/1.1" 200 2130 "http://www.darwinday.org/" "Mozilla/5.0 (Windows; U; Windows NT 5.1; en-US; rv:1.7.12) Gecko/20050915 Firefox/1.0.7"
63.226.17.98 - - [11/Jan/2006:21:22:59 -0500] "GET /images/dnahoriz.gif HTTP/1.1" 200 3391 "http://www.darwinday.org/" "Mozilla/5.0 (Windows; U; Windows NT 5.1; en-US; rv:1.7.12) Gecko/20050915 Firefox/1.0.7"
63.226.17.98 - - [11/Jan/2006:21:22:59 -0500] "GET /images/dnahorizr.gif HTTP/1.1" 200 2104 "http://www.darwinday.org/" "Mozilla/5.0 (Windows; U; Windows NT 5.1; en-US; rv:1.7.12) Gecko/20050915 Firefox/1.0.7"
63.226.17.98 - - [11/Jan/2006:21:23:00 -0500] "GET /englishL/currarts.html HTTP/1.1" 200 5776 "http://www.darwinday.org/" "Mozilla/5.0 (Windows; U; Windows NT 5.1; en-US; rv:1.7.12) Gecko/20050915 Firefox/1.0.7"
63.226.17.98 - - [11/Jan/2006:21:23:00 -0500] "GET /images/worldmaptransp.gif HTTP/1.1" 200 128893 "http://www.darwinday.org/" "Mozilla/5.0 (Windows; U; Windows NT 5.1; en-US; rv:1.7.12) Gecko/20050915 Firefox/1.0.7"
63.226.17.98 - - [11/Jan/2006:21:23:00 -0500] "GET /englishL/home/images/lincoln.gif HTTP/1.1" 200 11057 "http://www.darwinday.org/" "Mozilla/5.0 (Windows; U; Windows NT 5.1; en-US; rv:1.7.12) Gecko/20050915 Firefox/1.0.7"
63.226.17.98 - - [11/Jan/2006:21:23:00 -0500] "GET /englishL/home/images/darwin.gif HTTP/1.1" 200 13783 "http://www.darwinday.org/" "Mozilla/5.0 (Windows; U; Windows NT 5.1; en-US; rv:1.7.12) Gecko/20050915 Firefox/1.0.7"
63.226.17.98 - - [11/Jan/2006:21:23:01 -0500] "GET /images/trans.gif HTTP/1.1" 200 49 "http://www.darwinday.org/" "Mozilla/5.0 (Windows; U; Windows NT 5.1; en-US; rv:1.7.12) Gecko/20050915 Firefox/1.0.7"
63.226.17.98 - - [11/Jan/2006:21:23:01 -0500] "GET /englishL/home/images/manymore.gif HTTP/1.1" 200 581 "http://www.darwinday.org/" "Mozilla/5.0 (Windows; U; Windows NT 5.1; en-US; rv:1.7.12) Gecko/20050915 Firefox/1.0.7"
63.226.17.98 - - [11/Jan/2006:21:23:01 -0500] "GET /englishL/home/images/joinus.gif HTTP/1.1" 200 524 "http://www.darwinday.org/" "Mozilla/5.0 (Windows; U; Windows NT 5.1; en-US; rv:1.7.12) Gecko/20050915 Firefox/1.0.7"
63.226.17.98 - - [11/Jan/2006:21:23:01 -0500] "GET /englishL/home/images/beagle.gif HTTP/1.1" 200 37108 "http://www.darwinday.org/" "Mozilla/5.0 (Windows; U; Windows NT 5.1; en-US; rv:1.7.12) Gecko/20050915 Firefox/1.0.7"
63.226.17.98 - - [11/Jan/2006:21:23:02 -0500] "GET /images/DNAlogo.gif HTTP/1.1" 200 1370 "http://www.darwinday.org/englishL/currarts.html" "Mozilla/5.0 (Windows; U; Windows NT 5.1; en-US; rv:1.7.12) Gecko/20050915 Firefox/1.0.7"
63.226.17.98 - - [11/Jan/2006:21:23:02 -0500] "GET /englishL/home/images/horse.evolution.jpg HTTP/1.1" 200 29612 "http://www.darwinday.org/" "Mozilla/5.0 (Windows; U; Windows NT 5.1; en-US; rv:1.7.12) Gecko/20050915 Firefox/1.0.7"
63.226.17.98 - - [11/Jan/2006:21:23:02 -0500] "GET /favicon.ico HTTP/1.1" 404 3496 "-" "Mozilla/5.0 (Windows; U; Windows NT 5.1; en-US; rv:1.7.12) Gecko/20050915 Firefox/1.0.7"
63.226.17.98 - - [11/Jan/2006:21:23:02 -0500] "GET /favicon.ico HTTP/1.1" 404 3496 "-" "Mozilla/5.0 (Windows; U; Windows NT 5.1; en-US; rv:1.7.12) Gecko/20050915 Firefox/1.0.7"
194.224.199.51 - - [11/Jan/2006:21:23:38 -0500] "GET /NEWlang/currarts.html HTTP/1.1" 200 5678 "http://www.darwinday.org/NEWlang/home/index.html" "noxtrumbot/1.0 (crawler@noxtrum.com)"
194.224.199.51 - - [11/Jan/2006:21:24:38 -0500] "GET /NEWlang/newsviews/darlin.html HTTP/1.1" 200 21630 "http://www.darwinday.org/NEWlang/home/index.html" "noxtrumbot/1.0 (crawler@noxtrum.com)"
71.195.188.4 - - [11/Jan/2006:21:24:49 -0500] "GET /englishL/life/index.html HTTP/1.1" 200 9958 "http://www.darwinday.org/englishL/home/index.html" "Mozilla/4.0 (compatible; MSIE 6.0; Windows 98)"
71.195.188.4 - - [11/Jan/2006:21:24:49 -0500] "GET /images/goldball.gif HTTP/1.1" 200 332 "http://www.darwinday.org/englishL/life/index.html" "Mozilla/4.0 (compatible; MSIE 6.0; Windows 98)"
71.195.188.4 - - [11/Jan/2006:21:24:57 -0500] "GET /englishL/life/children.html HTTP/1.1" 200 13763 "http://www.darwinday.org/englishL/life/index.html" "Mozilla/4.0 (compatible; MSIE 6.0; Windows 98)"
71.195.188.4 - - [11/Jan/2006:21:24:58 -0500] "GET /englishL/life/images/family/william-t.jpg HTTP/1.1" 200 20679 "http://www.darwinday.org/englishL/life/children.html" "Mozilla/4.0 (compatible; MSIE 6.0; Windows 98)"
71.195.188.4 - - [11/Jan/2006:21:24:58 -0500] "GET /englishL/life/images/family/william49-t.jpg HTTP/1.1" 200 27982 "http://www.darwinday.org/englishL/life/children.html" "Mozilla/4.0 (compatible; MSIE 6.0; Windows 98)"
71.195.188.4 - - [11/Jan/2006:21:24:58 -0500] "GET /englishL/life/images/family/anne-t.jpg HTTP/1.1" 200 33680 "http://www.darwinday.org/englishL/life/children.html" "Mozilla/4.0 (compatible; MSIE 6.0; Windows 98)"
71.195.188.4 - - [11/Jan/2006:21:24:58 -0500] "GET /englishL/life/images/family/henrietta49-t.jpg HTTP/1.1" 200 35806 "http://www.darwinday.org/englishL/life/children.html" "Mozilla/4.0 (compatible; MSIE 6.0; Windows 98)"
71.195.188.4 - - [11/Jan/2006:21:24:58 -0500] "GET /englishL/life/images/family/henrietta51-t.jpg HTTP/1.1" 200 26405 "http://www.darwinday.org/englishL/life/children.html" "Mozilla/4.0 (compatible; MSIE 6.0; Windows 98)"
71.195.188.4 - - [11/Jan/2006:21:24:58 -0500] "GET /englishL/life/images/family/henrietta-brown-t.jpg HTTP/1.1" 200 22218 "http://www.darwinday.org/englishL/life/children.html" "Mozilla/4.0 (compatible; MSIE 6.0; Windows 98)"
71.195.188.4 - - [11/Jan/2006:21:24:58 -0500] "GET /englishL/life/images/family/henrietta-emma-t.jpg HTTP/1.1" 200 19540 "http://www.darwinday.org/englishL/life/children.html" "Mozilla/4.0 (compatible; MSIE 6.0; Windows 98)"
71.195.188.4 - - [11/Jan/2006:21:24:59 -0500] "GET /englishL/life/images/family/george-t.jpg HTTP/1.1" 200 28664 "http://www.darwinday.org/englishL/life/children.html" "Mozilla/4.0 (compatible; MSIE 6.0; Windows 98)"
71.195.188.4 - - [11/Jan/2006:21:24:59 -0500] "GET /englishL/life/images/family/elizabeth-darwin-t.jpg HTTP/1.1" 200 18932 "http://www.darwinday.org/englishL/life/children.html" "Mozilla/4.0 (compatible; MSIE 6.0; Windows 98)"
71.195.188.4 - - [11/Jan/2006:21:24:59 -0500] "GET /englishL/life/images/family/elizabeth-brown-t.jpg HTTP/1.1" 200 24876 "http://www.darwinday.org/englishL/life/children.html" "Mozilla/4.0 (compatible; MSIE 6.0; Windows 98)"
71.195.188.4 - - [11/Jan/2006:21:24:59 -0500] "GET /englishL/life/images/family/elizabeth-t.jpg HTTP/1.1" 200 23782 "http://www.darwinday.org/englishL/life/children.html" "Mozilla/4.0 (compatible; MSIE 6.0; Windows 98)"
71.195.188.4 - - [11/Jan/2006:21:24:59 -0500] "GET /englishL/life/images/family/sirfrancis-t.jpg HTTP/1.1" 200 23752 "http://www.darwinday.org/englishL/life/children.html" "Mozilla/4.0 (compatible; MSIE 6.0; Windows 98)"
71.195.188.4 - - [11/Jan/2006:21:24:59 -0500] "GET /englishL/life/images/family/emmaleonard-t.jpg HTTP/1.1" 200 30318 "http://www.darwinday.org/englishL/life/children.html" "Mozilla/4.0 (compatible; MSIE 6.0; Windows 98)"
71.195.188.4 - - [11/Jan/2006:21:24:59 -0500] "GET /englishL/life/images/family/leoonard-t.jpg HTTP/1.1" 200 22160 "http://www.darwinday.org/englishL/life/children.html" "Mozilla/4.0 (compatible; MSIE 6.0; Windows 98)"
71.195.188.4 - - [11/Jan/2006:21:25:00 -0500] "GET /englishL/life/images/family/sirhorace-t.jpg HTTP/1.1" 200 23757 "http://www.darwinday.org/englishL/life/children.html" "Mozilla/4.0 (compatible; MSIE 6.0; Windows 98)"
71.195.188.4 - - [11/Jan/2006:21:25:00 -0500] "GET /englishL/life/images/family/emmacharles-t.jpg HTTP/1.1" 200 21327 "http://www.darwinday.org/englishL/life/children.html" "Mozilla/4.0 (compatible; MSIE 6.0; Windows 98)"
71.195.188.4 - - [11/Jan/2006:21:25:00 -0500] "GET /englishL/life/images/family/sirgeorge-t.jpg HTTP/1.1" 200 21838 "http://www.darwinday.org/englishL/life/children.html" "Mozilla/4.0 (compatible; MSIE 6.0; Windows 98)"
194.224.199.51 - - [11/Jan/2006:21:25:38 -0500] "GET /NEWlang/newsviews/essays.html HTTP/1.1" 200 7674 "http://www.darwinday.org/NEWlang/home/index.html" "noxtrumbot/1.0 (crawler@noxtrum.com)"
65.54.188.55 - - [11/Jan/2006:21:26:03 -0500] "GET /tbp/collection-one.html HTTP/1.0" 404 3496 "-" "msnbot/1.0 (+http://search.msn.com/msnbot.htm)"
194.224.199.51 - - [11/Jan/2006:21:26:38 -0500] "GET /NEWlang/aboutddc/advisory.html HTTP/1.1" 200 27480 "http://www.darwinday.org/NEWlang/home/index.html" "noxtrumbot/1.0 (crawler@noxtrum.com)"
71.195.188.4 - - [11/Jan/2006:21:27:02 -0500] "GET /englishL/events/index.html HTTP/1.1" 200 0 "http://www.darwinday.org/englishL/life/children.html" "Mozilla/4.0 (compatible; MSIE 6.0; Windows 98)"
71.195.188.4 - - [11/Jan/2006:21:27:02 -0500] "GET /englishL/events/index.html HTTP/1.1" 200 4710 "http://www.darwinday.org/englishL/life/children.html" "Mozilla/4.0 (compatible; MSIE 6.0; Windows 98)"
71.195.188.4 - - [11/Jan/2006:21:27:08 -0500] "GET /englishL/home/2006.php HTTP/1.1" 200 108983 "http://www.darwinday.org/englishL/events/index.html" "Mozilla/4.0 (compatible; MSIE 6.0; Windows 98)"
194.224.199.51 - - [11/Jan/2006:21:27:42 -0500] "GET /NEWlang/dispsupport/index.php HTTP/1.1" 200 394342 "http://www.darwinday.org/NEWlang/home/index.html" "noxtrumbot/1.0 (crawler@noxtrum.com)"
194.224.199.51 - - [11/Jan/2006:21:28:38 -0500] "GET /NEWlang/assistevent/index.html HTTP/1.1" 200 25455 "http://www.darwinday.org/NEWlang/events/index.html" "noxtrumbot/1.0 (crawler@noxtrum.com)"
194.224.199.51 - - [11/Jan/2006:21:29:39 -0500] "GET /NEWlang/life/shrewsbury.html HTTP/1.1" 200 37621 "http://www.darwinday.org/NEWlang/life/index.html" "noxtrumbot/1.0 (crawler@noxtrum.com)"
81.208.60.207 - - [11/Jan/2006:21:30:34 -0500] "GET / HTTP/1.1" 200 25029 "-" "Mozilla/4.0 (compatible; MSIE 5.0; Windows NT; DigExt; DTS Agent"
194.224.199.51 - - [11/Jan/2006:21:30:39 -0500] "GET /NEWlang/life/college.html HTTP/1.1" 200 16993 "http://www.darwinday.org/NEWlang/life/index.html" "noxtrumbot/1.0 (crawler@noxtrum.com)"
65.54.164.34 - - [11/Jan/2006:21:30:57 -0500] "GET /robots.txt HTTP/1.0" 404 3483 "-" "msnbot/0.9 (+http://search.msn.com/msnbot.htm)"
65.54.164.34 - - [11/Jan/2006:21:30:57 -0500] "GET /englishL/aboutddc/contact.html HTTP/1.0" 200 3457 "-" "msnbot/0.9 (+http://search.msn.com/msnbot.htm)"
65.54.164.34 - - [11/Jan/2006:21:30:59 -0500] "GET /englishL/life/shrewsbury.html HTTP/1.0" 200 37679 "-" "msnbot/0.9 (+http://search.msn.com/msnbot.htm)"
65.54.164.34 - - [11/Jan/2006:21:31:00 -0500] "GET /englishL/newsviews/news.html HTTP/1.0" 200 13520 "-" "msnbot/0.9 (+http://search.msn.com/msnbot.htm)"
65.54.164.34 - - [11/Jan/2006:21:31:01 -0500] "GET /NEWlang/home/index.html HTTP/1.0" 200 25484 "-" "msnbot/0.9 (+http://search.msn.com/msnbot.htm)"
194.224.199.51 - - [11/Jan/2006:21:31:39 -0500] "GET /NEWlang/life/informal.html HTTP/1.1" 200 13897 "http://www.darwinday.org/NEWlang/life/index.html" "noxtrumbot/1.0 (crawler@noxtrum.com)"
194.224.199.51 - - [11/Jan/2006:21:32:39 -0500] "GET /NEWlang/life/beagle.html HTTP/1.1" 200 20654 "http://www.darwinday.org/NEWlang/life/index.html" "noxtrumbot/1.0 (crawler@noxtrum.com)"
207.200.116.136 - - [11/Jan/2006:21:32:54 -0500] "HEAD / HTTP/1.0" 200 0 "-" "-"
65.214.44.197 - - [11/Jan/2006:21:33:01 -0500] "GET /robots.txt HTTP/1.0" 404 3483 "-" "Mozilla/2.0 (compatible; Ask Jeeves/Teoma; +http://sp.ask.com/docs/about/tech_crawling.html)"
65.214.44.197 - - [11/Jan/2006:21:33:09 -0500] "GET / HTTP/1.0" 200 25029 "-" "Mozilla/2.0 (compatible; Ask Jeeves/Teoma; +http://sp.ask.com/docs/about/tech_crawling.html)"
68.194.191.38 - - [11/Jan/2006:21:33:29 -0500] "GET /stylesheets/main.css HTTP/1.1" 200 562 "http://www.darwinday.org/" "Mozilla/4.0 (compatible; MSIE 6.0; Windows NT 5.1; SV1; .NET CLR 1.1.4322)"
68.194.191.38 - - [11/Jan/2006:21:33:29 -0500] "GET / HTTP/1.1" 200 25029 "http://mail.ncc.edu/frame.html?rtfPossible=true&lang=en" "Mozilla/4.0 (compatible; MSIE 6.0; Windows NT 5.1; SV1; .NET CLR 1.1.4322)"
68.194.191.38 - - [11/Jan/2006:21:33:29 -0500] "GET /images/topleftlogo.gif HTTP/1.1" 200 6907 "http://www.darwinday.org/" "Mozilla/4.0 (compatible; MSIE 6.0; Windows NT 5.1; SV1; .NET CLR 1.1.4322)"
68.194.191.38 - - [11/Jan/2006:21:33:29 -0500] "GET /englishL/currarts.html HTTP/1.1" 200 5776 "http://www.darwinday.org/" "Mozilla/4.0 (compatible; MSIE 6.0; Windows NT 5.1; SV1; .NET CLR 1.1.4322)"
68.194.191.38 - - [11/Jan/2006:21:33:30 -0500] "GET /images/header.gif HTTP/1.1" 200 26756 "http://www.darwinday.org/" "Mozilla/4.0 (compatible; MSIE 6.0; Windows NT 5.1; SV1; .NET CLR 1.1.4322)"
68.194.191.38 - - [11/Jan/2006:21:33:30 -0500] "GET /englishL/images/titletrans.gif HTTP/1.1" 200 15588 "http://www.darwinday.org/" "Mozilla/4.0 (compatible; MSIE 6.0; Windows NT 5.1; SV1; .NET CLR 1.1.4322)"
68.194.191.38 - - [11/Jan/2006:21:33:30 -0500] "GET /englishL/images/navbar.gif HTTP/1.1" 200 2667 "http://www.darwinday.org/" "Mozilla/4.0 (compatible; MSIE 6.0; Windows NT 5.1; SV1; .NET CLR 1.1.4322)"
68.194.191.38 - - [11/Jan/2006:21:33:30 -0500] "GET /images/worldmaptransp.gif HTTP/1.1" 200 128893 "http://www.darwinday.org/" "Mozilla/4.0 (compatible; MSIE 6.0; Windows NT 5.1; SV1; .NET CLR 1.1.4322)"
68.194.191.38 - - [11/Jan/2006:21:33:30 -0500] "GET /images/arrow.gif HTTP/1.1" 200 112 "http://www.darwinday.org/" "Mozilla/4.0 (compatible; MSIE 6.0; Windows NT 5.1; SV1; .NET CLR 1.1.4322)"
68.194.191.38 - - [11/Jan/2006:21:33:30 -0500] "GET /images/dnahorizl.gif HTTP/1.1" 200 2130 "http://www.darwinday.org/" "Mozilla/4.0 (compatible; MSIE 6.0; Windows NT 5.1; SV1; .NET CLR 1.1.4322)"
68.194.191.38 - - [11/Jan/2006:21:33:30 -0500] "GET /englishL/home/images/darwinages.gif HTTP/1.1" 200 50309 "http://www.darwinday.org/" "Mozilla/4.0 (compatible; MSIE 6.0; Windows NT 5.1; SV1; .NET CLR 1.1.4322)"
68.194.191.38 - - [11/Jan/2006:21:33:30 -0500] "GET /images/dnahoriz.gif HTTP/1.1" 200 3391 "http://www.darwinday.org/" "Mozilla/4.0 (compatible; MSIE 6.0; Windows NT 5.1; SV1; .NET CLR 1.1.4322)"
68.194.191.38 - - [11/Jan/2006:21:33:30 -0500] "GET /images/dnahorizr.gif HTTP/1.1" 200 2104 "http://www.darwinday.org/" "Mozilla/4.0 (compatible; MSIE 6.0; Windows NT 5.1; SV1; .NET CLR 1.1.4322)"
68.194.191.38 - - [11/Jan/2006:21:33:30 -0500] "GET /englishL/home/images/lincoln.gif HTTP/1.1" 200 11057 "http://www.darwinday.org/" "Mozilla/4.0 (compatible; MSIE 6.0; Windows NT 5.1; SV1; .NET CLR 1.1.4322)"
68.194.191.38 - - [11/Jan/2006:21:33:30 -0500] "GET /englishL/home/images/darwin.gif HTTP/1.1" 200 13783 "http://www.darwinday.org/" "Mozilla/4.0 (compatible; MSIE 6.0; Windows NT 5.1; SV1; .NET CLR 1.1.4322)"
68.194.191.38 - - [11/Jan/2006:21:33:30 -0500] "GET /englishL/home/images/beagle.gif HTTP/1.1" 200 37108 "http://www.darwinday.org/" "Mozilla/4.0 (compatible; MSIE 6.0; Windows NT 5.1; SV1; .NET CLR 1.1.4322)"
68.194.191.38 - - [11/Jan/2006:21:33:31 -0500] "GET /images/trans.gif HTTP/1.1" 200 49 "http://www.darwinday.org/" "Mozilla/4.0 (compatible; MSIE 6.0; Windows NT 5.1; SV1; .NET CLR 1.1.4322)"
68.194.191.38 - - [11/Jan/2006:21:33:31 -0500] "GET /englishL/home/images/manymore.gif HTTP/1.1" 200 581 "http://www.darwinday.org/" "Mozilla/4.0 (compatible; MSIE 6.0; Windows NT 5.1; SV1; .NET CLR 1.1.4322)"
68.194.191.38 - - [11/Jan/2006:21:33:31 -0500] "GET /englishL/home/images/joinus.gif HTTP/1.1" 200 524 "http://www.darwinday.org/" "Mozilla/4.0 (compatible; MSIE 6.0; Windows NT 5.1; SV1; .NET CLR 1.1.4322)"
68.194.191.38 - - [11/Jan/2006:21:33:31 -0500] "GET /englishL/home/images/horse.evolution.jpg HTTP/1.1" 200 29612 "http://www.darwinday.org/" "Mozilla/4.0 (compatible; MSIE 6.0; Windows NT 5.1; SV1; .NET CLR 1.1.4322)"
