128.196.202.96 - - [17/Jan/2006:15:23:03 -0500] "GET /englishL/images/navbar.gif HTTP/1.1" 200 2667 "http://www.darwinday.org/" "Mozilla/4.0 (compatible; MSIE 6.0; Windows NT 5.1; .NET CLR 1.1.4322)"
128.196.202.96 - - [17/Jan/2006:15:23:03 -0500] "GET /englishL/home/images/darwinages.gif HTTP/1.1" 200 50309 "http://www.darwinday.org/" "Mozilla/4.0 (compatible; MSIE 6.0; Windows NT 5.1; .NET CLR 1.1.4322)"
128.196.202.96 - - [17/Jan/2006:15:23:03 -0500] "GET /images/arrow.gif HTTP/1.1" 200 112 "http://www.darwinday.org/" "Mozilla/4.0 (compatible; MSIE 6.0; Windows NT 5.1; .NET CLR 1.1.4322)"
128.196.202.96 - - [17/Jan/2006:15:23:03 -0500] "GET /images/dnahorizl.gif HTTP/1.1" 200 2130 "http://www.darwinday.org/" "Mozilla/4.0 (compatible; MSIE 6.0; Windows NT 5.1; .NET CLR 1.1.4322)"
128.196.202.96 - - [17/Jan/2006:15:23:03 -0500] "GET /images/dnahoriz.gif HTTP/1.1" 200 3391 "http://www.darwinday.org/" "Mozilla/4.0 (compatible; MSIE 6.0; Windows NT 5.1; .NET CLR 1.1.4322)"
128.196.202.96 - - [17/Jan/2006:15:23:04 -0500] "GET /images/dnahorizr.gif HTTP/1.1" 200 2104 "http://www.darwinday.org/" "Mozilla/4.0 (compatible; MSIE 6.0; Windows NT 5.1; .NET CLR 1.1.4322)"
128.196.202.96 - - [17/Jan/2006:15:23:04 -0500] "GET /englishL/home/images/lincoln.gif HTTP/1.1" 200 11057 "http://www.darwinday.org/" "Mozilla/4.0 (compatible; MSIE 6.0; Windows NT 5.1; .NET CLR 1.1.4322)"
128.196.202.96 - - [17/Jan/2006:15:23:04 -0500] "GET /englishL/home/images/darwin.gif HTTP/1.1" 200 13783 "http://www.darwinday.org/" "Mozilla/4.0 (compatible; MSIE 6.0; Windows NT 5.1; .NET CLR 1.1.4322)"
128.196.202.96 - - [17/Jan/2006:15:23:04 -0500] "GET /englishL/home/images/beagle.gif HTTP/1.1" 200 37108 "http://www.darwinday.org/" "Mozilla/4.0 (compatible; MSIE 6.0; Windows NT 5.1; .NET CLR 1.1.4322)"
128.196.202.96 - - [17/Jan/2006:15:23:05 -0500] "GET /images/trans.gif HTTP/1.1" 200 49 "http://www.darwinday.org/" "Mozilla/4.0 (compatible; MSIE 6.0; Windows NT 5.1; .NET CLR 1.1.4322)"
128.196.202.96 - - [17/Jan/2006:15:23:05 -0500] "GET /englishL/home/images/manymore.gif HTTP/1.1" 200 581 "http://www.darwinday.org/" "Mozilla/4.0 (compatible; MSIE 6.0; Windows NT 5.1; .NET CLR 1.1.4322)"
128.196.202.96 - - [17/Jan/2006:15:23:05 -0500] "GET /englishL/home/images/joinus.gif HTTP/1.1" 200 524 "http://www.darwinday.org/" "Mozilla/4.0 (compatible; MSIE 6.0; Windows NT 5.1; .NET CLR 1.1.4322)"
128.196.202.96 - - [17/Jan/2006:15:23:05 -0500] "GET /englishL/home/images/horse.evolution.jpg HTTP/1.1" 200 29612 "http://www.darwinday.org/" "Mozilla/4.0 (compatible; MSIE 6.0; Windows NT 5.1; .NET CLR 1.1.4322)"
128.196.202.96 - - [17/Jan/2006:15:23:06 -0500] "GET /images/worldmaptransp.gif HTTP/1.1" 200 128893 "http://www.darwinday.org/" "Mozilla/4.0 (compatible; MSIE 6.0; Windows NT 5.1; .NET CLR 1.1.4322)"
128.196.202.96 - - [17/Jan/2006:15:23:06 -0500] "GET /images/DNAlogo.gif HTTP/1.1" 200 1370 "http://www.darwinday.org/englishL/currarts.html" "Mozilla/4.0 (compatible; MSIE 6.0; Windows NT 5.1; .NET CLR 1.1.4322)"
128.196.202.96 - - [17/Jan/2006:15:23:10 -0500] "GET /englishL/events/index.html HTTP/1.1" 200 4710 "http://www.darwinday.org/" "Mozilla/4.0 (compatible; MSIE 6.0; Windows NT 5.1; .NET CLR 1.1.4322)"
128.196.202.96 - - [17/Jan/2006:15:23:10 -0500] "GET /images/goldball.gif HTTP/1.1" 200 332 "http://www.darwinday.org/englishL/events/index.html" "Mozilla/4.0 (compatible; MSIE 6.0; Windows NT 5.1; .NET CLR 1.1.4322)"
24.247.166.110 - - [17/Jan/2006:15:23:29 -0500] "GET /favicon.ico HTTP/1.1" 404 3496 "-" "Mozilla/4.0 (compatible; MSIE 6.0; Windows NT 5.1; SV1; Maxthon; .NET CLR 1.1.4322)"
24.247.166.110 - - [17/Jan/2006:15:23:33 -0500] "GET /englishL/events/index.html HTTP/1.1" 200 4710 "http://www.darwinday.org/" "Mozilla/4.0 (compatible; MSIE 6.0; Windows NT 5.1; SV1; Maxthon; .NET CLR 1.1.4322)"
24.247.166.110 - - [17/Jan/2006:15:23:33 -0500] "GET /images/goldball.gif HTTP/1.1" 200 332 "http://www.darwinday.org/englishL/events/index.html" "Mozilla/4.0 (compatible; MSIE 6.0; Windows NT 5.1; SV1; Maxthon; .NET CLR 1.1.4322)"
24.247.166.110 - - [17/Jan/2006:15:23:33 -0500] "GET /favicon.ico HTTP/1.1" 404 3496 "-" "Mozilla/4.0 (compatible; MSIE 6.0; Windows NT 5.1; SV1; Maxthon; .NET CLR 1.1.4322)"
24.247.166.110 - - [17/Jan/2006:15:23:42 -0500] "GET /englishL/home/2005.php HTTP/1.1" 200 362493 "http://www.darwinday.org/englishL/events/index.html" "Mozilla/4.0 (compatible; MSIE 6.0; Windows NT 5.1; SV1; Maxthon; .NET CLR 1.1.4322)"
24.247.166.110 - - [17/Jan/2006:15:23:42 -0500] "GET /englishL/stylesheets/main.css HTTP/1.1" 200 536 "http://www.darwinday.org/englishL/home/2005.php" "Mozilla/4.0 (compatible; MSIE 6.0; Windows NT 5.1; SV1; Maxthon; .NET CLR 1.1.4322)"
24.247.166.110 - - [17/Jan/2006:15:23:43 -0500] "GET /favicon.ico HTTP/1.1" 404 3496 "-" "Mozilla/4.0 (compatible; MSIE 6.0; Windows NT 5.1; SV1; Maxthon; .NET CLR 1.1.4322)"
24.247.166.110 - - [17/Jan/2006:15:23:52 -0500] "GET /englishL/home/index.html HTTP/1.1" 200 25530 "http://www.darwinday.org/englishL/home/2005.php" "Mozilla/4.0 (compatible; MSIE 6.0; Windows NT 5.1; SV1; Maxthon; .NET CLR 1.1.4322)"
24.247.166.110 - - [17/Jan/2006:15:23:52 -0500] "GET /favicon.ico HTTP/1.1" 404 3496 "-" "Mozilla/4.0 (compatible; MSIE 6.0; Windows NT 5.1; SV1; Maxthon; .NET CLR 1.1.4322)"
82.165.239.23 - - [17/Jan/2006:15:27:08 -0500] "GET / HTTP/1.1" 200 25029 "-" "Mozilla/4.0 (compatible; MSIE 5.5; Windows NT 5.0)"
82.165.239.23 - - [17/Jan/2006:15:27:09 -0500] "GET /stylesheets/main.css HTTP/1.1" 200 562 "http://www.darwinday.org/" "Mozilla/4.0 (compatible; MSIE 5.5; Windows NT 5.0)"
82.165.239.23 - - [17/Jan/2006:15:27:09 -0500] "GET /images/topleftlogo.gif HTTP/1.1" 200 6907 "http://www.darwinday.org/" "Mozilla/4.0 (compatible; MSIE 5.5; Windows NT 5.0)"
82.165.239.23 - - [17/Jan/2006:15:27:09 -0500] "GET /englishL/images/navbar.gif HTTP/1.1" 200 2667 "http://www.darwinday.org/" "Mozilla/4.0 (compatible; MSIE 5.5; Windows NT 5.0)"
82.165.239.23 - - [17/Jan/2006:15:27:10 -0500] "GET /images/arrow.gif HTTP/1.1" 200 112 "http://www.darwinday.org/" "Mozilla/4.0 (compatible; MSIE 5.5; Windows NT 5.0)"
82.165.239.23 - - [17/Jan/2006:15:27:10 -0500] "GET /englishL/home/images/darwinages.gif HTTP/1.1" 200 50309 "http://www.darwinday.org/" "Mozilla/4.0 (compatible; MSIE 5.5; Windows NT 5.0)"
82.165.239.23 - - [17/Jan/2006:15:27:10 -0500] "GET /images/dnahoriz.gif HTTP/1.1" 200 3391 "http://www.darwinday.org/" "Mozilla/4.0 (compatible; MSIE 5.5; Windows NT 5.0)"
82.165.239.23 - - [17/Jan/2006:15:27:10 -0500] "GET /englishL/home/images/lincoln.gif HTTP/1.1" 200 11057 "http://www.darwinday.org/" "Mozilla/4.0 (compatible; MSIE 5.5; Windows NT 5.0)"
82.165.239.23 - - [17/Jan/2006:15:27:11 -0500] "GET /englishL/home/images/beagle.gif HTTP/1.1" 200 37108 "http://www.darwinday.org/" "Mozilla/4.0 (compatible; MSIE 5.5; Windows NT 5.0)"
82.165.239.23 - - [17/Jan/2006:15:27:11 -0500] "GET /images/trans.gif HTTP/1.1" 200 49 "http://www.darwinday.org/" "Mozilla/4.0 (compatible; MSIE 5.5; Windows NT 5.0)"
82.165.239.23 - - [17/Jan/2006:15:27:11 -0500] "GET /englishL/home/images/joinus.gif HTTP/1.1" 200 524 "http://www.darwinday.org/" "Mozilla/4.0 (compatible; MSIE 5.5; Windows NT 5.0)"
82.165.239.23 - - [17/Jan/2006:15:27:11 -0500] "GET /englishL/currarts.html HTTP/1.1" 200 5652 "-" "Mozilla/4.0 (compatible; MSIE 5.5; Windows NT 5.0)"
82.165.239.23 - - [17/Jan/2006:15:27:11 -0500] "GET /images/DNAlogo.gif HTTP/1.1" 200 1370 "http://www.darwinday.org/englishL/currarts.html" "Mozilla/4.0 (compatible; MSIE 5.5; Windows NT 5.0)"
82.165.239.23 - - [17/Jan/2006:15:27:17 -0500] "GET /images/worldmaptransp.gif HTTP/1.1" 200 128893 "http://www.darwinday.org/" "Mozilla/4.0 (compatible; MSIE 5.5; Windows NT 5.0)"
82.165.239.23 - - [17/Jan/2006:15:27:17 -0500] "GET /englishL/images/titletrans.gif HTTP/1.1" 200 15588 "http://www.darwinday.org/" "Mozilla/4.0 (compatible; MSIE 5.5; Windows NT 5.0)"
82.165.239.23 - - [17/Jan/2006:15:27:18 -0500] "GET /images/header.gif HTTP/1.1" 200 26756 "http://www.darwinday.org/" "Mozilla/4.0 (compatible; MSIE 5.5; Windows NT 5.0)"
82.165.239.23 - - [17/Jan/2006:15:27:18 -0500] "GET /images/dnahorizl.gif HTTP/1.1" 200 2130 "http://www.darwinday.org/" "Mozilla/4.0 (compatible; MSIE 5.5; Windows NT 5.0)"
82.165.239.23 - - [17/Jan/2006:15:27:18 -0500] "GET /images/dnahorizr.gif HTTP/1.1" 200 2104 "http://www.darwinday.org/" "Mozilla/4.0 (compatible; MSIE 5.5; Windows NT 5.0)"
82.165.239.23 - - [17/Jan/2006:15:27:18 -0500] "GET /englishL/home/images/darwin.gif HTTP/1.1" 200 13783 "http://www.darwinday.org/" "Mozilla/4.0 (compatible; MSIE 5.5; Windows NT 5.0)"
82.165.239.23 - - [17/Jan/2006:15:27:18 -0500] "GET /englishL/home/images/manymore.gif HTTP/1.1" 200 581 "http://www.darwinday.org/" "Mozilla/4.0 (compatible; MSIE 5.5; Windows NT 5.0)"
82.165.239.23 - - [17/Jan/2006:15:27:18 -0500] "GET /englishL/home/images/horse.evolution.jpg HTTP/1.1" 200 29612 "http://www.darwinday.org/" "Mozilla/4.0 (compatible; MSIE 5.5; Windows NT 5.0)"
24.247.166.110 - - [17/Jan/2006:15:27:24 -0500] "GET /stylesheets/main.css HTTP/1.1" 304 - "http://www.darwinday.org/englishL/home/2002.html" "Mozilla/4.0 (compatible; MSIE 6.0; Windows NT 5.1; SV1; Maxthon; .NET CLR 1.1.4322)"
24.247.166.110 - - [17/Jan/2006:15:27:24 -0500] "GET /images/topleftlogo.gif HTTP/1.1" 304 - "http://www.darwinday.org/englishL/home/2002.html" "Mozilla/4.0 (compatible; MSIE 6.0; Windows NT 5.1; SV1; Maxthon; .NET CLR 1.1.4322)"
24.247.166.110 - - [17/Jan/2006:15:27:24 -0500] "GET /images/header.gif HTTP/1.1" 304 - "http://www.darwinday.org/englishL/home/2002.html" "Mozilla/4.0 (compatible; MSIE 6.0; Windows NT 5.1; SV1; Maxthon; .NET CLR 1.1.4322)"
24.247.166.110 - - [17/Jan/2006:15:27:24 -0500] "GET /englishL/home/2002.html HTTP/1.1" 200 26505 "http://www.google.com/search?hl=en&q=darwin+day+celebrations+high+school&btnG=Google+Search" "Mozilla/4.0 (compatible; MSIE 6.0; Windows NT 5.1; SV1; Maxthon; .NET CLR 1.1.4322)"
24.247.166.110 - - [17/Jan/2006:15:27:24 -0500] "GET /images/worldmaptransp.gif HTTP/1.1" 304 - "http://www.darwinday.org/englishL/home/2002.html" "Mozilla/4.0 (compatible; MSIE 6.0; Windows NT 5.1; SV1; Maxthon; .NET CLR 1.1.4322)"
24.247.166.110 - - [17/Jan/2006:15:27:24 -0500] "GET /englishL/images/titletrans.gif HTTP/1.1" 304 - "http://www.darwinday.org/englishL/home/2002.html" "Mozilla/4.0 (compatible; MSIE 6.0; Windows NT 5.1; SV1; Maxthon; .NET CLR 1.1.4322)"
24.247.166.110 - - [17/Jan/2006:15:27:24 -0500] "GET /englishL/images/navbar.gif HTTP/1.1" 304 - "http://www.darwinday.org/englishL/home/2002.html" "Mozilla/4.0 (compatible; MSIE 6.0; Windows NT 5.1; SV1; Maxthon; .NET CLR 1.1.4322)"
24.247.166.110 - - [17/Jan/2006:15:27:24 -0500] "GET /favicon.ico HTTP/1.1" 404 3496 "-" "Mozilla/4.0 (compatible; MSIE 6.0; Windows NT 5.1; SV1; Maxthon; .NET CLR 1.1.4322)"
24.247.166.110 - - [17/Jan/2006:15:27:37 -0500] "GET /favicon.ico HTTP/1.1" 404 3496 "-" "Mozilla/4.0 (compatible; MSIE 6.0; Windows NT 5.1; SV1; Maxthon; .NET CLR 1.1.4322)"
24.247.166.110 - - [17/Jan/2006:15:28:04 -0500] "GET /favicon.ico HTTP/1.1" 404 3496 "-" "Mozilla/4.0 (compatible; MSIE 6.0; Windows NT 5.1; SV1; Maxthon; .NET CLR 1.1.4322)"
67.134.161.153 - - [17/Jan/2006:15:30:21 -0500] "GET / HTTP/1.1" 200 25029 "http://www.google.com/search?q=darwin+birthdate&sourceid=mozilla-search&start=0&start=0&ie=utf-8&oe=utf-8&client=firefox-a&rls=org.mozilla:en-US:official" "Mozilla/5.0 (Windows; U; Windows NT 5.1; en-US; rv:1.7.6) Gecko/20050225 Firefox/1.0.1"
155.104.239.17 - - [17/Jan/2006:15:31:02 -0500] "GET /images/topleftlogo.gif HTTP/1.1" 200 6907 "http://www.darwinday.org/" "Mozilla/4.0 (compatible; MSIE 6.0; Windows NT 5.1; .NET CLR 1.1.4322)"
155.104.239.17 - - [17/Jan/2006:15:31:02 -0500] "GET /englishL/images/navbar.gif HTTP/1.1" 200 2667 "http://www.darwinday.org/" "Mozilla/4.0 (compatible; MSIE 6.0; Windows NT 5.1; .NET CLR 1.1.4322)"
155.104.239.17 - - [17/Jan/2006:15:31:02 -0500] "GET /stylesheets/main.css HTTP/1.1" 200 562 "http://www.darwinday.org/" "Mozilla/4.0 (compatible; MSIE 6.0; Windows NT 5.1; .NET CLR 1.1.4322)"
155.104.239.17 - - [17/Jan/2006:15:31:02 -0500] "GET / HTTP/1.1" 200 25029 "http://www.uclan.ac.uk/psychology/bully/darwin/" "Mozilla/4.0 (compatible; MSIE 6.0; Windows NT 5.1; .NET CLR 1.1.4322)"
155.104.239.17 - - [17/Jan/2006:15:31:02 -0500] "GET /images/arrow.gif HTTP/1.1" 200 112 "http://www.darwinday.org/" "Mozilla/4.0 (compatible; MSIE 6.0; Windows NT 5.1; .NET CLR 1.1.4322)"
155.104.239.17 - - [17/Jan/2006:15:31:02 -0500] "GET /englishL/images/titletrans.gif HTTP/1.1" 200 15588 "http://www.darwinday.org/" "Mozilla/4.0 (compatible; MSIE 6.0; Windows NT 5.1; .NET CLR 1.1.4322)"
155.104.239.17 - - [17/Jan/2006:15:31:02 -0500] "GET /images/dnahorizl.gif HTTP/1.1" 200 2130 "http://www.darwinday.org/" "Mozilla/4.0 (compatible; MSIE 6.0; Windows NT 5.1; .NET CLR 1.1.4322)"
155.104.239.17 - - [17/Jan/2006:15:31:02 -0500] "GET /images/dnahoriz.gif HTTP/1.1" 200 3391 "http://www.darwinday.org/" "Mozilla/4.0 (compatible; MSIE 6.0; Windows NT 5.1; .NET CLR 1.1.4322)"
155.104.239.17 - - [17/Jan/2006:15:31:02 -0500] "GET /images/dnahorizr.gif HTTP/1.1" 200 2104 "http://www.darwinday.org/" "Mozilla/4.0 (compatible; MSIE 6.0; Windows NT 5.1; .NET CLR 1.1.4322)"
155.104.239.17 - - [17/Jan/2006:15:31:02 -0500] "GET /englishL/home/images/lincoln.gif HTTP/1.1" 200 11057 "http://www.darwinday.org/" "Mozilla/4.0 (compatible; MSIE 6.0; Windows NT 5.1; .NET CLR 1.1.4322)"
155.104.239.17 - - [17/Jan/2006:15:31:02 -0500] "GET /englishL/currarts.html HTTP/1.1" 200 5652 "http://www.darwinday.org/" "Mozilla/4.0 (compatible; MSIE 6.0; Windows NT 5.1; .NET CLR 1.1.4322)"
155.104.239.17 - - [17/Jan/2006:15:31:02 -0500] "GET /images/trans.gif HTTP/1.1" 200 49 "http://www.darwinday.org/" "Mozilla/4.0 (compatible; MSIE 6.0; Windows NT 5.1; .NET CLR 1.1.4322)"
155.104.239.17 - - [17/Jan/2006:15:31:02 -0500] "GET /englishL/home/images/manymore.gif HTTP/1.1" 200 581 "http://www.darwinday.org/" "Mozilla/4.0 (compatible; MSIE 6.0; Windows NT 5.1; .NET CLR 1.1.4322)"
155.104.239.17 - - [17/Jan/2006:15:31:02 -0500] "GET /images/header.gif HTTP/1.1" 200 26756 "http://www.darwinday.org/" "Mozilla/4.0 (compatible; MSIE 6.0; Windows NT 5.1; .NET CLR 1.1.4322)"
155.104.239.17 - - [17/Jan/2006:15:31:02 -0500] "GET /englishL/home/images/joinus.gif HTTP/1.1" 200 524 "http://www.darwinday.org/" "Mozilla/4.0 (compatible; MSIE 6.0; Windows NT 5.1; .NET CLR 1.1.4322)"
155.104.239.17 - - [17/Jan/2006:15:31:02 -0500] "GET /englishL/home/images/darwin.gif HTTP/1.1" 200 13783 "http://www.darwinday.org/" "Mozilla/4.0 (compatible; MSIE 6.0; Windows NT 5.1; .NET CLR 1.1.4322)"
155.104.239.17 - - [17/Jan/2006:15:31:02 -0500] "GET /englishL/home/images/darwinages.gif HTTP/1.1" 200 50309 "http://www.darwinday.org/" "Mozilla/4.0 (compatible; MSIE 6.0; Windows NT 5.1; .NET CLR 1.1.4322)"
155.104.239.17 - - [17/Jan/2006:15:31:02 -0500] "GET /images/worldmaptransp.gif HTTP/1.1" 200 128893 "http://www.darwinday.org/" "Mozilla/4.0 (compatible; MSIE 6.0; Windows NT 5.1; .NET CLR 1.1.4322)"
155.104.239.17 - - [17/Jan/2006:15:31:03 -0500] "GET /englishL/home/images/beagle.gif HTTP/1.1" 200 37108 "http://www.darwinday.org/" "Mozilla/4.0 (compatible; MSIE 6.0; Windows NT 5.1; .NET CLR 1.1.4322)"
155.104.239.17 - - [17/Jan/2006:15:31:03 -0500] "GET /englishL/home/images/horse.evolution.jpg HTTP/1.1" 200 29612 "http://www.darwinday.org/" "Mozilla/4.0 (compatible; MSIE 6.0; Windows NT 5.1; .NET CLR 1.1.4322)"
155.104.239.17 - - [17/Jan/2006:15:31:03 -0500] "GET /images/DNAlogo.gif HTTP/1.1" 200 1370 "http://www.darwinday.org/englishL/currarts.html" "Mozilla/4.0 (compatible; MSIE 6.0; Windows NT 5.1; .NET CLR 1.1.4322)"
196.3.62.3 - - [17/Jan/2006:15:32:26 -0500] "GET /images/topleftlogo.gif HTTP/1.1" 200 6907 "http://216.239.59.104/search?q=cache:Zdad72LjoIEJ:www.darwinday.org/NEWlang/home/2006.php+%2B7+Dr.greg+2005++%22%40yahoo.com%22&hl=en" "Mozilla/4.0 (compatible; MSIE 6.0; Windows NT 5.1; SV1)"
196.3.62.3 - - [17/Jan/2006:15:32:26 -0500] "GET /stylesheets/main.css HTTP/1.1" 200 562 "http://216.239.59.104/search?q=cache:Zdad72LjoIEJ:www.darwinday.org/NEWlang/home/2006.php+%2B7+Dr.greg+2005++%22%40yahoo.com%22&hl=en" "Mozilla/4.0 (compatible; MSIE 6.0; Windows NT 5.1; SV1)"
196.3.62.3 - - [17/Jan/2006:15:32:39 -0500] "GET /images/header.gif HTTP/1.1" 200 26756 "http://216.239.59.104/search?q=cache:Zdad72LjoIEJ:www.darwinday.org/NEWlang/home/2006.php+%2B7+Dr.greg+2005++%22%40yahoo.com%22&hl=en" "Mozilla/4.0 (compatible; MSIE 6.0; Windows NT 5.1; SV1)"
196.3.62.3 - - [17/Jan/2006:15:32:46 -0500] "GET /NEWlang/images/titletrans.gif HTTP/1.1" 200 15588 "http://216.239.59.104/search?q=cache:Zdad72LjoIEJ:www.darwinday.org/NEWlang/home/2006.php+%2B7+Dr.greg+2005++%22%40yahoo.com%22&hl=en" "Mozilla/4.0 (compatible; MSIE 6.0; Windows NT 5.1; SV1)"
196.3.62.3 - - [17/Jan/2006:15:33:01 -0500] "GET /images/worldmaptransp.gif HTTP/1.1" 200 128893 "http://216.239.59.104/search?q=cache:Zdad72LjoIEJ:www.darwinday.org/NEWlang/home/2006.php+%2B7+Dr.greg+2005++%22%40yahoo.com%22&hl=en" "Mozilla/4.0 (compatible; MSIE 6.0; Windows NT 5.1; SV1)"
196.3.62.3 - - [17/Jan/2006:15:33:07 -0500] "GET /NEWlang/images/navbar.gif HTTP/1.1" 200 2667 "http://216.239.59.104/search?q=cache:Zdad72LjoIEJ:www.darwinday.org/NEWlang/home/2006.php+%2B7+Dr.greg+2005++%22%40yahoo.com%22&hl=en" "Mozilla/4.0 (compatible; MSIE 6.0; Windows NT 5.1; SV1)"
196.3.62.3 - - [17/Jan/2006:15:33:11 -0500] "GET /NEWlang/stylesheets/main.css HTTP/1.1" 200 536 "http://216.239.59.104/search?q=cache:Zdad72LjoIEJ:www.darwinday.org/NEWlang/home/2006.php+%2B7+Dr.greg+2005++%22%40yahoo.com%22&hl=en" "Mozilla/4.0 (compatible; MSIE 6.0; Windows NT 5.1; SV1)"
81.151.82.176 - - [17/Jan/2006:15:38:53 -0500] "GET /stylesheets/main.css HTTP/1.1" 200 562 "http://www.darwinday.org/NEWlang/dispsupport/index.php" "Mozilla/4.0 (compatible; MSIE 6.0; Windows NT 5.1; YPC 3.0.2; SV1; .NET CLR 1.1.4322; HbTools 4.7.1; yplus 4.3.02b)"
81.151.82.176 - - [17/Jan/2006:15:38:53 -0500] "GET /images/topleftlogo.gif HTTP/1.1" 200 6907 "http://www.darwinday.org/NEWlang/dispsupport/index.php" "Mozilla/4.0 (compatible; MSIE 6.0; Windows NT 5.1; YPC 3.0.2; SV1; .NET CLR 1.1.4322; HbTools 4.7.1; yplus 4.3.02b)"
81.151.82.176 - - [17/Jan/2006:15:38:54 -0500] "GET /images/header.gif HTTP/1.1" 200 26756 "http://www.darwinday.org/NEWlang/dispsupport/index.php" "Mozilla/4.0 (compatible; MSIE 6.0; Windows NT 5.1; YPC 3.0.2; SV1; .NET CLR 1.1.4322; HbTools 4.7.1; yplus 4.3.02b)"
81.151.82.176 - - [17/Jan/2006:15:39:51 -0500] "GET /images/worldmaptransp.gif HTTP/1.1" 200 128893 "http://www.darwinday.org/NEWlang/dispsupport/index.php" "Mozilla/4.0 (compatible; MSIE 6.0; Windows NT 5.1; YPC 3.0.2; SV1; .NET CLR 1.1.4322; HbTools 4.7.1; yplus 4.3.02b)"
81.151.82.176 - - [17/Jan/2006:15:39:52 -0500] "GET /NEWlang/images/titletrans.gif HTTP/1.1" 200 15588 "http://www.darwinday.org/NEWlang/dispsupport/index.php" "Mozilla/4.0 (compatible; MSIE 6.0; Windows NT 5.1; YPC 3.0.2; SV1; .NET CLR 1.1.4322; HbTools 4.7.1; yplus 4.3.02b)"
81.151.82.176 - - [17/Jan/2006:15:39:52 -0500] "GET /NEWlang/dispsupport/index.php HTTP/1.1" 200 63904 "http://uk.search.yahoo.com/search?p=Richard+Dawkins+%28BSc+Oxon.%29&prssweb=Search&ei=UTF-8&fl=0&meta=vc%3D&pstart=1&fr=fp-tab-web-t-1&b=11" "Mozilla/4.0 (compatible; MSIE 6.0; Windows NT 5.1; YPC 3.0.2; SV1; .NET CLR 1.1.4322; HbTools 4.7.1; yplus 4.3.02b)"
128.6.71.112 - - [17/Jan/2006:15:40:39 -0500] "GET /stylesheets/main.css HTTP/1.1" 200 562 "http://www.darwinday.org/" "Mozilla/5.0 (Macintosh; U; PPC Mac OS X; en) AppleWebKit/416.12 (KHTML, like Gecko) Safari/416.13"
128.6.71.112 - - [17/Jan/2006:15:40:39 -0500] "GET /images/topleftlogo.gif HTTP/1.1" 200 6907 "http://www.darwinday.org/" "Mozilla/5.0 (Macintosh; U; PPC Mac OS X; en) AppleWebKit/416.12 (KHTML, like Gecko) Safari/416.13"
128.6.71.112 - - [17/Jan/2006:15:40:40 -0500] "GET / HTTP/1.1" 200 25029 "-" "Mozilla/5.0 (Macintosh; U; PPC Mac OS X; en) AppleWebKit/416.12 (KHTML, like Gecko) Safari/416.13"
128.6.71.112 - - [17/Jan/2006:15:40:40 -0500] "GET /englishL/images/titletrans.gif HTTP/1.1" 200 15588 "http://www.darwinday.org/" "Mozilla/5.0 (Macintosh; U; PPC Mac OS X; en) AppleWebKit/416.12 (KHTML, like Gecko) Safari/416.13"
128.6.71.112 - - [17/Jan/2006:15:40:40 -0500] "GET /englishL/images/navbar.gif HTTP/1.1" 200 2667 "http://www.darwinday.org/" "Mozilla/5.0 (Macintosh; U; PPC Mac OS X; en) AppleWebKit/416.12 (KHTML, like Gecko) Safari/416.13"
132.238.151.73 - - [17/Jan/2006:15:40:41 -0500] "GET /stylesheets/main.css HTTP/1.1" 200 562 "http://www.darwinday.org/" "Mozilla/4.0 (compatible; MSIE 6.0; Windows NT 5.1; .NET CLR 1.1.4322)"
132.238.151.73 - - [17/Jan/2006:15:40:41 -0500] "GET /images/topleftlogo.gif HTTP/1.1" 200 6907 "http://www.darwinday.org/" "Mozilla/4.0 (compatible; MSIE 6.0; Windows NT 5.1; .NET CLR 1.1.4322)"
132.238.151.73 - - [17/Jan/2006:15:40:41 -0500] "GET / HTTP/1.1" 200 25029 "-" "Mozilla/4.0 (compatible; MSIE 6.0; Windows NT 5.1; .NET CLR 1.1.4322)"
128.6.71.112 - - [17/Jan/2006:15:40:41 -0500] "GET /images/dnahorizr.gif HTTP/1.1" 200 2104 "http://www.darwinday.org/" "Mozilla/5.0 (Macintosh; U; PPC Mac OS X; en) AppleWebKit/416.12 (KHTML, like Gecko) Safari/416.13"
132.238.151.73 - - [17/Jan/2006:15:40:41 -0500] "GET /englishL/currarts.html HTTP/1.1" 200 5652 "http://www.darwinday.org/" "Mozilla/4.0 (compatible; MSIE 6.0; Windows NT 5.1; .NET CLR 1.1.4322)"
132.238.151.73 - - [17/Jan/2006:15:40:41 -0500] "GET /images/header.gif HTTP/1.1" 200 26756 "http://www.darwinday.org/" "Mozilla/4.0 (compatible; MSIE 6.0; Windows NT 5.1; .NET CLR 1.1.4322)"
132.238.151.73 - - [17/Jan/2006:15:40:41 -0500] "GET /englishL/images/titletrans.gif HTTP/1.1" 200 15588 "http://www.darwinday.org/" "Mozilla/4.0 (compatible; MSIE 6.0; Windows NT 5.1; .NET CLR 1.1.4322)"
132.238.151.73 - - [17/Jan/2006:15:40:41 -0500] "GET /englishL/images/navbar.gif HTTP/1.1" 200 2667 "http://www.darwinday.org/" "Mozilla/4.0 (compatible; MSIE 6.0; Windows NT 5.1; .NET CLR 1.1.4322)"
132.238.151.73 - - [17/Jan/2006:15:40:41 -0500] "GET /englishL/home/images/darwinages.gif HTTP/1.1" 200 50309 "http://www.darwinday.org/" "Mozilla/4.0 (compatible; MSIE 6.0; Windows NT 5.1; .NET CLR 1.1.4322)"
128.6.71.112 - - [17/Jan/2006:15:40:41 -0500] "GET /images/arrow.gif HTTP/1.1" 200 112 "http://www.darwinday.org/" "Mozilla/5.0 (Macintosh; U; PPC Mac OS X; en) AppleWebKit/416.12 (KHTML, like Gecko) Safari/416.13"
132.238.151.73 - - [17/Jan/2006:15:40:41 -0500] "GET /images/arrow.gif HTTP/1.1" 200 112 "http://www.darwinday.org/" "Mozilla/4.0 (compatible; MSIE 6.0; Windows NT 5.1; .NET CLR 1.1.4322)"
132.238.151.73 - - [17/Jan/2006:15:40:41 -0500] "GET /images/worldmaptransp.gif HTTP/1.1" 200 128893 "http://www.darwinday.org/" "Mozilla/4.0 (compatible; MSIE 6.0; Windows NT 5.1; .NET CLR 1.1.4322)"
132.238.151.73 - - [17/Jan/2006:15:40:41 -0500] "GET /images/dnahorizl.gif HTTP/1.1" 200 2130 "http://www.darwinday.org/" "Mozilla/4.0 (compatible; MSIE 6.0; Windows NT 5.1; .NET CLR 1.1.4322)"
132.238.151.73 - - [17/Jan/2006:15:40:41 -0500] "GET /images/dnahoriz.gif HTTP/1.1" 200 3391 "http://www.darwinday.org/" "Mozilla/4.0 (compatible; MSIE 6.0; Windows NT 5.1; .NET CLR 1.1.4322)"
132.238.151.73 - - [17/Jan/2006:15:40:41 -0500] "GET /images/dnahorizr.gif HTTP/1.1" 200 2104 "http://www.darwinday.org/" "Mozilla/4.0 (compatible; MSIE 6.0; Windows NT 5.1; .NET CLR 1.1.4322)"
132.238.151.73 - - [17/Jan/2006:15:40:41 -0500] "GET /englishL/home/images/lincoln.gif HTTP/1.1" 200 11057 "http://www.darwinday.org/" "Mozilla/4.0 (compatible; MSIE 6.0; Windows NT 5.1; .NET CLR 1.1.4322)"
132.238.151.73 - - [17/Jan/2006:15:40:41 -0500] "GET /englishL/home/images/darwin.gif HTTP/1.1" 200 13783 "http://www.darwinday.org/" "Mozilla/4.0 (compatible; MSIE 6.0; Windows NT 5.1; .NET CLR 1.1.4322)"
132.238.151.73 - - [17/Jan/2006:15:40:41 -0500] "GET /englishL/home/images/beagle.gif HTTP/1.1" 200 37108 "http://www.darwinday.org/" "Mozilla/4.0 (compatible; MSIE 6.0; Windows NT 5.1; .NET CLR 1.1.4322)"
132.238.151.73 - - [17/Jan/2006:15:40:41 -0500] "GET /images/trans.gif HTTP/1.1" 200 49 "http://www.darwinday.org/" "Mozilla/4.0 (compatible; MSIE 6.0; Windows NT 5.1; .NET CLR 1.1.4322)"
132.238.151.73 - - [17/Jan/2006:15:40:41 -0500] "GET /englishL/home/images/manymore.gif HTTP/1.1" 200 581 "http://www.darwinday.org/" "Mozilla/4.0 (compatible; MSIE 6.0; Windows NT 5.1; .NET CLR 1.1.4322)"
128.6.71.112 - - [17/Jan/2006:15:40:41 -0500] "GET /images/dnahoriz.gif HTTP/1.1" 200 3391 "http://www.darwinday.org/" "Mozilla/5.0 (Macintosh; U; PPC Mac OS X; en) AppleWebKit/416.12 (KHTML, like Gecko) Safari/416.13"
132.238.151.73 - - [17/Jan/2006:15:40:41 -0500] "GET /englishL/home/images/joinus.gif HTTP/1.1" 200 524 "http://www.darwinday.org/" "Mozilla/4.0 (compatible; MSIE 6.0; Windows NT 5.1; .NET CLR 1.1.4322)"
132.238.151.73 - - [17/Jan/2006:15:40:42 -0500] "GET /englishL/home/images/horse.evolution.jpg HTTP/1.1" 200 29612 "http://www.darwinday.org/" "Mozilla/4.0 (compatible; MSIE 6.0; Windows NT 5.1; .NET CLR 1.1.4322)"
132.238.151.73 - - [17/Jan/2006:15:40:42 -0500] "GET /images/DNAlogo.gif HTTP/1.1" 200 1370 "http://www.darwinday.org/englishL/currarts.html" "Mozilla/4.0 (compatible; MSIE 6.0; Windows NT 5.1; .NET CLR 1.1.4322)"
128.6.71.112 - - [17/Jan/2006:15:40:42 -0500] "GET /englishL/home/images/beagle.gif HTTP/1.1" 200 37108 "http://www.darwinday.org/" "Mozilla/5.0 (Macintosh; U; PPC Mac OS X; en) AppleWebKit/416.12 (KHTML, like Gecko) Safari/416.13"
128.6.71.112 - - [17/Jan/2006:15:40:42 -0500] "GET /images/header.gif HTTP/1.1" 200 26756 "http://www.darwinday.org/" "Mozilla/5.0 (Macintosh; U; PPC Mac OS X; en) AppleWebKit/416.12 (KHTML, like Gecko) Safari/416.13"
128.6.71.112 - - [17/Jan/2006:15:40:42 -0500] "GET /favicon.ico HTTP/1.1" 404 3496 "-" "Mozilla/5.0 (Macintosh; U; PPC Mac OS X; en) AppleWebKit/416.12 (KHTML, like Gecko) Safari/416.13"
128.6.71.112 - - [17/Jan/2006:15:40:43 -0500] "GET /englishL/home/images/darwin.gif HTTP/1.1" 200 13783 "http://www.darwinday.org/" "Mozilla/5.0 (Macintosh; U; PPC Mac OS X; en) AppleWebKit/416.12 (KHTML, like Gecko) Safari/416.13"
128.6.71.112 - - [17/Jan/2006:15:40:45 -0500] "GET /englishL/home/images/horse.evolution.jpg HTTP/1.1" 200 29612 "http://www.darwinday.org/" "Mozilla/5.0 (Macintosh; U; PPC Mac OS X; en) AppleWebKit/416.12 (KHTML, like Gecko) Safari/416.13"
128.6.71.112 - - [17/Jan/2006:15:40:46 -0500] "GET /englishL/home/images/darwinages.gif HTTP/1.1" 200 50309 "http://www.darwinday.org/" "Mozilla/5.0 (Macintosh; U; PPC Mac OS X; en) AppleWebKit/416.12 (KHTML, like Gecko) Safari/416.13"
128.6.71.112 - - [17/Jan/2006:15:40:46 -0500] "GET /images/worldmaptransp.gif HTTP/1.1" 200 128893 "http://www.darwinday.org/" "Mozilla/5.0 (Macintosh; U; PPC Mac OS X; en) AppleWebKit/416.12 (KHTML, like Gecko) Safari/416.13"
128.6.71.112 - - [17/Jan/2006:15:40:46 -0500] "GET /englishL/currarts.html HTTP/1.1" 200 5652 "http://www.darwinday.org/" "Mozilla/5.0 (Macintosh; U; PPC Mac OS X; en) AppleWebKit/416.12 (KHTML, like Gecko) Safari/416.13"
128.6.71.112 - - [17/Jan/2006:15:40:47 -0500] "GET /englishL/home/images/manymore.gif HTTP/1.1" 200 581 "http://www.darwinday.org/" "Mozilla/5.0 (Macintosh; U; PPC Mac OS X; en) AppleWebKit/416.12 (KHTML, like Gecko) Safari/416.13"
128.6.71.112 - - [17/Jan/2006:15:40:47 -0500] "GET /images/DNAlogo.gif HTTP/1.1" 200 1370 "http://www.darwinday.org/englishL/currarts.html" "Mozilla/5.0 (Macintosh; U; PPC Mac OS X; en) AppleWebKit/416.12 (KHTML, like Gecko) Safari/416.13"
128.6.71.112 - - [17/Jan/2006:15:40:48 -0500] "GET /images/dnahorizl.gif HTTP/1.1" 200 2130 "http://www.darwinday.org/" "Mozilla/5.0 (Macintosh; U; PPC Mac OS X; en) AppleWebKit/416.12 (KHTML, like Gecko) Safari/416.13"
128.6.71.112 - - [17/Jan/2006:15:40:49 -0500] "GET /englishL/home/images/lincoln.gif HTTP/1.1" 200 11057 "http://www.darwinday.org/" "Mozilla/5.0 (Macintosh; U; PPC Mac OS X; en) AppleWebKit/416.12 (KHTML, like Gecko) Safari/416.13"
128.6.71.112 - - [17/Jan/2006:15:40:49 -0500] "GET /images/trans.gif HTTP/1.1" 200 49 "http://www.darwinday.org/" "Mozilla/5.0 (Macintosh; U; PPC Mac OS X; en) AppleWebKit/416.12 (KHTML, like Gecko) Safari/416.13"
128.6.71.112 - - [17/Jan/2006:15:40:50 -0500] "GET /englishL/home/images/joinus.gif HTTP/1.1" 200 524 "http://www.darwinday.org/" "Mozilla/5.0 (Macintosh; U; PPC Mac OS X; en) AppleWebKit/416.12 (KHTML, like Gecko) Safari/416.13"
134.82.59.115 - - [17/Jan/2006:15:43:55 -0500] "GET /stylesheets/main.css HTTP/1.1" 200 562 "http://www.darwinday.org/home/index.html" "Mozilla/5.0 (Macintosh; U; PPC Mac OS X; en-us) AppleWebKit/412 (KHTML, like Gecko) Safari/412"
134.82.59.115 - - [17/Jan/2006:15:43:58 -0500] "GET /images/topleftlogo.gif HTTP/1.1" 200 6907 "http://www.darwinday.org/home/index.html" "Mozilla/5.0 (Macintosh; U; PPC Mac OS X; en-us) AppleWebKit/412 (KHTML, like Gecko) Safari/412"
134.82.59.115 - - [17/Jan/2006:15:43:59 -0500] "GET /englishL/images/titletrans.gif HTTP/1.1" 200 15588 "http://www.darwinday.org/home/index.html" "Mozilla/5.0 (Macintosh; U; PPC Mac OS X; en-us) AppleWebKit/412 (KHTML, like Gecko) Safari/412"
134.82.59.115 - - [17/Jan/2006:15:43:59 -0500] "GET /images/header.gif HTTP/1.1" 200 26756 "http://www.darwinday.org/home/index.html" "Mozilla/5.0 (Macintosh; U; PPC Mac OS X; en-us) AppleWebKit/412 (KHTML, like Gecko) Safari/412"
134.82.59.115 - - [17/Jan/2006:15:44:03 -0500] "GET /images/arrow.gif HTTP/1.1" 200 112 "http://www.darwinday.org/home/index.html" "Mozilla/5.0 (Macintosh; U; PPC Mac OS X; en-us) AppleWebKit/412 (KHTML, like Gecko) Safari/412"
134.82.59.115 - - [17/Jan/2006:15:44:04 -0500] "GET /images/dnahoriz.gif HTTP/1.1" 200 3391 "http://www.darwinday.org/home/index.html" "Mozilla/5.0 (Macintosh; U; PPC Mac OS X; en-us) AppleWebKit/412 (KHTML, like Gecko) Safari/412"
134.82.59.115 - - [17/Jan/2006:15:44:04 -0500] "GET /englishL/home/images/darwinages.gif HTTP/1.1" 200 50309 "http://www.darwinday.org/home/index.html" "Mozilla/5.0 (Macintosh; U; PPC Mac OS X; en-us) AppleWebKit/412 (KHTML, like Gecko) Safari/412"
134.82.59.115 - - [17/Jan/2006:15:44:05 -0500] "GET /home/index.html HTTP/1.1" 200 25272 "http://www.swarthmore.edu/NatSci/cpurrin1/evolk12/posse/chazhasaposse.htm" "Mozilla/5.0 (Macintosh; U; PPC Mac OS X; en-us) AppleWebKit/412 (KHTML, like Gecko) Safari/412"
134.82.59.115 - - [17/Jan/2006:15:44:05 -0500] "GET /englishL/home/images/darwin.gif HTTP/1.1" 200 13783 "http://www.darwinday.org/home/index.html" "Mozilla/5.0 (Macintosh; U; PPC Mac OS X; en-us) AppleWebKit/412 (KHTML, like Gecko) Safari/412"
86.128.124.216 - - [17/Jan/2006:15:44:06 -0500] "GET /stylesheets/main.css HTTP/1.1" 200 562 "http://www.darwinday.org/" "Mozilla/4.0 (compatible; MSIE 6.0; Windows NT 5.1; SV1)"
134.82.59.115 - - [17/Jan/2006:15:44:06 -0500] "GET /images/dnahorizl.gif HTTP/1.1" 200 2130 "http://www.darwinday.org/home/index.html" "Mozilla/5.0 (Macintosh; U; PPC Mac OS X; en-us) AppleWebKit/412 (KHTML, like Gecko) Safari/412"
86.128.124.216 - - [17/Jan/2006:15:44:07 -0500] "GET /images/topleftlogo.gif HTTP/1.1" 200 6907 "http://www.darwinday.org/" "Mozilla/4.0 (compatible; MSIE 6.0; Windows NT 5.1; SV1)"
86.128.124.216 - - [17/Jan/2006:15:44:07 -0500] "GET / HTTP/1.1" 200 25029 "http://www.simonyi.ox.ac.uk/dawkins/WorldOfDawkins-archive/News/events_all.shtml" "Mozilla/4.0 (compatible; MSIE 6.0; Windows NT 5.1; SV1)"
134.82.59.115 - - [17/Jan/2006:15:44:08 -0500] "GET /englishL/currarts.html HTTP/1.1" 200 5652 "http://www.darwinday.org/home/index.html" "Mozilla/5.0 (Macintosh; U; PPC Mac OS X; en-us) AppleWebKit/412 (KHTML, like Gecko) Safari/412"
86.128.124.216 - - [17/Jan/2006:15:44:08 -0500] "GET /englishL/currarts.html HTTP/1.1" 200 5652 "http://www.darwinday.org/" "Mozilla/4.0 (compatible; MSIE 6.0; Windows NT 5.1; SV1)"
134.82.59.115 - - [17/Jan/2006:15:44:09 -0500] "GET /englishL/images/navbar.gif HTTP/1.1" 200 2667 "http://www.darwinday.org/home/index.html" "Mozilla/5.0 (Macintosh; U; PPC Mac OS X; en-us) AppleWebKit/412 (KHTML, like Gecko) Safari/412"
86.128.124.216 - - [17/Jan/2006:15:44:09 -0500] "GET /images/header.gif HTTP/1.1" 200 26756 "http://www.darwinday.org/" "Mozilla/4.0 (compatible; MSIE 6.0; Windows NT 5.1; SV1)"
134.82.59.115 - - [17/Jan/2006:15:44:09 -0500] "GET /images/trans.gif HTTP/1.1" 200 49 "http://www.darwinday.org/home/index.html" "Mozilla/5.0 (Macintosh; U; PPC Mac OS X; en-us) AppleWebKit/412 (KHTML, like Gecko) Safari/412"
86.128.124.216 - - [17/Jan/2006:15:44:09 -0500] "GET /englishL/images/titletrans.gif HTTP/1.1" 200 15588 "http://www.darwinday.org/" "Mozilla/4.0 (compatible; MSIE 6.0; Windows NT 5.1; SV1)"
134.82.59.115 - - [17/Jan/2006:15:44:10 -0500] "GET /englishL/home/images/lincoln.gif HTTP/1.1" 200 11057 "http://www.darwinday.org/home/index.html" "Mozilla/5.0 (Macintosh; U; PPC Mac OS X; en-us) AppleWebKit/412 (KHTML, like Gecko) Safari/412"
134.82.59.115 - - [17/Jan/2006:15:44:10 -0500] "GET /favicon.ico HTTP/1.1" 404 3496 "-" "Mozilla/5.0 (Macintosh; U; PPC Mac OS X; en-us) AppleWebKit/412 (KHTML, like Gecko) Safari/412"
86.128.124.216 - - [17/Jan/2006:15:44:10 -0500] "GET /englishL/images/navbar.gif HTTP/1.1" 200 2667 "http://www.darwinday.org/" "Mozilla/4.0 (compatible; MSIE 6.0; Windows NT 5.1; SV1)"
134.82.59.115 - - [17/Jan/2006:15:44:10 -0500] "GET /englishL/home/images/beagle.gif HTTP/1.1" 200 37108 "http://www.darwinday.org/home/index.html" "Mozilla/5.0 (Macintosh; U; PPC Mac OS X; en-us) AppleWebKit/412 (KHTML, like Gecko) Safari/412"
134.82.59.115 - - [17/Jan/2006:15:44:11 -0500] "GET /images/DNAlogo.gif HTTP/1.1" 200 1370 "http://www.darwinday.org/englishL/currarts.html" "Mozilla/5.0 (Macintosh; U; PPC Mac OS X; en-us) AppleWebKit/412 (KHTML, like Gecko) Safari/412"
86.128.124.216 - - [17/Jan/2006:15:44:12 -0500] "GET /englishL/home/images/darwinages.gif HTTP/1.1" 200 50309 "http://www.darwinday.org/" "Mozilla/4.0 (compatible; MSIE 6.0; Windows NT 5.1; SV1)"
86.128.124.216 - - [17/Jan/2006:15:44:13 -0500] "GET /images/arrow.gif HTTP/1.1" 200 112 "http://www.darwinday.org/" "Mozilla/4.0 (compatible; MSIE 6.0; Windows NT 5.1; SV1)"
134.82.59.115 - - [17/Jan/2006:15:44:13 -0500] "GET /englishL/home/images/manymore.gif HTTP/1.1" 200 581 "http://www.darwinday.org/home/index.html" "Mozilla/5.0 (Macintosh; U; PPC Mac OS X; en-us) AppleWebKit/412 (KHTML, like Gecko) Safari/412"
86.128.124.216 - - [17/Jan/2006:15:44:13 -0500] "GET /images/dnahorizl.gif HTTP/1.1" 200 2130 "http://www.darwinday.org/" "Mozilla/4.0 (compatible; MSIE 6.0; Windows NT 5.1; SV1)"
86.128.124.216 - - [17/Jan/2006:15:44:13 -0500] "GET /images/dnahoriz.gif HTTP/1.1" 200 3391 "http://www.darwinday.org/" "Mozilla/4.0 (compatible; MSIE 6.0; Windows NT 5.1; SV1)"
86.128.124.216 - - [17/Jan/2006:15:44:13 -0500] "GET /images/dnahorizr.gif HTTP/1.1" 200 2104 "http://www.darwinday.org/" "Mozilla/4.0 (compatible; MSIE 6.0; Windows NT 5.1; SV1)"
86.128.124.216 - - [17/Jan/2006:15:44:13 -0500] "GET /englishL/home/images/lincoln.gif HTTP/1.1" 200 11057 "http://www.darwinday.org/" "Mozilla/4.0 (compatible; MSIE 6.0; Windows NT 5.1; SV1)"
86.128.124.216 - - [17/Jan/2006:15:44:14 -0500] "GET /englishL/home/images/darwin.gif HTTP/1.1" 200 13783 "http://www.darwinday.org/" "Mozilla/4.0 (compatible; MSIE 6.0; Windows NT 5.1; SV1)"
86.128.124.216 - - [17/Jan/2006:15:44:15 -0500] "GET /images/worldmaptransp.gif HTTP/1.1" 200 128893 "http://www.darwinday.org/" "Mozilla/4.0 (compatible; MSIE 6.0; Windows NT 5.1; SV1)"
86.128.124.216 - - [17/Jan/2006:15:44:16 -0500] "GET /images/trans.gif HTTP/1.1" 200 49 "http://www.darwinday.org/" "Mozilla/4.0 (compatible; MSIE 6.0; Windows NT 5.1; SV1)"
86.128.124.216 - - [17/Jan/2006:15:44:16 -0500] "GET /englishL/home/images/manymore.gif HTTP/1.1" 200 581 "http://www.darwinday.org/" "Mozilla/4.0 (compatible; MSIE 6.0; Windows NT 5.1; SV1)"
86.128.124.216 - - [17/Jan/2006:15:44:16 -0500] "GET /englishL/home/images/joinus.gif HTTP/1.1" 200 524 "http://www.darwinday.org/" "Mozilla/4.0 (compatible; MSIE 6.0; Windows NT 5.1; SV1)"
86.128.124.216 - - [17/Jan/2006:15:44:17 -0500] "GET /englishL/home/images/horse.evolution.jpg HTTP/1.1" 200 29612 "http://www.darwinday.org/" "Mozilla/4.0 (compatible; MSIE 6.0; Windows NT 5.1; SV1)"
86.128.124.216 - - [17/Jan/2006:15:44:17 -0500] "GET /images/DNAlogo.gif HTTP/1.1" 200 1370 "http://www.darwinday.org/englishL/currarts.html" "Mozilla/4.0 (compatible; MSIE 6.0; Windows NT 5.1; SV1)"
86.128.124.216 - - [17/Jan/2006:15:44:17 -0500] "GET /englishL/home/images/beagle.gif HTTP/1.1" 200 37108 "http://www.darwinday.org/" "Mozilla/4.0 (compatible; MSIE 6.0; Windows NT 5.1; SV1)"
134.82.59.115 - - [17/Jan/2006:15:44:25 -0500] "GET /images/worldmaptransp.gif HTTP/1.1" 200 128893 "http://www.darwinday.org/home/index.html" "Mozilla/5.0 (Macintosh; U; PPC Mac OS X; en-us) AppleWebKit/412 (KHTML, like Gecko) Safari/412"
134.82.59.115 - - [17/Jan/2006:15:44:28 -0500] "GET /images/dnahorizr.gif HTTP/1.1" 200 2104 "http://www.darwinday.org/home/index.html" "Mozilla/5.0 (Macintosh; U; PPC Mac OS X; en-us) AppleWebKit/412 (KHTML, like Gecko) Safari/412"
134.82.59.115 - - [17/Jan/2006:15:44:29 -0500] "GET /englishL/home/images/joinus.gif HTTP/1.1" 200 524 "http://www.darwinday.org/home/index.html" "Mozilla/5.0 (Macintosh; U; PPC Mac OS X; en-us) AppleWebKit/412 (KHTML, like Gecko) Safari/412"
134.82.59.115 - - [17/Jan/2006:15:44:35 -0500] "GET /englishL/home/images/horse.evolution.jpg HTTP/1.1" 200 29612 "http://www.darwinday.org/home/index.html" "Mozilla/5.0 (Macintosh; U; PPC Mac OS X; en-us) AppleWebKit/412 (KHTML, like Gecko) Safari/412"
24.177.134.6 - - [17/Jan/2006:15:46:05 -0500] "GET /englishL/home/2003.html HTTP/1.0" 200 78968 "-" "aipbot/1.0 (aipbot; http://www.aipbot.com; aipbot@aipbot.com)"
12.221.71.139 - - [17/Jan/2006:15:47:25 -0500] "GET /englishL/home/2003.html HTTP/1.1" 200 12735 "-" "Mozilla/4.0 (compatible; MSIE 6.0; Windows NT 5.1; .NET CLR 1.0.3705)"
12.221.71.139 - - [17/Jan/2006:15:47:26 -0500] "GET /stylesheets/main.css HTTP/1.1" 200 562 "http://www.darwinday.org/englishL/home/2003.html" "Mozilla/4.0 (compatible; MSIE 6.0; Windows NT 5.1; .NET CLR 1.0.3705)"
12.221.71.139 - - [17/Jan/2006:15:47:26 -0500] "GET /images/topleftlogo.gif HTTP/1.1" 200 6907 "http://www.darwinday.org/englishL/home/2003.html" "Mozilla/4.0 (compatible; MSIE 6.0; Windows NT 5.1; .NET CLR 1.0.3705)"
12.221.71.139 - - [17/Jan/2006:15:47:26 -0500] "GET /images/header.gif HTTP/1.1" 200 26756 "http://www.darwinday.org/englishL/home/2003.html" "Mozilla/4.0 (compatible; MSIE 6.0; Windows NT 5.1; .NET CLR 1.0.3705)"
12.221.71.139 - - [17/Jan/2006:15:47:26 -0500] "GET /englishL/home/2003.html HTTP/1.1" 200 100683 "-" "Mozilla/4.0 (compatible; MSIE 6.0; Windows NT 5.1; .NET CLR 1.0.3705)"
12.221.71.139 - - [17/Jan/2006:15:47:26 -0500] "GET /englishL/images/titletrans.gif HTTP/1.1" 200 15588 "http://www.darwinday.org/englishL/home/2003.html" "Mozilla/4.0 (compatible; MSIE 6.0; Windows NT 5.1; .NET CLR 1.0.3705)"
12.221.71.139 - - [17/Jan/2006:15:47:27 -0500] "GET /englishL/images/navbar.gif HTTP/1.1" 200 2667 "http://www.darwinday.org/englishL/home/2003.html" "Mozilla/4.0 (compatible; MSIE 6.0; Windows NT 5.1; .NET CLR 1.0.3705)"
12.221.71.139 - - [17/Jan/2006:15:47:27 -0500] "GET /images/worldmaptransp.gif HTTP/1.1" 200 128893 "http://www.darwinday.org/englishL/home/2003.html" "Mozilla/4.0 (compatible; MSIE 6.0; Windows NT 5.1; .NET CLR 1.0.3705)"
24.247.166.110 - - [17/Jan/2006:15:47:32 -0500] "GET /stylesheets/main.css HTTP/1.1" 304 - "http://www.darwinday.org/englishL/aboutddc/advisory.html" "Mozilla/4.0 (compatible; MSIE 6.0; Windows NT 5.1; SV1; Maxthon; .NET CLR 1.1.4322)"
24.247.166.110 - - [17/Jan/2006:15:47:32 -0500] "GET /englishL/aboutddc/advisory.html HTTP/1.1" 200 27482 "http://www.darwinday.org/englishL/home/index.html" "Mozilla/4.0 (compatible; MSIE 6.0; Windows NT 5.1; SV1; Maxthon; .NET CLR 1.1.4322)"
24.247.166.110 - - [17/Jan/2006:15:47:32 -0500] "GET /images/header.gif HTTP/1.1" 304 - "http://www.darwinday.org/englishL/aboutddc/advisory.html" "Mozilla/4.0 (compatible; MSIE 6.0; Windows NT 5.1; SV1; Maxthon; .NET CLR 1.1.4322)"
24.247.166.110 - - [17/Jan/2006:15:47:32 -0500] "GET /images/topleftlogo.gif HTTP/1.1" 304 - "http://www.darwinday.org/englishL/aboutddc/advisory.html" "Mozilla/4.0 (compatible; MSIE 6.0; Windows NT 5.1; SV1; Maxthon; .NET CLR 1.1.4322)"
24.247.166.110 - - [17/Jan/2006:15:47:32 -0500] "GET /images/worldmaptransp.gif HTTP/1.1" 304 - "http://www.darwinday.org/englishL/aboutddc/advisory.html" "Mozilla/4.0 (compatible; MSIE 6.0; Windows NT 5.1; SV1; Maxthon; .NET CLR 1.1.4322)"
24.247.166.110 - - [17/Jan/2006:15:47:32 -0500] "GET /englishL/images/titletrans.gif HTTP/1.1" 304 - "http://www.darwinday.org/englishL/aboutddc/advisory.html" "Mozilla/4.0 (compatible; MSIE 6.0; Windows NT 5.1; SV1; Maxthon; .NET CLR 1.1.4322)"
24.247.166.110 - - [17/Jan/2006:15:47:32 -0500] "GET /englishL/images/navbar.gif HTTP/1.1" 304 - "http://www.darwinday.org/englishL/aboutddc/advisory.html" "Mozilla/4.0 (compatible; MSIE 6.0; Windows NT 5.1; SV1; Maxthon; .NET CLR 1.1.4322)"
24.247.166.110 - - [17/Jan/2006:15:47:32 -0500] "GET /englishL/aboutddc/images/bateson.gif HTTP/1.1" 200 10961 "http://www.darwinday.org/englishL/aboutddc/advisory.html" "Mozilla/4.0 (compatible; MSIE 6.0; Windows NT 5.1; SV1; Maxthon; .NET CLR 1.1.4322)"
24.247.166.110 - - [17/Jan/2006:15:47:32 -0500] "GET /englishL/aboutddc/images/calvin.gif HTTP/1.1" 200 11213 "http://www.darwinday.org/englishL/aboutddc/advisory.html" "Mozilla/4.0 (compatible; MSIE 6.0; Windows NT 5.1; SV1; Maxthon; .NET CLR 1.1.4322)"
24.247.166.110 - - [17/Jan/2006:15:47:33 -0500] "GET /englishL/aboutddc/images/cronin.gif HTTP/1.1" 200 8731 "http://www.darwinday.org/englishL/aboutddc/advisory.html" "Mozilla/4.0 (compatible; MSIE 6.0; Windows NT 5.1; SV1; Maxthon; .NET CLR 1.1.4322)"
24.247.166.110 - - [17/Jan/2006:15:47:33 -0500] "GET /englishL/aboutddc/images/dawkins.gif HTTP/1.1" 200 14879 "http://www.darwinday.org/englishL/aboutddc/advisory.html" "Mozilla/4.0 (compatible; MSIE 6.0; Windows NT 5.1; SV1; Maxthon; .NET CLR 1.1.4322)"
24.247.166.110 - - [17/Jan/2006:15:47:33 -0500] "GET /englishL/aboutddc/images/dennett.gif HTTP/1.1" 200 11171 "http://www.darwinday.org/englishL/aboutddc/advisory.html" "Mozilla/4.0 (compatible; MSIE 6.0; Windows NT 5.1; SV1; Maxthon; .NET CLR 1.1.4322)"
24.247.166.110 - - [17/Jan/2006:15:47:33 -0500] "GET /englishL/aboutddc/images/jones.gif HTTP/1.1" 200 9704 "http://www.darwinday.org/englishL/aboutddc/advisory.html" "Mozilla/4.0 (compatible; MSIE 6.0; Windows NT 5.1; SV1; Maxthon; .NET CLR 1.1.4322)"
24.247.166.110 - - [17/Jan/2006:15:47:33 -0500] "GET /englishL/aboutddc/images/pinker.gif HTTP/1.1" 200 11560 "http://www.darwinday.org/englishL/aboutddc/advisory.html" "Mozilla/4.0 (compatible; MSIE 6.0; Windows NT 5.1; SV1; Maxthon; .NET CLR 1.1.4322)"
24.247.166.110 - - [17/Jan/2006:15:47:34 -0500] "GET /englishL/aboutddc/images/scott.gif HTTP/1.1" 200 12626 "http://www.darwinday.org/englishL/aboutddc/advisory.html" "Mozilla/4.0 (compatible; MSIE 6.0; Windows NT 5.1; SV1; Maxthon; .NET CLR 1.1.4322)"
24.247.166.110 - - [17/Jan/2006:15:47:34 -0500] "GET /englishL/aboutddc/images/shermer.gif HTTP/1.1" 200 9761 "http://www.darwinday.org/englishL/aboutddc/advisory.html" "Mozilla/4.0 (compatible; MSIE 6.0; Windows NT 5.1; SV1; Maxthon; .NET CLR 1.1.4322)"
24.247.166.110 - - [17/Jan/2006:15:47:34 -0500] "GET /englishL/aboutddc/images/tudge.gif HTTP/1.1" 200 14266 "http://www.darwinday.org/englishL/aboutddc/advisory.html" "Mozilla/4.0 (compatible; MSIE 6.0; Windows NT 5.1; SV1; Maxthon; .NET CLR 1.1.4322)"
24.247.166.110 - - [17/Jan/2006:15:47:34 -0500] "GET /englishL/aboutddc/images/wilson.gif HTTP/1.1" 200 9150 "http://www.darwinday.org/englishL/aboutddc/advisory.html" "Mozilla/4.0 (compatible; MSIE 6.0; Windows NT 5.1; SV1; Maxthon; .NET CLR 1.1.4322)"
24.247.166.110 - - [17/Jan/2006:15:47:34 -0500] "GET /englishL/aboutddc/images/zimmer.gif HTTP/1.1" 200 11343 "http://www.darwinday.org/englishL/aboutddc/advisory.html" "Mozilla/4.0 (compatible; MSIE 6.0; Windows NT 5.1; SV1; Maxthon; .NET CLR 1.1.4322)"
24.247.166.110 - - [17/Jan/2006:15:47:35 -0500] "GET /favicon.ico HTTP/1.1" 404 3496 "-" "Mozilla/4.0 (compatible; MSIE 6.0; Windows NT 5.1; SV1; Maxthon; .NET CLR 1.1.4322)"
24.247.166.110 - - [17/Jan/2006:15:47:36 -0500] "GET /englishL/home/index.html HTTP/1.1" 304 - "http://www.darwinday.org/englishL/home/2005.php" "Mozilla/4.0 (compatible; MSIE 6.0; Windows NT 5.1; SV1; Maxthon; .NET CLR 1.1.4322)"
24.247.166.110 - - [17/Jan/2006:15:47:36 -0500] "GET /englishL/home/images/darwinages.gif HTTP/1.1" 304 - "http://www.darwinday.org/englishL/home/index.html" "Mozilla/4.0 (compatible; MSIE 6.0; Windows NT 5.1; SV1; Maxthon; .NET CLR 1.1.4322)"
24.247.166.110 - - [17/Jan/2006:15:47:36 -0500] "GET /englishL/currarts.html HTTP/1.1" 304 - "http://www.darwinday.org/englishL/home/index.html" "Mozilla/4.0 (compatible; MSIE 6.0; Windows NT 5.1; SV1; Maxthon; .NET CLR 1.1.4322)"
24.247.166.110 - - [17/Jan/2006:15:47:36 -0500] "GET /images/arrow.gif HTTP/1.1" 304 - "http://www.darwinday.org/englishL/home/index.html" "Mozilla/4.0 (compatible; MSIE 6.0; Windows NT 5.1; SV1; Maxthon; .NET CLR 1.1.4322)"
24.247.166.110 - - [17/Jan/2006:15:47:36 -0500] "GET /images/dnahorizl.gif HTTP/1.1" 304 - "http://www.darwinday.org/englishL/home/index.html" "Mozilla/4.0 (compatible; MSIE 6.0; Windows NT 5.1; SV1; Maxthon; .NET CLR 1.1.4322)"
24.247.166.110 - - [17/Jan/2006:15:47:36 -0500] "GET /images/dnahoriz.gif HTTP/1.1" 304 - "http://www.darwinday.org/englishL/home/index.html" "Mozilla/4.0 (compatible; MSIE 6.0; Windows NT 5.1; SV1; Maxthon; .NET CLR 1.1.4322)"
24.247.166.110 - - [17/Jan/2006:15:47:36 -0500] "GET /images/dnahorizr.gif HTTP/1.1" 304 - "http://www.darwinday.org/englishL/home/index.html" "Mozilla/4.0 (compatible; MSIE 6.0; Windows NT 5.1; SV1; Maxthon; .NET CLR 1.1.4322)"
24.247.166.110 - - [17/Jan/2006:15:47:36 -0500] "GET /englishL/home/images/lincoln.gif HTTP/1.1" 304 - "http://www.darwinday.org/englishL/home/index.html" "Mozilla/4.0 (compatible; MSIE 6.0; Windows NT 5.1; SV1; Maxthon; .NET CLR 1.1.4322)"
24.247.166.110 - - [17/Jan/2006:15:47:36 -0500] "GET /englishL/home/images/darwin.gif HTTP/1.1" 304 - "http://www.darwinday.org/englishL/home/index.html" "Mozilla/4.0 (compatible; MSIE 6.0; Windows NT 5.1; SV1; Maxthon; .NET CLR 1.1.4322)"
24.247.166.110 - - [17/Jan/2006:15:47:36 -0500] "GET /englishL/home/images/beagle.gif HTTP/1.1" 304 - "http://www.darwinday.org/englishL/home/index.html" "Mozilla/4.0 (compatible; MSIE 6.0; Windows NT 5.1; SV1; Maxthon; .NET CLR 1.1.4322)"
24.247.166.110 - - [17/Jan/2006:15:47:37 -0500] "GET /images/trans.gif HTTP/1.1" 304 - "http://www.darwinday.org/englishL/home/index.html" "Mozilla/4.0 (compatible; MSIE 6.0; Windows NT 5.1; SV1; Maxthon; .NET CLR 1.1.4322)"
24.247.166.110 - - [17/Jan/2006:15:47:37 -0500] "GET /englishL/home/images/manymore.gif HTTP/1.1" 304 - "http://www.darwinday.org/englishL/home/index.html" "Mozilla/4.0 (compatible; MSIE 6.0; Windows NT 5.1; SV1; Maxthon; .NET CLR 1.1.4322)"
24.247.166.110 - - [17/Jan/2006:15:47:37 -0500] "GET /englishL/home/images/joinus.gif HTTP/1.1" 304 - "http://www.darwinday.org/englishL/home/index.html" "Mozilla/4.0 (compatible; MSIE 6.0; Windows NT 5.1; SV1; Maxthon; .NET CLR 1.1.4322)"
24.247.166.110 - - [17/Jan/2006:15:47:37 -0500] "GET /englishL/home/images/horse.evolution.jpg HTTP/1.1" 304 - "http://www.darwinday.org/englishL/home/index.html" "Mozilla/4.0 (compatible; MSIE 6.0; Windows NT 5.1; SV1; Maxthon; .NET CLR 1.1.4322)"
24.247.166.110 - - [17/Jan/2006:15:47:37 -0500] "GET /images/DNAlogo.gif HTTP/1.1" 304 - "http://www.darwinday.org/englishL/currarts.html" "Mozilla/4.0 (compatible; MSIE 6.0; Windows NT 5.1; SV1; Maxthon; .NET CLR 1.1.4322)"
24.247.166.110 - - [17/Jan/2006:15:47:37 -0500] "GET /favicon.ico HTTP/1.1" 404 3496 "-" "Mozilla/4.0 (compatible; MSIE 6.0; Windows NT 5.1; SV1; Maxthon; .NET CLR 1.1.4322)"
24.247.166.110 - - [17/Jan/2006:15:49:40 -0500] "GET /englishL/life/index.html HTTP/1.1" 200 9958 "http://www.darwinday.org/englishL/home/2002.html" "Mozilla/4.0 (compatible; MSIE 6.0; Windows NT 5.1; SV1; Maxthon; .NET CLR 1.1.4322)"
24.247.166.110 - - [17/Jan/2006:15:49:40 -0500] "GET /images/goldball.gif HTTP/1.1" 304 - "http://www.darwinday.org/englishL/life/index.html" "Mozilla/4.0 (compatible; MSIE 6.0; Windows NT 5.1; SV1; Maxthon; .NET CLR 1.1.4322)"
24.247.166.110 - - [17/Jan/2006:15:49:40 -0500] "GET /favicon.ico HTTP/1.1" 404 3496 "-" "Mozilla/4.0 (compatible; MSIE 6.0; Windows NT 5.1; SV1; Maxthon; .NET CLR 1.1.4322)"
24.247.166.110 - - [17/Jan/2006:15:50:05 -0500] "GET /englishL/newsviews/index.html HTTP/1.1" 200 5001 "http://www.darwinday.org/englishL/life/index.html" "Mozilla/4.0 (compatible; MSIE 6.0; Windows NT 5.1; SV1; Maxthon; .NET CLR 1.1.4322)"
24.247.166.110 - - [17/Jan/2006:15:50:05 -0500] "GET /favicon.ico HTTP/1.1" 404 3496 "-" "Mozilla/4.0 (compatible; MSIE 6.0; Windows NT 5.1; SV1; Maxthon; .NET CLR 1.1.4322)"
24.247.166.110 - - [17/Jan/2006:15:50:11 -0500] "GET /englishL/newsviews/essays.html HTTP/1.1" 200 7676 "http://www.darwinday.org/englishL/newsviews/index.html" "Mozilla/4.0 (compatible; MSIE 6.0; Windows NT 5.1; SV1; Maxthon; .NET CLR 1.1.4322)"
24.247.166.110 - - [17/Jan/2006:15:50:12 -0500] "GET /favicon.ico HTTP/1.1" 404 3496 "-" "Mozilla/4.0 (compatible; MSIE 6.0; Windows NT 5.1; SV1; Maxthon; .NET CLR 1.1.4322)"
205.188.117.14 - - [17/Jan/2006:15:50:25 -0500] "GET /englishL/home/images/darwinages.gif HTTP/1.1" 304 - "-" "Moozilla"
24.247.166.110 - - [17/Jan/2006:15:50:44 -0500] "GET /chooselang/index.html HTTP/1.1" 200 5696 "http://www.darwinday.org/englishL/newsviews/essays.html" "Mozilla/4.0 (compatible; MSIE 6.0; Windows NT 5.1; SV1; Maxthon; .NET CLR 1.1.4322)"
