68.6.53.228 - - [17/Jan/2006:05:18:39 -0500] "GET /englishL/home/images/beagle.gif HTTP/1.1" 304 - "http://www.darwinday.org/englishL/home/index.html" "Mozilla/4.0 (compatible; MSIE 6.0; Windows NT 5.1; SV1; .NET CLR 1.1.4322; InfoPath.1)"
68.6.53.228 - - [17/Jan/2006:05:18:39 -0500] "GET /images/trans.gif HTTP/1.1" 304 - "http://www.darwinday.org/englishL/home/index.html" "Mozilla/4.0 (compatible; MSIE 6.0; Windows NT 5.1; SV1; .NET CLR 1.1.4322; InfoPath.1)"
68.6.53.228 - - [17/Jan/2006:05:18:39 -0500] "GET /englishL/home/images/manymore.gif HTTP/1.1" 304 - "http://www.darwinday.org/englishL/home/index.html" "Mozilla/4.0 (compatible; MSIE 6.0; Windows NT 5.1; SV1; .NET CLR 1.1.4322; InfoPath.1)"
68.6.53.228 - - [17/Jan/2006:05:18:39 -0500] "GET /englishL/home/images/joinus.gif HTTP/1.1" 304 - "http://www.darwinday.org/englishL/home/index.html" "Mozilla/4.0 (compatible; MSIE 6.0; Windows NT 5.1; SV1; .NET CLR 1.1.4322; InfoPath.1)"
68.6.53.228 - - [17/Jan/2006:05:18:39 -0500] "GET /englishL/home/images/horse.evolution.jpg HTTP/1.1" 304 - "http://www.darwinday.org/englishL/home/index.html" "Mozilla/4.0 (compatible; MSIE 6.0; Windows NT 5.1; SV1; .NET CLR 1.1.4322; InfoPath.1)"
68.6.53.228 - - [17/Jan/2006:05:18:40 -0500] "GET /images/DNAlogo.gif HTTP/1.1" 304 - "http://www.darwinday.org/englishL/currarts.html" "Mozilla/4.0 (compatible; MSIE 6.0; Windows NT 5.1; SV1; .NET CLR 1.1.4322; InfoPath.1)"
66.249.64.16 - - [17/Jan/2006:05:18:51 -0500] "GET /englishL/home/NULL HTTP/1.0" 404 3491 "-" "Googlebot/2.1 (+http://www.google.com/bot.html)"
68.142.250.76 - - [17/Jan/2006:05:18:57 -0500] "GET /robots.txt HTTP/1.0" 404 3483 "-" "Mozilla/5.0 (compatible; Yahoo! Slurp; http://help.yahoo.com/help/us/ysearch/slurp)"
68.142.249.173 - - [17/Jan/2006:05:18:57 -0500] "GET /englishL/life/college.html HTTP/1.0" 200 16998 "-" "Mozilla/5.0 (compatible; Yahoo! Slurp; http://help.yahoo.com/help/us/ysearch/slurp)"
194.217.194.138 - - [17/Jan/2006:05:19:05 -0500] "GET / HTTP/1.1" 200 25029 "http://www.simonyi.ox.ac.uk/dawkins/calendar/cal_item.shtml?select=1134393343" "Mozilla/4.0 (compatible; MSIE 6.0; Windows NT 5.1)"
194.217.194.138 - - [17/Jan/2006:05:19:06 -0500] "GET /stylesheets/main.css HTTP/1.1" 200 562 "http://www.darwinday.org/" "Mozilla/4.0 (compatible; MSIE 6.0; Windows NT 5.1)"
194.217.194.138 - - [17/Jan/2006:05:19:07 -0500] "GET /images/topleftlogo.gif HTTP/1.1" 200 6907 "http://www.darwinday.org/" "Mozilla/4.0 (compatible; MSIE 6.0; Windows NT 5.1)"
194.217.194.138 - - [17/Jan/2006:05:19:09 -0500] "GET /englishL/currarts.html HTTP/1.1" 200 5652 "http://www.darwinday.org/" "Mozilla/4.0 (compatible; MSIE 6.0; Windows NT 5.1)"
194.217.194.138 - - [17/Jan/2006:05:19:09 -0500] "GET /images/header.gif HTTP/1.1" 200 26756 "http://www.darwinday.org/" "Mozilla/4.0 (compatible; MSIE 6.0; Windows NT 5.1)"
66.196.91.14 - - [17/Jan/2006:05:19:17 -0500] "GET /robots.txt HTTP/1.0" 404 3483 "-" "Mozilla/5.0 (compatible; Yahoo! Slurp; http://help.yahoo.com/help/us/ysearch/slurp)"
66.196.91.11 - - [17/Jan/2006:05:19:19 -0500] "GET /home HTTP/1.0" 301 308 "-" "Mozilla/5.0 (compatible; Yahoo! Slurp; http://help.yahoo.com/help/us/ysearch/slurp)"
194.217.194.138 - - [17/Jan/2006:05:19:21 -0500] "GET /englishL/images/titletrans.gif HTTP/1.1" 200 15588 "http://www.darwinday.org/" "Mozilla/4.0 (compatible; MSIE 6.0; Windows NT 5.1)"
68.6.53.228 - - [17/Jan/2006:05:19:22 -0500] "GET /englishL/newsviews/darlin.html HTTP/1.1" 304 - "http://www.darwinday.org/englishL/home/index.html" "Mozilla/4.0 (compatible; MSIE 6.0; Windows NT 5.1; SV1; .NET CLR 1.1.4322; InfoPath.1)"
68.6.53.228 - - [17/Jan/2006:05:19:23 -0500] "GET /stylesheets/main.css HTTP/1.1" 304 - "http://www.darwinday.org/englishL/newsviews/darlin.html" "Mozilla/4.0 (compatible; MSIE 6.0; Windows NT 5.1; SV1; .NET CLR 1.1.4322; InfoPath.1)"
68.6.53.228 - - [17/Jan/2006:05:19:23 -0500] "GET /images/header.gif HTTP/1.1" 304 - "http://www.darwinday.org/englishL/newsviews/darlin.html" "Mozilla/4.0 (compatible; MSIE 6.0; Windows NT 5.1; SV1; .NET CLR 1.1.4322; InfoPath.1)"
68.6.53.228 - - [17/Jan/2006:05:19:23 -0500] "GET /images/topleftlogo.gif HTTP/1.1" 304 - "http://www.darwinday.org/englishL/newsviews/darlin.html" "Mozilla/4.0 (compatible; MSIE 6.0; Windows NT 5.1; SV1; .NET CLR 1.1.4322; InfoPath.1)"
68.6.53.228 - - [17/Jan/2006:05:19:23 -0500] "GET /images/worldmaptransp.gif HTTP/1.1" 304 - "http://www.darwinday.org/englishL/newsviews/darlin.html" "Mozilla/4.0 (compatible; MSIE 6.0; Windows NT 5.1; SV1; .NET CLR 1.1.4322; InfoPath.1)"
68.6.53.228 - - [17/Jan/2006:05:19:23 -0500] "GET /englishL/images/titletrans.gif HTTP/1.1" 304 - "http://www.darwinday.org/englishL/newsviews/darlin.html" "Mozilla/4.0 (compatible; MSIE 6.0; Windows NT 5.1; SV1; .NET CLR 1.1.4322; InfoPath.1)"
68.6.53.228 - - [17/Jan/2006:05:19:23 -0500] "GET /englishL/images/navbar.gif HTTP/1.1" 304 - "http://www.darwinday.org/englishL/newsviews/darlin.html" "Mozilla/4.0 (compatible; MSIE 6.0; Windows NT 5.1; SV1; .NET CLR 1.1.4322; InfoPath.1)"
68.6.53.228 - - [17/Jan/2006:05:19:23 -0500] "GET /englishL/images/medallion.jpg HTTP/1.1" 304 - "http://www.darwinday.org/englishL/newsviews/darlin.html" "Mozilla/4.0 (compatible; MSIE 6.0; Windows NT 5.1; SV1; .NET CLR 1.1.4322; InfoPath.1)"
194.217.194.138 - - [17/Jan/2006:05:19:28 -0500] "GET /englishL/images/navbar.gif HTTP/1.1" 200 2667 "http://www.darwinday.org/" "Mozilla/4.0 (compatible; MSIE 6.0; Windows NT 5.1)"
194.217.194.138 - - [17/Jan/2006:05:19:30 -0500] "GET /englishL/home/images/darwinages.gif HTTP/1.1" 200 50309 "http://www.darwinday.org/" "Mozilla/4.0 (compatible; MSIE 6.0; Windows NT 5.1)"
194.217.194.138 - - [17/Jan/2006:05:19:32 -0500] "GET /images/worldmaptransp.gif HTTP/1.1" 200 128893 "http://www.darwinday.org/" "Mozilla/4.0 (compatible; MSIE 6.0; Windows NT 5.1)"
66.196.91.11 - - [17/Jan/2006:05:19:49 -0500] "GET /home/ HTTP/1.0" 200 25272 "-" "Mozilla/5.0 (compatible; Yahoo! Slurp; http://help.yahoo.com/help/us/ysearch/slurp)"
194.217.194.138 - - [17/Jan/2006:05:19:52 -0500] "GET /images/arrow.gif HTTP/1.1" 200 112 "http://www.darwinday.org/" "Mozilla/4.0 (compatible; MSIE 6.0; Windows NT 5.1)"
194.217.194.138 - - [17/Jan/2006:05:19:54 -0500] "GET /images/dnahorizl.gif HTTP/1.1" 200 2130 "http://www.darwinday.org/" "Mozilla/4.0 (compatible; MSIE 6.0; Windows NT 5.1)"
194.217.194.138 - - [17/Jan/2006:05:19:56 -0500] "GET /images/dnahoriz.gif HTTP/1.1" 200 3391 "http://www.darwinday.org/" "Mozilla/4.0 (compatible; MSIE 6.0; Windows NT 5.1)"
194.217.194.138 - - [17/Jan/2006:05:19:58 -0500] "GET /images/dnahorizr.gif HTTP/1.1" 200 2104 "http://www.darwinday.org/" "Mozilla/4.0 (compatible; MSIE 6.0; Windows NT 5.1)"
194.217.194.138 - - [17/Jan/2006:05:19:59 -0500] "GET /englishL/home/images/lincoln.gif HTTP/1.1" 200 11057 "http://www.darwinday.org/" "Mozilla/4.0 (compatible; MSIE 6.0; Windows NT 5.1)"
194.217.194.138 - - [17/Jan/2006:05:19:59 -0500] "GET /englishL/home/images/darwin.gif HTTP/1.1" 200 13783 "http://www.darwinday.org/" "Mozilla/4.0 (compatible; MSIE 6.0; Windows NT 5.1)"
194.217.194.138 - - [17/Jan/2006:05:20:03 -0500] "GET /englishL/home/images/beagle.gif HTTP/1.1" 200 37108 "http://www.darwinday.org/" "Mozilla/4.0 (compatible; MSIE 6.0; Windows NT 5.1)"
66.249.71.39 - - [17/Jan/2006:05:20:08 -0500] "GET /evolution/theory.html HTTP/1.0" 404 3494 "-" "Googlebot/2.1 (+http://www.google.com/bot.html)"
194.217.194.138 - - [17/Jan/2006:05:20:09 -0500] "GET /images/trans.gif HTTP/1.1" 200 49 "http://www.darwinday.org/" "Mozilla/4.0 (compatible; MSIE 6.0; Windows NT 5.1)"
194.217.194.138 - - [17/Jan/2006:05:20:11 -0500] "GET /englishL/home/images/manymore.gif HTTP/1.1" 200 581 "http://www.darwinday.org/" "Mozilla/4.0 (compatible; MSIE 6.0; Windows NT 5.1)"
194.217.194.138 - - [17/Jan/2006:05:20:13 -0500] "GET /englishL/home/images/joinus.gif HTTP/1.1" 200 524 "http://www.darwinday.org/" "Mozilla/4.0 (compatible; MSIE 6.0; Windows NT 5.1)"
194.217.194.138 - - [17/Jan/2006:05:20:13 -0500] "GET /images/DNAlogo.gif HTTP/1.1" 200 1370 "http://www.darwinday.org/englishL/currarts.html" "Mozilla/4.0 (compatible; MSIE 6.0; Windows NT 5.1)"
194.217.194.138 - - [17/Jan/2006:05:20:13 -0500] "GET /englishL/home/images/horse.evolution.jpg HTTP/1.1" 200 29612 "http://www.darwinday.org/" "Mozilla/4.0 (compatible; MSIE 6.0; Windows NT 5.1)"
194.217.194.138 - - [17/Jan/2006:05:20:53 -0500] "GET /englishL/aboutddc/advisory.html HTTP/1.1" 200 27482 "http://www.darwinday.org/" "Mozilla/4.0 (compatible; MSIE 6.0; Windows NT 5.1)"
194.217.194.138 - - [17/Jan/2006:05:20:54 -0500] "GET /englishL/aboutddc/images/bateson.gif HTTP/1.1" 200 10961 "http://www.darwinday.org/englishL/aboutddc/advisory.html" "Mozilla/4.0 (compatible; MSIE 6.0; Windows NT 5.1)"
194.217.194.138 - - [17/Jan/2006:05:20:56 -0500] "GET /englishL/aboutddc/images/calvin.gif HTTP/1.1" 200 11213 "http://www.darwinday.org/englishL/aboutddc/advisory.html" "Mozilla/4.0 (compatible; MSIE 6.0; Windows NT 5.1)"
194.217.194.138 - - [17/Jan/2006:05:20:58 -0500] "GET /englishL/aboutddc/images/cronin.gif HTTP/1.1" 200 8731 "http://www.darwinday.org/englishL/aboutddc/advisory.html" "Mozilla/4.0 (compatible; MSIE 6.0; Windows NT 5.1)"
194.217.194.138 - - [17/Jan/2006:05:21:02 -0500] "GET /englishL/aboutddc/images/dawkins.gif HTTP/1.1" 200 14879 "http://www.darwinday.org/englishL/aboutddc/advisory.html" "Mozilla/4.0 (compatible; MSIE 6.0; Windows NT 5.1)"
194.217.194.138 - - [17/Jan/2006:05:21:02 -0500] "GET /englishL/aboutddc/images/dennett.gif HTTP/1.1" 200 11171 "http://www.darwinday.org/englishL/aboutddc/advisory.html" "Mozilla/4.0 (compatible; MSIE 6.0; Windows NT 5.1)"
194.217.194.138 - - [17/Jan/2006:05:21:07 -0500] "GET /englishL/aboutddc/images/jones.gif HTTP/1.1" 200 9704 "http://www.darwinday.org/englishL/aboutddc/advisory.html" "Mozilla/4.0 (compatible; MSIE 6.0; Windows NT 5.1)"
194.217.194.138 - - [17/Jan/2006:05:21:08 -0500] "GET /englishL/aboutddc/images/pinker.gif HTTP/1.1" 200 11560 "http://www.darwinday.org/englishL/aboutddc/advisory.html" "Mozilla/4.0 (compatible; MSIE 6.0; Windows NT 5.1)"
194.217.194.138 - - [17/Jan/2006:05:21:12 -0500] "GET /englishL/aboutddc/images/scott.gif HTTP/1.1" 200 12626 "http://www.darwinday.org/englishL/aboutddc/advisory.html" "Mozilla/4.0 (compatible; MSIE 6.0; Windows NT 5.1)"
194.217.194.138 - - [17/Jan/2006:05:21:12 -0500] "GET /englishL/aboutddc/images/shermer.gif HTTP/1.1" 200 9761 "http://www.darwinday.org/englishL/aboutddc/advisory.html" "Mozilla/4.0 (compatible; MSIE 6.0; Windows NT 5.1)"
194.217.194.138 - - [17/Jan/2006:05:21:17 -0500] "GET /englishL/aboutddc/images/tudge.gif HTTP/1.1" 200 14266 "http://www.darwinday.org/englishL/aboutddc/advisory.html" "Mozilla/4.0 (compatible; MSIE 6.0; Windows NT 5.1)"
194.217.194.138 - - [17/Jan/2006:05:21:17 -0500] "GET /englishL/aboutddc/images/wilson.gif HTTP/1.1" 200 9150 "http://www.darwinday.org/englishL/aboutddc/advisory.html" "Mozilla/4.0 (compatible; MSIE 6.0; Windows NT 5.1)"
194.217.194.138 - - [17/Jan/2006:05:21:22 -0500] "GET /englishL/aboutddc/images/zimmer.gif HTTP/1.1" 200 11343 "http://www.darwinday.org/englishL/aboutddc/advisory.html" "Mozilla/4.0 (compatible; MSIE 6.0; Windows NT 5.1)"
64.242.88.50 - - [17/Jan/2006:05:22:41 -0500] "GET /englishL/assistevent/index.html HTTP/1.1" 200 11326 "-" "Mozilla/4.0 compatible ZyBorg/1.0 Dead Link Checker (wn.dlc@looksmart.net; http://www.WISEnutbot.com)"
66.249.65.132 - - [17/Jan/2006:05:23:12 -0500] "GET /NEWlang/life/images/christscollege.jpg HTTP/1.1" 200 246126 "-" "Googlebot-Image/1.0"
66.249.65.132 - - [17/Jan/2006:05:25:31 -0500] "GET /NEWlang/life/images/beagle/finch.jpg HTTP/1.1" 200 84272 "-" "Googlebot-Image/1.0"
66.178.40.46 - - [17/Jan/2006:05:26:02 -0500] "GET /images/topleftlogo.gif HTTP/1.0" 200 6907 "http://66.102.9.104/search?q=cache:AAR9-UUx05EJ:www.darwinday.org/englishL/home/2005.php+mia+++++++%40aol.com+++%40sympatico.ca+++++++++++++++%22ontario%22++++++++++2006&hl=en" "Mozilla/4.0 (compatible; MSIE 6.0; Windows NT 5.1)"
66.178.40.46 - - [17/Jan/2006:05:26:02 -0500] "GET /stylesheets/main.css HTTP/1.0" 200 562 "http://66.102.9.104/search?q=cache:AAR9-UUx05EJ:www.darwinday.org/englishL/home/2005.php+mia+++++++%40aol.com+++%40sympatico.ca+++++++++++++++%22ontario%22++++++++++2006&hl=en" "Mozilla/4.0 (compatible; MSIE 6.0; Windows NT 5.1)"
66.178.40.46 - - [17/Jan/2006:05:26:07 -0500] "GET /images/header.gif HTTP/1.0" 200 26756 "http://66.102.9.104/search?q=cache:AAR9-UUx05EJ:www.darwinday.org/englishL/home/2005.php+mia+++++++%40aol.com+++%40sympatico.ca+++++++++++++++%22ontario%22++++++++++2006&hl=en" "Mozilla/4.0 (compatible; MSIE 6.0; Windows NT 5.1)"
66.178.40.46 - - [17/Jan/2006:05:26:14 -0500] "GET /englishL/images/titletrans.gif HTTP/1.0" 200 15588 "http://66.102.9.104/search?q=cache:AAR9-UUx05EJ:www.darwinday.org/englishL/home/2005.php+mia+++++++%40aol.com+++%40sympatico.ca+++++++++++++++%22ontario%22++++++++++2006&hl=en" "Mozilla/4.0 (compatible; MSIE 6.0; Windows NT 5.1)"
66.178.40.46 - - [17/Jan/2006:05:26:16 -0500] "GET /englishL/stylesheets/main.css HTTP/1.0" 200 536 "http://66.102.9.104/search?q=cache:AAR9-UUx05EJ:www.darwinday.org/englishL/home/2005.php+mia+++++++%40aol.com+++%40sympatico.ca+++++++++++++++%22ontario%22++++++++++2006&hl=en" "Mozilla/4.0 (compatible; MSIE 6.0; Windows NT 5.1)"
66.178.40.46 - - [17/Jan/2006:05:26:18 -0500] "GET /englishL/images/navbar.gif HTTP/1.0" 200 2667 "http://66.102.9.104/search?q=cache:AAR9-UUx05EJ:www.darwinday.org/englishL/home/2005.php+mia+++++++%40aol.com+++%40sympatico.ca+++++++++++++++%22ontario%22++++++++++2006&hl=en" "Mozilla/4.0 (compatible; MSIE 6.0; Windows NT 5.1)"
66.178.40.46 - - [17/Jan/2006:05:26:32 -0500] "GET /images/worldmaptransp.gif HTTP/1.0" 200 128893 "http://66.102.9.104/search?q=cache:AAR9-UUx05EJ:www.darwinday.org/englishL/home/2005.php+mia+++++++%40aol.com+++%40sympatico.ca+++++++++++++++%22ontario%22++++++++++2006&hl=en" "Mozilla/4.0 (compatible; MSIE 6.0; Windows NT 5.1)"
70.85.177.250 - - [17/Jan/2006:05:27:19 -0500] "GET / HTTP/1.1" 200 25029 "http://data.rankcount.com/darwinday.org" "Mozilla/4.0"
66.252.133.170 - - [17/Jan/2006:05:29:26 -0500] "GET /welcome/chooselang/index.html HTTP/1.0" 404 3502 "-" "Mozilla/4.0 (compatible; MSIE 6.0; Windows NT 5.1;)"
172.183.52.235 - - [17/Jan/2006:05:32:23 -0500] "GET / HTTP/1.1" 200 25029 "-" "Java/1.5.0_04"
172.183.52.235 - - [17/Jan/2006:05:32:23 -0500] "GET /chooselang/index.html HTTP/1.1" 200 5696 "-" "Java/1.5.0_04"
172.183.52.235 - - [17/Jan/2006:05:32:24 -0500] "GET /englishL/currarts.html HTTP/1.1" 200 5652 "-" "Java/1.5.0_04"
172.183.52.235 - - [17/Jan/2006:05:32:24 -0500] "GET /englishL/aboutddc/advisory.html HTTP/1.1" 200 27482 "-" "Java/1.5.0_04"
172.183.52.235 - - [17/Jan/2006:05:32:24 -0500] "GET /englishL/aboutddc/index.html HTTP/1.1" 200 6656 "-" "Java/1.5.0_04"
172.183.52.235 - - [17/Jan/2006:05:32:27 -0500] "GET /englishL/dispsupport/index.php HTTP/1.1" 200 243420 "-" "Java/1.5.0_04"
172.183.52.235 - - [17/Jan/2006:05:32:30 -0500] "GET /englishL/events/index.html HTTP/1.1" 200 4710 "-" "Java/1.5.0_04"
172.183.52.235 - - [17/Jan/2006:05:32:30 -0500] "GET /englishL/evolution/index.html HTTP/1.1" 200 4704 "-" "Java/1.5.0_04"
172.183.52.235 - - [17/Jan/2006:05:32:31 -0500] "GET /englishL/home/2002.html HTTP/1.1" 200 26505 "-" "Java/1.5.0_04"
172.183.52.235 - - [17/Jan/2006:05:32:32 -0500] "GET /englishL/home/2003.html HTTP/1.1" 200 100683 "-" "Java/1.5.0_04"
172.183.52.235 - - [17/Jan/2006:05:32:33 -0500] "GET /event_info/www.ncseweb.org HTTP/1.1" 404 3511 "-" "Java/1.5.0_04"
201.38.236.130 - - [17/Jan/2006:05:32:34 -0500] "GET / HTTP/1.1" 200 21497 "http://www.geocities.com/gilson_medufpr/index.html?200617" "Mozilla/4.0 (compatible; MSIE 6.0; Windows NT 5.1; SV1)"
172.183.52.235 - - [17/Jan/2006:05:32:34 -0500] "GET /englishL/home/2004.html HTTP/1.1" 200 80248 "-" "Java/1.5.0_04"
201.38.236.130 - - [17/Jan/2006:05:32:34 -0500] "GET /images/arrow.gif HTTP/1.1" 200 112 "http://www.darwinday.org/" "Mozilla/4.0 (compatible; MSIE 6.0; Windows NT 5.1; SV1)"
201.38.236.130 - - [17/Jan/2006:05:32:34 -0500] "GET / HTTP/1.1" 200 25029 "-" "Mozilla/4.0 (compatible; MSIE 6.0; Windows NT 5.1; SV1)"
201.38.236.130 - - [17/Jan/2006:05:32:35 -0500] "GET /images/topleftlogo.gif HTTP/1.1" 200 6907 "http://www.darwinday.org/" "Mozilla/4.0 (compatible; MSIE 6.0; Windows NT 5.1; SV1)"
201.38.236.130 - - [17/Jan/2006:05:32:35 -0500] "GET /images/header.gif HTTP/1.1" 200 26756 "http://www.darwinday.org/" "Mozilla/4.0 (compatible; MSIE 6.0; Windows NT 5.1; SV1)"
201.38.236.130 - - [17/Jan/2006:05:32:36 -0500] "GET /stylesheets/main.css HTTP/1.1" 200 562 "http://www.darwinday.org/" "Mozilla/4.0 (compatible; MSIE 6.0; Windows NT 5.1; SV1)"
201.38.236.130 - - [17/Jan/2006:05:32:36 -0500] "GET /englishL/currarts.html HTTP/1.1" 200 5652 "http://www.darwinday.org/" "Mozilla/4.0 (compatible; MSIE 6.0; Windows NT 5.1; SV1)"
172.183.52.235 - - [17/Jan/2006:05:32:37 -0500] "GET /englishL/home/2005.php HTTP/1.1" 200 246383 "-" "Java/1.5.0_04"
201.38.236.130 - - [17/Jan/2006:05:32:38 -0500] "GET /englishL/images/titletrans.gif HTTP/1.1" 200 15588 "http://www.darwinday.org/" "Mozilla/4.0 (compatible; MSIE 6.0; Windows NT 5.1; SV1)"
201.38.236.130 - - [17/Jan/2006:05:32:38 -0500] "GET /englishL/images/navbar.gif HTTP/1.1" 200 2667 "http://www.darwinday.org/" "Mozilla/4.0 (compatible; MSIE 6.0; Windows NT 5.1; SV1)"
201.38.236.130 - - [17/Jan/2006:05:32:42 -0500] "GET /englishL/home/images/darwinages.gif HTTP/1.1" 200 50309 "http://www.darwinday.org/" "Mozilla/4.0 (compatible; MSIE 6.0; Windows NT 5.1; SV1)"
201.38.236.130 - - [17/Jan/2006:05:32:42 -0500] "GET /images/worldmaptransp.gif HTTP/1.1" 200 128893 "http://www.darwinday.org/" "Mozilla/4.0 (compatible; MSIE 6.0; Windows NT 5.1; SV1)"
172.183.52.235 - - [17/Jan/2006:05:32:42 -0500] "GET /englishL/home/2006.php HTTP/1.1" 200 188068 "-" "Java/1.5.0_04"
201.38.236.130 - - [17/Jan/2006:05:32:42 -0500] "GET /images/dnahorizl.gif HTTP/1.1" 200 2130 "http://www.darwinday.org/" "Mozilla/4.0 (compatible; MSIE 6.0; Windows NT 5.1; SV1)"
68.161.94.210 - - [17/Jan/2006:05:32:42 -0500] "GET /stylesheets/main.css HTTP/1.1" 200 562 "http://www.darwinday.org/" "Mozilla/4.0 (compatible; MSIE 6.0; Windows NT 5.1; SV1; (R1 1.5); .NET CLR 1.1.4322; .NET CLR 2.0.50727)"
68.161.94.210 - - [17/Jan/2006:05:32:42 -0500] "GET / HTTP/1.1" 200 25029 "http://www.atheistalliance.org/" "Mozilla/4.0 (compatible; MSIE 6.0; Windows NT 5.1; SV1; (R1 1.5); .NET CLR 1.1.4322; .NET CLR 2.0.50727)"
201.38.236.130 - - [17/Jan/2006:05:32:43 -0500] "GET /images/dnahoriz.gif HTTP/1.1" 200 3391 "http://www.darwinday.org/" "Mozilla/4.0 (compatible; MSIE 6.0; Windows NT 5.1; SV1)"
68.161.94.210 - - [17/Jan/2006:05:32:43 -0500] "GET /englishL/currarts.html HTTP/1.1" 200 5652 "http://www.darwinday.org/" "Mozilla/4.0 (compatible; MSIE 6.0; Windows NT 5.1; SV1; (R1 1.5); .NET CLR 1.1.4322; .NET CLR 2.0.50727)"
68.161.94.210 - - [17/Jan/2006:05:32:43 -0500] "GET /images/topleftlogo.gif HTTP/1.1" 200 6907 "http://www.darwinday.org/" "Mozilla/4.0 (compatible; MSIE 6.0; Windows NT 5.1; SV1; (R1 1.5); .NET CLR 1.1.4322; .NET CLR 2.0.50727)"
201.38.236.130 - - [17/Jan/2006:05:32:43 -0500] "GET /images/dnahorizr.gif HTTP/1.1" 200 2104 "http://www.darwinday.org/" "Mozilla/4.0 (compatible; MSIE 6.0; Windows NT 5.1; SV1)"
68.161.94.210 - - [17/Jan/2006:05:32:43 -0500] "GET /images/header.gif HTTP/1.1" 200 26756 "http://www.darwinday.org/" "Mozilla/4.0 (compatible; MSIE 6.0; Windows NT 5.1; SV1; (R1 1.5); .NET CLR 1.1.4322; .NET CLR 2.0.50727)"
172.183.52.235 - - [17/Jan/2006:05:32:43 -0500] "GET /englishL/home/2007.html HTTP/1.1" 200 4412 "-" "Java/1.5.0_04"
201.38.236.130 - - [17/Jan/2006:05:32:43 -0500] "GET /englishL/home/images/lincoln.gif HTTP/1.1" 200 11057 "http://www.darwinday.org/" "Mozilla/4.0 (compatible; MSIE 6.0; Windows NT 5.1; SV1)"
68.161.94.210 - - [17/Jan/2006:05:32:43 -0500] "GET /englishL/images/titletrans.gif HTTP/1.1" 200 15588 "http://www.darwinday.org/" "Mozilla/4.0 (compatible; MSIE 6.0; Windows NT 5.1; SV1; (R1 1.5); .NET CLR 1.1.4322; .NET CLR 2.0.50727)"
172.183.52.235 - - [17/Jan/2006:05:32:43 -0500] "GET /englishL/home/2008.html HTTP/1.1" 200 3967 "-" "Java/1.5.0_04"
201.38.236.130 - - [17/Jan/2006:05:32:43 -0500] "GET /englishL/home/images/darwin.gif HTTP/1.1" 200 13783 "http://www.darwinday.org/" "Mozilla/4.0 (compatible; MSIE 6.0; Windows NT 5.1; SV1)"
68.161.94.210 - - [17/Jan/2006:05:32:43 -0500] "GET /images/worldmaptransp.gif HTTP/1.1" 200 128893 "http://www.darwinday.org/" "Mozilla/4.0 (compatible; MSIE 6.0; Windows NT 5.1; SV1; (R1 1.5); .NET CLR 1.1.4322; .NET CLR 2.0.50727)"
172.183.52.235 - - [17/Jan/2006:05:32:43 -0500] "GET /englishL/home/2009.html HTTP/1.1" 200 4593 "-" "Java/1.5.0_04"
68.161.94.210 - - [17/Jan/2006:05:32:44 -0500] "GET /englishL/images/navbar.gif HTTP/1.1" 200 2667 "http://www.darwinday.org/" "Mozilla/4.0 (compatible; MSIE 6.0; Windows NT 5.1; SV1; (R1 1.5); .NET CLR 1.1.4322; .NET CLR 2.0.50727)"
172.183.52.235 - - [17/Jan/2006:05:32:44 -0500] "GET /englishL/home/index.html HTTP/1.1" 200 25530 "-" "Java/1.5.0_04"
68.161.94.210 - - [17/Jan/2006:05:32:44 -0500] "GET /images/arrow.gif HTTP/1.1" 200 112 "http://www.darwinday.org/" "Mozilla/4.0 (compatible; MSIE 6.0; Windows NT 5.1; SV1; (R1 1.5); .NET CLR 1.1.4322; .NET CLR 2.0.50727)"
68.161.94.210 - - [17/Jan/2006:05:32:44 -0500] "GET /images/dnahorizl.gif HTTP/1.1" 200 2130 "http://www.darwinday.org/" "Mozilla/4.0 (compatible; MSIE 6.0; Windows NT 5.1; SV1; (R1 1.5); .NET CLR 1.1.4322; .NET CLR 2.0.50727)"
68.161.94.210 - - [17/Jan/2006:05:32:44 -0500] "GET /images/dnahoriz.gif HTTP/1.1" 200 3391 "http://www.darwinday.org/" "Mozilla/4.0 (compatible; MSIE 6.0; Windows NT 5.1; SV1; (R1 1.5); .NET CLR 1.1.4322; .NET CLR 2.0.50727)"
68.161.94.210 - - [17/Jan/2006:05:32:44 -0500] "GET /images/dnahorizr.gif HTTP/1.1" 200 2104 "http://www.darwinday.org/" "Mozilla/4.0 (compatible; MSIE 6.0; Windows NT 5.1; SV1; (R1 1.5); .NET CLR 1.1.4322; .NET CLR 2.0.50727)"
201.38.236.130 - - [17/Jan/2006:05:32:44 -0500] "GET /images/trans.gif HTTP/1.1" 200 49 "http://www.darwinday.org/" "Mozilla/4.0 (compatible; MSIE 6.0; Windows NT 5.1; SV1)"
68.161.94.210 - - [17/Jan/2006:05:32:44 -0500] "GET /englishL/home/images/lincoln.gif HTTP/1.1" 200 11057 "http://www.darwinday.org/" "Mozilla/4.0 (compatible; MSIE 6.0; Windows NT 5.1; SV1; (R1 1.5); .NET CLR 1.1.4322; .NET CLR 2.0.50727)"
68.161.94.210 - - [17/Jan/2006:05:32:44 -0500] "GET /englishL/home/images/darwinages.gif HTTP/1.1" 200 50309 "http://www.darwinday.org/" "Mozilla/4.0 (compatible; MSIE 6.0; Windows NT 5.1; SV1; (R1 1.5); .NET CLR 1.1.4322; .NET CLR 2.0.50727)"
201.38.236.130 - - [17/Jan/2006:05:32:44 -0500] "GET /englishL/home/images/manymore.gif HTTP/1.1" 200 581 "http://www.darwinday.org/" "Mozilla/4.0 (compatible; MSIE 6.0; Windows NT 5.1; SV1)"
68.161.94.210 - - [17/Jan/2006:05:32:44 -0500] "GET /englishL/home/images/darwin.gif HTTP/1.1" 200 13783 "http://www.darwinday.org/" "Mozilla/4.0 (compatible; MSIE 6.0; Windows NT 5.1; SV1; (R1 1.5); .NET CLR 1.1.4322; .NET CLR 2.0.50727)"
68.161.94.210 - - [17/Jan/2006:05:32:44 -0500] "GET /englishL/home/images/beagle.gif HTTP/1.1" 200 37108 "http://www.darwinday.org/" "Mozilla/4.0 (compatible; MSIE 6.0; Windows NT 5.1; SV1; (R1 1.5); .NET CLR 1.1.4322; .NET CLR 2.0.50727)"
201.38.236.130 - - [17/Jan/2006:05:32:45 -0500] "GET /englishL/home/images/joinus.gif HTTP/1.1" 200 524 "http://www.darwinday.org/" "Mozilla/4.0 (compatible; MSIE 6.0; Windows NT 5.1; SV1)"
68.161.94.210 - - [17/Jan/2006:05:32:45 -0500] "GET /images/trans.gif HTTP/1.1" 200 49 "http://www.darwinday.org/" "Mozilla/4.0 (compatible; MSIE 6.0; Windows NT 5.1; SV1; (R1 1.5); .NET CLR 1.1.4322; .NET CLR 2.0.50727)"
68.161.94.210 - - [17/Jan/2006:05:32:45 -0500] "GET /englishL/home/images/manymore.gif HTTP/1.1" 200 581 "http://www.darwinday.org/" "Mozilla/4.0 (compatible; MSIE 6.0; Windows NT 5.1; SV1; (R1 1.5); .NET CLR 1.1.4322; .NET CLR 2.0.50727)"
68.161.94.210 - - [17/Jan/2006:05:32:45 -0500] "GET /englishL/home/images/joinus.gif HTTP/1.1" 200 524 "http://www.darwinday.org/" "Mozilla/4.0 (compatible; MSIE 6.0; Windows NT 5.1; SV1; (R1 1.5); .NET CLR 1.1.4322; .NET CLR 2.0.50727)"
172.183.52.235 - - [17/Jan/2006:05:32:45 -0500] "GET /englishL/life/index.html HTTP/1.1" 200 9958 "-" "Java/1.5.0_04"
68.161.94.210 - - [17/Jan/2006:05:32:45 -0500] "GET /englishL/home/images/horse.evolution.jpg HTTP/1.1" 200 29612 "http://www.darwinday.org/" "Mozilla/4.0 (compatible; MSIE 6.0; Windows NT 5.1; SV1; (R1 1.5); .NET CLR 1.1.4322; .NET CLR 2.0.50727)"
68.161.94.210 - - [17/Jan/2006:05:32:45 -0500] "GET /images/DNAlogo.gif HTTP/1.1" 200 1370 "http://www.darwinday.org/englishL/currarts.html" "Mozilla/4.0 (compatible; MSIE 6.0; Windows NT 5.1; SV1; (R1 1.5); .NET CLR 1.1.4322; .NET CLR 2.0.50727)"
201.38.236.130 - - [17/Jan/2006:05:32:45 -0500] "GET /englishL/home/images/beagle.gif HTTP/1.1" 200 37108 "http://www.darwinday.org/" "Mozilla/4.0 (compatible; MSIE 6.0; Windows NT 5.1; SV1)"
172.183.52.235 - - [17/Jan/2006:05:32:45 -0500] "GET /englishL/newsviews/darlin.html HTTP/1.1" 200 21632 "-" "Java/1.5.0_04"
172.183.52.235 - - [17/Jan/2006:05:32:45 -0500] "GET /englishL/newsviews/essays.html HTTP/1.1" 200 7676 "-" "Java/1.5.0_04"
201.38.236.130 - - [17/Jan/2006:05:32:46 -0500] "GET /images/DNAlogo.gif HTTP/1.1" 200 1370 "http://www.darwinday.org/englishL/currarts.html" "Mozilla/4.0 (compatible; MSIE 6.0; Windows NT 5.1; SV1)"
201.38.236.130 - - [17/Jan/2006:05:32:46 -0500] "GET /englishL/home/images/horse.evolution.jpg HTTP/1.1" 200 29612 "http://www.darwinday.org/" "Mozilla/4.0 (compatible; MSIE 6.0; Windows NT 5.1; SV1)"
172.183.52.235 - - [17/Jan/2006:05:32:46 -0500] "GET /englishL/newsviews/index.html HTTP/1.1" 200 5001 "-" "Java/1.5.0_04"
172.183.52.235 - - [17/Jan/2006:05:32:46 -0500] "GET /englishL/regemail/index.php HTTP/1.1" 200 6113 "-" "Java/1.5.0_04"
172.183.52.235 - - [17/Jan/2006:05:32:46 -0500] "GET /englishL/regevent/index.php HTTP/1.1" 200 31778 "-" "Java/1.5.0_04"
81.86.2.113 - - [17/Jan/2006:05:32:47 -0500] "GET / HTTP/1.1" 200 25029 "http://www.simonyi.ox.ac.uk/dawkins/calendar/cal_item.shtml?select=1134393343" "Mozilla/4.0 (compatible; MSIE 6.0; Windows NT 5.1; SV1; .NET CLR 1.1.4322)"
81.86.2.113 - - [17/Jan/2006:05:32:47 -0500] "GET /stylesheets/main.css HTTP/1.1" 200 562 "http://www.darwinday.org/" "Mozilla/4.0 (compatible; MSIE 6.0; Windows NT 5.1; SV1; .NET CLR 1.1.4322)"
81.86.2.113 - - [17/Jan/2006:05:32:47 -0500] "GET /images/topleftlogo.gif HTTP/1.1" 200 6907 "http://www.darwinday.org/" "Mozilla/4.0 (compatible; MSIE 6.0; Windows NT 5.1; SV1; .NET CLR 1.1.4322)"
172.183.52.235 - - [17/Jan/2006:05:32:47 -0500] "GET /englishL/register/index.php HTTP/1.1" 200 20068 "-" "Java/1.5.0_04"
172.183.52.235 - - [17/Jan/2006:05:32:48 -0500] "GET /NEWlang/home/index.html HTTP/1.1" 200 25484 "-" "Java/1.5.0_04"
81.86.2.113 - - [17/Jan/2006:05:32:48 -0500] "GET /images/header.gif HTTP/1.1" 200 26756 "http://www.darwinday.org/" "Mozilla/4.0 (compatible; MSIE 6.0; Windows NT 5.1; SV1; .NET CLR 1.1.4322)"
81.86.2.113 - - [17/Jan/2006:05:32:48 -0500] "GET /englishL/currarts.html HTTP/1.1" 200 5652 "http://www.darwinday.org/" "Mozilla/4.0 (compatible; MSIE 6.0; Windows NT 5.1; SV1; .NET CLR 1.1.4322)"
81.86.2.113 - - [17/Jan/2006:05:32:48 -0500] "GET /englishL/images/titletrans.gif HTTP/1.1" 200 15588 "http://www.darwinday.org/" "Mozilla/4.0 (compatible; MSIE 6.0; Windows NT 5.1; SV1; .NET CLR 1.1.4322)"
81.86.2.113 - - [17/Jan/2006:05:32:49 -0500] "GET /images/worldmaptransp.gif HTTP/1.1" 200 128893 "http://www.darwinday.org/" "Mozilla/4.0 (compatible; MSIE 6.0; Windows NT 5.1; SV1; .NET CLR 1.1.4322)"
81.86.2.113 - - [17/Jan/2006:05:32:49 -0500] "GET /englishL/images/navbar.gif HTTP/1.1" 200 2667 "http://www.darwinday.org/" "Mozilla/4.0 (compatible; MSIE 6.0; Windows NT 5.1; SV1; .NET CLR 1.1.4322)"
172.183.52.235 - - [17/Jan/2006:05:32:49 -0500] "GET /NEWlang/currarts.html HTTP/1.1" 200 5652 "-" "Java/1.5.0_04"
172.183.52.235 - - [17/Jan/2006:05:32:49 -0500] "GET /englishL/aboutddc/contact.html HTTP/1.1" 200 3457 "-" "Java/1.5.0_04"
172.183.52.235 - - [17/Jan/2006:05:32:49 -0500] "GET /englishL/aboutddc/creators.html HTTP/1.1" 200 4492 "-" "Java/1.5.0_04"
81.86.2.113 - - [17/Jan/2006:05:32:49 -0500] "GET /englishL/home/images/darwinages.gif HTTP/1.1" 200 50309 "http://www.darwinday.org/" "Mozilla/4.0 (compatible; MSIE 6.0; Windows NT 5.1; SV1; .NET CLR 1.1.4322)"
172.183.52.235 - - [17/Jan/2006:05:32:49 -0500] "GET /englishL/aboutddc/history.html HTTP/1.1" 200 11013 "-" "Java/1.5.0_04"
81.86.2.113 - - [17/Jan/2006:05:32:50 -0500] "GET /images/arrow.gif HTTP/1.1" 200 112 "http://www.darwinday.org/" "Mozilla/4.0 (compatible; MSIE 6.0; Windows NT 5.1; SV1; .NET CLR 1.1.4322)"
172.183.52.235 - - [17/Jan/2006:05:32:50 -0500] "GET /englishL/aboutddc/mission.html HTTP/1.1" 200 5255 "-" "Java/1.5.0_04"
81.86.2.113 - - [17/Jan/2006:05:32:50 -0500] "GET /images/dnahoriz.gif HTTP/1.1" 200 3391 "http://www.darwinday.org/" "Mozilla/4.0 (compatible; MSIE 6.0; Windows NT 5.1; SV1; .NET CLR 1.1.4322)"
172.183.52.235 - - [17/Jan/2006:05:32:50 -0500] "GET /englishL/aboutddc/organization.html HTTP/1.1" 200 4141 "-" "Java/1.5.0_04"
81.86.2.113 - - [17/Jan/2006:05:32:50 -0500] "GET /images/dnahorizl.gif HTTP/1.1" 200 2130 "http://www.darwinday.org/" "Mozilla/4.0 (compatible; MSIE 6.0; Windows NT 5.1; SV1; .NET CLR 1.1.4322)"
81.86.2.113 - - [17/Jan/2006:05:32:50 -0500] "GET /images/dnahorizr.gif HTTP/1.1" 200 2104 "http://www.darwinday.org/" "Mozilla/4.0 (compatible; MSIE 6.0; Windows NT 5.1; SV1; .NET CLR 1.1.4322)"
81.86.2.113 - - [17/Jan/2006:05:32:50 -0500] "GET /englishL/home/images/lincoln.gif HTTP/1.1" 200 11057 "http://www.darwinday.org/" "Mozilla/4.0 (compatible; MSIE 6.0; Windows NT 5.1; SV1; .NET CLR 1.1.4322)"
172.183.52.235 - - [17/Jan/2006:05:32:50 -0500] "GET /englishL/aboutddc/support.html HTTP/1.1" 200 4624 "-" "Java/1.5.0_04"
81.86.2.113 - - [17/Jan/2006:05:32:50 -0500] "GET /englishL/home/images/darwin.gif HTTP/1.1" 200 13783 "http://www.darwinday.org/" "Mozilla/4.0 (compatible; MSIE 6.0; Windows NT 5.1; SV1; .NET CLR 1.1.4322)"
172.183.52.235 - - [17/Jan/2006:05:32:50 -0500] "GET /englishL/assistevent/index.html HTTP/1.1" 200 25464 "-" "Java/1.5.0_04"
81.86.2.113 - - [17/Jan/2006:05:32:51 -0500] "GET /englishL/home/images/beagle.gif HTTP/1.1" 200 37108 "http://www.darwinday.org/" "Mozilla/4.0 (compatible; MSIE 6.0; Windows NT 5.1; SV1; .NET CLR 1.1.4322)"
81.86.2.113 - - [17/Jan/2006:05:32:51 -0500] "GET /images/trans.gif HTTP/1.1" 200 49 "http://www.darwinday.org/" "Mozilla/4.0 (compatible; MSIE 6.0; Windows NT 5.1; SV1; .NET CLR 1.1.4322)"
81.86.2.113 - - [17/Jan/2006:05:32:51 -0500] "GET /englishL/home/images/manymore.gif HTTP/1.1" 200 581 "http://www.darwinday.org/" "Mozilla/4.0 (compatible; MSIE 6.0; Windows NT 5.1; SV1; .NET CLR 1.1.4322)"
172.183.52.235 - - [17/Jan/2006:05:32:51 -0500] "GET /englishL/evolution/dna.html HTTP/1.1" 200 7190 "-" "Java/1.5.0_04"
81.86.2.113 - - [17/Jan/2006:05:32:51 -0500] "GET /englishL/home/images/joinus.gif HTTP/1.1" 200 524 "http://www.darwinday.org/" "Mozilla/4.0 (compatible; MSIE 6.0; Windows NT 5.1; SV1; .NET CLR 1.1.4322)"
81.86.2.113 - - [17/Jan/2006:05:32:51 -0500] "GET /englishL/home/images/horse.evolution.jpg HTTP/1.1" 200 29612 "http://www.darwinday.org/" "Mozilla/4.0 (compatible; MSIE 6.0; Windows NT 5.1; SV1; .NET CLR 1.1.4322)"
172.183.52.235 - - [17/Jan/2006:05:32:51 -0500] "GET /englishL/evolution/inheritance.html HTTP/1.1" 200 4729 "-" "Java/1.5.0_04"
81.86.2.113 - - [17/Jan/2006:05:32:52 -0500] "GET /images/DNAlogo.gif HTTP/1.1" 200 1370 "http://www.darwinday.org/englishL/currarts.html" "Mozilla/4.0 (compatible; MSIE 6.0; Windows NT 5.1; SV1; .NET CLR 1.1.4322)"
172.183.52.235 - - [17/Jan/2006:05:32:52 -0500] "GET /englishL/evolution/theory.html HTTP/1.1" 200 9510 "-" "Java/1.5.0_04"
172.183.52.235 - - [17/Jan/2006:05:32:52 -0500] "GET /englishL/life/beagle.html HTTP/1.1" 200 20672 "-" "Java/1.5.0_04"
172.183.52.235 - - [17/Jan/2006:05:32:53 -0500] "GET /englishL/life/cambridgeafter.html HTTP/1.1" 200 7483 "-" "Java/1.5.0_04"
68.161.94.210 - - [17/Jan/2006:05:32:53 -0500] "GET /englishL/home/2006.php HTTP/1.1" 200 188068 "http://www.darwinday.org/" "Mozilla/4.0 (compatible; MSIE 6.0; Windows NT 5.1; SV1; (R1 1.5); .NET CLR 1.1.4322; .NET CLR 2.0.50727)"
172.183.52.235 - - [17/Jan/2006:05:32:53 -0500] "GET /englishL/life/children.html HTTP/1.1" 200 13763 "-" "Java/1.5.0_04"
68.161.94.210 - - [17/Jan/2006:05:32:53 -0500] "GET /englishL/stylesheets/main.css HTTP/1.1" 200 536 "http://www.darwinday.org/englishL/home/2006.php" "Mozilla/4.0 (compatible; MSIE 6.0; Windows NT 5.1; SV1; (R1 1.5); .NET CLR 1.1.4322; .NET CLR 2.0.50727)"
172.183.52.235 - - [17/Jan/2006:05:32:53 -0500] "GET /englishL/life/college.html HTTP/1.1" 200 16998 "-" "Java/1.5.0_04"
172.183.52.235 - - [17/Jan/2006:05:32:54 -0500] "GET /englishL/life/downhouse.html HTTP/1.1" 200 20274 "-" "Java/1.5.0_04"
172.183.52.235 - - [17/Jan/2006:05:32:54 -0500] "GET /englishL/life/emma.html HTTP/1.1" 200 13045 "-" "Java/1.5.0_04"
172.183.52.235 - - [17/Jan/2006:05:32:55 -0500] "GET /englishL/life/informal.html HTTP/1.1" 200 13899 "-" "Java/1.5.0_04"
172.183.52.235 - - [17/Jan/2006:05:32:55 -0500] "GET /englishL/life/london.html HTTP/1.1" 200 6182 "-" "Java/1.5.0_04"
172.183.52.235 - - [17/Jan/2006:05:32:56 -0500] "GET /englishL/life/maternal.html HTTP/1.1" 200 9461 "-" "Java/1.5.0_04"
172.183.52.235 - - [17/Jan/2006:05:32:56 -0500] "GET /englishL/life/parents.html HTTP/1.1" 200 7313 "-" "Java/1.5.0_04"
172.183.52.235 - - [17/Jan/2006:05:32:56 -0500] "GET /englishL/life/paternal.html HTTP/1.1" 200 3213 "-" "Java/1.5.0_04"
172.183.52.235 - - [17/Jan/2006:05:32:57 -0500] "GET /englishL/life/shrewsbury.html HTTP/1.1" 200 37679 "-" "Java/1.5.0_04"
172.183.52.235 - - [17/Jan/2006:05:32:57 -0500] "GET /englishL/life/siblings.html HTTP/1.1" 200 7848 "-" "Java/1.5.0_04"
172.183.52.235 - - [17/Jan/2006:05:32:57 -0500] "GET /englishL/newsviews/evolution.html HTTP/1.1" 200 9665 "-" "Java/1.5.0_04"
172.183.52.235 - - [17/Jan/2006:05:32:58 -0500] "GET /englishL/newsviews/news.html HTTP/1.1" 200 12746 "-" "Java/1.5.0_04"
172.183.52.235 - - [17/Jan/2006:05:32:58 -0500] "GET /englishL/register/privacy.html HTTP/1.1" 200 3571 "-" "Java/1.5.0_04"
172.183.52.235 - - [17/Jan/2006:05:32:59 -0500] "GET /NEWlang/aboutddc/advisory.html HTTP/1.1" 200 27480 "-" "Java/1.5.0_04"
172.183.52.235 - - [17/Jan/2006:05:32:59 -0500] "GET /NEWlang/aboutddc/index.html HTTP/1.1" 200 6640 "-" "Java/1.5.0_04"
172.183.52.235 - - [17/Jan/2006:05:33:02 -0500] "GET /NEWlang/dispsupport/index.php HTTP/1.1" 200 243420 "-" "Java/1.5.0_04"
172.183.52.235 - - [17/Jan/2006:05:33:04 -0500] "GET /NEWlang/events/index.html HTTP/1.1" 200 4706 "-" "Java/1.5.0_04"
172.183.52.235 - - [17/Jan/2006:05:33:05 -0500] "GET /NEWlang/evolution/index.html HTTP/1.1" 200 4699 "-" "Java/1.5.0_04"
172.183.52.235 - - [17/Jan/2006:05:33:05 -0500] "GET /NEWlang/home/2002.html HTTP/1.1" 200 26502 "-" "Java/1.5.0_04"
172.183.52.235 - - [17/Jan/2006:05:33:07 -0500] "GET /NEWlang/home/2003.html HTTP/1.1" 200 100680 "-" "Java/1.5.0_04"
172.183.52.235 - - [17/Jan/2006:05:33:09 -0500] "GET /NEWlang/home/2004.html HTTP/1.1" 200 80244 "-" "Java/1.5.0_04"
172.183.52.235 - - [17/Jan/2006:05:33:13 -0500] "GET /NEWlang/home/2005.php HTTP/1.1" 200 236663 "-" "Java/1.5.0_04"
172.183.52.235 - - [17/Jan/2006:05:33:19 -0500] "GET /NEWlang/home/2006.php HTTP/1.1" 200 188065 "-" "Java/1.5.0_04"
172.183.52.235 - - [17/Jan/2006:05:33:22 -0500] "GET /NEWlang/home/2007.html HTTP/1.1" 200 4409 "-" "Java/1.5.0_04"
172.183.52.235 - - [17/Jan/2006:05:33:22 -0500] "GET /NEWlang/home/2008.html HTTP/1.1" 200 3964 "-" "Java/1.5.0_04"
172.183.52.235 - - [17/Jan/2006:05:33:23 -0500] "GET /NEWlang/home/2009.html HTTP/1.1" 200 4590 "-" "Java/1.5.0_04"
172.183.52.235 - - [17/Jan/2006:05:33:23 -0500] "GET /NEWlang/life/index.html HTTP/1.1" 200 9923 "-" "Java/1.5.0_04"
172.183.52.235 - - [17/Jan/2006:05:33:23 -0500] "GET /NEWlang/newsviews/darlin.html HTTP/1.1" 200 21630 "-" "Java/1.5.0_04"
172.183.52.235 - - [17/Jan/2006:05:33:24 -0500] "GET /NEWlang/newsviews/essays.html HTTP/1.1" 200 7674 "-" "Java/1.5.0_04"
172.183.52.235 - - [17/Jan/2006:05:33:24 -0500] "GET /NEWlang/newsviews/index.html HTTP/1.1" 200 4991 "-" "Java/1.5.0_04"
172.183.52.235 - - [17/Jan/2006:05:33:24 -0500] "GET /NEWlang/regemail/index.php HTTP/1.1" 200 6110 "-" "Java/1.5.0_04"
172.183.52.235 - - [17/Jan/2006:05:33:25 -0500] "GET /NEWlang/regevent/index.php HTTP/1.1" 200 31772 "-" "Java/1.5.0_04"
88.104.151.95 - - [17/Jan/2006:05:33:26 -0500] "GET /stylesheets/main.css HTTP/1.1" 200 562 "http://www.darwinday.org/" "Mozilla/4.0 (compatible; MSIE 6.0; Windows NT 5.1; SV1; .NET CLR 1.1.4322)"
88.104.151.95 - - [17/Jan/2006:05:33:26 -0500] "GET /images/topleftlogo.gif HTTP/1.1" 200 6907 "http://www.darwinday.org/" "Mozilla/4.0 (compatible; MSIE 6.0; Windows NT 5.1; SV1; .NET CLR 1.1.4322)"
88.104.151.95 - - [17/Jan/2006:05:33:26 -0500] "GET / HTTP/1.1" 200 25029 "http://www.simonyi.ox.ac.uk/dawkins/WorldOfDawkins-archive/News/events.shtml" "Mozilla/4.0 (compatible; MSIE 6.0; Windows NT 5.1; SV1; .NET CLR 1.1.4322)"
88.104.151.95 - - [17/Jan/2006:05:33:26 -0500] "GET /englishL/images/navbar.gif HTTP/1.1" 200 2667 "http://www.darwinday.org/" "Mozilla/4.0 (compatible; MSIE 6.0; Windows NT 5.1; SV1; .NET CLR 1.1.4322)"
88.104.151.95 - - [17/Jan/2006:05:33:26 -0500] "GET /englishL/images/titletrans.gif HTTP/1.1" 200 15588 "http://www.darwinday.org/" "Mozilla/4.0 (compatible; MSIE 6.0; Windows NT 5.1; SV1; .NET CLR 1.1.4322)"
88.104.151.95 - - [17/Jan/2006:05:33:26 -0500] "GET /englishL/currarts.html HTTP/1.1" 200 5652 "http://www.darwinday.org/" "Mozilla/4.0 (compatible; MSIE 6.0; Windows NT 5.1; SV1; .NET CLR 1.1.4322)"
88.104.151.95 - - [17/Jan/2006:05:33:26 -0500] "GET /images/arrow.gif HTTP/1.1" 200 112 "http://www.darwinday.org/" "Mozilla/4.0 (compatible; MSIE 6.0; Windows NT 5.1; SV1; .NET CLR 1.1.4322)"
88.104.151.95 - - [17/Jan/2006:05:33:26 -0500] "GET /images/dnahorizl.gif HTTP/1.1" 200 2130 "http://www.darwinday.org/" "Mozilla/4.0 (compatible; MSIE 6.0; Windows NT 5.1; SV1; .NET CLR 1.1.4322)"
88.104.151.95 - - [17/Jan/2006:05:33:26 -0500] "GET /images/dnahoriz.gif HTTP/1.1" 200 3391 "http://www.darwinday.org/" "Mozilla/4.0 (compatible; MSIE 6.0; Windows NT 5.1; SV1; .NET CLR 1.1.4322)"
172.183.52.235 - - [17/Jan/2006:05:33:26 -0500] "GET /NEWlang/register/index.php HTTP/1.1" 200 20063 "-" "Java/1.5.0_04"
88.104.151.95 - - [17/Jan/2006:05:33:26 -0500] "GET /images/header.gif HTTP/1.1" 200 26756 "http://www.darwinday.org/" "Mozilla/4.0 (compatible; MSIE 6.0; Windows NT 5.1; SV1; .NET CLR 1.1.4322)"
88.104.151.95 - - [17/Jan/2006:05:33:26 -0500] "GET /images/dnahorizr.gif HTTP/1.1" 200 2104 "http://www.darwinday.org/" "Mozilla/4.0 (compatible; MSIE 6.0; Windows NT 5.1; SV1; .NET CLR 1.1.4322)"
88.104.151.95 - - [17/Jan/2006:05:33:26 -0500] "GET /englishL/home/images/lincoln.gif HTTP/1.1" 200 11057 "http://www.darwinday.org/" "Mozilla/4.0 (compatible; MSIE 6.0; Windows NT 5.1; SV1; .NET CLR 1.1.4322)"
88.104.151.95 - - [17/Jan/2006:05:33:26 -0500] "GET /images/trans.gif HTTP/1.1" 200 49 "http://www.darwinday.org/" "Mozilla/4.0 (compatible; MSIE 6.0; Windows NT 5.1; SV1; .NET CLR 1.1.4322)"
88.104.151.95 - - [17/Jan/2006:05:33:26 -0500] "GET /englishL/home/images/darwin.gif HTTP/1.1" 200 13783 "http://www.darwinday.org/" "Mozilla/4.0 (compatible; MSIE 6.0; Windows NT 5.1; SV1; .NET CLR 1.1.4322)"
88.104.151.95 - - [17/Jan/2006:05:33:27 -0500] "GET /englishL/home/images/beagle.gif HTTP/1.1" 200 37108 "http://www.darwinday.org/" "Mozilla/4.0 (compatible; MSIE 6.0; Windows NT 5.1; SV1; .NET CLR 1.1.4322)"
88.104.151.95 - - [17/Jan/2006:05:33:27 -0500] "GET /englishL/home/images/manymore.gif HTTP/1.1" 200 581 "http://www.darwinday.org/" "Mozilla/4.0 (compatible; MSIE 6.0; Windows NT 5.1; SV1; .NET CLR 1.1.4322)"
88.104.151.95 - - [17/Jan/2006:05:33:27 -0500] "GET /englishL/home/images/joinus.gif HTTP/1.1" 200 524 "http://www.darwinday.org/" "Mozilla/4.0 (compatible; MSIE 6.0; Windows NT 5.1; SV1; .NET CLR 1.1.4322)"
88.104.151.95 - - [17/Jan/2006:05:33:27 -0500] "GET /englishL/home/images/darwinages.gif HTTP/1.1" 200 50309 "http://www.darwinday.org/" "Mozilla/4.0 (compatible; MSIE 6.0; Windows NT 5.1; SV1; .NET CLR 1.1.4322)"
172.183.52.235 - - [17/Jan/2006:05:33:27 -0500] "GET /NEWlang/aboutddc/contact.html HTTP/1.1" 200 3455 "-" "Java/1.5.0_04"
88.104.151.95 - - [17/Jan/2006:05:33:27 -0500] "GET /images/DNAlogo.gif HTTP/1.1" 200 1370 "http://www.darwinday.org/englishL/currarts.html" "Mozilla/4.0 (compatible; MSIE 6.0; Windows NT 5.1; SV1; .NET CLR 1.1.4322)"
172.183.52.235 - - [17/Jan/2006:05:33:27 -0500] "GET /NEWlang/aboutddc/creators.html HTTP/1.1" 200 4490 "-" "Java/1.5.0_04"
88.104.151.95 - - [17/Jan/2006:05:33:27 -0500] "GET /images/worldmaptransp.gif HTTP/1.1" 200 128893 "http://www.darwinday.org/" "Mozilla/4.0 (compatible; MSIE 6.0; Windows NT 5.1; SV1; .NET CLR 1.1.4322)"
88.104.151.95 - - [17/Jan/2006:05:33:27 -0500] "GET /englishL/home/images/horse.evolution.jpg HTTP/1.1" 200 29612 "http://www.darwinday.org/" "Mozilla/4.0 (compatible; MSIE 6.0; Windows NT 5.1; SV1; .NET CLR 1.1.4322)"
172.183.52.235 - - [17/Jan/2006:05:33:27 -0500] "GET /NEWlang/aboutddc/history.html HTTP/1.1" 200 11011 "-" "Java/1.5.0_04"
172.183.52.235 - - [17/Jan/2006:05:33:28 -0500] "GET /NEWlang/aboutddc/mission.html HTTP/1.1" 200 5253 "-" "Java/1.5.0_04"
172.183.52.235 - - [17/Jan/2006:05:33:28 -0500] "GET /NEWlang/aboutddc/organization.html HTTP/1.1" 200 4139 "-" "Java/1.5.0_04"
172.183.52.235 - - [17/Jan/2006:05:33:28 -0500] "GET /NEWlang/aboutddc/support.html HTTP/1.1" 200 4622 "-" "Java/1.5.0_04"
172.183.52.235 - - [17/Jan/2006:05:33:28 -0500] "GET /NEWlang/assistevent/index.html HTTP/1.1" 200 25455 "-" "Java/1.5.0_04"
172.183.52.235 - - [17/Jan/2006:05:33:29 -0500] "GET /NEWlang/evolution/dna.html HTTP/1.1" 200 7188 "-" "Java/1.5.0_04"
65.214.44.44 - - [17/Jan/2006:05:33:43 -0500] "GET /englishL/aboutddc/creators.html HTTP/1.0" 200 4492 "-" "Mozilla/2.0 (compatible; Ask Jeeves/Teoma; +http://sp.ask.com/docs/about/tech_crawling.html)"
147.8.235.63 - - [17/Jan/2006:05:34:17 -0500] "GET /englishL/home/images/darwinages.gif HTTP/1.1" 200 50309 "http://drervin.com/" "Mozilla/4.0 (compatible; MSIE 6.0; Windows NT 5.1; SV1)"
212.97.56.114 - - [17/Jan/2006:05:37:03 -0500] "GET / HTTP/1.1" 200 25029 "-" "Mozilla/4.0 (compatible; MSIE 5.16; Mac_PowerPC)"
212.97.56.114 - - [17/Jan/2006:05:37:04 -0500] "GET /stylesheets/main.css HTTP/1.1" 200 562 "http://www.darwinday.org/" "Mozilla/4.0 (compatible; MSIE 5.16; Mac_PowerPC)"
212.97.56.114 - - [17/Jan/2006:05:37:04 -0500] "GET /images/topleftlogo.gif HTTP/1.1" 200 6907 "http://www.darwinday.org/" "Mozilla/4.0 (compatible; MSIE 5.16; Mac_PowerPC)"
212.97.56.114 - - [17/Jan/2006:05:37:05 -0500] "GET /englishL/images/titletrans.gif HTTP/1.1" 200 15588 "http://www.darwinday.org/" "Mozilla/4.0 (compatible; MSIE 5.16; Mac_PowerPC)"
212.97.56.114 - - [17/Jan/2006:05:37:05 -0500] "GET /images/header.gif HTTP/1.1" 200 26756 "http://www.darwinday.org/" "Mozilla/4.0 (compatible; MSIE 5.16; Mac_PowerPC)"
212.97.56.114 - - [17/Jan/2006:05:37:05 -0500] "GET /images/dnahorizr.gif HTTP/1.1" 200 2104 "http://www.darwinday.org/" "Mozilla/4.0 (compatible; MSIE 5.16; Mac_PowerPC)"
212.97.56.114 - - [17/Jan/2006:05:37:06 -0500] "GET /images/worldmaptransp.gif HTTP/1.1" 200 128893 "http://www.darwinday.org/" "Mozilla/4.0 (compatible; MSIE 5.16; Mac_PowerPC)"
212.97.56.114 - - [17/Jan/2006:05:37:06 -0500] "GET /englishL/home/images/joinus.gif HTTP/1.1" 200 524 "http://www.darwinday.org/" "Mozilla/4.0 (compatible; MSIE 5.16; Mac_PowerPC)"
212.97.56.114 - - [17/Jan/2006:05:37:06 -0500] "GET /englishL/home/images/manymore.gif HTTP/1.1" 200 581 "http://www.darwinday.org/" "Mozilla/4.0 (compatible; MSIE 5.16; Mac_PowerPC)"
212.97.56.114 - - [17/Jan/2006:05:37:06 -0500] "GET /englishL/currarts.html HTTP/1.1" 200 5652 "-" "Mozilla/4.0 (compatible; MSIE 5.16; Mac_PowerPC)"
212.97.56.114 - - [17/Jan/2006:05:37:06 -0500] "GET /englishL/home/images/horse.evolution.jpg HTTP/1.1" 200 29612 "http://www.darwinday.org/" "Mozilla/4.0 (compatible; MSIE 5.16; Mac_PowerPC)"
212.97.56.114 - - [17/Jan/2006:05:37:06 -0500] "GET /images/trans.gif HTTP/1.1" 200 49 "http://www.darwinday.org/" "Mozilla/4.0 (compatible; MSIE 5.16; Mac_PowerPC)"
212.97.56.114 - - [17/Jan/2006:05:37:07 -0500] "GET /images/DNAlogo.gif HTTP/1.1" 200 1370 "http://www.darwinday.org/englishL/currarts.html" "Mozilla/4.0 (compatible; MSIE 5.16; Mac_PowerPC)"
212.97.56.114 - - [17/Jan/2006:05:37:07 -0500] "GET /englishL/home/images/beagle.gif HTTP/1.1" 200 37108 "http://www.darwinday.org/" "Mozilla/4.0 (compatible; MSIE 5.16; Mac_PowerPC)"
212.97.56.114 - - [17/Jan/2006:05:37:07 -0500] "GET /englishL/home/images/lincoln.gif HTTP/1.1" 200 11057 "http://www.darwinday.org/" "Mozilla/4.0 (compatible; MSIE 5.16; Mac_PowerPC)"
212.97.56.114 - - [17/Jan/2006:05:37:07 -0500] "GET /englishL/home/images/darwin.gif HTTP/1.1" 200 13783 "http://www.darwinday.org/" "Mozilla/4.0 (compatible; MSIE 5.16; Mac_PowerPC)"
212.97.56.114 - - [17/Jan/2006:05:37:07 -0500] "GET /images/dnahoriz.gif HTTP/1.1" 200 3391 "http://www.darwinday.org/" "Mozilla/4.0 (compatible; MSIE 5.16; Mac_PowerPC)"
212.97.56.114 - - [17/Jan/2006:05:37:07 -0500] "GET /images/dnahorizl.gif HTTP/1.1" 200 2130 "http://www.darwinday.org/" "Mozilla/4.0 (compatible; MSIE 5.16; Mac_PowerPC)"
212.97.56.114 - - [17/Jan/2006:05:37:07 -0500] "GET /images/arrow.gif HTTP/1.1" 200 112 "http://www.darwinday.org/" "Mozilla/4.0 (compatible; MSIE 5.16; Mac_PowerPC)"
212.97.56.114 - - [17/Jan/2006:05:37:07 -0500] "GET /englishL/images/navbar.gif HTTP/1.1" 200 2667 "http://www.darwinday.org/" "Mozilla/4.0 (compatible; MSIE 5.16; Mac_PowerPC)"
212.97.56.114 - - [17/Jan/2006:05:37:08 -0500] "GET /englishL/home/images/darwinages.gif HTTP/1.1" 200 50309 "http://www.darwinday.org/" "Mozilla/4.0 (compatible; MSIE 5.16; Mac_PowerPC)"
67.191.243.139 - - [17/Jan/2006:05:40:48 -0500] "GET / HTTP/1.1" 304 - "http://www.atheistalliance.org/" "Mozilla/5.0 (Windows; U; Windows NT 5.1; en-US; rv:1.7.12) Gecko/20050915 Firefox/1.0.7"
67.191.243.139 - - [17/Jan/2006:05:40:48 -0500] "GET /englishL/currarts.html HTTP/1.1" 200 5652 "http://www.darwinday.org/" "Mozilla/5.0 (Windows; U; Windows NT 5.1; en-US; rv:1.7.12) Gecko/20050915 Firefox/1.0.7"
67.191.243.139 - - [17/Jan/2006:05:40:48 -0500] "GET /favicon.ico HTTP/1.1" 404 3496 "-" "Mozilla/5.0 (Windows; U; Windows NT 5.1; en-US; rv:1.7.12) Gecko/20050915 Firefox/1.0.7"
67.191.243.139 - - [17/Jan/2006:05:41:02 -0500] "GET /englishL/register/index.php HTTP/1.1" 200 20068 "http://www.darwinday.org/" "Mozilla/5.0 (Windows; U; Windows NT 5.1; en-US; rv:1.7.12) Gecko/20050915 Firefox/1.0.7"
67.191.243.139 - - [17/Jan/2006:05:41:02 -0500] "GET /favicon.ico HTTP/1.1" 404 3496 "-" "Mozilla/5.0 (Windows; U; Windows NT 5.1; en-US; rv:1.7.12) Gecko/20050915 Firefox/1.0.7"
210.49.77.247 - - [17/Jan/2006:05:41:30 -0500] "GET / HTTP/1.1" 200 25029 "http://www.skeptics.com.au/" "Mozilla/4.0 (compatible; MSIE 6.0; Windows NT 5.1; SV1; .NET CLR 1.1.4322)"
210.49.77.247 - - [17/Jan/2006:05:41:30 -0500] "GET /stylesheets/main.css HTTP/1.1" 200 562 "http://www.darwinday.org/" "Mozilla/4.0 (compatible; MSIE 6.0; Windows NT 5.1; SV1; .NET CLR 1.1.4322)"
210.49.77.247 - - [17/Jan/2006:05:41:34 -0500] "GET /images/topleftlogo.gif HTTP/1.1" 200 6907 "http://www.darwinday.org/" "Mozilla/4.0 (compatible; MSIE 6.0; Windows NT 5.1; SV1; .NET CLR 1.1.4322)"
210.49.77.247 - - [17/Jan/2006:05:41:34 -0500] "GET /englishL/images/navbar.gif HTTP/1.1" 200 2667 "http://www.darwinday.org/" "Mozilla/4.0 (compatible; MSIE 6.0; Windows NT 5.1; SV1; .NET CLR 1.1.4322)"
210.49.77.247 - - [17/Jan/2006:05:41:34 -0500] "GET /images/dnahorizl.gif HTTP/1.1" 200 2130 "http://www.darwinday.org/" "Mozilla/4.0 (compatible; MSIE 6.0; Windows NT 5.1; SV1; .NET CLR 1.1.4322)"
210.49.77.247 - - [17/Jan/2006:05:41:34 -0500] "GET /images/dnahoriz.gif HTTP/1.1" 200 3391 "http://www.darwinday.org/" "Mozilla/4.0 (compatible; MSIE 6.0; Windows NT 5.1; SV1; .NET CLR 1.1.4322)"
210.49.77.247 - - [17/Jan/2006:05:41:34 -0500] "GET /englishL/currarts.html HTTP/1.1" 200 5652 "http://www.darwinday.org/" "Mozilla/4.0 (compatible; MSIE 6.0; Windows NT 5.1; SV1; .NET CLR 1.1.4322)"
210.49.77.247 - - [17/Jan/2006:05:41:34 -0500] "GET /images/arrow.gif HTTP/1.1" 200 112 "http://www.darwinday.org/" "Mozilla/4.0 (compatible; MSIE 6.0; Windows NT 5.1; SV1; .NET CLR 1.1.4322)"
210.49.77.247 - - [17/Jan/2006:05:41:35 -0500] "GET /images/dnahorizr.gif HTTP/1.1" 200 2104 "http://www.darwinday.org/" "Mozilla/4.0 (compatible; MSIE 6.0; Windows NT 5.1; SV1; .NET CLR 1.1.4322)"
210.49.77.247 - - [17/Jan/2006:05:41:35 -0500] "GET /englishL/home/images/lincoln.gif HTTP/1.1" 200 11057 "http://www.darwinday.org/" "Mozilla/4.0 (compatible; MSIE 6.0; Windows NT 5.1; SV1; .NET CLR 1.1.4322)"
210.49.77.247 - - [17/Jan/2006:05:41:35 -0500] "GET /englishL/images/titletrans.gif HTTP/1.1" 200 15588 "http://www.darwinday.org/" "Mozilla/4.0 (compatible; MSIE 6.0; Windows NT 5.1; SV1; .NET CLR 1.1.4322)"
210.49.77.247 - - [17/Jan/2006:05:41:35 -0500] "GET /englishL/home/images/darwin.gif HTTP/1.1" 200 13783 "http://www.darwinday.org/" "Mozilla/4.0 (compatible; MSIE 6.0; Windows NT 5.1; SV1; .NET CLR 1.1.4322)"
210.49.77.247 - - [17/Jan/2006:05:41:35 -0500] "GET /images/trans.gif HTTP/1.1" 200 49 "http://www.darwinday.org/" "Mozilla/4.0 (compatible; MSIE 6.0; Windows NT 5.1; SV1; .NET CLR 1.1.4322)"
210.49.77.247 - - [17/Jan/2006:05:41:35 -0500] "GET /englishL/home/images/manymore.gif HTTP/1.1" 200 581 "http://www.darwinday.org/" "Mozilla/4.0 (compatible; MSIE 6.0; Windows NT 5.1; SV1; .NET CLR 1.1.4322)"
