205.208.227.46 - - [17/Jan/2006:09:46:00 -0500] "GET /englishL/home/images/beagle.gif HTTP/1.0" 200 37108 "http://www.darwinday.org/" "Mozilla/4.0 (compatible; MSIE 6.0; Windows NT 5.1; SV1; .NET CLR 1.1.4322)"
205.208.227.46 - - [17/Jan/2006:09:46:00 -0500] "GET /englishL/home/images/joinus.gif HTTP/1.0" 200 524 "http://www.darwinday.org/" "Mozilla/4.0 (compatible; MSIE 6.0; Windows NT 5.1; SV1; .NET CLR 1.1.4322)"
205.208.227.46 - - [17/Jan/2006:09:46:00 -0500] "GET /englishL/currarts.html HTTP/1.0" 200 5652 "http://www.darwinday.org/" "Mozilla/4.0 (compatible; MSIE 6.0; Windows NT 5.1; SV1; .NET CLR 1.1.4322)"
205.208.227.46 - - [17/Jan/2006:09:46:01 -0500] "GET /englishL/home/images/horse.evolution.jpg HTTP/1.0" 200 29612 "http://www.darwinday.org/" "Mozilla/4.0 (compatible; MSIE 6.0; Windows NT 5.1; SV1; .NET CLR 1.1.4322)"
205.208.227.46 - - [17/Jan/2006:09:46:07 -0500] "GET /images/DNAlogo.gif HTTP/1.0" 200 1370 "http://www.darwinday.org/englishL/currarts.html" "Mozilla/4.0 (compatible; MSIE 6.0; Windows NT 5.1; SV1; .NET CLR 1.1.4322)"
205.208.227.46 - - [17/Jan/2006:09:46:09 -0500] "GET /favicon.ico HTTP/1.0" 404 3484 "-" "-"
65.214.44.44 - - [17/Jan/2006:09:46:41 -0500] "GET /englishL/newsviews/articles/oneside.html HTTP/1.0" 200 19677 "-" "Mozilla/2.0 (compatible; Ask Jeeves/Teoma; +http://sp.ask.com/docs/about/tech_crawling.html)"
205.208.227.46 - - [17/Jan/2006:09:48:17 -0500] "GET /englishL/regemail/index.php HTTP/1.0" 200 6087 "http://www.darwinday.org/" "Mozilla/4.0 (compatible; MSIE 6.0; Windows NT 5.1; SV1; .NET CLR 1.1.4322)"
205.208.227.46 - - [17/Jan/2006:09:49:03 -0500] "POST /englishL/regemail/index.php? HTTP/1.0" 302 6087 "http://www.darwinday.org/englishL/regemail/index.php" "Mozilla/4.0 (compatible; MSIE 6.0; Windows NT 5.1; SV1; .NET CLR 1.1.4322)"
205.208.227.46 - - [17/Jan/2006:09:49:05 -0500] "GET /englishL/home/index.html? HTTP/1.0" 200 25530 "http://www.darwinday.org/englishL/regemail/index.php" "Mozilla/4.0 (compatible; MSIE 6.0; Windows NT 5.1; SV1; .NET CLR 1.1.4322)"
205.208.227.46 - - [17/Jan/2006:09:49:23 -0500] "GET /englishL/register/index.php HTTP/1.0" 200 20001 "http://www.darwinday.org/englishL/home/index.html?" "Mozilla/4.0 (compatible; MSIE 6.0; Windows NT 5.1; SV1; .NET CLR 1.1.4322)"
65.66.183.73 - - [17/Jan/2006:09:49:23 -0500] "GET /stylesheets/main.css HTTP/1.1" 304 - "http://www.darwinday.org/NEWlang/dispsupport/index.php" "Mozilla/4.0 (compatible; MSIE 6.0; Windows NT 5.1; SV1; .NET CLR 1.1.4322)"
65.66.183.73 - - [17/Jan/2006:09:49:23 -0500] "GET /images/topleftlogo.gif HTTP/1.1" 304 - "http://www.darwinday.org/NEWlang/dispsupport/index.php" "Mozilla/4.0 (compatible; MSIE 6.0; Windows NT 5.1; SV1; .NET CLR 1.1.4322)"
65.66.183.73 - - [17/Jan/2006:09:49:24 -0500] "GET /images/header.gif HTTP/1.1" 304 - "http://www.darwinday.org/NEWlang/dispsupport/index.php" "Mozilla/4.0 (compatible; MSIE 6.0; Windows NT 5.1; SV1; .NET CLR 1.1.4322)"
65.66.183.73 - - [17/Jan/2006:09:49:24 -0500] "GET /images/worldmaptransp.gif HTTP/1.1" 304 - "http://www.darwinday.org/NEWlang/dispsupport/index.php" "Mozilla/4.0 (compatible; MSIE 6.0; Windows NT 5.1; SV1; .NET CLR 1.1.4322)"
65.66.183.73 - - [17/Jan/2006:09:49:24 -0500] "GET /NEWlang/images/titletrans.gif HTTP/1.1" 200 15588 "http://www.darwinday.org/NEWlang/dispsupport/index.php" "Mozilla/4.0 (compatible; MSIE 6.0; Windows NT 5.1; SV1; .NET CLR 1.1.4322)"
65.66.183.73 - - [17/Jan/2006:09:49:24 -0500] "GET /images/navbar.gif HTTP/1.1" 304 - "http://www.darwinday.org/NEWlang/dispsupport/index.php" "Mozilla/4.0 (compatible; MSIE 6.0; Windows NT 5.1; SV1; .NET CLR 1.1.4322)"
65.66.183.73 - - [17/Jan/2006:09:49:26 -0500] "GET /NEWlang/dispsupport/index.php HTTP/1.1" 200 412062 "-" "Mozilla/4.0 (compatible; MSIE 6.0; Windows NT 5.1; SV1; .NET CLR 1.1.4322)"
83.67.21.194 - - [17/Jan/2006:09:50:13 -0500] "GET /favicon.ico HTTP/1.1" 404 3496 "-" "Mozilla/5.0 (Windows; U; Windows NT 5.1; en-GB; rv:1.7.12) Gecko/20050919 Firefox/1.0.7"
205.208.227.46 - - [17/Jan/2006:09:50:15 -0500] "GET /englishL/newsviews/index.html HTTP/1.0" 200 5001 "http://www.darwinday.org/englishL/register/index.php" "Mozilla/4.0 (compatible; MSIE 6.0; Windows NT 5.1; SV1; .NET CLR 1.1.4322)"
72.160.17.124 - - [17/Jan/2006:09:50:16 -0500] "GET /englishL/home/images/darwinages.gif HTTP/1.1" 200 50309 "-" "Mozilla/4.0 (compatible; MSIE 6.0; Windows NT 5.1; SV1; .NET CLR 1.0.3705; .NET CLR 1.1.4322)"
205.208.227.46 - - [17/Jan/2006:09:50:17 -0500] "GET /images/goldball.gif HTTP/1.0" 200 332 "http://www.darwinday.org/englishL/newsviews/index.html" "Mozilla/4.0 (compatible; MSIE 6.0; Windows NT 5.1; SV1; .NET CLR 1.1.4322)"
205.208.227.46 - - [17/Jan/2006:09:50:27 -0500] "GET /englishL/newsviews/evolution.html HTTP/1.0" 200 9665 "http://www.darwinday.org/englishL/newsviews/index.html" "Mozilla/4.0 (compatible; MSIE 6.0; Windows NT 5.1; SV1; .NET CLR 1.1.4322)"
205.208.227.46 - - [17/Jan/2006:09:50:30 -0500] "GET /englishL/newsviews/images/harvorig.gif HTTP/1.0" 200 11705 "http://www.darwinday.org/englishL/newsviews/evolution.html" "Mozilla/4.0 (compatible; MSIE 6.0; Windows NT 5.1; SV1; .NET CLR 1.1.4322)"
205.208.227.46 - - [17/Jan/2006:09:50:30 -0500] "GET /images/artofevol.jpg HTTP/1.0" 200 11835 "http://www.darwinday.org/englishL/newsviews/evolution.html" "Mozilla/4.0 (compatible; MSIE 6.0; Windows NT 5.1; SV1; .NET CLR 1.1.4322)"
205.208.227.46 - - [17/Jan/2006:09:50:30 -0500] "GET /englishL/newsviews/images/plantsfix.jpg HTTP/1.0" 200 16227 "http://www.darwinday.org/englishL/newsviews/evolution.html" "Mozilla/4.0 (compatible; MSIE 6.0; Windows NT 5.1; SV1; .NET CLR 1.1.4322)"
206.127.108.28 - - [17/Jan/2006:09:50:47 -0500] "GET /englishL/home/images/darwinages.gif HTTP/1.1" 200 50309 "-" "Mozilla/4.0 (compatible; MSIE 6.0; Windows NT 5.1; .NET CLR 1.1.4322)"
83.67.21.194 - - [17/Jan/2006:09:51:07 -0500] "GET /favicon.ico HTTP/1.1" 404 3496 "-" "Mozilla/5.0 (Windows; U; Windows NT 5.1; en-GB; rv:1.7.12) Gecko/20050919 Firefox/1.0.7"
201.137.2.220 - - [17/Jan/2006:09:52:34 -0500] "GET /stylesheets/main.css HTTP/1.1" 200 562 "http://www.darwinday.org/" "Mozilla/4.0 (compatible; MSIE 6.0; Windows NT 5.1; SV1; .NET CLR 1.1.4322)"
201.137.2.220 - - [17/Jan/2006:09:52:34 -0500] "GET /images/topleftlogo.gif HTTP/1.1" 200 6907 "http://www.darwinday.org/" "Mozilla/4.0 (compatible; MSIE 6.0; Windows NT 5.1; SV1; .NET CLR 1.1.4322)"
201.137.2.220 - - [17/Jan/2006:09:52:34 -0500] "GET / HTTP/1.1" 200 25029 "http://www.sindioses.org/principal.html" "Mozilla/4.0 (compatible; MSIE 6.0; Windows NT 5.1; SV1; .NET CLR 1.1.4322)"
201.137.2.220 - - [17/Jan/2006:09:52:35 -0500] "GET /englishL/currarts.html HTTP/1.1" 200 5652 "http://www.darwinday.org/" "Mozilla/4.0 (compatible; MSIE 6.0; Windows NT 5.1; SV1; .NET CLR 1.1.4322)"
201.137.2.220 - - [17/Jan/2006:09:52:35 -0500] "GET /images/header.gif HTTP/1.1" 200 26756 "http://www.darwinday.org/" "Mozilla/4.0 (compatible; MSIE 6.0; Windows NT 5.1; SV1; .NET CLR 1.1.4322)"
201.137.2.220 - - [17/Jan/2006:09:52:36 -0500] "GET /englishL/images/titletrans.gif HTTP/1.1" 200 15588 "http://www.darwinday.org/" "Mozilla/4.0 (compatible; MSIE 6.0; Windows NT 5.1; SV1; .NET CLR 1.1.4322)"
201.137.2.220 - - [17/Jan/2006:09:52:36 -0500] "GET /englishL/images/navbar.gif HTTP/1.1" 200 2667 "http://www.darwinday.org/" "Mozilla/4.0 (compatible; MSIE 6.0; Windows NT 5.1; SV1; .NET CLR 1.1.4322)"
201.137.2.220 - - [17/Jan/2006:09:52:37 -0500] "GET /englishL/home/images/darwinages.gif HTTP/1.1" 200 50309 "http://www.darwinday.org/" "Mozilla/4.0 (compatible; MSIE 6.0; Windows NT 5.1; SV1; .NET CLR 1.1.4322)"
201.137.2.220 - - [17/Jan/2006:09:52:37 -0500] "GET /images/arrow.gif HTTP/1.1" 200 112 "http://www.darwinday.org/" "Mozilla/4.0 (compatible; MSIE 6.0; Windows NT 5.1; SV1; .NET CLR 1.1.4322)"
201.137.2.220 - - [17/Jan/2006:09:52:37 -0500] "GET /images/dnahorizl.gif HTTP/1.1" 200 2130 "http://www.darwinday.org/" "Mozilla/4.0 (compatible; MSIE 6.0; Windows NT 5.1; SV1; .NET CLR 1.1.4322)"
201.137.2.220 - - [17/Jan/2006:09:52:37 -0500] "GET /images/dnahoriz.gif HTTP/1.1" 200 3391 "http://www.darwinday.org/" "Mozilla/4.0 (compatible; MSIE 6.0; Windows NT 5.1; SV1; .NET CLR 1.1.4322)"
201.137.2.220 - - [17/Jan/2006:09:52:38 -0500] "GET /images/dnahorizr.gif HTTP/1.1" 200 2104 "http://www.darwinday.org/" "Mozilla/4.0 (compatible; MSIE 6.0; Windows NT 5.1; SV1; .NET CLR 1.1.4322)"
201.137.2.220 - - [17/Jan/2006:09:52:38 -0500] "GET /englishL/home/images/lincoln.gif HTTP/1.1" 200 11057 "http://www.darwinday.org/" "Mozilla/4.0 (compatible; MSIE 6.0; Windows NT 5.1; SV1; .NET CLR 1.1.4322)"
201.137.2.220 - - [17/Jan/2006:09:52:38 -0500] "GET /englishL/home/images/darwin.gif HTTP/1.1" 200 13783 "http://www.darwinday.org/" "Mozilla/4.0 (compatible; MSIE 6.0; Windows NT 5.1; SV1; .NET CLR 1.1.4322)"
201.137.2.220 - - [17/Jan/2006:09:52:39 -0500] "GET /englishL/home/images/beagle.gif HTTP/1.1" 200 37108 "http://www.darwinday.org/" "Mozilla/4.0 (compatible; MSIE 6.0; Windows NT 5.1; SV1; .NET CLR 1.1.4322)"
201.137.2.220 - - [17/Jan/2006:09:52:40 -0500] "GET /images/worldmaptransp.gif HTTP/1.1" 200 128893 "http://www.darwinday.org/" "Mozilla/4.0 (compatible; MSIE 6.0; Windows NT 5.1; SV1; .NET CLR 1.1.4322)"
201.137.2.220 - - [17/Jan/2006:09:52:40 -0500] "GET /images/DNAlogo.gif HTTP/1.1" 200 1370 "http://www.darwinday.org/englishL/currarts.html" "Mozilla/4.0 (compatible; MSIE 6.0; Windows NT 5.1; SV1; .NET CLR 1.1.4322)"
201.137.2.220 - - [17/Jan/2006:09:52:40 -0500] "GET /images/trans.gif HTTP/1.1" 200 49 "http://www.darwinday.org/" "Mozilla/4.0 (compatible; MSIE 6.0; Windows NT 5.1; SV1; .NET CLR 1.1.4322)"
201.137.2.220 - - [17/Jan/2006:09:52:40 -0500] "GET /englishL/home/images/manymore.gif HTTP/1.1" 200 581 "http://www.darwinday.org/" "Mozilla/4.0 (compatible; MSIE 6.0; Windows NT 5.1; SV1; .NET CLR 1.1.4322)"
201.137.2.220 - - [17/Jan/2006:09:52:40 -0500] "GET /englishL/home/images/joinus.gif HTTP/1.1" 200 524 "http://www.darwinday.org/" "Mozilla/4.0 (compatible; MSIE 6.0; Windows NT 5.1; SV1; .NET CLR 1.1.4322)"
201.137.2.220 - - [17/Jan/2006:09:52:41 -0500] "GET /englishL/home/images/horse.evolution.jpg HTTP/1.1" 200 29612 "http://www.darwinday.org/" "Mozilla/4.0 (compatible; MSIE 6.0; Windows NT 5.1; SV1; .NET CLR 1.1.4322)"
205.208.227.46 - - [17/Jan/2006:09:54:01 -0500] "GET /englishL/evolution/index.html HTTP/1.0" 200 4704 "http://www.darwinday.org/englishL/newsviews/evolution.html" "Mozilla/4.0 (compatible; MSIE 6.0; Windows NT 5.1; SV1; .NET CLR 1.1.4322)"
205.208.227.46 - - [17/Jan/2006:09:54:02 -0500] "GET /images/dnagraphic.jpg HTTP/1.0" 200 25020 "http://www.darwinday.org/englishL/evolution/index.html" "Mozilla/4.0 (compatible; MSIE 6.0; Windows NT 5.1; SV1; .NET CLR 1.1.4322)"
205.208.227.46 - - [17/Jan/2006:09:54:10 -0500] "GET /englishL/evolution/theory.html HTTP/1.0" 200 9510 "http://www.darwinday.org/englishL/evolution/index.html" "Mozilla/4.0 (compatible; MSIE 6.0; Windows NT 5.1; SV1; .NET CLR 1.1.4322)"
216.220.253.125 - - [17/Jan/2006:09:54:41 -0500] "GET / HTTP/1.1" 200 25029 "-" "Mozilla/4.0 (compatible; MSIE 6.0; Windows NT 5.1; SV1; .NET CLR 1.1.4322)"
216.220.253.125 - - [17/Jan/2006:09:54:43 -0500] "GET /stylesheets/main.css HTTP/1.1" 200 562 "http://www.darwinday.org/" "Mozilla/4.0 (compatible; MSIE 6.0; Windows NT 5.1; SV1; .NET CLR 1.1.4322)"
216.220.253.125 - - [17/Jan/2006:09:54:43 -0500] "GET /images/topleftlogo.gif HTTP/1.1" 200 6907 "http://www.darwinday.org/" "Mozilla/4.0 (compatible; MSIE 6.0; Windows NT 5.1; SV1; .NET CLR 1.1.4322)"
216.220.253.125 - - [17/Jan/2006:09:54:45 -0500] "GET /englishL/currarts.html HTTP/1.1" 200 5652 "http://www.darwinday.org/" "Mozilla/4.0 (compatible; MSIE 6.0; Windows NT 5.1; SV1; .NET CLR 1.1.4322)"
216.220.253.125 - - [17/Jan/2006:09:54:46 -0500] "GET /images/header.gif HTTP/1.1" 200 26756 "http://www.darwinday.org/" "Mozilla/4.0 (compatible; MSIE 6.0; Windows NT 5.1; SV1; .NET CLR 1.1.4322)"
216.220.253.125 - - [17/Jan/2006:09:54:51 -0500] "GET /englishL/images/titletrans.gif HTTP/1.1" 200 15588 "http://www.darwinday.org/" "Mozilla/4.0 (compatible; MSIE 6.0; Windows NT 5.1; SV1; .NET CLR 1.1.4322)"
216.220.253.125 - - [17/Jan/2006:09:54:57 -0500] "GET /englishL/images/navbar.gif HTTP/1.1" 200 2667 "http://www.darwinday.org/" "Mozilla/4.0 (compatible; MSIE 6.0; Windows NT 5.1; SV1; .NET CLR 1.1.4322)"
216.220.253.125 - - [17/Jan/2006:09:55:00 -0500] "GET /images/worldmaptransp.gif HTTP/1.1" 200 128893 "http://www.darwinday.org/" "Mozilla/4.0 (compatible; MSIE 6.0; Windows NT 5.1; SV1; .NET CLR 1.1.4322)"
216.220.253.125 - - [17/Jan/2006:09:55:03 -0500] "GET /images/arrow.gif HTTP/1.1" 200 112 "http://www.darwinday.org/" "Mozilla/4.0 (compatible; MSIE 6.0; Windows NT 5.1; SV1; .NET CLR 1.1.4322)"
216.220.253.125 - - [17/Jan/2006:09:55:03 -0500] "GET /images/dnahorizl.gif HTTP/1.1" 200 2130 "http://www.darwinday.org/" "Mozilla/4.0 (compatible; MSIE 6.0; Windows NT 5.1; SV1; .NET CLR 1.1.4322)"
216.220.253.125 - - [17/Jan/2006:09:55:03 -0500] "GET /images/dnahoriz.gif HTTP/1.1" 200 3391 "http://www.darwinday.org/" "Mozilla/4.0 (compatible; MSIE 6.0; Windows NT 5.1; SV1; .NET CLR 1.1.4322)"
216.220.253.125 - - [17/Jan/2006:09:55:04 -0500] "GET /images/dnahorizr.gif HTTP/1.1" 200 2104 "http://www.darwinday.org/" "Mozilla/4.0 (compatible; MSIE 6.0; Windows NT 5.1; SV1; .NET CLR 1.1.4322)"
216.220.253.125 - - [17/Jan/2006:09:55:05 -0500] "GET /englishL/home/images/lincoln.gif HTTP/1.1" 200 11057 "http://www.darwinday.org/" "Mozilla/4.0 (compatible; MSIE 6.0; Windows NT 5.1; SV1; .NET CLR 1.1.4322)"
216.220.253.125 - - [17/Jan/2006:09:55:06 -0500] "GET /englishL/home/images/darwin.gif HTTP/1.1" 200 13783 "http://www.darwinday.org/" "Mozilla/4.0 (compatible; MSIE 6.0; Windows NT 5.1; SV1; .NET CLR 1.1.4322)"
216.220.253.125 - - [17/Jan/2006:09:55:09 -0500] "GET /englishL/home/images/beagle.gif HTTP/1.1" 200 37108 "http://www.darwinday.org/" "Mozilla/4.0 (compatible; MSIE 6.0; Windows NT 5.1; SV1; .NET CLR 1.1.4322)"
216.220.253.125 - - [17/Jan/2006:09:55:12 -0500] "GET /images/trans.gif HTTP/1.1" 200 49 "http://www.darwinday.org/" "Mozilla/4.0 (compatible; MSIE 6.0; Windows NT 5.1; SV1; .NET CLR 1.1.4322)"
216.220.253.125 - - [17/Jan/2006:09:55:13 -0500] "GET /englishL/home/images/manymore.gif HTTP/1.1" 200 581 "http://www.darwinday.org/" "Mozilla/4.0 (compatible; MSIE 6.0; Windows NT 5.1; SV1; .NET CLR 1.1.4322)"
216.220.253.125 - - [17/Jan/2006:09:55:13 -0500] "GET /englishL/home/images/joinus.gif HTTP/1.1" 200 524 "http://www.darwinday.org/" "Mozilla/4.0 (compatible; MSIE 6.0; Windows NT 5.1; SV1; .NET CLR 1.1.4322)"
216.220.253.125 - - [17/Jan/2006:09:55:14 -0500] "GET /englishL/home/images/darwinages.gif HTTP/1.1" 200 50309 "http://www.darwinday.org/" "Mozilla/4.0 (compatible; MSIE 6.0; Windows NT 5.1; SV1; .NET CLR 1.1.4322)"
216.220.253.125 - - [17/Jan/2006:09:55:16 -0500] "GET /englishL/home/images/horse.evolution.jpg HTTP/1.1" 200 29612 "http://www.darwinday.org/" "Mozilla/4.0 (compatible; MSIE 6.0; Windows NT 5.1; SV1; .NET CLR 1.1.4322)"
216.220.253.125 - - [17/Jan/2006:09:55:19 -0500] "GET /images/DNAlogo.gif HTTP/1.1" 200 1370 "http://www.darwinday.org/englishL/currarts.html" "Mozilla/4.0 (compatible; MSIE 6.0; Windows NT 5.1; SV1; .NET CLR 1.1.4322)"
68.142.251.74 - - [17/Jan/2006:09:55:49 -0500] "GET /englishL/aboutddc/creators.html HTTP/1.0" 200 4492 "-" "Mozilla/5.0 (compatible; Yahoo! Slurp; http://help.yahoo.com/help/us/ysearch/slurp)"
62.101.126.236 - - [17/Jan/2006:09:59:51 -0500] "GET / HTTP/1.0" 200 16973 "http://www.google.it/search?hl=it&rls=GGGL%2CGGGL%3A2005-09%2CGGGL%3Ait&q=darwin+day&btnG=Cerca&meta=lr%3Dlang_it" "Mozilla/5.0 (Windows; U; Windows NT 5.1; it; rv:1.8) Gecko/20051111 Firefox/1.5"
62.101.126.236 - - [17/Jan/2006:10:00:07 -0500] "GET /stylesheets/main.css HTTP/1.0" 200 562 "http://www.darwinday.org/" "Mozilla/5.0 (Windows; U; Windows NT 5.1; it; rv:1.8) Gecko/20051111 Firefox/1.5"
62.101.126.236 - - [17/Jan/2006:10:00:08 -0500] "GET / HTTP/1.0" 200 25029 "http://www.google.it/search?sourceid=navclient-ff&ie=UTF-8&rls=GGGL,GGGL:2005-09,GGGL:it&q=darwin+day+2006" "Mozilla/5.0 (Windows; U; Windows NT 5.1; it; rv:1.8) Gecko/20051111 Firefox/1.5"
62.101.126.236 - - [17/Jan/2006:10:00:08 -0500] "GET /images/topleftlogo.gif HTTP/1.0" 200 6907 "http://www.darwinday.org/" "Mozilla/5.0 (Windows; U; Windows NT 5.1; it; rv:1.8) Gecko/20051111 Firefox/1.5"
62.101.126.236 - - [17/Jan/2006:10:00:08 -0500] "GET /englishL/currarts.html HTTP/1.0" 200 5652 "http://www.darwinday.org/" "Mozilla/5.0 (Windows; U; Windows NT 5.1; it; rv:1.8) Gecko/20051111 Firefox/1.5"
62.101.126.236 - - [17/Jan/2006:10:00:08 -0500] "GET /englishL/images/navbar.gif HTTP/1.0" 200 2667 "http://www.darwinday.org/" "Mozilla/5.0 (Windows; U; Windows NT 5.1; it; rv:1.8) Gecko/20051111 Firefox/1.5"
62.101.126.236 - - [17/Jan/2006:10:00:08 -0500] "GET /images/header.gif HTTP/1.0" 200 26756 "http://www.darwinday.org/" "Mozilla/5.0 (Windows; U; Windows NT 5.1; it; rv:1.8) Gecko/20051111 Firefox/1.5"
62.101.126.236 - - [17/Jan/2006:10:00:08 -0500] "GET /englishL/images/titletrans.gif HTTP/1.0" 200 15588 "http://www.darwinday.org/" "Mozilla/5.0 (Windows; U; Windows NT 5.1; it; rv:1.8) Gecko/20051111 Firefox/1.5"
62.101.126.236 - - [17/Jan/2006:10:00:09 -0500] "GET /images/arrow.gif HTTP/1.0" 200 112 "http://www.darwinday.org/" "Mozilla/5.0 (Windows; U; Windows NT 5.1; it; rv:1.8) Gecko/20051111 Firefox/1.5"
62.101.126.236 - - [17/Jan/2006:10:00:09 -0500] "GET /images/dnahorizl.gif HTTP/1.0" 200 2130 "http://www.darwinday.org/" "Mozilla/5.0 (Windows; U; Windows NT 5.1; it; rv:1.8) Gecko/20051111 Firefox/1.5"
62.101.126.236 - - [17/Jan/2006:10:00:09 -0500] "GET /images/worldmaptransp.gif HTTP/1.0" 200 128893 "http://www.darwinday.org/" "Mozilla/5.0 (Windows; U; Windows NT 5.1; it; rv:1.8) Gecko/20051111 Firefox/1.5"
62.101.126.236 - - [17/Jan/2006:10:00:09 -0500] "GET /images/dnahoriz.gif HTTP/1.0" 200 3391 "http://www.darwinday.org/" "Mozilla/5.0 (Windows; U; Windows NT 5.1; it; rv:1.8) Gecko/20051111 Firefox/1.5"
62.101.126.236 - - [17/Jan/2006:10:00:09 -0500] "GET /images/dnahorizr.gif HTTP/1.0" 200 2104 "http://www.darwinday.org/" "Mozilla/5.0 (Windows; U; Windows NT 5.1; it; rv:1.8) Gecko/20051111 Firefox/1.5"
62.101.126.236 - - [17/Jan/2006:10:00:09 -0500] "GET /englishL/home/images/lincoln.gif HTTP/1.0" 200 11057 "http://www.darwinday.org/" "Mozilla/5.0 (Windows; U; Windows NT 5.1; it; rv:1.8) Gecko/20051111 Firefox/1.5"
62.101.126.236 - - [17/Jan/2006:10:00:09 -0500] "GET /englishL/home/images/darwin.gif HTTP/1.0" 200 13783 "http://www.darwinday.org/" "Mozilla/5.0 (Windows; U; Windows NT 5.1; it; rv:1.8) Gecko/20051111 Firefox/1.5"
62.101.126.236 - - [17/Jan/2006:10:00:10 -0500] "GET /englishL/home/images/beagle.gif HTTP/1.0" 200 37108 "http://www.darwinday.org/" "Mozilla/5.0 (Windows; U; Windows NT 5.1; it; rv:1.8) Gecko/20051111 Firefox/1.5"
62.101.126.236 - - [17/Jan/2006:10:00:10 -0500] "GET /images/trans.gif HTTP/1.0" 200 49 "http://www.darwinday.org/" "Mozilla/5.0 (Windows; U; Windows NT 5.1; it; rv:1.8) Gecko/20051111 Firefox/1.5"
62.101.126.236 - - [17/Jan/2006:10:00:10 -0500] "GET /englishL/home/images/darwinages.gif HTTP/1.0" 200 50309 "http://www.darwinday.org/" "Mozilla/5.0 (Windows; U; Windows NT 5.1; it; rv:1.8) Gecko/20051111 Firefox/1.5"
62.101.126.236 - - [17/Jan/2006:10:00:10 -0500] "GET /englishL/home/images/manymore.gif HTTP/1.0" 200 581 "http://www.darwinday.org/" "Mozilla/5.0 (Windows; U; Windows NT 5.1; it; rv:1.8) Gecko/20051111 Firefox/1.5"
62.101.126.236 - - [17/Jan/2006:10:00:10 -0500] "GET /englishL/home/images/joinus.gif HTTP/1.0" 200 524 "http://www.darwinday.org/" "Mozilla/5.0 (Windows; U; Windows NT 5.1; it; rv:1.8) Gecko/20051111 Firefox/1.5"
62.101.126.236 - - [17/Jan/2006:10:00:10 -0500] "GET /englishL/home/images/horse.evolution.jpg HTTP/1.0" 200 29612 "http://www.darwinday.org/" "Mozilla/5.0 (Windows; U; Windows NT 5.1; it; rv:1.8) Gecko/20051111 Firefox/1.5"
62.101.126.236 - - [17/Jan/2006:10:00:10 -0500] "GET /images/DNAlogo.gif HTTP/1.0" 200 1370 "http://www.darwinday.org/englishL/currarts.html" "Mozilla/5.0 (Windows; U; Windows NT 5.1; it; rv:1.8) Gecko/20051111 Firefox/1.5"
62.101.126.236 - - [17/Jan/2006:10:00:11 -0500] "GET /favicon.ico HTTP/1.0" 404 3484 "-" "Mozilla/5.0 (Windows; U; Windows NT 5.1; it; rv:1.8) Gecko/20051111 Firefox/1.5"
62.101.126.236 - - [17/Jan/2006:10:00:13 -0500] "GET /chooselang/index.html HTTP/1.0" 200 5696 "http://www.darwinday.org/" "Mozilla/5.0 (Windows; U; Windows NT 5.1; it; rv:1.8) Gecko/20051111 Firefox/1.5"
62.101.126.236 - - [17/Jan/2006:10:00:44 -0500] "GET /englishL/home/index.html HTTP/1.0" 200 25530 "http://www.darwinday.org/chooselang/index.html" "Mozilla/5.0 (Windows; U; Windows NT 5.1; it; rv:1.8) Gecko/20051111 Firefox/1.5"
66.249.65.132 - - [17/Jan/2006:10:01:28 -0500] "GET /englishL/life/images/family/sarah-t.jpg HTTP/1.1" 200 22191 "-" "Googlebot-Image/1.0"
62.101.126.236 - - [17/Jan/2006:10:01:30 -0500] "GET /englishL/events/index.html HTTP/1.0" 200 4710 "http://www.darwinday.org/englishL/home/index.html" "Mozilla/5.0 (Windows; U; Windows NT 5.1; it; rv:1.8) Gecko/20051111 Firefox/1.5"
62.101.126.236 - - [17/Jan/2006:10:01:31 -0500] "GET /images/goldball.gif HTTP/1.0" 200 332 "http://www.darwinday.org/englishL/events/index.html" "Mozilla/5.0 (Windows; U; Windows NT 5.1; it; rv:1.8) Gecko/20051111 Firefox/1.5"
62.101.126.236 - - [17/Jan/2006:10:01:35 -0500] "GET /englishL/home/2006.php HTTP/1.0" 200 189682 "http://www.darwinday.org/englishL/events/index.html" "Mozilla/5.0 (Windows; U; Windows NT 5.1; it; rv:1.8) Gecko/20051111 Firefox/1.5"
62.101.126.236 - - [17/Jan/2006:10:01:36 -0500] "GET /englishL/stylesheets/main.css HTTP/1.0" 200 536 "http://www.darwinday.org/englishL/home/2006.php" "Mozilla/5.0 (Windows; U; Windows NT 5.1; it; rv:1.8) Gecko/20051111 Firefox/1.5"
205.208.227.46 - - [17/Jan/2006:10:02:01 -0500] "GET /englishL/evolution/inheritance.html HTTP/1.0" 200 4729 "http://www.darwinday.org/englishL/evolution/index.html" "Mozilla/4.0 (compatible; MSIE 6.0; Windows NT 5.1; SV1; .NET CLR 1.1.4322)"
66.194.6.77 - - [17/Jan/2006:10:03:28 -0500] "GET /home/index.html HTTP/1.1" 200 25272 "-" "Mozilla/5.0 (compatible; Konqueror/3.1-rc6; i686 Linux; 20020506)"
68.142.250.76 - - [17/Jan/2006:10:08:05 -0500] "GET /robots.txt HTTP/1.0" 404 3483 "-" "Mozilla/5.0 (compatible; Yahoo! Slurp; http://help.yahoo.com/help/us/ysearch/slurp)"
68.142.250.78 - - [17/Jan/2006:10:08:05 -0500] "GET /englishL/life/shrewsbury.html HTTP/1.0" 200 37679 "-" "Mozilla/5.0 (compatible; Yahoo! Slurp; http://help.yahoo.com/help/us/ysearch/slurp)"
205.208.227.46 - - [17/Jan/2006:10:08:41 -0500] "GET /englishL/evolution/dna.html HTTP/1.0" 200 7190 "http://www.darwinday.org/englishL/evolution/index.html" "Mozilla/4.0 (compatible; MSIE 6.0; Windows NT 5.1; SV1; .NET CLR 1.1.4322)"
205.208.227.46 - - [17/Jan/2006:10:08:43 -0500] "GET /images/duplicatedna.gif HTTP/1.0" 200 16618 "http://www.darwinday.org/englishL/evolution/dna.html" "Mozilla/4.0 (compatible; MSIE 6.0; Windows NT 5.1; SV1; .NET CLR 1.1.4322)"
66.216.172.77 - - [17/Jan/2006:10:10:05 -0500] "GET /stylesheets/main.css HTTP/1.0" 200 562 "http://www.darwinday.org/englishL/home/2005.php" "Mozilla/4.0 (compatible; MSIE 6.0; Windows NT 5.1; SV1)"
66.216.172.77 - - [17/Jan/2006:10:10:05 -0500] "GET /images/header.gif HTTP/1.0" 200 26756 "http://www.darwinday.org/englishL/home/2005.php" "Mozilla/4.0 (compatible; MSIE 6.0; Windows NT 5.1; SV1)"
66.216.172.77 - - [17/Jan/2006:10:10:05 -0500] "GET /englishL/images/titletrans.gif HTTP/1.0" 200 15588 "http://www.darwinday.org/englishL/home/2005.php" "Mozilla/4.0 (compatible; MSIE 6.0; Windows NT 5.1; SV1)"
66.216.172.77 - - [17/Jan/2006:10:10:05 -0500] "GET /englishL/images/navbar.gif HTTP/1.0" 200 2667 "http://www.darwinday.org/englishL/home/2005.php" "Mozilla/4.0 (compatible; MSIE 6.0; Windows NT 5.1; SV1)"
66.216.172.77 - - [17/Jan/2006:10:10:05 -0500] "GET /images/worldmaptransp.gif HTTP/1.0" 200 128893 "http://www.darwinday.org/englishL/home/2005.php" "Mozilla/4.0 (compatible; MSIE 6.0; Windows NT 5.1; SV1)"
66.216.172.77 - - [17/Jan/2006:10:10:05 -0500] "GET /images/topleftlogo.gif HTTP/1.0" 200 6907 "http://www.darwinday.org/englishL/home/2005.php" "Mozilla/4.0 (compatible; MSIE 6.0; Windows NT 5.1; SV1)"
66.216.172.77 - - [17/Jan/2006:10:10:06 -0500] "GET /englishL/home/2005.php HTTP/1.0" 200 345174 "http://images.google.com/imgres?imgurl=http://sfatheists.com/images/DarwinDayFlyer2005_small.jpg&imgrefurl=http://www.darwinday.org/englishL/home/2005.php&h=250&w=187&sz=19&tbnid=nm-QD7VDpgseKM:&tbnh=106&tbnw=79&hl=en&start=36&prev=/images%3Fq%3DCharles%2BDarwin%2B%26start%3D20%26svnum%3D10%26hl%3Den%26lr%3D%26rls%3DGGLR,GGLR:2005-49,GGLR:en%26sa%3DN" "Mozilla/4.0 (compatible; MSIE 6.0; Windows NT 5.1; SV1)"
66.216.172.77 - - [17/Jan/2006:10:10:18 -0500] "GET /englishL/home/2005.php HTTP/1.0" 200 361411 "http://images.google.com/imgres?imgurl=http://sfatheists.com/images/DarwinDayFlyer2005_small.jpg&imgrefurl=http://www.darwinday.org/englishL/home/2005.php&h=250&w=187&sz=19&tbnid=nm-QD7VDpgseKM:&tbnh=106&tbnw=79&hl=en&start=36&prev=/images%3Fq%3DCharles%2BDarwin%2B%26start%3D20%26svnum%3D10%26hl%3Den%26lr%3D%26rls%3DGGLR,GGLR:2005-49,GGLR:en%26sa%3DN" "Mozilla/4.0 (compatible; MSIE 6.0; Windows NT 5.1; SV1)"
24.177.134.6 - - [17/Jan/2006:10:15:19 -0500] "GET /englishL/register/index.php HTTP/1.0" 200 20001 "-" "aipbot/1.0 (aipbot; http://www.aipbot.com; aipbot@aipbot.com)"
212.250.189.121 - - [17/Jan/2006:10:17:02 -0500] "GET /stylesheets/main.css HTTP/1.1" 200 562 "http://www.darwinday.org/home/index.html" "Mozilla/4.0 (compatible; MSIE 6.0; Windows NT 5.1; SV1; .NET CLR 1.0.3705)"
212.250.189.121 - - [17/Jan/2006:10:17:02 -0500] "GET /images/topleftlogo.gif HTTP/1.1" 200 6907 "http://www.darwinday.org/home/index.html" "Mozilla/4.0 (compatible; MSIE 6.0; Windows NT 5.1; SV1; .NET CLR 1.0.3705)"
212.250.189.121 - - [17/Jan/2006:10:17:02 -0500] "GET /home/index.html HTTP/1.1" 200 25272 "http://nireland.humanists.net/events.html" "Mozilla/4.0 (compatible; MSIE 6.0; Windows NT 5.1; SV1; .NET CLR 1.0.3705)"
212.250.189.121 - - [17/Jan/2006:10:17:02 -0500] "GET /englishL/currarts.html HTTP/1.1" 200 5652 "http://www.darwinday.org/home/index.html" "Mozilla/4.0 (compatible; MSIE 6.0; Windows NT 5.1; SV1; .NET CLR 1.0.3705)"
212.250.189.121 - - [17/Jan/2006:10:17:06 -0500] "GET /images/header.gif HTTP/1.1" 200 26756 "http://www.darwinday.org/home/index.html" "Mozilla/4.0 (compatible; MSIE 6.0; Windows NT 5.1; SV1; .NET CLR 1.0.3705)"
212.250.189.121 - - [17/Jan/2006:10:17:06 -0500] "GET /englishL/images/titletrans.gif HTTP/1.1" 200 15588 "http://www.darwinday.org/home/index.html" "Mozilla/4.0 (compatible; MSIE 6.0; Windows NT 5.1; SV1; .NET CLR 1.0.3705)"
212.250.189.121 - - [17/Jan/2006:10:17:06 -0500] "GET /images/worldmaptransp.gif HTTP/1.1" 200 128893 "http://www.darwinday.org/home/index.html" "Mozilla/4.0 (compatible; MSIE 6.0; Windows NT 5.1; SV1; .NET CLR 1.0.3705)"
212.250.189.121 - - [17/Jan/2006:10:17:07 -0500] "GET /englishL/images/navbar.gif HTTP/1.1" 200 2667 "http://www.darwinday.org/home/index.html" "Mozilla/4.0 (compatible; MSIE 6.0; Windows NT 5.1; SV1; .NET CLR 1.0.3705)"
212.250.189.121 - - [17/Jan/2006:10:17:07 -0500] "GET /images/arrow.gif HTTP/1.1" 200 112 "http://www.darwinday.org/home/index.html" "Mozilla/4.0 (compatible; MSIE 6.0; Windows NT 5.1; SV1; .NET CLR 1.0.3705)"
212.250.189.121 - - [17/Jan/2006:10:17:07 -0500] "GET /images/dnahorizl.gif HTTP/1.1" 200 2130 "http://www.darwinday.org/home/index.html" "Mozilla/4.0 (compatible; MSIE 6.0; Windows NT 5.1; SV1; .NET CLR 1.0.3705)"
212.250.189.121 - - [17/Jan/2006:10:17:07 -0500] "GET /images/dnahorizr.gif HTTP/1.1" 200 2104 "http://www.darwinday.org/home/index.html" "Mozilla/4.0 (compatible; MSIE 6.0; Windows NT 5.1; SV1; .NET CLR 1.0.3705)"
212.250.189.121 - - [17/Jan/2006:10:17:08 -0500] "GET /englishL/home/images/darwinages.gif HTTP/1.1" 200 50309 "http://www.darwinday.org/home/index.html" "Mozilla/4.0 (compatible; MSIE 6.0; Windows NT 5.1; SV1; .NET CLR 1.0.3705)"
212.250.189.121 - - [17/Jan/2006:10:17:08 -0500] "GET /images/dnahoriz.gif HTTP/1.1" 200 3391 "http://www.darwinday.org/home/index.html" "Mozilla/4.0 (compatible; MSIE 6.0; Windows NT 5.1; SV1; .NET CLR 1.0.3705)"
212.250.189.121 - - [17/Jan/2006:10:17:08 -0500] "GET /englishL/home/images/lincoln.gif HTTP/1.1" 200 11057 "http://www.darwinday.org/home/index.html" "Mozilla/4.0 (compatible; MSIE 6.0; Windows NT 5.1; SV1; .NET CLR 1.0.3705)"
212.250.189.121 - - [17/Jan/2006:10:17:09 -0500] "GET /englishL/home/images/darwin.gif HTTP/1.1" 200 13783 "http://www.darwinday.org/home/index.html" "Mozilla/4.0 (compatible; MSIE 6.0; Windows NT 5.1; SV1; .NET CLR 1.0.3705)"
193.113.57.163 - - [17/Jan/2006:10:17:09 -0500] "GET / HTTP/1.0" 304 - "http://www.simonyi.ox.ac.uk/dawkins/WorldOfDawkins-archive/News/events.shtml" "Mozilla/4.0 (compatible; MSIE 6.0; Windows NT 5.1; BT [build 60A]; .NET CLR 1.1.4322)"
193.113.57.163 - - [17/Jan/2006:10:17:09 -0500] "GET /stylesheets/main.css HTTP/1.0" 200 562 "http://www.darwinday.org/" "Mozilla/4.0 (compatible; MSIE 6.0; Windows NT 5.1; BT [build 60A]; .NET CLR 1.1.4322)"
193.113.57.163 - - [17/Jan/2006:10:17:09 -0500] "GET /images/topleftlogo.gif HTTP/1.0" 200 6907 "http://www.darwinday.org/" "Mozilla/4.0 (compatible; MSIE 6.0; Windows NT 5.1; BT [build 60A]; .NET CLR 1.1.4322)"
193.113.57.163 - - [17/Jan/2006:10:17:09 -0500] "GET /images/worldmaptransp.gif HTTP/1.0" 304 - "http://www.darwinday.org/" "Mozilla/4.0 (compatible; MSIE 6.0; Windows NT 5.1; BT [build 60A]; .NET CLR 1.1.4322)"
193.113.57.163 - - [17/Jan/2006:10:17:09 -0500] "GET /images/header.gif HTTP/1.0" 200 26756 "http://www.darwinday.org/" "Mozilla/4.0 (compatible; MSIE 6.0; Windows NT 5.1; BT [build 60A]; .NET CLR 1.1.4322)"
193.113.57.163 - - [17/Jan/2006:10:17:10 -0500] "GET /englishL/images/navbar.gif HTTP/1.0" 200 2667 "http://www.darwinday.org/" "Mozilla/4.0 (compatible; MSIE 6.0; Windows NT 5.1; BT [build 60A]; .NET CLR 1.1.4322)"
193.113.57.163 - - [17/Jan/2006:10:17:10 -0500] "GET /images/arrow.gif HTTP/1.0" 304 - "http://www.darwinday.org/" "Mozilla/4.0 (compatible; MSIE 6.0; Windows NT 5.1; BT [build 60A]; .NET CLR 1.1.4322)"
193.113.57.163 - - [17/Jan/2006:10:17:10 -0500] "GET /englishL/images/titletrans.gif HTTP/1.0" 200 15588 "http://www.darwinday.org/" "Mozilla/4.0 (compatible; MSIE 6.0; Windows NT 5.1; BT [build 60A]; .NET CLR 1.1.4322)"
193.113.57.163 - - [17/Jan/2006:10:17:10 -0500] "GET /englishL/currarts.html HTTP/1.0" 200 5652 "http://www.darwinday.org/" "Mozilla/4.0 (compatible; MSIE 6.0; Windows NT 5.1; BT [build 60A]; .NET CLR 1.1.4322)"
193.113.57.163 - - [17/Jan/2006:10:17:10 -0500] "GET /images/dnahorizl.gif HTTP/1.0" 304 - "http://www.darwinday.org/" "Mozilla/4.0 (compatible; MSIE 6.0; Windows NT 5.1; BT [build 60A]; .NET CLR 1.1.4322)"
212.250.189.121 - - [17/Jan/2006:10:17:10 -0500] "GET /englishL/home/images/manymore.gif HTTP/1.1" 200 581 "http://www.darwinday.org/home/index.html" "Mozilla/4.0 (compatible; MSIE 6.0; Windows NT 5.1; SV1; .NET CLR 1.0.3705)"
212.250.189.121 - - [17/Jan/2006:10:17:10 -0500] "GET /images/trans.gif HTTP/1.1" 200 49 "http://www.darwinday.org/home/index.html" "Mozilla/4.0 (compatible; MSIE 6.0; Windows NT 5.1; SV1; .NET CLR 1.0.3705)"
193.113.57.163 - - [17/Jan/2006:10:17:10 -0500] "GET /images/dnahoriz.gif HTTP/1.0" 304 - "http://www.darwinday.org/" "Mozilla/4.0 (compatible; MSIE 6.0; Windows NT 5.1; BT [build 60A]; .NET CLR 1.1.4322)"
193.113.57.163 - - [17/Jan/2006:10:17:10 -0500] "GET /englishL/home/images/darwinages.gif HTTP/1.0" 200 50309 "http://www.darwinday.org/" "Mozilla/4.0 (compatible; MSIE 6.0; Windows NT 5.1; BT [build 60A]; .NET CLR 1.1.4322)"
212.250.189.121 - - [17/Jan/2006:10:17:10 -0500] "GET /englishL/home/images/joinus.gif HTTP/1.1" 200 524 "http://www.darwinday.org/home/index.html" "Mozilla/4.0 (compatible; MSIE 6.0; Windows NT 5.1; SV1; .NET CLR 1.0.3705)"
193.113.57.163 - - [17/Jan/2006:10:17:10 -0500] "GET /images/dnahorizr.gif HTTP/1.0" 304 - "http://www.darwinday.org/" "Mozilla/4.0 (compatible; MSIE 6.0; Windows NT 5.1; BT [build 60A]; .NET CLR 1.1.4322)"
193.113.57.163 - - [17/Jan/2006:10:17:10 -0500] "GET /englishL/home/images/lincoln.gif HTTP/1.0" 200 11057 "http://www.darwinday.org/" "Mozilla/4.0 (compatible; MSIE 6.0; Windows NT 5.1; BT [build 60A]; .NET CLR 1.1.4322)"
212.250.189.121 - - [17/Jan/2006:10:17:10 -0500] "GET /englishL/home/images/beagle.gif HTTP/1.1" 200 37108 "http://www.darwinday.org/home/index.html" "Mozilla/4.0 (compatible; MSIE 6.0; Windows NT 5.1; SV1; .NET CLR 1.0.3705)"
193.113.57.163 - - [17/Jan/2006:10:17:11 -0500] "GET /images/trans.gif HTTP/1.0" 304 - "http://www.darwinday.org/" "Mozilla/4.0 (compatible; MSIE 6.0; Windows NT 5.1; BT [build 60A]; .NET CLR 1.1.4322)"
193.113.57.163 - - [17/Jan/2006:10:17:11 -0500] "GET /englishL/home/images/darwin.gif HTTP/1.0" 200 13783 "http://www.darwinday.org/" "Mozilla/4.0 (compatible; MSIE 6.0; Windows NT 5.1; BT [build 60A]; .NET CLR 1.1.4322)"
212.250.189.121 - - [17/Jan/2006:10:17:11 -0500] "GET /englishL/home/images/horse.evolution.jpg HTTP/1.1" 200 29612 "http://www.darwinday.org/home/index.html" "Mozilla/4.0 (compatible; MSIE 6.0; Windows NT 5.1; SV1; .NET CLR 1.0.3705)"
193.113.57.163 - - [17/Jan/2006:10:17:11 -0500] "GET /englishL/home/images/manymore.gif HTTP/1.0" 200 581 "http://www.darwinday.org/" "Mozilla/4.0 (compatible; MSIE 6.0; Windows NT 5.1; BT [build 60A]; .NET CLR 1.1.4322)"
193.113.57.163 - - [17/Jan/2006:10:17:11 -0500] "GET /englishL/home/images/joinus.gif HTTP/1.0" 200 524 "http://www.darwinday.org/" "Mozilla/4.0 (compatible; MSIE 6.0; Windows NT 5.1; BT [build 60A]; .NET CLR 1.1.4322)"
193.113.57.163 - - [17/Jan/2006:10:17:11 -0500] "GET /englishL/home/images/beagle.gif HTTP/1.0" 200 37108 "http://www.darwinday.org/" "Mozilla/4.0 (compatible; MSIE 6.0; Windows NT 5.1; BT [build 60A]; .NET CLR 1.1.4322)"
212.250.189.121 - - [17/Jan/2006:10:17:11 -0500] "GET /images/DNAlogo.gif HTTP/1.1" 200 1370 "http://www.darwinday.org/englishL/currarts.html" "Mozilla/4.0 (compatible; MSIE 6.0; Windows NT 5.1; SV1; .NET CLR 1.0.3705)"
193.113.57.163 - - [17/Jan/2006:10:17:11 -0500] "GET /images/DNAlogo.gif HTTP/1.0" 304 - "http://www.darwinday.org/englishL/currarts.html" "Mozilla/4.0 (compatible; MSIE 6.0; Windows NT 5.1; BT [build 60A]; .NET CLR 1.1.4322)"
193.113.57.163 - - [17/Jan/2006:10:17:11 -0500] "GET /englishL/home/images/horse.evolution.jpg HTTP/1.0" 200 29612 "http://www.darwinday.org/" "Mozilla/4.0 (compatible; MSIE 6.0; Windows NT 5.1; BT [build 60A]; .NET CLR 1.1.4322)"
147.156.196.198 - - [17/Jan/2006:10:17:39 -0500] "GET / HTTP/1.1" 200 25029 "http://chem.tufts.edu/AnswersInScience/intelligent.html" "Mozilla/4.0 (compatible; MSIE 6.0; Windows NT 5.1; SV1)"
147.156.196.198 - - [17/Jan/2006:10:17:40 -0500] "GET /stylesheets/main.css HTTP/1.1" 200 562 "http://www.darwinday.org/" "Mozilla/4.0 (compatible; MSIE 6.0; Windows NT 5.1; SV1)"
147.156.196.198 - - [17/Jan/2006:10:17:40 -0500] "GET /images/topleftlogo.gif HTTP/1.1" 200 6907 "http://www.darwinday.org/" "Mozilla/4.0 (compatible; MSIE 6.0; Windows NT 5.1; SV1)"
147.156.196.198 - - [17/Jan/2006:10:17:40 -0500] "GET /englishL/currarts.html HTTP/1.1" 200 5652 "http://www.darwinday.org/" "Mozilla/4.0 (compatible; MSIE 6.0; Windows NT 5.1; SV1)"
147.156.196.198 - - [17/Jan/2006:10:17:40 -0500] "GET /images/header.gif HTTP/1.1" 200 26756 "http://www.darwinday.org/" "Mozilla/4.0 (compatible; MSIE 6.0; Windows NT 5.1; SV1)"
147.156.196.198 - - [17/Jan/2006:10:17:40 -0500] "GET /englishL/images/titletrans.gif HTTP/1.1" 200 15588 "http://www.darwinday.org/" "Mozilla/4.0 (compatible; MSIE 6.0; Windows NT 5.1; SV1)"
147.156.196.198 - - [17/Jan/2006:10:17:41 -0500] "GET /englishL/images/navbar.gif HTTP/1.1" 200 2667 "http://www.darwinday.org/" "Mozilla/4.0 (compatible; MSIE 6.0; Windows NT 5.1; SV1)"
147.156.196.198 - - [17/Jan/2006:10:17:42 -0500] "GET /englishL/home/images/darwinages.gif HTTP/1.1" 200 50309 "http://www.darwinday.org/" "Mozilla/4.0 (compatible; MSIE 6.0; Windows NT 5.1; SV1)"
147.156.196.198 - - [17/Jan/2006:10:17:43 -0500] "GET /images/arrow.gif HTTP/1.1" 200 112 "http://www.darwinday.org/" "Mozilla/4.0 (compatible; MSIE 6.0; Windows NT 5.1; SV1)"
147.156.196.198 - - [17/Jan/2006:10:17:43 -0500] "GET /images/dnahorizl.gif HTTP/1.1" 200 2130 "http://www.darwinday.org/" "Mozilla/4.0 (compatible; MSIE 6.0; Windows NT 5.1; SV1)"
147.156.196.198 - - [17/Jan/2006:10:17:44 -0500] "GET /images/dnahoriz.gif HTTP/1.1" 200 3391 "http://www.darwinday.org/" "Mozilla/4.0 (compatible; MSIE 6.0; Windows NT 5.1; SV1)"
147.156.196.198 - - [17/Jan/2006:10:17:44 -0500] "GET /images/worldmaptransp.gif HTTP/1.1" 200 128893 "http://www.darwinday.org/" "Mozilla/4.0 (compatible; MSIE 6.0; Windows NT 5.1; SV1)"
147.156.196.198 - - [17/Jan/2006:10:17:44 -0500] "GET /images/dnahorizr.gif HTTP/1.1" 200 2104 "http://www.darwinday.org/" "Mozilla/4.0 (compatible; MSIE 6.0; Windows NT 5.1; SV1)"
147.156.196.198 - - [17/Jan/2006:10:17:44 -0500] "GET /englishL/home/images/lincoln.gif HTTP/1.1" 200 11057 "http://www.darwinday.org/" "Mozilla/4.0 (compatible; MSIE 6.0; Windows NT 5.1; SV1)"
147.156.196.198 - - [17/Jan/2006:10:17:44 -0500] "GET /englishL/home/images/darwin.gif HTTP/1.1" 200 13783 "http://www.darwinday.org/" "Mozilla/4.0 (compatible; MSIE 6.0; Windows NT 5.1; SV1)"
147.156.196.198 - - [17/Jan/2006:10:17:44 -0500] "GET /images/trans.gif HTTP/1.1" 200 49 "http://www.darwinday.org/" "Mozilla/4.0 (compatible; MSIE 6.0; Windows NT 5.1; SV1)"
147.156.196.198 - - [17/Jan/2006:10:17:44 -0500] "GET /englishL/home/images/beagle.gif HTTP/1.1" 200 37108 "http://www.darwinday.org/" "Mozilla/4.0 (compatible; MSIE 6.0; Windows NT 5.1; SV1)"
147.156.196.198 - - [17/Jan/2006:10:17:44 -0500] "GET /englishL/home/images/manymore.gif HTTP/1.1" 200 581 "http://www.darwinday.org/" "Mozilla/4.0 (compatible; MSIE 6.0; Windows NT 5.1; SV1)"
147.156.196.198 - - [17/Jan/2006:10:17:44 -0500] "GET /englishL/home/images/joinus.gif HTTP/1.1" 200 524 "http://www.darwinday.org/" "Mozilla/4.0 (compatible; MSIE 6.0; Windows NT 5.1; SV1)"
147.156.196.198 - - [17/Jan/2006:10:17:45 -0500] "GET /images/DNAlogo.gif HTTP/1.1" 200 1370 "http://www.darwinday.org/englishL/currarts.html" "Mozilla/4.0 (compatible; MSIE 6.0; Windows NT 5.1; SV1)"
147.156.196.198 - - [17/Jan/2006:10:17:45 -0500] "GET /englishL/home/images/horse.evolution.jpg HTTP/1.1" 200 29612 "http://www.darwinday.org/" "Mozilla/4.0 (compatible; MSIE 6.0; Windows NT 5.1; SV1)"
61.2.16.205 - - [17/Jan/2006:10:17:54 -0500] "GET /stylesheets/main.css HTTP/1.1" 200 562 "http://www.darwinday.org/englishL/home/2005.php" "Mozilla/4.0 (compatible; MSIE 6.0; Windows NT 5.1; SV1)"
61.2.16.205 - - [17/Jan/2006:10:17:55 -0500] "GET /images/topleftlogo.gif HTTP/1.1" 200 6907 "http://www.darwinday.org/englishL/home/2005.php" "Mozilla/4.0 (compatible; MSIE 6.0; Windows NT 5.1; SV1)"
61.2.16.205 - - [17/Jan/2006:10:18:05 -0500] "GET /images/header.gif HTTP/1.1" 200 26756 "http://www.darwinday.org/englishL/home/2005.php" "Mozilla/4.0 (compatible; MSIE 6.0; Windows NT 5.1; SV1)"
66.249.65.132 - - [17/Jan/2006:10:18:09 -0500] "GET /NEWlang/life/images/beagle/lizard.jpg HTTP/1.1" 200 55632 "-" "Googlebot-Image/1.0"
61.2.16.205 - - [17/Jan/2006:10:18:10 -0500] "GET /englishL/images/titletrans.gif HTTP/1.1" 200 15588 "http://www.darwinday.org/englishL/home/2005.php" "Mozilla/4.0 (compatible; MSIE 6.0; Windows NT 5.1; SV1)"
61.2.16.205 - - [17/Jan/2006:10:18:59 -0500] "GET /images/worldmaptransp.gif HTTP/1.1" 200 128893 "http://www.darwinday.org/englishL/home/2005.php" "Mozilla/4.0 (compatible; MSIE 6.0; Windows NT 5.1; SV1)"
61.2.16.205 - - [17/Jan/2006:10:19:08 -0500] "GET /englishL/images/navbar.gif HTTP/1.1" 200 2667 "http://www.darwinday.org/englishL/home/2005.php" "Mozilla/4.0 (compatible; MSIE 6.0; Windows NT 5.1; SV1)"
216.239.58.136 - - [17/Jan/2006:10:19:34 -0500] "GET / HTTP/1.0" 200 25029 "-" "Mozilla/4.0 (compatible; MSIE 6.0;)"
216.239.58.136 - - [17/Jan/2006:10:19:34 -0500] "GET /englishL/currarts.html HTTP/1.0" 200 5652 "http://www.darwinday.org/" "Mozilla/4.0 (compatible; MSIE 6.0;)"
216.239.58.136 - - [17/Jan/2006:10:19:34 -0500] "GET /englishL/images/titletrans.gif HTTP/1.0" 200 15588 "-" "-"
216.239.58.136 - - [17/Jan/2006:10:19:34 -0500] "GET /images/arrow.gif HTTP/1.0" 200 112 "-" "-"
216.239.58.136 - - [17/Jan/2006:10:19:34 -0500] "GET /images/topleftlogo.gif HTTP/1.0" 200 6907 "-" "-"
216.239.58.136 - - [17/Jan/2006:10:19:34 -0500] "GET /englishL/images/navbar.gif HTTP/1.0" 200 2667 "-" "-"
216.239.58.136 - - [17/Jan/2006:10:19:34 -0500] "GET /englishL/home/images/lincoln.gif HTTP/1.0" 200 11057 "-" "-"
216.239.58.136 - - [17/Jan/2006:10:19:34 -0500] "GET /images/dnahorizr.gif HTTP/1.0" 200 2104 "-" "-"
216.239.58.136 - - [17/Jan/2006:10:19:34 -0500] "GET /images/trans.gif HTTP/1.0" 200 49 "-" "-"
216.239.58.136 - - [17/Jan/2006:10:19:34 -0500] "GET /images/dnahorizl.gif HTTP/1.0" 200 2130 "-" "-"
216.239.58.136 - - [17/Jan/2006:10:19:34 -0500] "GET /images/dnahoriz.gif HTTP/1.0" 200 3391 "-" "-"
216.239.58.136 - - [17/Jan/2006:10:19:35 -0500] "GET /englishL/home/images/darwin.gif HTTP/1.0" 200 13783 "-" "-"
216.239.58.136 - - [17/Jan/2006:10:19:35 -0500] "GET /englishL/home/images/manymore.gif HTTP/1.0" 200 581 "-" "-"
216.239.58.136 - - [17/Jan/2006:10:19:35 -0500] "GET /images/worldmaptransp.gif HTTP/1.0" 200 128893 "-" "-"
216.239.58.136 - - [17/Jan/2006:10:19:35 -0500] "GET /englishL/home/images/darwinages.gif HTTP/1.0" 200 50309 "-" "-"
216.239.58.136 - - [17/Jan/2006:10:19:36 -0500] "GET /images/header.gif HTTP/1.0" 200 26756 "-" "-"
216.239.58.136 - - [17/Jan/2006:10:19:36 -0500] "GET /englishL/home/images/beagle.gif HTTP/1.0" 200 37108 "-" "-"
216.239.58.136 - - [17/Jan/2006:10:19:37 -0500] "GET /images/DNAlogo.gif HTTP/1.0" 200 1370 "-" "-"
209.50.27.4 - - [17/Jan/2006:10:21:43 -0500] "GET /stylesheets/main.css HTTP/1.1" 200 562 "http://www.darwinday.org/" "Mozilla/4.0 (compatible; MSIE 6.0; Windows NT 5.1; SV1; .NET CLR 1.1.4322)"
209.50.27.4 - - [17/Jan/2006:10:21:43 -0500] "GET / HTTP/1.1" 200 25029 "-" "Mozilla/4.0 (compatible; MSIE 6.0; Windows NT 5.1; SV1; .NET CLR 1.1.4322)"
209.50.27.4 - - [17/Jan/2006:10:21:43 -0500] "GET /images/topleftlogo.gif HTTP/1.1" 200 6907 "http://www.darwinday.org/" "Mozilla/4.0 (compatible; MSIE 6.0; Windows NT 5.1; SV1; .NET CLR 1.1.4322)"
209.50.27.4 - - [17/Jan/2006:10:21:44 -0500] "GET /englishL/currarts.html HTTP/1.1" 200 5652 "http://www.darwinday.org/" "Mozilla/4.0 (compatible; MSIE 6.0; Windows NT 5.1; SV1; .NET CLR 1.1.4322)"
209.50.27.4 - - [17/Jan/2006:10:21:44 -0500] "GET /images/header.gif HTTP/1.1" 200 26756 "http://www.darwinday.org/" "Mozilla/4.0 (compatible; MSIE 6.0; Windows NT 5.1; SV1; .NET CLR 1.1.4322)"
209.50.27.4 - - [17/Jan/2006:10:21:45 -0500] "GET /englishL/images/titletrans.gif HTTP/1.1" 200 15588 "http://www.darwinday.org/" "Mozilla/4.0 (compatible; MSIE 6.0; Windows NT 5.1; SV1; .NET CLR 1.1.4322)"
209.50.27.4 - - [17/Jan/2006:10:21:45 -0500] "GET /englishL/images/navbar.gif HTTP/1.1" 200 2667 "http://www.darwinday.org/" "Mozilla/4.0 (compatible; MSIE 6.0; Windows NT 5.1; SV1; .NET CLR 1.1.4322)"
209.50.27.4 - - [17/Jan/2006:10:21:46 -0500] "GET /englishL/home/images/darwinages.gif HTTP/1.1" 200 50309 "http://www.darwinday.org/" "Mozilla/4.0 (compatible; MSIE 6.0; Windows NT 5.1; SV1; .NET CLR 1.1.4322)"
209.50.27.4 - - [17/Jan/2006:10:21:46 -0500] "GET /images/arrow.gif HTTP/1.1" 200 112 "http://www.darwinday.org/" "Mozilla/4.0 (compatible; MSIE 6.0; Windows NT 5.1; SV1; .NET CLR 1.1.4322)"
209.50.27.4 - - [17/Jan/2006:10:21:46 -0500] "GET /images/dnahorizl.gif HTTP/1.1" 200 2130 "http://www.darwinday.org/" "Mozilla/4.0 (compatible; MSIE 6.0; Windows NT 5.1; SV1; .NET CLR 1.1.4322)"
209.50.27.4 - - [17/Jan/2006:10:21:46 -0500] "GET /images/dnahoriz.gif HTTP/1.1" 200 3391 "http://www.darwinday.org/" "Mozilla/4.0 (compatible; MSIE 6.0; Windows NT 5.1; SV1; .NET CLR 1.1.4322)"
209.50.27.4 - - [17/Jan/2006:10:21:46 -0500] "GET /images/dnahorizr.gif HTTP/1.1" 200 2104 "http://www.darwinday.org/" "Mozilla/4.0 (compatible; MSIE 6.0; Windows NT 5.1; SV1; .NET CLR 1.1.4322)"
209.50.27.4 - - [17/Jan/2006:10:21:46 -0500] "GET /englishL/home/images/lincoln.gif HTTP/1.1" 200 11057 "http://www.darwinday.org/" "Mozilla/4.0 (compatible; MSIE 6.0; Windows NT 5.1; SV1; .NET CLR 1.1.4322)"
209.50.27.4 - - [17/Jan/2006:10:21:47 -0500] "GET /englishL/home/images/darwin.gif HTTP/1.1" 200 13783 "http://www.darwinday.org/" "Mozilla/4.0 (compatible; MSIE 6.0; Windows NT 5.1; SV1; .NET CLR 1.1.4322)"
209.50.27.4 - - [17/Jan/2006:10:21:48 -0500] "GET /images/worldmaptransp.gif HTTP/1.1" 200 128893 "http://www.darwinday.org/" "Mozilla/4.0 (compatible; MSIE 6.0; Windows NT 5.1; SV1; .NET CLR 1.1.4322)"
209.50.27.4 - - [17/Jan/2006:10:21:48 -0500] "GET /englishL/home/images/beagle.gif HTTP/1.1" 200 37108 "http://www.darwinday.org/" "Mozilla/4.0 (compatible; MSIE 6.0; Windows NT 5.1; SV1; .NET CLR 1.1.4322)"
209.50.27.4 - - [17/Jan/2006:10:21:48 -0500] "GET /images/trans.gif HTTP/1.1" 200 49 "http://www.darwinday.org/" "Mozilla/4.0 (compatible; MSIE 6.0; Windows NT 5.1; SV1; .NET CLR 1.1.4322)"
147.156.196.198 - - [17/Jan/2006:10:21:48 -0500] "GET / HTTP/1.1" 304 - "http://chem.tufts.edu/AnswersInScience/intelligent.html" "Mozilla/4.0 (compatible; MSIE 6.0; Windows NT 5.1; SV1)"
209.50.27.4 - - [17/Jan/2006:10:21:48 -0500] "GET /englishL/home/images/manymore.gif HTTP/1.1" 200 581 "http://www.darwinday.org/" "Mozilla/4.0 (compatible; MSIE 6.0; Windows NT 5.1; SV1; .NET CLR 1.1.4322)"
209.50.27.4 - - [17/Jan/2006:10:21:48 -0500] "GET /englishL/home/images/joinus.gif HTTP/1.1" 200 524 "http://www.darwinday.org/" "Mozilla/4.0 (compatible; MSIE 6.0; Windows NT 5.1; SV1; .NET CLR 1.1.4322)"
147.156.196.198 - - [17/Jan/2006:10:21:48 -0500] "GET /stylesheets/main.css HTTP/1.1" 304 - "http://www.darwinday.org/" "Mozilla/4.0 (compatible; MSIE 6.0; Windows NT 5.1; SV1)"
209.50.27.4 - - [17/Jan/2006:10:21:48 -0500] "GET /images/DNAlogo.gif HTTP/1.1" 200 1370 "http://www.darwinday.org/englishL/currarts.html" "Mozilla/4.0 (compatible; MSIE 6.0; Windows NT 5.1; SV1; .NET CLR 1.1.4322)"
147.156.196.198 - - [17/Jan/2006:10:21:48 -0500] "GET /images/header.gif HTTP/1.1" 304 - "http://www.darwinday.org/" "Mozilla/4.0 (compatible; MSIE 6.0; Windows NT 5.1; SV1)"
147.156.196.198 - - [17/Jan/2006:10:21:48 -0500] "GET /images/topleftlogo.gif HTTP/1.1" 304 - "http://www.darwinday.org/" "Mozilla/4.0 (compatible; MSIE 6.0; Windows NT 5.1; SV1)"
147.156.196.198 - - [17/Jan/2006:10:21:49 -0500] "GET /englishL/currarts.html HTTP/1.1" 304 - "http://www.darwinday.org/" "Mozilla/4.0 (compatible; MSIE 6.0; Windows NT 5.1; SV1)"
147.156.196.198 - - [17/Jan/2006:10:21:49 -0500] "GET /images/worldmaptransp.gif HTTP/1.1" 304 - "http://www.darwinday.org/" "Mozilla/4.0 (compatible; MSIE 6.0; Windows NT 5.1; SV1)"
147.156.196.198 - - [17/Jan/2006:10:21:49 -0500] "GET /englishL/images/titletrans.gif HTTP/1.1" 304 - "http://www.darwinday.org/" "Mozilla/4.0 (compatible; MSIE 6.0; Windows NT 5.1; SV1)"
209.50.27.4 - - [17/Jan/2006:10:21:49 -0500] "GET /englishL/home/images/horse.evolution.jpg HTTP/1.1" 200 29612 "http://www.darwinday.org/" "Mozilla/4.0 (compatible; MSIE 6.0; Windows NT 5.1; SV1; .NET CLR 1.1.4322)"
147.156.196.198 - - [17/Jan/2006:10:21:49 -0500] "GET /englishL/images/navbar.gif HTTP/1.1" 304 - "http://www.darwinday.org/" "Mozilla/4.0 (compatible; MSIE 6.0; Windows NT 5.1; SV1)"
147.156.196.198 - - [17/Jan/2006:10:21:49 -0500] "GET /englishL/home/images/darwinages.gif HTTP/1.1" 304 - "http://www.darwinday.org/" "Mozilla/4.0 (compatible; MSIE 6.0; Windows NT 5.1; SV1)"
147.156.196.198 - - [17/Jan/2006:10:21:49 -0500] "GET /images/arrow.gif HTTP/1.1" 304 - "http://www.darwinday.org/" "Mozilla/4.0 (compatible; MSIE 6.0; Windows NT 5.1; SV1)"
147.156.196.198 - - [17/Jan/2006:10:21:49 -0500] "GET /images/dnahorizl.gif HTTP/1.1" 304 - "http://www.darwinday.org/" "Mozilla/4.0 (compatible; MSIE 6.0; Windows NT 5.1; SV1)"
147.156.196.198 - - [17/Jan/2006:10:21:49 -0500] "GET /images/dnahoriz.gif HTTP/1.1" 304 - "http://www.darwinday.org/" "Mozilla/4.0 (compatible; MSIE 6.0; Windows NT 5.1; SV1)"
147.156.196.198 - - [17/Jan/2006:10:21:49 -0500] "GET /images/dnahorizr.gif HTTP/1.1" 304 - "http://www.darwinday.org/" "Mozilla/4.0 (compatible; MSIE 6.0; Windows NT 5.1; SV1)"
147.156.196.198 - - [17/Jan/2006:10:21:49 -0500] "GET /englishL/home/images/lincoln.gif HTTP/1.1" 304 - "http://www.darwinday.org/" "Mozilla/4.0 (compatible; MSIE 6.0; Windows NT 5.1; SV1)"
147.156.196.198 - - [17/Jan/2006:10:21:49 -0500] "GET /englishL/home/images/darwin.gif HTTP/1.1" 304 - "http://www.darwinday.org/" "Mozilla/4.0 (compatible; MSIE 6.0; Windows NT 5.1; SV1)"
147.156.196.198 - - [17/Jan/2006:10:21:50 -0500] "GET /englishL/home/images/beagle.gif HTTP/1.1" 304 - "http://www.darwinday.org/" "Mozilla/4.0 (compatible; MSIE 6.0; Windows NT 5.1; SV1)"
147.156.196.198 - - [17/Jan/2006:10:21:50 -0500] "GET /images/trans.gif HTTP/1.1" 304 - "http://www.darwinday.org/" "Mozilla/4.0 (compatible; MSIE 6.0; Windows NT 5.1; SV1)"
147.156.196.198 - - [17/Jan/2006:10:21:50 -0500] "GET /englishL/home/images/manymore.gif HTTP/1.1" 304 - "http://www.darwinday.org/" "Mozilla/4.0 (compatible; MSIE 6.0; Windows NT 5.1; SV1)"
147.156.196.198 - - [17/Jan/2006:10:21:50 -0500] "GET /englishL/home/images/joinus.gif HTTP/1.1" 304 - "http://www.darwinday.org/" "Mozilla/4.0 (compatible; MSIE 6.0; Windows NT 5.1; SV1)"
147.156.196.198 - - [17/Jan/2006:10:21:50 -0500] "GET /englishL/home/images/horse.evolution.jpg HTTP/1.1" 304 - "http://www.darwinday.org/" "Mozilla/4.0 (compatible; MSIE 6.0; Windows NT 5.1; SV1)"
