81.214.17.99 - - [17/Jan/2006:12:42:14 -0500] "GET /englishL/life/images/downhouseproperty.jpg HTTP/1.0" 200 31640 "http://www.darwinday.org/englishL/life/downhouse.html" "Mozilla/4.0 (compatible; MSIE 5.0; Windows NT 4.0)"
208.177.144.10 - - [17/Jan/2006:12:42:15 -0500] "GET / HTTP/1.1" 200 25029 "-" "yoogliFetchAgent/0.1"
81.214.17.99 - - [17/Jan/2006:12:42:15 -0500] "GET /englishL/life/images/downhousefront.jpg HTTP/1.0" 200 140692 "http://www.darwinday.org/englishL/life/downhouse.html" "Mozilla/4.0 (compatible; MSIE 5.0; Windows NT 4.0)"
81.214.17.99 - - [17/Jan/2006:12:42:15 -0500] "GET /englishL/life/emma.html HTTP/1.0" 200 13045 "http://www.darwinday.org/englishL/life/index.html" "Mozilla/4.0 (compatible; MSIE 5.0; Windows NT 4.0)"
81.214.17.99 - - [17/Jan/2006:12:42:16 -0500] "GET /englishL/life/children.html HTTP/1.0" 200 13763 "http://www.darwinday.org/englishL/life/index.html" "Mozilla/4.0 (compatible; MSIE 5.0; Windows NT 4.0)"
81.214.17.99 - - [17/Jan/2006:12:42:18 -0500] "GET /englishL/life/images/emma-t.gif HTTP/1.0" 200 27756 "http://www.darwinday.org/englishL/life/emma.html" "Mozilla/4.0 (compatible; MSIE 5.0; Windows NT 4.0)"
81.214.17.99 - - [17/Jan/2006:12:42:18 -0500] "GET /englishL/life/images/family/anne-t.jpg HTTP/1.0" 200 33680 "http://www.darwinday.org/englishL/life/children.html" "Mozilla/4.0 (compatible; MSIE 5.0; Windows NT 4.0)"
81.214.17.99 - - [17/Jan/2006:12:42:19 -0500] "GET /englishL/life/images/family/emmacharles-t.jpg HTTP/1.0" 200 21327 "http://www.darwinday.org/englishL/life/children.html" "Mozilla/4.0 (compatible; MSIE 5.0; Windows NT 4.0)"
81.214.17.99 - - [17/Jan/2006:12:42:20 -0500] "GET /englishL/life/images/family/sirhorace-t.jpg HTTP/1.0" 200 23757 "http://www.darwinday.org/englishL/life/children.html" "Mozilla/4.0 (compatible; MSIE 5.0; Windows NT 4.0)"
81.214.17.99 - - [17/Jan/2006:12:42:21 -0500] "GET /englishL/life/images/family/leoonard-t.jpg HTTP/1.0" 200 22160 "http://www.darwinday.org/englishL/life/children.html" "Mozilla/4.0 (compatible; MSIE 5.0; Windows NT 4.0)"
68.57.204.132 - - [17/Jan/2006:12:42:22 -0500] "GET /stylesheets/main.css HTTP/1.1" 200 562 "http://www.darwinday.org/" "Mozilla/4.0 (compatible; MSIE 6.0; Windows NT 5.1; SV1; .NET CLR 1.1.4322)"
68.57.204.132 - - [17/Jan/2006:12:42:22 -0500] "GET /englishL/images/navbar.gif HTTP/1.1" 200 2667 "http://www.darwinday.org/" "Mozilla/4.0 (compatible; MSIE 6.0; Windows NT 5.1; SV1; .NET CLR 1.1.4322)"
68.57.204.132 - - [17/Jan/2006:12:42:22 -0500] "GET / HTTP/1.1" 200 25029 "http://www.simonyi.ox.ac.uk/dawkins/calendar/cal_item.shtml?select=1134393343" "Mozilla/4.0 (compatible; MSIE 6.0; Windows NT 5.1; SV1; .NET CLR 1.1.4322)"
68.57.204.132 - - [17/Jan/2006:12:42:22 -0500] "GET /images/arrow.gif HTTP/1.1" 200 112 "http://www.darwinday.org/" "Mozilla/4.0 (compatible; MSIE 6.0; Windows NT 5.1; SV1; .NET CLR 1.1.4322)"
68.57.204.132 - - [17/Jan/2006:12:42:22 -0500] "GET /englishL/images/titletrans.gif HTTP/1.1" 200 15588 "http://www.darwinday.org/" "Mozilla/4.0 (compatible; MSIE 6.0; Windows NT 5.1; SV1; .NET CLR 1.1.4322)"
68.57.204.132 - - [17/Jan/2006:12:42:22 -0500] "GET /englishL/currarts.html HTTP/1.1" 200 5652 "http://www.darwinday.org/" "Mozilla/4.0 (compatible; MSIE 6.0; Windows NT 5.1; SV1; .NET CLR 1.1.4322)"
68.57.204.132 - - [17/Jan/2006:12:42:22 -0500] "GET /images/dnahorizr.gif HTTP/1.1" 200 2104 "http://www.darwinday.org/" "Mozilla/4.0 (compatible; MSIE 6.0; Windows NT 5.1; SV1; .NET CLR 1.1.4322)"
68.57.204.132 - - [17/Jan/2006:12:42:22 -0500] "GET /images/dnahorizl.gif HTTP/1.1" 200 2130 "http://www.darwinday.org/" "Mozilla/4.0 (compatible; MSIE 6.0; Windows NT 5.1; SV1; .NET CLR 1.1.4322)"
68.57.204.132 - - [17/Jan/2006:12:42:22 -0500] "GET /images/header.gif HTTP/1.1" 200 26756 "http://www.darwinday.org/" "Mozilla/4.0 (compatible; MSIE 6.0; Windows NT 5.1; SV1; .NET CLR 1.1.4322)"
68.57.204.132 - - [17/Jan/2006:12:42:22 -0500] "GET /englishL/home/images/lincoln.gif HTTP/1.1" 200 11057 "http://www.darwinday.org/" "Mozilla/4.0 (compatible; MSIE 6.0; Windows NT 5.1; SV1; .NET CLR 1.1.4322)"
68.57.204.132 - - [17/Jan/2006:12:42:22 -0500] "GET /images/trans.gif HTTP/1.1" 200 49 "http://www.darwinday.org/" "Mozilla/4.0 (compatible; MSIE 6.0; Windows NT 5.1; SV1; .NET CLR 1.1.4322)"
68.57.204.132 - - [17/Jan/2006:12:42:22 -0500] "GET /englishL/home/images/darwin.gif HTTP/1.1" 200 13783 "http://www.darwinday.org/" "Mozilla/4.0 (compatible; MSIE 6.0; Windows NT 5.1; SV1; .NET CLR 1.1.4322)"
68.57.204.132 - - [17/Jan/2006:12:42:22 -0500] "GET /englishL/home/images/manymore.gif HTTP/1.1" 200 581 "http://www.darwinday.org/" "Mozilla/4.0 (compatible; MSIE 6.0; Windows NT 5.1; SV1; .NET CLR 1.1.4322)"
81.214.17.99 - - [17/Jan/2006:12:42:22 -0500] "GET /englishL/life/images/family/emmaleonard-t.jpg HTTP/1.0" 200 30318 "http://www.darwinday.org/englishL/life/children.html" "Mozilla/4.0 (compatible; MSIE 5.0; Windows NT 4.0)"
68.57.204.132 - - [17/Jan/2006:12:42:22 -0500] "GET /images/worldmaptransp.gif HTTP/1.1" 200 128893 "http://www.darwinday.org/" "Mozilla/4.0 (compatible; MSIE 6.0; Windows NT 5.1; SV1; .NET CLR 1.1.4322)"
68.57.204.132 - - [17/Jan/2006:12:42:22 -0500] "GET /englishL/home/images/joinus.gif HTTP/1.1" 200 524 "http://www.darwinday.org/" "Mozilla/4.0 (compatible; MSIE 6.0; Windows NT 5.1; SV1; .NET CLR 1.1.4322)"
68.57.204.132 - - [17/Jan/2006:12:42:22 -0500] "GET /englishL/home/images/darwinages.gif HTTP/1.1" 200 50309 "http://www.darwinday.org/" "Mozilla/4.0 (compatible; MSIE 6.0; Windows NT 5.1; SV1; .NET CLR 1.1.4322)"
68.57.204.132 - - [17/Jan/2006:12:42:22 -0500] "GET /images/DNAlogo.gif HTTP/1.1" 200 1370 "http://www.darwinday.org/englishL/currarts.html" "Mozilla/4.0 (compatible; MSIE 6.0; Windows NT 5.1; SV1; .NET CLR 1.1.4322)"
81.214.17.99 - - [17/Jan/2006:12:42:23 -0500] "GET /englishL/life/images/family/sirfrancis-t.jpg HTTP/1.0" 200 23752 "http://www.darwinday.org/englishL/life/children.html" "Mozilla/4.0 (compatible; MSIE 5.0; Windows NT 4.0)"
68.57.204.132 - - [17/Jan/2006:12:42:23 -0500] "GET /englishL/home/images/horse.evolution.jpg HTTP/1.1" 200 29612 "http://www.darwinday.org/" "Mozilla/4.0 (compatible; MSIE 6.0; Windows NT 5.1; SV1; .NET CLR 1.1.4322)"
68.57.204.132 - - [17/Jan/2006:12:42:23 -0500] "GET /englishL/home/images/beagle.gif HTTP/1.1" 200 37108 "http://www.darwinday.org/" "Mozilla/4.0 (compatible; MSIE 6.0; Windows NT 5.1; SV1; .NET CLR 1.1.4322)"
81.214.17.99 - - [17/Jan/2006:12:42:23 -0500] "GET /englishL/life/images/family/elizabeth-t.jpg HTTP/1.0" 200 23782 "http://www.darwinday.org/englishL/life/children.html" "Mozilla/4.0 (compatible; MSIE 5.0; Windows NT 4.0)"
81.214.17.99 - - [17/Jan/2006:12:42:24 -0500] "GET /englishL/life/images/family/elizabeth-brown-t.jpg HTTP/1.0" 200 24876 "http://www.darwinday.org/englishL/life/children.html" "Mozilla/4.0 (compatible; MSIE 5.0; Windows NT 4.0)"
68.57.204.132 - - [17/Jan/2006:12:42:24 -0500] "GET /images/topleftlogo.gif HTTP/1.1" 200 6907 "http://www.darwinday.org/" "Mozilla/4.0 (compatible; MSIE 6.0; Windows NT 5.1; SV1; .NET CLR 1.1.4322)"
68.57.204.132 - - [17/Jan/2006:12:42:25 -0500] "GET /images/dnahoriz.gif HTTP/1.1" 200 3391 "http://www.darwinday.org/" "Mozilla/4.0 (compatible; MSIE 6.0; Windows NT 5.1; SV1; .NET CLR 1.1.4322)"
81.214.17.99 - - [17/Jan/2006:12:42:25 -0500] "GET /englishL/life/images/family/elizabeth-darwin-t.jpg HTTP/1.0" 200 18932 "http://www.darwinday.org/englishL/life/children.html" "Mozilla/4.0 (compatible; MSIE 5.0; Windows NT 4.0)"
81.214.17.99 - - [17/Jan/2006:12:42:26 -0500] "GET /englishL/life/images/family/sirgeorge-t.jpg HTTP/1.0" 200 21838 "http://www.darwinday.org/englishL/life/children.html" "Mozilla/4.0 (compatible; MSIE 5.0; Windows NT 4.0)"
81.214.17.99 - - [17/Jan/2006:12:42:27 -0500] "GET /englishL/life/images/family/george-t.jpg HTTP/1.0" 200 28664 "http://www.darwinday.org/englishL/life/children.html" "Mozilla/4.0 (compatible; MSIE 5.0; Windows NT 4.0)"
81.214.17.99 - - [17/Jan/2006:12:42:28 -0500] "GET /englishL/life/images/family/henrietta-emma-t.jpg HTTP/1.0" 200 19540 "http://www.darwinday.org/englishL/life/children.html" "Mozilla/4.0 (compatible; MSIE 5.0; Windows NT 4.0)"
81.214.17.99 - - [17/Jan/2006:12:42:29 -0500] "GET /englishL/life/images/family/henrietta51-t.jpg HTTP/1.0" 200 26405 "http://www.darwinday.org/englishL/life/children.html" "Mozilla/4.0 (compatible; MSIE 5.0; Windows NT 4.0)"
81.214.17.99 - - [17/Jan/2006:12:42:31 -0500] "GET /englishL/life/images/family/henrietta49-t.jpg HTTP/1.0" 200 35806 "http://www.darwinday.org/englishL/life/children.html" "Mozilla/4.0 (compatible; MSIE 5.0; Windows NT 4.0)"
81.214.17.99 - - [17/Jan/2006:12:42:31 -0500] "GET /englishL/life/images/family/william-t.jpg HTTP/1.0" 200 20679 "http://www.darwinday.org/englishL/life/children.html" "Mozilla/4.0 (compatible; MSIE 5.0; Windows NT 4.0)"
81.214.17.99 - - [17/Jan/2006:12:42:32 -0500] "GET /englishL/life/images/family/henrietta-brown-t.jpg HTTP/1.0" 200 22218 "http://www.darwinday.org/englishL/life/children.html" "Mozilla/4.0 (compatible; MSIE 5.0; Windows NT 4.0)"
81.214.17.99 - - [17/Jan/2006:12:42:33 -0500] "GET /englishL/life/images/family/william49-t.jpg HTTP/1.0" 200 27982 "http://www.darwinday.org/englishL/life/children.html" "Mozilla/4.0 (compatible; MSIE 5.0; Windows NT 4.0)"
81.214.17.99 - - [17/Jan/2006:12:42:34 -0500] "GET /englishL/aboutddc/mission.html HTTP/1.0" 200 5255 "http://www.darwinday.org/englishL/aboutddc/index.html" "Mozilla/4.0 (compatible; MSIE 5.0; Windows NT 4.0)"
81.214.17.99 - - [17/Jan/2006:12:42:34 -0500] "GET /englishL/aboutddc/history.html HTTP/1.0" 200 11013 "http://www.darwinday.org/englishL/aboutddc/index.html" "Mozilla/4.0 (compatible; MSIE 5.0; Windows NT 4.0)"
81.214.17.99 - - [17/Jan/2006:12:42:35 -0500] "GET /englishL/aboutddc/organization.html HTTP/1.0" 200 4141 "http://www.darwinday.org/englishL/aboutddc/index.html" "Mozilla/4.0 (compatible; MSIE 5.0; Windows NT 4.0)"
81.214.17.99 - - [17/Jan/2006:12:42:37 -0500] "GET /englishL/aboutddc/creators.html HTTP/1.0" 200 4492 "http://www.darwinday.org/englishL/aboutddc/index.html" "Mozilla/4.0 (compatible; MSIE 5.0; Windows NT 4.0)"
81.214.17.99 - - [17/Jan/2006:12:42:37 -0500] "GET /englishL/aboutddc/support.html HTTP/1.0" 200 4624 "http://www.darwinday.org/englishL/aboutddc/index.html" "Mozilla/4.0 (compatible; MSIE 5.0; Windows NT 4.0)"
81.214.17.99 - - [17/Jan/2006:12:42:39 -0500] "GET /englishL/register/privacy.html HTTP/1.0" 200 3571 "http://www.darwinday.org/englishL/regemail/index.php" "Mozilla/4.0 (compatible; MSIE 5.0; Windows NT 4.0)"
81.214.17.99 - - [17/Jan/2006:12:42:39 -0500] "GET /englishL/life/images/emma.gif HTTP/1.0" 200 179774 "http://www.darwinday.org/englishL/life/emma.html" "Mozilla/4.0 (compatible; MSIE 5.0; Windows NT 4.0)"
81.214.17.99 - - [17/Jan/2006:12:42:40 -0500] "GET /englishL/newsviews/articles/notopinion.html HTTP/1.0" 200 9593 "http://www.darwinday.org/englishL/newsviews/essays.html" "Mozilla/4.0 (compatible; MSIE 5.0; Windows NT 4.0)"
81.214.17.99 - - [17/Jan/2006:12:42:41 -0500] "GET /englishL/newsviews/articles/showme.html HTTP/1.0" 200 19239 "http://www.darwinday.org/englishL/newsviews/essays.html" "Mozilla/4.0 (compatible; MSIE 5.0; Windows NT 4.0)"
81.214.17.99 - - [17/Jan/2006:12:42:42 -0500] "GET /NEWlang/events/index.html HTTP/1.0" 200 4706 "http://www.darwinday.org/NEWlang/home/index.html" "Mozilla/4.0 (compatible; MSIE 5.0; Windows NT 4.0)"
81.214.17.99 - - [17/Jan/2006:12:42:42 -0500] "GET /englishL/newsviews/articles/oneside.html HTTP/1.0" 200 19677 "http://www.darwinday.org/englishL/newsviews/essays.html" "Mozilla/4.0 (compatible; MSIE 5.0; Windows NT 4.0)"
81.214.17.99 - - [17/Jan/2006:12:42:42 -0500] "GET /NEWlang/life/index.html HTTP/1.0" 200 9923 "http://www.darwinday.org/NEWlang/home/index.html" "Mozilla/4.0 (compatible; MSIE 5.0; Windows NT 4.0)"
81.214.17.99 - - [17/Jan/2006:12:42:43 -0500] "GET /NEWlang/evolution/index.html HTTP/1.0" 200 4699 "http://www.darwinday.org/NEWlang/home/index.html" "Mozilla/4.0 (compatible; MSIE 5.0; Windows NT 4.0)"
81.214.17.99 - - [17/Jan/2006:12:42:43 -0500] "GET /NEWlang/newsviews/index.html HTTP/1.0" 200 4991 "http://www.darwinday.org/NEWlang/home/index.html" "Mozilla/4.0 (compatible; MSIE 5.0; Windows NT 4.0)"
81.214.17.99 - - [17/Jan/2006:12:42:44 -0500] "GET /NEWlang/aboutddc/index.html HTTP/1.0" 200 6640 "http://www.darwinday.org/NEWlang/home/index.html" "Mozilla/4.0 (compatible; MSIE 5.0; Windows NT 4.0)"
81.214.17.99 - - [17/Jan/2006:12:42:44 -0500] "GET /NEWlang/regemail/index.php HTTP/1.0" 200 6084 "http://www.darwinday.org/NEWlang/home/index.html" "Mozilla/4.0 (compatible; MSIE 5.0; Windows NT 4.0)"
81.214.17.99 - - [17/Jan/2006:12:42:46 -0500] "GET /NEWlang/register/index.php HTTP/1.0" 200 19996 "http://www.darwinday.org/NEWlang/home/index.html" "Mozilla/4.0 (compatible; MSIE 5.0; Windows NT 4.0)"
81.214.17.99 - - [17/Jan/2006:12:42:48 -0500] "GET /NEWlang/home/2002.html HTTP/1.0" 200 26502 "http://www.darwinday.org/NEWlang/home/index.html" "Mozilla/4.0 (compatible; MSIE 5.0; Windows NT 4.0)"
81.214.17.99 - - [17/Jan/2006:12:42:50 -0500] "GET /NEWlang/regevent/index.php HTTP/1.0" 200 31662 "http://www.darwinday.org/NEWlang/home/index.html" "Mozilla/4.0 (compatible; MSIE 5.0; Windows NT 4.0)"
81.214.17.99 - - [17/Jan/2006:12:42:51 -0500] "GET /NEWlang/home/2004.html HTTP/1.0" 200 80244 "http://www.darwinday.org/NEWlang/home/index.html" "Mozilla/4.0 (compatible; MSIE 5.0; Windows NT 4.0)"
81.214.17.99 - - [17/Jan/2006:12:42:52 -0500] "GET /NEWlang/home/2007.html HTTP/1.0" 200 4409 "http://www.darwinday.org/NEWlang/home/index.html" "Mozilla/4.0 (compatible; MSIE 5.0; Windows NT 4.0)"
81.214.17.99 - - [17/Jan/2006:12:42:53 -0500] "GET /NEWlang/home/images/iowa_proc-t.gif HTTP/1.0" 200 9193 "http://www.darwinday.org/NEWlang/home/2007.html" "Mozilla/4.0 (compatible; MSIE 5.0; Windows NT 4.0)"
81.214.17.99 - - [17/Jan/2006:12:42:54 -0500] "GET /NEWlang/home/2003.html HTTP/1.0" 200 100680 "http://www.darwinday.org/NEWlang/home/index.html" "Mozilla/4.0 (compatible; MSIE 5.0; Windows NT 4.0)"
81.79.165.63 - - [17/Jan/2006:12:42:55 -0500] "GET /englishL/regevent/index.php HTTP/1.1" 200 31778 "http://www.darwinday.org/englishL/register/index.php" "Mozilla/5.0 (Windows; U; Windows NT 5.1; en-GB; rv:1.7.12) Gecko/20050919 Firefox/1.0.7"
81.79.165.63 - - [17/Jan/2006:12:42:55 -0500] "GET /favicon.ico HTTP/1.1" 404 3496 "-" "Mozilla/5.0 (Windows; U; Windows NT 5.1; en-GB; rv:1.7.12) Gecko/20050919 Firefox/1.0.7"
81.214.17.99 - - [17/Jan/2006:12:42:56 -0500] "GET /NEWlang/home/2008.html HTTP/1.0" 200 3964 "http://www.darwinday.org/NEWlang/home/index.html" "Mozilla/4.0 (compatible; MSIE 5.0; Windows NT 4.0)"
81.214.17.99 - - [17/Jan/2006:12:42:57 -0500] "GET /NEWlang/home/2009.html HTTP/1.0" 200 4590 "http://www.darwinday.org/NEWlang/home/index.html" "Mozilla/4.0 (compatible; MSIE 5.0; Windows NT 4.0)"
212.138.47.17 - - [17/Jan/2006:12:42:58 -0500] "GET /stylesheets/main.css HTTP/1.0" 200 562 "http://www.darwinday.org/englishL/dispsupport/index.php" "Mozilla/4.0 (compatible; MSIE 6.0; Windows NT 5.1; SV1)"
81.214.17.99 - - [17/Jan/2006:12:42:58 -0500] "GET /NEWlang/currarts.html HTTP/1.0" 200 5652 "http://www.darwinday.org/NEWlang/home/index.html" "Mozilla/4.0 (compatible; MSIE 5.0; Windows NT 4.0)"
212.138.47.17 - - [17/Jan/2006:12:42:58 -0500] "GET /images/topleftlogo.gif HTTP/1.0" 200 6907 "http://www.darwinday.org/englishL/dispsupport/index.php" "Mozilla/4.0 (compatible; MSIE 6.0; Windows NT 5.1; SV1)"
212.138.47.21 - - [17/Jan/2006:12:42:59 -0500] "GET /englishL/dispsupport/index.php HTTP/1.0" 200 410828 "http://www.google.com.sa/search?hl=ar&safe=active&q=%2Bdoctors+%2Bmath+department+of+king+Abdulaziz+university&btnG=%D8%A7%D8%A8%D8%AD%D8%AB&meta=" "Mozilla/4.0 (compatible; MSIE 6.0; Windows NT 5.1; SV1)"
81.214.17.99 - - [17/Jan/2006:12:43:00 -0500] "GET /NEWlang/home/images/iowa_proc.gif HTTP/1.0" 200 91998 "http://www.darwinday.org/NEWlang/home/2007.html" "Mozilla/4.0 (compatible; MSIE 5.0; Windows NT 4.0)"
81.214.17.99 - - [17/Jan/2006:12:43:00 -0500] "GET /NEWlang/newsviews/darlin.html HTTP/1.0" 200 21630 "http://www.darwinday.org/NEWlang/home/index.html" "Mozilla/4.0 (compatible; MSIE 5.0; Windows NT 4.0)"
81.214.17.99 - - [17/Jan/2006:12:43:01 -0500] "GET /NEWlang/newsviews/essays.html HTTP/1.0" 200 7674 "http://www.darwinday.org/NEWlang/home/index.html" "Mozilla/4.0 (compatible; MSIE 5.0; Windows NT 4.0)"
81.214.17.99 - - [17/Jan/2006:12:43:03 -0500] "GET /NEWlang/aboutddc/advisory.html HTTP/1.0" 200 27480 "http://www.darwinday.org/NEWlang/home/index.html" "Mozilla/4.0 (compatible; MSIE 5.0; Windows NT 4.0)"
81.214.17.99 - - [17/Jan/2006:12:43:03 -0500] "GET /NEWlang/images/medallion.jpg HTTP/1.0" 200 5652 "http://www.darwinday.org/NEWlang/newsviews/darlin.html" "Mozilla/4.0 (compatible; MSIE 5.0; Windows NT 4.0)"
81.214.17.99 - - [17/Jan/2006:12:43:03 -0500] "GET /NEWlang/home/2006.php HTTP/1.0" 200 189679 "http://www.darwinday.org/NEWlang/home/index.html" "Mozilla/4.0 (compatible; MSIE 5.0; Windows NT 4.0)"
212.138.113.13 - - [17/Jan/2006:12:43:04 -0500] "GET /images/header.gif HTTP/1.0" 200 26756 "http://www.darwinday.org/englishL/dispsupport/index.php" "Mozilla/4.0 (compatible; MSIE 6.0; Windows NT 5.1; SV1)"
81.214.17.99 - - [17/Jan/2006:12:43:05 -0500] "GET /NEWlang/stylesheets/main.css HTTP/1.0" 200 536 "http://www.darwinday.org/NEWlang/home/2006.php" "Mozilla/4.0 (compatible; MSIE 5.0; Windows NT 4.0)"
81.79.165.63 - - [17/Jan/2006:12:43:06 -0500] "GET /favicon.ico HTTP/1.1" 404 3496 "-" "Mozilla/5.0 (Windows; U; Windows NT 5.1; en-GB; rv:1.7.12) Gecko/20050919 Firefox/1.0.7"
81.214.17.99 - - [17/Jan/2006:12:43:06 -0500] "GET /NEWlang/aboutddc/images/zimmer.gif HTTP/1.0" 200 11343 "http://www.darwinday.org/NEWlang/aboutddc/advisory.html" "Mozilla/4.0 (compatible; MSIE 5.0; Windows NT 4.0)"
81.214.17.99 - - [17/Jan/2006:12:43:07 -0500] "GET /NEWlang/aboutddc/images/wilson.gif HTTP/1.0" 200 9150 "http://www.darwinday.org/NEWlang/aboutddc/advisory.html" "Mozilla/4.0 (compatible; MSIE 5.0; Windows NT 4.0)"
81.79.165.63 - - [17/Jan/2006:12:43:07 -0500] "GET /englishL/dispsupport/index.php HTTP/1.1" 200 12804 "http://www.darwinday.org/englishL/register/index.php" "Mozilla/5.0 (Windows; U; Windows NT 5.1; en-GB; rv:1.7.12) Gecko/20050919 Firefox/1.0.7"
81.79.165.63 - - [17/Jan/2006:12:43:08 -0500] "GET /englishL/dispsupport/index.php HTTP/1.1" 200 21564 "http://www.darwinday.org/englishL/register/index.php" "Mozilla/5.0 (Windows; U; Windows NT 5.1; en-GB; rv:1.7.12) Gecko/20050919 Firefox/1.0.7"
81.79.165.63 - - [17/Jan/2006:12:43:08 -0500] "GET /images/navbar.gif HTTP/1.1" 200 2667 "http://www.darwinday.org/englishL/dispsupport/index.php" "Mozilla/5.0 (Windows; U; Windows NT 5.1; en-GB; rv:1.7.12) Gecko/20050919 Firefox/1.0.7"
81.79.165.63 - - [17/Jan/2006:12:43:08 -0500] "GET /favicon.ico HTTP/1.1" 404 3496 "-" "Mozilla/5.0 (Windows; U; Windows NT 5.1; en-GB; rv:1.7.12) Gecko/20050919 Firefox/1.0.7"
81.214.17.99 - - [17/Jan/2006:12:43:09 -0500] "GET /NEWlang/aboutddc/images/tudge.gif HTTP/1.0" 200 14266 "http://www.darwinday.org/NEWlang/aboutddc/advisory.html" "Mozilla/4.0 (compatible; MSIE 5.0; Windows NT 4.0)"
81.214.17.99 - - [17/Jan/2006:12:43:09 -0500] "GET /NEWlang/home/2005.php HTTP/1.0" 200 361409 "http://www.darwinday.org/NEWlang/home/index.html" "Mozilla/4.0 (compatible; MSIE 5.0; Windows NT 4.0)"
81.214.17.99 - - [17/Jan/2006:12:43:09 -0500] "GET /NEWlang/aboutddc/images/shermer.gif HTTP/1.0" 200 9761 "http://www.darwinday.org/NEWlang/aboutddc/advisory.html" "Mozilla/4.0 (compatible; MSIE 5.0; Windows NT 4.0)"
81.214.17.99 - - [17/Jan/2006:12:43:10 -0500] "GET /NEWlang/aboutddc/images/scott.gif HTTP/1.0" 200 12626 "http://www.darwinday.org/NEWlang/aboutddc/advisory.html" "Mozilla/4.0 (compatible; MSIE 5.0; Windows NT 4.0)"
81.214.17.99 - - [17/Jan/2006:12:43:11 -0500] "GET /NEWlang/aboutddc/images/pinker.gif HTTP/1.0" 200 11560 "http://www.darwinday.org/NEWlang/aboutddc/advisory.html" "Mozilla/4.0 (compatible; MSIE 5.0; Windows NT 4.0)"
81.214.17.99 - - [17/Jan/2006:12:43:12 -0500] "GET /NEWlang/aboutddc/images/jones.gif HTTP/1.0" 200 9704 "http://www.darwinday.org/NEWlang/aboutddc/advisory.html" "Mozilla/4.0 (compatible; MSIE 5.0; Windows NT 4.0)"
81.214.17.99 - - [17/Jan/2006:12:43:15 -0500] "GET /NEWlang/aboutddc/images/dawkins.gif HTTP/1.0" 200 14879 "http://www.darwinday.org/NEWlang/aboutddc/advisory.html" "Mozilla/4.0 (compatible; MSIE 5.0; Windows NT 4.0)"
81.214.17.99 - - [17/Jan/2006:12:43:16 -0500] "GET /NEWlang/aboutddc/images/cronin.gif HTTP/1.0" 200 8731 "http://www.darwinday.org/NEWlang/aboutddc/advisory.html" "Mozilla/4.0 (compatible; MSIE 5.0; Windows NT 4.0)"
81.214.17.99 - - [17/Jan/2006:12:43:16 -0500] "GET /NEWlang/aboutddc/images/dennett.gif HTTP/1.0" 200 11171 "http://www.darwinday.org/NEWlang/aboutddc/advisory.html" "Mozilla/4.0 (compatible; MSIE 5.0; Windows NT 4.0)"
212.138.47.23 - - [17/Jan/2006:12:43:19 -0500] "GET /images/worldmaptransp.gif HTTP/1.0" 200 128893 "http://www.darwinday.org/englishL/dispsupport/index.php" "Mozilla/4.0 (compatible; MSIE 6.0; Windows NT 5.1; SV1)"
81.214.17.99 - - [17/Jan/2006:12:43:21 -0500] "GET /NEWlang/aboutddc/images/calvin.gif HTTP/1.0" 200 11213 "http://www.darwinday.org/NEWlang/aboutddc/advisory.html" "Mozilla/4.0 (compatible; MSIE 5.0; Windows NT 4.0)"
81.214.17.99 - - [17/Jan/2006:12:43:23 -0500] "GET /NEWlang/aboutddc/images/bateson.gif HTTP/1.0" 200 10961 "http://www.darwinday.org/NEWlang/aboutddc/advisory.html" "Mozilla/4.0 (compatible; MSIE 5.0; Windows NT 4.0)"
81.214.17.99 - - [17/Jan/2006:12:43:24 -0500] "GET /englishL/home/eeb.bio.utk.edu/darwin HTTP/1.0" 404 3509 "http://www.darwinday.org/englishL/home/2006.php" "Mozilla/4.0 (compatible; MSIE 5.0; Windows NT 4.0)"
81.214.17.99 - - [17/Jan/2006:12:43:24 -0500] "GET /NEWlang/dispsupport/index.php HTTP/1.0" 200 410826 "http://www.darwinday.org/NEWlang/home/index.html" "Mozilla/4.0 (compatible; MSIE 5.0; Windows NT 4.0)"
81.214.17.99 - - [17/Jan/2006:12:43:24 -0500] "GET /englishL/home/NULL HTTP/1.0" 404 3491 "http://www.darwinday.org/englishL/home/2005.php" "Mozilla/4.0 (compatible; MSIE 5.0; Windows NT 4.0)"
81.214.17.99 - - [17/Jan/2006:12:43:25 -0500] "GET /englishL/home/none HTTP/1.0" 404 3491 "http://www.darwinday.org/englishL/home/2005.php" "Mozilla/4.0 (compatible; MSIE 5.0; Windows NT 4.0)"
81.214.17.99 - - [17/Jan/2006:12:43:26 -0500] "GET /englishL/home/coming%20soon! HTTP/1.0" 404 3501 "http://www.darwinday.org/englishL/home/2005.php" "Mozilla/4.0 (compatible; MSIE 5.0; Windows NT 4.0)"
81.214.17.99 - - [17/Jan/2006:12:43:28 -0500] "GET /NEWlang/assistevent/index.html HTTP/1.0" 200 25455 "http://www.darwinday.org/NEWlang/events/index.html" "Mozilla/4.0 (compatible; MSIE 5.0; Windows NT 4.0)"
81.214.17.99 - - [17/Jan/2006:12:43:29 -0500] "GET /NEWlang/life/college.html HTTP/1.0" 200 16993 "http://www.darwinday.org/NEWlang/life/index.html" "Mozilla/4.0 (compatible; MSIE 5.0; Windows NT 4.0)"
81.214.17.99 - - [17/Jan/2006:12:43:29 -0500] "GET /NEWlang/life/shrewsbury.html HTTP/1.0" 200 37621 "http://www.darwinday.org/NEWlang/life/index.html" "Mozilla/4.0 (compatible; MSIE 5.0; Windows NT 4.0)"
81.214.17.99 - - [17/Jan/2006:12:43:30 -0500] "GET /NEWlang/life/informal.html HTTP/1.0" 200 13897 "http://www.darwinday.org/NEWlang/life/index.html" "Mozilla/4.0 (compatible; MSIE 5.0; Windows NT 4.0)"
81.214.17.99 - - [17/Jan/2006:12:43:37 -0500] "GET /NEWlang/life/images/christscollegequad.jpg HTTP/1.0" 200 116705 "http://www.darwinday.org/NEWlang/life/college.html" "Mozilla/4.0 (compatible; MSIE 5.0; Windows NT 4.0)"
81.214.17.99 - - [17/Jan/2006:12:43:39 -0500] "GET /NEWlang/life/images/shoppingcentre-t.jpg HTTP/1.0" 200 33525 "http://www.darwinday.org/NEWlang/life/shrewsbury.html" "Mozilla/4.0 (compatible; MSIE 5.0; Windows NT 4.0)"
81.214.17.99 - - [17/Jan/2006:12:43:39 -0500] "GET /NEWlang/life/images/statueshrewsschool-t.jpg HTTP/1.0" 200 20227 "http://www.darwinday.org/NEWlang/life/shrewsbury.html" "Mozilla/4.0 (compatible; MSIE 5.0; Windows NT 4.0)"
81.214.17.99 - - [17/Jan/2006:12:43:40 -0500] "GET /NEWlang/life/images/edinburgh.jpg HTTP/1.0" 200 161189 "http://www.darwinday.org/NEWlang/life/college.html" "Mozilla/4.0 (compatible; MSIE 5.0; Windows NT 4.0)"
81.79.165.63 - - [17/Jan/2006:12:43:40 -0500] "GET /englishL/register/index.php HTTP/1.1" 200 20068 "http://www.darwinday.org/englishL/dispsupport/index.php" "Mozilla/5.0 (Windows; U; Windows NT 5.1; en-GB; rv:1.7.12) Gecko/20050919 Firefox/1.0.7"
81.214.17.99 - - [17/Jan/2006:12:43:41 -0500] "GET /NEWlang/life/images/statueshrewsschool.jpg HTTP/1.0" 200 45457 "http://www.darwinday.org/NEWlang/life/shrewsbury.html" "Mozilla/4.0 (compatible; MSIE 5.0; Windows NT 4.0)"
81.79.165.63 - - [17/Jan/2006:12:43:41 -0500] "GET /favicon.ico HTTP/1.1" 404 3496 "-" "Mozilla/5.0 (Windows; U; Windows NT 5.1; en-GB; rv:1.7.12) Gecko/20050919 Firefox/1.0.7"
81.214.17.99 - - [17/Jan/2006:12:43:44 -0500] "GET /NEWlang/life/images/shrewsabbey-t.jpg HTTP/1.0" 200 22022 "http://www.darwinday.org/NEWlang/life/shrewsbury.html" "Mozilla/4.0 (compatible; MSIE 5.0; Windows NT 4.0)"
81.214.17.99 - - [17/Jan/2006:12:43:46 -0500] "GET /NEWlang/life/images/shrewsabbey2.jpg HTTP/1.0" 200 125304 "http://www.darwinday.org/NEWlang/life/shrewsbury.html" "Mozilla/4.0 (compatible; MSIE 5.0; Windows NT 4.0)"
81.214.17.99 - - [17/Jan/2006:12:43:47 -0500] "GET /NEWlang/life/images/shoppingcentre.jpg HTTP/1.0" 200 101170 "http://www.darwinday.org/NEWlang/life/shrewsbury.html" "Mozilla/4.0 (compatible; MSIE 5.0; Windows NT 4.0)"
81.214.17.99 - - [17/Jan/2006:12:43:47 -0500] "GET /NEWlang/life/images/shrewscastle-t.jpg HTTP/1.0" 200 26731 "http://www.darwinday.org/NEWlang/life/shrewsbury.html" "Mozilla/4.0 (compatible; MSIE 5.0; Windows NT 4.0)"
81.214.17.99 - - [17/Jan/2006:12:43:48 -0500] "GET /NEWlang/life/images/shrewsabbey2-t.jpg HTTP/1.0" 200 38605 "http://www.darwinday.org/NEWlang/life/shrewsbury.html" "Mozilla/4.0 (compatible; MSIE 5.0; Windows NT 4.0)"
81.214.17.99 - - [17/Jan/2006:12:43:49 -0500] "GET /NEWlang/life/images/shrewsabbey.jpg HTTP/1.0" 200 52988 "http://www.darwinday.org/NEWlang/life/shrewsbury.html" "Mozilla/4.0 (compatible; MSIE 5.0; Windows NT 4.0)"
81.214.17.99 - - [17/Jan/2006:12:43:51 -0500] "GET /NEWlang/life/images/christscollege.jpg HTTP/1.0" 200 246126 "http://www.darwinday.org/NEWlang/life/college.html" "Mozilla/4.0 (compatible; MSIE 5.0; Windows NT 4.0)"
81.214.17.99 - - [17/Jan/2006:12:43:53 -0500] "GET /NEWlang/life/images/shrewscastle.jpg HTTP/1.0" 200 69570 "http://www.darwinday.org/NEWlang/life/shrewsbury.html" "Mozilla/4.0 (compatible; MSIE 5.0; Windows NT 4.0)"
81.214.17.99 - - [17/Jan/2006:12:43:53 -0500] "GET /NEWlang/life/images/butlerbeams2-t.jpg HTTP/1.0" 200 29943 "http://www.darwinday.org/NEWlang/life/shrewsbury.html" "Mozilla/4.0 (compatible; MSIE 5.0; Windows NT 4.0)"
81.214.17.99 - - [17/Jan/2006:12:43:54 -0500] "GET /NEWlang/life/images/darwinlib-t.jpg HTTP/1.0" 200 31187 "http://www.darwinday.org/NEWlang/life/shrewsbury.html" "Mozilla/4.0 (compatible; MSIE 5.0; Windows NT 4.0)"
81.214.17.99 - - [17/Jan/2006:12:43:54 -0500] "GET /NEWlang/life/images/butlerbeams-t.jpg HTTP/1.0" 200 24783 "http://www.darwinday.org/NEWlang/life/shrewsbury.html" "Mozilla/4.0 (compatible; MSIE 5.0; Windows NT 4.0)"
81.214.17.99 - - [17/Jan/2006:12:43:57 -0500] "GET /NEWlang/life/images/butlersschool-t.jpg HTTP/1.0" 200 29137 "http://www.darwinday.org/NEWlang/life/shrewsbury.html" "Mozilla/4.0 (compatible; MSIE 5.0; Windows NT 4.0)"
81.214.17.99 - - [17/Jan/2006:12:44:00 -0500] "GET /NEWlang/life/images/butlersschool.jpg HTTP/1.0" 200 61735 "http://www.darwinday.org/NEWlang/life/shrewsbury.html" "Mozilla/4.0 (compatible; MSIE 5.0; Windows NT 4.0)"
81.214.17.99 - - [17/Jan/2006:12:44:00 -0500] "GET /NEWlang/life/images/butlerbeams2.jpg HTTP/1.0" 200 73853 "http://www.darwinday.org/NEWlang/life/shrewsbury.html" "Mozilla/4.0 (compatible; MSIE 5.0; Windows NT 4.0)"
81.214.17.99 - - [17/Jan/2006:12:44:00 -0500] "GET /NEWlang/life/images/butlerbeams.jpg HTTP/1.0" 200 72860 "http://www.darwinday.org/NEWlang/life/shrewsbury.html" "Mozilla/4.0 (compatible; MSIE 5.0; Windows NT 4.0)"
81.214.17.99 - - [17/Jan/2006:12:44:02 -0500] "GET /NEWlang/life/images/darwinlib.jpg HTTP/1.0" 200 140796 "http://www.darwinday.org/NEWlang/life/shrewsbury.html" "Mozilla/4.0 (compatible; MSIE 5.0; Windows NT 4.0)"
81.214.17.99 - - [17/Jan/2006:12:44:03 -0500] "GET /NEWlang/life/images/caseschoolback-t.jpg HTTP/1.0" 200 30209 "http://www.darwinday.org/NEWlang/life/shrewsbury.html" "Mozilla/4.0 (compatible; MSIE 5.0; Windows NT 4.0)"
81.214.17.99 - - [17/Jan/2006:12:44:03 -0500] "GET /NEWlang/life/images/caseschoolback.jpg HTTP/1.0" 200 74995 "http://www.darwinday.org/NEWlang/life/shrewsbury.html" "Mozilla/4.0 (compatible; MSIE 5.0; Windows NT 4.0)"
81.214.17.99 - - [17/Jan/2006:12:44:04 -0500] "GET /NEWlang/life/images/casesschoolfront-t.jpg HTTP/1.0" 200 27478 "http://www.darwinday.org/NEWlang/life/shrewsbury.html" "Mozilla/4.0 (compatible; MSIE 5.0; Windows NT 4.0)"
81.214.17.99 - - [17/Jan/2006:12:44:05 -0500] "GET /NEWlang/life/images/casestreet-t.jpg HTTP/1.0" 200 26366 "http://www.darwinday.org/NEWlang/life/shrewsbury.html" "Mozilla/4.0 (compatible; MSIE 5.0; Windows NT 4.0)"
212.138.47.18 - - [17/Jan/2006:12:44:07 -0500] "GET /images/navbar.gif HTTP/1.0" 200 2667 "http://www.darwinday.org/englishL/dispsupport/index.php" "Mozilla/4.0 (compatible; MSIE 6.0; Windows NT 5.1; SV1)"
81.214.17.99 - - [17/Jan/2006:12:44:08 -0500] "GET /NEWlang/life/images/plaque-unitarian-t.jpg HTTP/1.0" 200 29898 "http://www.darwinday.org/NEWlang/life/shrewsbury.html" "Mozilla/4.0 (compatible; MSIE 5.0; Windows NT 4.0)"
81.214.17.99 - - [17/Jan/2006:12:44:08 -0500] "GET /NEWlang/life/images/plaque-unitarian.jpg HTTP/1.0" 200 39268 "http://www.darwinday.org/NEWlang/life/shrewsbury.html" "Mozilla/4.0 (compatible; MSIE 5.0; Windows NT 4.0)"
81.214.17.99 - - [17/Jan/2006:12:44:09 -0500] "GET /NEWlang/life/images/casestreet.jpg HTTP/1.0" 200 66650 "http://www.darwinday.org/NEWlang/life/shrewsbury.html" "Mozilla/4.0 (compatible; MSIE 5.0; Windows NT 4.0)"
212.138.113.13 - - [17/Jan/2006:12:44:09 -0500] "GET /englishL/images/titletrans.gif HTTP/1.0" 200 15588 "http://www.darwinday.org/englishL/dispsupport/index.php" "Mozilla/4.0 (compatible; MSIE 6.0; Windows NT 5.1; SV1)"
81.214.17.99 - - [17/Jan/2006:12:44:09 -0500] "GET /NEWlang/life/images/unitariantwo-t.jpg HTTP/1.0" 200 29648 "http://www.darwinday.org/NEWlang/life/shrewsbury.html" "Mozilla/4.0 (compatible; MSIE 5.0; Windows NT 4.0)"
81.214.17.99 - - [17/Jan/2006:12:44:12 -0500] "GET /NEWlang/life/images/unitarianone-t.jpg HTTP/1.0" 200 39859 "http://www.darwinday.org/NEWlang/life/shrewsbury.html" "Mozilla/4.0 (compatible; MSIE 5.0; Windows NT 4.0)"
81.214.17.99 - - [17/Jan/2006:12:44:13 -0500] "GET /NEWlang/life/images/unitariantwo.jpg HTTP/1.0" 200 74310 "http://www.darwinday.org/NEWlang/life/shrewsbury.html" "Mozilla/4.0 (compatible; MSIE 5.0; Windows NT 4.0)"
81.214.17.99 - - [17/Jan/2006:12:44:15 -0500] "GET /NEWlang/life/images/dingletwo-t.jpg HTTP/1.0" 200 37926 "http://www.darwinday.org/NEWlang/life/shrewsbury.html" "Mozilla/4.0 (compatible; MSIE 5.0; Windows NT 4.0)"
81.214.17.99 - - [17/Jan/2006:12:44:16 -0500] "GET /NEWlang/life/images/dingleone-t.jpg HTTP/1.0" 200 38865 "http://www.darwinday.org/NEWlang/life/shrewsbury.html" "Mozilla/4.0 (compatible; MSIE 5.0; Windows NT 4.0)"
81.214.17.99 - - [17/Jan/2006:12:44:17 -0500] "GET /NEWlang/life/images/casesschoolfront.jpg HTTP/1.0" 200 63512 "http://www.darwinday.org/NEWlang/life/shrewsbury.html" "Mozilla/4.0 (compatible; MSIE 5.0; Windows NT 4.0)"
81.214.17.99 - - [17/Jan/2006:12:44:19 -0500] "GET /NEWlang/life/images/unitarianone.jpg HTTP/1.0" 200 92216 "http://www.darwinday.org/NEWlang/life/shrewsbury.html" "Mozilla/4.0 (compatible; MSIE 5.0; Windows NT 4.0)"
81.214.17.99 - - [17/Jan/2006:12:44:19 -0500] "GET /NEWlang/life/images/dingletwo.jpg HTTP/1.0" 200 86178 "http://www.darwinday.org/NEWlang/life/shrewsbury.html" "Mozilla/4.0 (compatible; MSIE 5.0; Windows NT 4.0)"
81.214.17.99 - - [17/Jan/2006:12:44:21 -0500] "GET /NEWlang/life/images/dingleone.jpg HTTP/1.0" 200 92097 "http://www.darwinday.org/NEWlang/life/shrewsbury.html" "Mozilla/4.0 (compatible; MSIE 5.0; Windows NT 4.0)"
81.214.17.99 - - [17/Jan/2006:12:44:22 -0500] "GET /NEWlang/life/images/saintchads_cemetary-t.jpg HTTP/1.0" 200 34330 "http://www.darwinday.org/NEWlang/life/shrewsbury.html" "Mozilla/4.0 (compatible; MSIE 5.0; Windows NT 4.0)"
81.214.17.99 - - [17/Jan/2006:12:44:23 -0500] "GET /NEWlang/life/images/saintchads_dingle-t.jpg HTTP/1.0" 200 30689 "http://www.darwinday.org/NEWlang/life/shrewsbury.html" "Mozilla/4.0 (compatible; MSIE 5.0; Windows NT 4.0)"
81.214.17.99 - - [17/Jan/2006:12:44:23 -0500] "GET /NEWlang/life/images/saintchads-t.jpg HTTP/1.0" 200 18660 "http://www.darwinday.org/NEWlang/life/shrewsbury.html" "Mozilla/4.0 (compatible; MSIE 5.0; Windows NT 4.0)"
81.214.17.99 - - [17/Jan/2006:12:44:23 -0500] "GET /NEWlang/life/images/saintchads_dingle.jpg HTTP/1.0" 200 98386 "http://www.darwinday.org/NEWlang/life/shrewsbury.html" "Mozilla/4.0 (compatible; MSIE 5.0; Windows NT 4.0)"
81.214.17.99 - - [17/Jan/2006:12:44:25 -0500] "GET /NEWlang/life/images/fireplace-t.jpg HTTP/1.0" 200 21734 "http://www.darwinday.org/NEWlang/life/shrewsbury.html" "Mozilla/4.0 (compatible; MSIE 5.0; Windows NT 4.0)"
81.214.17.99 - - [17/Jan/2006:12:44:25 -0500] "GET /NEWlang/life/images/saintchads.jpg HTTP/1.0" 200 43530 "http://www.darwinday.org/NEWlang/life/shrewsbury.html" "Mozilla/4.0 (compatible; MSIE 5.0; Windows NT 4.0)"
81.214.17.99 - - [17/Jan/2006:12:44:28 -0500] "GET /NEWlang/life/images/mountfront2-t.jpg HTTP/1.0" 200 26445 "http://www.darwinday.org/NEWlang/life/shrewsbury.html" "Mozilla/4.0 (compatible; MSIE 5.0; Windows NT 4.0)"
81.214.17.99 - - [17/Jan/2006:12:44:28 -0500] "GET /NEWlang/life/images/fireplace.jpg HTTP/1.0" 200 48253 "http://www.darwinday.org/NEWlang/life/shrewsbury.html" "Mozilla/4.0 (compatible; MSIE 5.0; Windows NT 4.0)"
81.214.17.99 - - [17/Jan/2006:12:44:30 -0500] "GET /NEWlang/life/images/saintchads_cemetary.jpg HTTP/1.0" 200 99142 "http://www.darwinday.org/NEWlang/life/shrewsbury.html" "Mozilla/4.0 (compatible; MSIE 5.0; Windows NT 4.0)"
81.214.17.99 - - [17/Jan/2006:12:44:32 -0500] "GET /NEWlang/life/images/mountfront-t.jpg HTTP/1.0" 200 24718 "http://www.darwinday.org/NEWlang/life/shrewsbury.html" "Mozilla/4.0 (compatible; MSIE 5.0; Windows NT 4.0)"
81.214.17.99 - - [17/Jan/2006:12:44:33 -0500] "GET /NEWlang/life/images/mountright-t.jpg HTTP/1.0" 200 19879 "http://www.darwinday.org/NEWlang/life/shrewsbury.html" "Mozilla/4.0 (compatible; MSIE 5.0; Windows NT 4.0)"
81.214.17.99 - - [17/Jan/2006:12:44:34 -0500] "GET /NEWlang/life/images/mountleft-t.jpg HTTP/1.0" 200 20725 "http://www.darwinday.org/NEWlang/life/shrewsbury.html" "Mozilla/4.0 (compatible; MSIE 5.0; Windows NT 4.0)"
81.214.17.99 - - [17/Jan/2006:12:44:34 -0500] "GET /NEWlang/life/images/mountfront.jpg HTTP/1.0" 200 62278 "http://www.darwinday.org/NEWlang/life/shrewsbury.html" "Mozilla/4.0 (compatible; MSIE 5.0; Windows NT 4.0)"
81.214.17.99 - - [17/Jan/2006:12:44:37 -0500] "GET /NEWlang/life/images/mountfront2.jpg HTTP/1.0" 200 90035 "http://www.darwinday.org/NEWlang/life/shrewsbury.html" "Mozilla/4.0 (compatible; MSIE 5.0; Windows NT 4.0)"
81.214.17.99 - - [17/Jan/2006:12:44:38 -0500] "GET /NEWlang/life/images/plaque-t.jpg HTTP/1.0" 200 43479 "http://www.darwinday.org/NEWlang/life/shrewsbury.html" "Mozilla/4.0 (compatible; MSIE 5.0; Windows NT 4.0)"
81.214.17.99 - - [17/Jan/2006:12:44:38 -0500] "GET /NEWlang/life/images/mountright.jpg HTTP/1.0" 200 65818 "http://www.darwinday.org/NEWlang/life/shrewsbury.html" "Mozilla/4.0 (compatible; MSIE 5.0; Windows NT 4.0)"
81.214.17.99 - - [17/Jan/2006:12:44:41 -0500] "GET /NEWlang/life/images/mountleft.jpg HTTP/1.0" 200 81535 "http://www.darwinday.org/NEWlang/life/shrewsbury.html" "Mozilla/4.0 (compatible; MSIE 5.0; Windows NT 4.0)"
81.214.17.99 - - [17/Jan/2006:12:44:42 -0500] "GET /NEWlang/life/images/mountmap-t.jpg HTTP/1.0" 200 61648 "http://www.darwinday.org/NEWlang/life/shrewsbury.html" "Mozilla/4.0 (compatible; MSIE 5.0; Windows NT 4.0)"
81.214.17.99 - - [17/Jan/2006:12:44:44 -0500] "GET /NEWlang/life/beagle.html HTTP/1.0" 200 20654 "http://www.darwinday.org/NEWlang/life/index.html" "Mozilla/4.0 (compatible; MSIE 5.0; Windows NT 4.0)"
81.214.17.99 - - [17/Jan/2006:12:44:49 -0500] "GET /NEWlang/life/cambridgeafter.html HTTP/1.0" 200 7481 "http://www.darwinday.org/NEWlang/life/index.html" "Mozilla/4.0 (compatible; MSIE 5.0; Windows NT 4.0)"
81.214.17.99 - - [17/Jan/2006:12:44:49 -0500] "GET /NEWlang/life/images/shrewsbury.jpg HTTP/1.0" 200 103773 "http://www.darwinday.org/NEWlang/life/shrewsbury.html" "Mozilla/4.0 (compatible; MSIE 5.0; Windows NT 4.0)"
81.214.17.99 - - [17/Jan/2006:12:44:50 -0500] "GET /NEWlang/life/images/beagle/nancy.jpg HTTP/1.0" 200 80351 "http://www.darwinday.org/NEWlang/life/beagle.html" "Mozilla/4.0 (compatible; MSIE 5.0; Windows NT 4.0)"
81.214.17.99 - - [17/Jan/2006:12:44:51 -0500] "GET /NEWlang/life/images/beagle/lizard-t.jpg HTTP/1.0" 200 28277 "http://www.darwinday.org/NEWlang/life/beagle.html" "Mozilla/4.0 (compatible; MSIE 5.0; Windows NT 4.0)"
81.214.17.99 - - [17/Jan/2006:12:44:53 -0500] "GET /NEWlang/life/images/plaque.jpg HTTP/1.0" 200 161557 "http://www.darwinday.org/NEWlang/life/shrewsbury.html" "Mozilla/4.0 (compatible; MSIE 5.0; Windows NT 4.0)"
81.214.17.99 - - [17/Jan/2006:12:44:59 -0500] "GET /NEWlang/life/images/beagle/finch-t.jpg HTTP/1.0" 200 41018 "http://www.darwinday.org/NEWlang/life/beagle.html" "Mozilla/4.0 (compatible; MSIE 5.0; Windows NT 4.0)"
81.214.17.99 - - [17/Jan/2006:12:45:00 -0500] "GET /NEWlang/life/images/beagle/iguana-t.jpg HTTP/1.0" 200 32130 "http://www.darwinday.org/NEWlang/life/beagle.html" "Mozilla/4.0 (compatible; MSIE 5.0; Windows NT 4.0)"
81.214.17.99 - - [17/Jan/2006:12:45:00 -0500] "GET /NEWlang/life/images/beagle/lizard.jpg HTTP/1.0" 200 55632 "http://www.darwinday.org/NEWlang/life/beagle.html" "Mozilla/4.0 (compatible; MSIE 5.0; Windows NT 4.0)"
81.214.17.99 - - [17/Jan/2006:12:45:04 -0500] "GET /NEWlang/life/images/beagle/finch.jpg HTTP/1.0" 200 84272 "http://www.darwinday.org/NEWlang/life/beagle.html" "Mozilla/4.0 (compatible; MSIE 5.0; Windows NT 4.0)"
81.214.17.99 - - [17/Jan/2006:12:45:06 -0500] "GET /NEWlang/life/images/beagle/galapagos-t.jpg HTTP/1.0" 200 21187 "http://www.darwinday.org/NEWlang/life/beagle.html" "Mozilla/4.0 (compatible; MSIE 5.0; Windows NT 4.0)"
81.214.17.99 - - [17/Jan/2006:12:45:06 -0500] "GET /NEWlang/life/images/beagle/iguana.jpg HTTP/1.0" 200 66599 "http://www.darwinday.org/NEWlang/life/beagle.html" "Mozilla/4.0 (compatible; MSIE 5.0; Windows NT 4.0)"
81.214.17.99 - - [17/Jan/2006:12:45:09 -0500] "GET /NEWlang/life/images/beagle/beaglemapgal-t.gif HTTP/1.0" 200 7651 "http://www.darwinday.org/NEWlang/life/beagle.html" "Mozilla/4.0 (compatible; MSIE 5.0; Windows NT 4.0)"
81.214.17.99 - - [17/Jan/2006:12:45:10 -0500] "GET /NEWlang/life/images/beagle/tortoise-t.jpg HTTP/1.0" 200 41154 "http://www.darwinday.org/NEWlang/life/beagle.html" "Mozilla/4.0 (compatible; MSIE 5.0; Windows NT 4.0)"
81.214.17.99 - - [17/Jan/2006:12:45:10 -0500] "GET /NEWlang/life/images/beagle/galapagos.jpg HTTP/1.0" 200 54076 "http://www.darwinday.org/NEWlang/life/beagle.html" "Mozilla/4.0 (compatible; MSIE 5.0; Windows NT 4.0)"
81.214.17.99 - - [17/Jan/2006:12:45:14 -0500] "GET /NEWlang/life/images/beagle/beaglemapsa.gif HTTP/1.0" 200 16559 "http://www.darwinday.org/NEWlang/life/beagle.html" "Mozilla/4.0 (compatible; MSIE 5.0; Windows NT 4.0)"
81.214.17.99 - - [17/Jan/2006:12:45:15 -0500] "GET /NEWlang/life/images/beagle/tortoise.jpg HTTP/1.0" 200 125400 "http://www.darwinday.org/NEWlang/life/beagle.html" "Mozilla/4.0 (compatible; MSIE 5.0; Windows NT 4.0)"
81.214.17.99 - - [17/Jan/2006:12:45:16 -0500] "GET /NEWlang/life/images/beagle/beaglemapsa-t.gif HTTP/1.0" 200 15500 "http://www.darwinday.org/NEWlang/life/beagle.html" "Mozilla/4.0 (compatible; MSIE 5.0; Windows NT 4.0)"
81.214.17.99 - - [17/Jan/2006:12:45:16 -0500] "GET /NEWlang/life/images/beagle/beaglemapgal.gif HTTP/1.0" 200 15078 "http://www.darwinday.org/NEWlang/life/beagle.html" "Mozilla/4.0 (compatible; MSIE 5.0; Windows NT 4.0)"
81.214.17.99 - - [17/Jan/2006:12:45:17 -0500] "GET /NEWlang/life/images/mountmap.gif HTTP/1.0" 200 323227 "http://www.darwinday.org/NEWlang/life/shrewsbury.html" "Mozilla/4.0 (compatible; MSIE 5.0; Windows NT 4.0)"
81.214.17.99 - - [17/Jan/2006:12:45:18 -0500] "GET /NEWlang/life/images/beagle/beaglemap-t.gif HTTP/1.0" 200 17709 "http://www.darwinday.org/NEWlang/life/beagle.html" "Mozilla/4.0 (compatible; MSIE 5.0; Windows NT 4.0)"
81.214.17.99 - - [17/Jan/2006:12:45:18 -0500] "GET /NEWlang/life/london.html HTTP/1.0" 200 6180 "http://www.darwinday.org/NEWlang/life/index.html" "Mozilla/4.0 (compatible; MSIE 5.0; Windows NT 4.0)"
81.214.17.99 - - [17/Jan/2006:12:45:20 -0500] "GET /NEWlang/life/paternal.html HTTP/1.0" 200 3211 "http://www.darwinday.org/NEWlang/life/index.html" "Mozilla/4.0 (compatible; MSIE 5.0; Windows NT 4.0)"
81.214.17.99 - - [17/Jan/2006:12:45:21 -0500] "GET /NEWlang/life/maternal.html HTTP/1.0" 200 9455 "http://www.darwinday.org/NEWlang/life/index.html" "Mozilla/4.0 (compatible; MSIE 5.0; Windows NT 4.0)"
81.214.17.99 - - [17/Jan/2006:12:45:23 -0500] "GET /NEWlang/life/images/family/sarah-josiah.jpg HTTP/1.0" 200 28518 "http://www.darwinday.org/NEWlang/life/maternal.html" "Mozilla/4.0 (compatible; MSIE 5.0; Windows NT 4.0)"
81.214.17.99 - - [17/Jan/2006:12:45:23 -0500] "GET /NEWlang/life/downhouse.html HTTP/1.0" 200 20247 "http://www.darwinday.org/NEWlang/life/index.html" "Mozilla/4.0 (compatible; MSIE 5.0; Windows NT 4.0)"
81.214.17.99 - - [17/Jan/2006:12:45:24 -0500] "GET /NEWlang/life/images/family/sarah-t.jpg HTTP/1.0" 200 22191 "http://www.darwinday.org/NEWlang/life/maternal.html" "Mozilla/4.0 (compatible; MSIE 5.0; Windows NT 4.0)"
81.214.17.99 - - [17/Jan/2006:12:45:25 -0500] "GET /NEWlang/life/images/family/josiah2-t.jpg HTTP/1.0" 200 21401 "http://www.darwinday.org/NEWlang/life/maternal.html" "Mozilla/4.0 (compatible; MSIE 5.0; Windows NT 4.0)"
81.214.17.99 - - [17/Jan/2006:12:45:26 -0500] "GET /NEWlang/life/images/family/josiah.jpg HTTP/1.0" 200 21468 "http://www.darwinday.org/NEWlang/life/maternal.html" "Mozilla/4.0 (compatible; MSIE 5.0; Windows NT 4.0)"
81.214.17.99 - - [17/Jan/2006:12:45:28 -0500] "GET /NEWlang/life/images/shrewsburyfull.jpg HTTP/1.0" 200 717029 "http://www.darwinday.org/NEWlang/life/shrewsbury.html" "Mozilla/4.0 (compatible; MSIE 5.0; Windows NT 4.0)"
81.214.17.99 - - [17/Jan/2006:12:45:28 -0500] "GET /NEWlang/life/images/downhouseplan2-t.jpg HTTP/1.0" 200 33925 "http://www.darwinday.org/NEWlang/life/downhouse.html" "Mozilla/4.0 (compatible; MSIE 5.0; Windows NT 4.0)"
81.214.17.99 - - [17/Jan/2006:12:45:30 -0500] "GET /NEWlang/life/images/downdining-t.jpg HTTP/1.0" 200 29295 "http://www.darwinday.org/NEWlang/life/downhouse.html" "Mozilla/4.0 (compatible; MSIE 5.0; Windows NT 4.0)"
81.214.17.99 - - [17/Jan/2006:12:45:32 -0500] "GET /NEWlang/life/images/study-t.jpg HTTP/1.0" 200 37613 "http://www.darwinday.org/NEWlang/life/downhouse.html" "Mozilla/4.0 (compatible; MSIE 5.0; Windows NT 4.0)"
81.214.17.99 - - [17/Jan/2006:12:45:33 -0500] "GET /NEWlang/life/images/downhouseplan2.jpg HTTP/1.0" 200 79885 "http://www.darwinday.org/NEWlang/life/downhouse.html" "Mozilla/4.0 (compatible; MSIE 5.0; Windows NT 4.0)"
81.214.17.99 - - [17/Jan/2006:12:45:34 -0500] "GET /NEWlang/life/images/downpiano-t.jpg HTTP/1.0" 200 26476 "http://www.darwinday.org/NEWlang/life/downhouse.html" "Mozilla/4.0 (compatible; MSIE 5.0; Windows NT 4.0)"
81.214.17.99 - - [17/Jan/2006:12:45:35 -0500] "GET /NEWlang/life/images/downdining.jpg HTTP/1.0" 200 90902 "http://www.darwinday.org/NEWlang/life/downhouse.html" "Mozilla/4.0 (compatible; MSIE 5.0; Windows NT 4.0)"
81.214.17.99 - - [17/Jan/2006:12:45:40 -0500] "GET /NEWlang/life/images/downpiano.jpg HTTP/1.0" 200 59297 "http://www.darwinday.org/NEWlang/life/downhouse.html" "Mozilla/4.0 (compatible; MSIE 5.0; Windows NT 4.0)"
81.214.17.99 - - [17/Jan/2006:12:45:40 -0500] "GET /NEWlang/life/images/downhouseplan-t.jpg HTTP/1.0" 200 29581 "http://www.darwinday.org/NEWlang/life/downhouse.html" "Mozilla/4.0 (compatible; MSIE 5.0; Windows NT 4.0)"
81.214.17.99 - - [17/Jan/2006:12:45:40 -0500] "GET /NEWlang/life/images/downdrawingroom-t.jpg HTTP/1.0" 200 39782 "http://www.darwinday.org/NEWlang/life/downhouse.html" "Mozilla/4.0 (compatible; MSIE 5.0; Windows NT 4.0)"
81.214.17.99 - - [17/Jan/2006:12:45:40 -0500] "GET /NEWlang/life/images/study.jpg HTTP/1.0" 200 113093 "http://www.darwinday.org/NEWlang/life/downhouse.html" "Mozilla/4.0 (compatible; MSIE 5.0; Windows NT 4.0)"
81.214.17.99 - - [17/Jan/2006:12:45:42 -0500] "GET /NEWlang/life/images/downdrawingroom.jpg HTTP/1.0" 200 85769 "http://www.darwinday.org/NEWlang/life/downhouse.html" "Mozilla/4.0 (compatible; MSIE 5.0; Windows NT 4.0)"
81.214.17.99 - - [17/Jan/2006:12:45:43 -0500] "GET /NEWlang/life/images/downhousebrick-t.jpg HTTP/1.0" 200 25230 "http://www.darwinday.org/NEWlang/life/downhouse.html" "Mozilla/4.0 (compatible; MSIE 5.0; Windows NT 4.0)"
68.106.105.54 - - [17/Jan/2006:12:45:44 -0500] "GET /stylesheets/main.css HTTP/1.1" 200 562 "http://www.darwinday.org/" "Mozilla/5.0 (Windows; U; Windows NT 5.1; en-US; rv:1.8) Gecko/20051111 Firefox/1.5"
68.106.105.54 - - [17/Jan/2006:12:45:44 -0500] "GET / HTTP/1.1" 200 25029 "-" "Mozilla/5.0 (Windows; U; Windows NT 5.1; en-US; rv:1.8) Gecko/20051111 Firefox/1.5"
68.106.105.54 - - [17/Jan/2006:12:45:44 -0500] "GET /images/topleftlogo.gif HTTP/1.1" 200 6907 "http://www.darwinday.org/" "Mozilla/5.0 (Windows; U; Windows NT 5.1; en-US; rv:1.8) Gecko/20051111 Firefox/1.5"
81.214.17.99 - - [17/Jan/2006:12:45:44 -0500] "GET /NEWlang/life/images/downhouseplan.jpg HTTP/1.0" 200 66559 "http://www.darwinday.org/NEWlang/life/downhouse.html" "Mozilla/4.0 (compatible; MSIE 5.0; Windows NT 4.0)"
68.106.105.54 - - [17/Jan/2006:12:45:44 -0500] "GET /images/header.gif HTTP/1.1" 200 26756 "http://www.darwinday.org/" "Mozilla/5.0 (Windows; U; Windows NT 5.1; en-US; rv:1.8) Gecko/20051111 Firefox/1.5"
68.106.105.54 - - [17/Jan/2006:12:45:44 -0500] "GET /englishL/currarts.html HTTP/1.1" 200 5652 "http://www.darwinday.org/" "Mozilla/5.0 (Windows; U; Windows NT 5.1; en-US; rv:1.8) Gecko/20051111 Firefox/1.5"
68.106.105.54 - - [17/Jan/2006:12:45:44 -0500] "GET /englishL/images/titletrans.gif HTTP/1.1" 200 15588 "http://www.darwinday.org/" "Mozilla/5.0 (Windows; U; Windows NT 5.1; en-US; rv:1.8) Gecko/20051111 Firefox/1.5"
68.106.105.54 - - [17/Jan/2006:12:45:44 -0500] "GET /englishL/images/navbar.gif HTTP/1.1" 200 2667 "http://www.darwinday.org/" "Mozilla/5.0 (Windows; U; Windows NT 5.1; en-US; rv:1.8) Gecko/20051111 Firefox/1.5"
68.106.105.54 - - [17/Jan/2006:12:45:44 -0500] "GET /images/worldmaptransp.gif HTTP/1.1" 200 128893 "http://www.darwinday.org/" "Mozilla/5.0 (Windows; U; Windows NT 5.1; en-US; rv:1.8) Gecko/20051111 Firefox/1.5"
68.106.105.54 - - [17/Jan/2006:12:45:44 -0500] "GET /images/arrow.gif HTTP/1.1" 200 112 "http://www.darwinday.org/" "Mozilla/5.0 (Windows; U; Windows NT 5.1; en-US; rv:1.8) Gecko/20051111 Firefox/1.5"
68.106.105.54 - - [17/Jan/2006:12:45:44 -0500] "GET /images/dnahorizl.gif HTTP/1.1" 200 2130 "http://www.darwinday.org/" "Mozilla/5.0 (Windows; U; Windows NT 5.1; en-US; rv:1.8) Gecko/20051111 Firefox/1.5"
68.106.105.54 - - [17/Jan/2006:12:45:44 -0500] "GET /favicon.ico HTTP/1.1" 404 3496 "-" "-"
68.106.105.54 - - [17/Jan/2006:12:45:44 -0500] "GET /images/dnahoriz.gif HTTP/1.1" 200 3391 "http://www.darwinday.org/" "Mozilla/5.0 (Windows; U; Windows NT 5.1; en-US; rv:1.8) Gecko/20051111 Firefox/1.5"
68.106.105.54 - - [17/Jan/2006:12:45:44 -0500] "GET /englishL/home/images/darwinages.gif HTTP/1.1" 200 50309 "http://www.darwinday.org/" "Mozilla/5.0 (Windows; U; Windows NT 5.1; en-US; rv:1.8) Gecko/20051111 Firefox/1.5"
68.106.105.54 - - [17/Jan/2006:12:45:44 -0500] "GET /images/dnahorizr.gif HTTP/1.1" 200 2104 "http://www.darwinday.org/" "Mozilla/5.0 (Windows; U; Windows NT 5.1; en-US; rv:1.8) Gecko/20051111 Firefox/1.5"
68.106.105.54 - - [17/Jan/2006:12:45:44 -0500] "GET /englishL/home/images/lincoln.gif HTTP/1.1" 200 11057 "http://www.darwinday.org/" "Mozilla/5.0 (Windows; U; Windows NT 5.1; en-US; rv:1.8) Gecko/20051111 Firefox/1.5"
68.106.105.54 - - [17/Jan/2006:12:45:44 -0500] "GET /englishL/home/images/darwin.gif HTTP/1.1" 200 13783 "http://www.darwinday.org/" "Mozilla/5.0 (Windows; U; Windows NT 5.1; en-US; rv:1.8) Gecko/20051111 Firefox/1.5"
68.106.105.54 - - [17/Jan/2006:12:45:44 -0500] "GET /englishL/home/images/beagle.gif HTTP/1.1" 200 37108 "http://www.darwinday.org/" "Mozilla/5.0 (Windows; U; Windows NT 5.1; en-US; rv:1.8) Gecko/20051111 Firefox/1.5"
68.106.105.54 - - [17/Jan/2006:12:45:44 -0500] "GET /images/trans.gif HTTP/1.1" 200 49 "http://www.darwinday.org/" "Mozilla/5.0 (Windows; U; Windows NT 5.1; en-US; rv:1.8) Gecko/20051111 Firefox/1.5"
68.106.105.54 - - [17/Jan/2006:12:45:44 -0500] "GET /englishL/home/images/manymore.gif HTTP/1.1" 200 581 "http://www.darwinday.org/" "Mozilla/5.0 (Windows; U; Windows NT 5.1; en-US; rv:1.8) Gecko/20051111 Firefox/1.5"
68.106.105.54 - - [17/Jan/2006:12:45:44 -0500] "GET /englishL/home/images/joinus.gif HTTP/1.1" 200 524 "http://www.darwinday.org/" "Mozilla/5.0 (Windows; U; Windows NT 5.1; en-US; rv:1.8) Gecko/20051111 Firefox/1.5"
68.106.105.54 - - [17/Jan/2006:12:45:45 -0500] "GET /images/DNAlogo.gif HTTP/1.1" 200 1370 "http://www.darwinday.org/englishL/currarts.html" "Mozilla/5.0 (Windows; U; Windows NT 5.1; en-US; rv:1.8) Gecko/20051111 Firefox/1.5"
