172.179.46.97 - - [22/Jan/2006:10:43:56 -0500] "GET /images/topleftlogo.gif HTTP/1.1" 206 3067 "http://www.darwinday.org/englishL/home/2005.php" "Mozilla/4.0 (compatible; MSIE 6.0; Windows NT 5.1; SV1; .NET CLR 1.1.4322)"
172.179.46.97 - - [22/Jan/2006:10:43:57 -0500] "GET /images/header.gif HTTP/1.1" 200 26756 "http://www.darwinday.org/englishL/home/2005.php" "Mozilla/4.0 (compatible; MSIE 6.0; Windows NT 5.1; SV1; .NET CLR 1.1.4322)"
172.179.46.97 - - [22/Jan/2006:10:43:59 -0500] "GET /englishL/home/2005.php HTTP/1.1" 200 362406 "http://images.google.com/imgres?imgurl=http://sfatheists.com/images/DarwinDayFlyer2005_small.jpg&imgrefurl=http://www.darwinday.org/englishL/home/2005.php&h=250&w=187&sz=19&tbnid=nm-QD7VDpgseKM:&tbnh=106&tbnw=79&hl=de&start=37&prev=/images%3Fq%3DCharles%2BDarwin%26start%3D20%26svnum%3D10%26hl%3Dde%26lr%3Dlang_de%26rls%3DDVXE,DVXE:2004-42,DVXE:de%26sa%3DN" "Mozilla/4.0 (compatible; MSIE 6.0; Windows NT 5.1; SV1; .NET CLR 1.1.4322)"
172.179.46.97 - - [22/Jan/2006:10:44:00 -0500] "GET /englishL/images/titletrans.gif HTTP/1.1" 200 15588 "http://www.darwinday.org/englishL/home/2005.php" "Mozilla/4.0 (compatible; MSIE 6.0; Windows NT 5.1; SV1; .NET CLR 1.1.4322)"
172.179.46.97 - - [22/Jan/2006:10:44:00 -0500] "GET /images/worldmaptransp.gif HTTP/1.1" 200 68881 "http://www.darwinday.org/englishL/home/2005.php" "Mozilla/4.0 (compatible; MSIE 6.0; Windows NT 5.1; SV1; .NET CLR 1.1.4322)"
172.179.46.97 - - [22/Jan/2006:10:44:04 -0500] "GET /englishL/home/2005.php HTTP/1.1" 200 362406 "http://images.google.com/imgres?imgurl=http://sfatheists.com/images/DarwinDayFlyer2005_small.jpg&imgrefurl=http://www.darwinday.org/englishL/home/2005.php&h=250&w=187&sz=19&tbnid=nm-QD7VDpgseKM:&tbnh=106&tbnw=79&hl=de&prev=/images%3Fq%3DCharles%2BDarwin%26start%3D20%26svnum%3D10%26hl%3Dde%26lr%3Dlang_de%26rls%3DDVXE,DVXE:2004-42,DVXE:de%26sa%3DN&frame=small" "Mozilla/4.0 (compatible; MSIE 6.0; Windows NT 5.1; SV1; .NET CLR 1.1.4322)"
172.179.46.97 - - [22/Jan/2006:10:44:05 -0500] "GET /englishL/images/titletrans.gif HTTP/1.1" 200 15588 "http://www.darwinday.org/englishL/home/2005.php" "Mozilla/4.0 (compatible; MSIE 6.0; Windows NT 5.1; SV1; .NET CLR 1.1.4322)"
172.179.46.97 - - [22/Jan/2006:10:44:06 -0500] "GET /englishL/images/navbar.gif HTTP/1.1" 200 2667 "http://www.darwinday.org/englishL/home/2005.php" "Mozilla/4.0 (compatible; MSIE 6.0; Windows NT 5.1; SV1; .NET CLR 1.1.4322)"
172.179.46.97 - - [22/Jan/2006:10:44:06 -0500] "GET /stylesheets/mainenglishL.css HTTP/1.1" 200 590 "http://www.darwinday.org/englishL/home/2005.php" "Mozilla/4.0 (compatible; MSIE 6.0; Windows NT 5.1; SV1; .NET CLR 1.1.4322)"
172.179.46.97 - - [22/Jan/2006:10:44:06 -0500] "GET /images/worldmaptransp.gif HTTP/1.1" 206 88292 "http://www.darwinday.org/englishL/home/2005.php" "Mozilla/4.0 (compatible; MSIE 6.0; Windows NT 5.1; SV1; .NET CLR 1.1.4322)"
172.179.46.97 - - [22/Jan/2006:10:44:22 -0500] "GET /englishL/life/index.html HTTP/1.1" 200 9860 "http://www.darwinday.org/englishL/home/2005.php" "Mozilla/4.0 (compatible; MSIE 6.0; Windows NT 5.1; SV1; .NET CLR 1.1.4322)"
172.179.46.97 - - [22/Jan/2006:10:44:23 -0500] "GET /images/goldball.gif HTTP/1.1" 200 332 "http://www.darwinday.org/englishL/life/index.html" "Mozilla/4.0 (compatible; MSIE 6.0; Windows NT 5.1; SV1; .NET CLR 1.1.4322)"
172.179.46.97 - - [22/Jan/2006:10:44:35 -0500] "GET /englishL/life/children.html HTTP/1.1" 200 13665 "http://www.darwinday.org/englishL/life/index.html" "Mozilla/4.0 (compatible; MSIE 6.0; Windows NT 5.1; SV1; .NET CLR 1.1.4322)"
172.179.46.97 - - [22/Jan/2006:10:44:36 -0500] "GET /englishL/life/images/family/anne-t.jpg HTTP/1.1" 200 33680 "http://www.darwinday.org/englishL/life/children.html" "Mozilla/4.0 (compatible; MSIE 6.0; Windows NT 5.1; SV1; .NET CLR 1.1.4322)"
172.179.46.97 - - [22/Jan/2006:10:44:37 -0500] "GET /englishL/life/images/family/william49-t.jpg HTTP/1.1" 200 27982 "http://www.darwinday.org/englishL/life/children.html" "Mozilla/4.0 (compatible; MSIE 6.0; Windows NT 5.1; SV1; .NET CLR 1.1.4322)"
172.179.46.97 - - [22/Jan/2006:10:44:37 -0500] "GET /englishL/life/images/family/william-t.jpg HTTP/1.1" 200 20679 "http://www.darwinday.org/englishL/life/children.html" "Mozilla/4.0 (compatible; MSIE 6.0; Windows NT 5.1; SV1; .NET CLR 1.1.4322)"
172.179.46.97 - - [22/Jan/2006:10:44:37 -0500] "GET /englishL/life/images/family/henrietta49-t.jpg HTTP/1.1" 200 35806 "http://www.darwinday.org/englishL/life/children.html" "Mozilla/4.0 (compatible; MSIE 6.0; Windows NT 5.1; SV1; .NET CLR 1.1.4322)"
172.179.46.97 - - [22/Jan/2006:10:44:38 -0500] "GET /englishL/life/images/family/henrietta-brown-t.jpg HTTP/1.1" 200 22218 "http://www.darwinday.org/englishL/life/children.html" "Mozilla/4.0 (compatible; MSIE 6.0; Windows NT 5.1; SV1; .NET CLR 1.1.4322)"
172.179.46.97 - - [22/Jan/2006:10:44:38 -0500] "GET /englishL/life/images/family/henrietta51-t.jpg HTTP/1.1" 200 26405 "http://www.darwinday.org/englishL/life/children.html" "Mozilla/4.0 (compatible; MSIE 6.0; Windows NT 5.1; SV1; .NET CLR 1.1.4322)"
172.179.46.97 - - [22/Jan/2006:10:44:38 -0500] "GET /englishL/life/images/family/george-t.jpg HTTP/1.1" 200 28664 "http://www.darwinday.org/englishL/life/children.html" "Mozilla/4.0 (compatible; MSIE 6.0; Windows NT 5.1; SV1; .NET CLR 1.1.4322)"
172.179.46.97 - - [22/Jan/2006:10:44:38 -0500] "GET /englishL/life/images/family/sirgeorge-t.jpg HTTP/1.1" 200 21838 "http://www.darwinday.org/englishL/life/children.html" "Mozilla/4.0 (compatible; MSIE 6.0; Windows NT 5.1; SV1; .NET CLR 1.1.4322)"
172.179.46.97 - - [22/Jan/2006:10:44:39 -0500] "GET /englishL/life/images/family/elizabeth-darwin-t.jpg HTTP/1.1" 200 18932 "http://www.darwinday.org/englishL/life/children.html" "Mozilla/4.0 (compatible; MSIE 6.0; Windows NT 5.1; SV1; .NET CLR 1.1.4322)"
172.179.46.97 - - [22/Jan/2006:10:44:39 -0500] "GET /englishL/life/images/family/elizabeth-t.jpg HTTP/1.1" 200 23782 "http://www.darwinday.org/englishL/life/children.html" "Mozilla/4.0 (compatible; MSIE 6.0; Windows NT 5.1; SV1; .NET CLR 1.1.4322)"
172.179.46.97 - - [22/Jan/2006:10:44:39 -0500] "GET /englishL/life/images/family/elizabeth-brown-t.jpg HTTP/1.1" 200 24876 "http://www.darwinday.org/englishL/life/children.html" "Mozilla/4.0 (compatible; MSIE 6.0; Windows NT 5.1; SV1; .NET CLR 1.1.4322)"
172.179.46.97 - - [22/Jan/2006:10:44:39 -0500] "GET /englishL/life/images/family/henrietta-emma-t.jpg HTTP/1.1" 200 19540 "http://www.darwinday.org/englishL/life/children.html" "Mozilla/4.0 (compatible; MSIE 6.0; Windows NT 5.1; SV1; .NET CLR 1.1.4322)"
172.179.46.97 - - [22/Jan/2006:10:44:40 -0500] "GET /englishL/life/images/family/sirfrancis-t.jpg HTTP/1.1" 200 23752 "http://www.darwinday.org/englishL/life/children.html" "Mozilla/4.0 (compatible; MSIE 6.0; Windows NT 5.1; SV1; .NET CLR 1.1.4322)"
172.179.46.97 - - [22/Jan/2006:10:44:40 -0500] "GET /englishL/life/images/family/emmaleonard-t.jpg HTTP/1.1" 200 30318 "http://www.darwinday.org/englishL/life/children.html" "Mozilla/4.0 (compatible; MSIE 6.0; Windows NT 5.1; SV1; .NET CLR 1.1.4322)"
172.179.46.97 - - [22/Jan/2006:10:44:40 -0500] "GET /englishL/life/images/family/leoonard-t.jpg HTTP/1.1" 200 22160 "http://www.darwinday.org/englishL/life/children.html" "Mozilla/4.0 (compatible; MSIE 6.0; Windows NT 5.1; SV1; .NET CLR 1.1.4322)"
172.179.46.97 - - [22/Jan/2006:10:44:40 -0500] "GET /englishL/life/images/family/sirhorace-t.jpg HTTP/1.1" 200 23757 "http://www.darwinday.org/englishL/life/children.html" "Mozilla/4.0 (compatible; MSIE 6.0; Windows NT 5.1; SV1; .NET CLR 1.1.4322)"
172.179.46.97 - - [22/Jan/2006:10:44:41 -0500] "GET /englishL/life/images/family/emmacharles-t.jpg HTTP/1.1" 200 21327 "http://www.darwinday.org/englishL/life/children.html" "Mozilla/4.0 (compatible; MSIE 6.0; Windows NT 5.1; SV1; .NET CLR 1.1.4322)"
172.179.46.97 - - [22/Jan/2006:10:45:01 -0500] "GET /englishL/events/index.html HTTP/1.1" 200 4612 "http://www.darwinday.org/englishL/life/children.html" "Mozilla/4.0 (compatible; MSIE 6.0; Windows NT 5.1; SV1; .NET CLR 1.1.4322)"
172.179.46.97 - - [22/Jan/2006:10:45:06 -0500] "GET /englishL/life/shrewsbury.html HTTP/1.1" 200 37679 "http://www.darwinday.org/englishL/life/index.html" "Mozilla/4.0 (compatible; MSIE 6.0; Windows NT 5.1; SV1; .NET CLR 1.1.4322)"
172.179.46.97 - - [22/Jan/2006:10:45:07 -0500] "GET /englishL/life/images/mountmap-t.jpg HTTP/1.1" 200 61648 "http://www.darwinday.org/englishL/life/shrewsbury.html" "Mozilla/4.0 (compatible; MSIE 6.0; Windows NT 5.1; SV1; .NET CLR 1.1.4322)"
172.179.46.97 - - [22/Jan/2006:10:45:08 -0500] "GET /englishL/life/images/shrewsbury.jpg HTTP/1.1" 200 103773 "http://www.darwinday.org/englishL/life/shrewsbury.html" "Mozilla/4.0 (compatible; MSIE 6.0; Windows NT 5.1; SV1; .NET CLR 1.1.4322)"
172.179.46.97 - - [22/Jan/2006:10:45:08 -0500] "GET /englishL/life/images/plaque-t.jpg HTTP/1.1" 200 43479 "http://www.darwinday.org/englishL/life/shrewsbury.html" "Mozilla/4.0 (compatible; MSIE 6.0; Windows NT 5.1; SV1; .NET CLR 1.1.4322)"
172.179.46.97 - - [22/Jan/2006:10:45:08 -0500] "GET /englishL/life/images/mountfront-t.jpg HTTP/1.1" 200 24718 "http://www.darwinday.org/englishL/life/shrewsbury.html" "Mozilla/4.0 (compatible; MSIE 6.0; Windows NT 5.1; SV1; .NET CLR 1.1.4322)"
172.179.46.97 - - [22/Jan/2006:10:45:08 -0500] "GET /englishL/life/images/mountright-t.jpg HTTP/1.1" 200 19879 "http://www.darwinday.org/englishL/life/shrewsbury.html" "Mozilla/4.0 (compatible; MSIE 6.0; Windows NT 5.1; SV1; .NET CLR 1.1.4322)"
172.179.46.97 - - [22/Jan/2006:10:45:09 -0500] "GET /englishL/life/images/mountleft-t.jpg HTTP/1.1" 200 20725 "http://www.darwinday.org/englishL/life/shrewsbury.html" "Mozilla/4.0 (compatible; MSIE 6.0; Windows NT 5.1; SV1; .NET CLR 1.1.4322)"
172.179.46.97 - - [22/Jan/2006:10:45:09 -0500] "GET /englishL/life/images/mountfront2-t.jpg HTTP/1.1" 200 26445 "http://www.darwinday.org/englishL/life/shrewsbury.html" "Mozilla/4.0 (compatible; MSIE 6.0; Windows NT 5.1; SV1; .NET CLR 1.1.4322)"
172.179.46.97 - - [22/Jan/2006:10:45:09 -0500] "GET /englishL/life/images/fireplace-t.jpg HTTP/1.1" 200 21734 "http://www.darwinday.org/englishL/life/shrewsbury.html" "Mozilla/4.0 (compatible; MSIE 6.0; Windows NT 5.1; SV1; .NET CLR 1.1.4322)"
172.179.46.97 - - [22/Jan/2006:10:45:09 -0500] "GET /englishL/life/images/saintchads-t.jpg HTTP/1.1" 200 18660 "http://www.darwinday.org/englishL/life/shrewsbury.html" "Mozilla/4.0 (compatible; MSIE 6.0; Windows NT 5.1; SV1; .NET CLR 1.1.4322)"
172.179.46.97 - - [22/Jan/2006:10:45:10 -0500] "GET /englishL/life/images/saintchads_cemetary-t.jpg HTTP/1.1" 200 34330 "http://www.darwinday.org/englishL/life/shrewsbury.html" "Mozilla/4.0 (compatible; MSIE 6.0; Windows NT 5.1; SV1; .NET CLR 1.1.4322)"
172.179.46.97 - - [22/Jan/2006:10:45:10 -0500] "GET /englishL/life/images/saintchads_dingle-t.jpg HTTP/1.1" 200 30689 "http://www.darwinday.org/englishL/life/shrewsbury.html" "Mozilla/4.0 (compatible; MSIE 6.0; Windows NT 5.1; SV1; .NET CLR 1.1.4322)"
172.179.46.97 - - [22/Jan/2006:10:45:10 -0500] "GET /englishL/life/images/dingletwo-t.jpg HTTP/1.1" 200 37926 "http://www.darwinday.org/englishL/life/shrewsbury.html" "Mozilla/4.0 (compatible; MSIE 6.0; Windows NT 5.1; SV1; .NET CLR 1.1.4322)"
172.179.46.97 - - [22/Jan/2006:10:45:11 -0500] "GET /englishL/life/images/dingleone-t.jpg HTTP/1.1" 200 38865 "http://www.darwinday.org/englishL/life/shrewsbury.html" "Mozilla/4.0 (compatible; MSIE 6.0; Windows NT 5.1; SV1; .NET CLR 1.1.4322)"
172.179.46.97 - - [22/Jan/2006:10:45:11 -0500] "GET /englishL/life/images/unitariantwo-t.jpg HTTP/1.1" 200 29648 "http://www.darwinday.org/englishL/life/shrewsbury.html" "Mozilla/4.0 (compatible; MSIE 6.0; Windows NT 5.1; SV1; .NET CLR 1.1.4322)"
172.179.46.97 - - [22/Jan/2006:10:45:11 -0500] "GET /englishL/life/images/unitarianone-t.jpg HTTP/1.1" 200 39859 "http://www.darwinday.org/englishL/life/shrewsbury.html" "Mozilla/4.0 (compatible; MSIE 6.0; Windows NT 5.1; SV1; .NET CLR 1.1.4322)"
172.179.46.97 - - [22/Jan/2006:10:45:12 -0500] "GET /englishL/life/images/plaque-unitarian-t.jpg HTTP/1.1" 200 29898 "http://www.darwinday.org/englishL/life/shrewsbury.html" "Mozilla/4.0 (compatible; MSIE 6.0; Windows NT 5.1; SV1; .NET CLR 1.1.4322)"
172.179.46.97 - - [22/Jan/2006:10:45:12 -0500] "GET /englishL/life/images/casesschoolfront-t.jpg HTTP/1.1" 200 27478 "http://www.darwinday.org/englishL/life/shrewsbury.html" "Mozilla/4.0 (compatible; MSIE 6.0; Windows NT 5.1; SV1; .NET CLR 1.1.4322)"
172.179.46.97 - - [22/Jan/2006:10:45:12 -0500] "GET /englishL/life/images/casestreet-t.jpg HTTP/1.1" 200 26366 "http://www.darwinday.org/englishL/life/shrewsbury.html" "Mozilla/4.0 (compatible; MSIE 6.0; Windows NT 5.1; SV1; .NET CLR 1.1.4322)"
172.179.46.97 - - [22/Jan/2006:10:45:12 -0500] "GET /englishL/life/images/caseschoolback-t.jpg HTTP/1.1" 200 30209 "http://www.darwinday.org/englishL/life/shrewsbury.html" "Mozilla/4.0 (compatible; MSIE 6.0; Windows NT 5.1; SV1; .NET CLR 1.1.4322)"
172.179.46.97 - - [22/Jan/2006:10:45:13 -0500] "GET /englishL/life/images/butlersschool-t.jpg HTTP/1.1" 200 29137 "http://www.darwinday.org/englishL/life/shrewsbury.html" "Mozilla/4.0 (compatible; MSIE 6.0; Windows NT 5.1; SV1; .NET CLR 1.1.4322)"
172.179.46.97 - - [22/Jan/2006:10:45:13 -0500] "GET /englishL/life/images/butlerbeams-t.jpg HTTP/1.1" 200 24783 "http://www.darwinday.org/englishL/life/shrewsbury.html" "Mozilla/4.0 (compatible; MSIE 6.0; Windows NT 5.1; SV1; .NET CLR 1.1.4322)"
172.179.46.97 - - [22/Jan/2006:10:45:14 -0500] "GET /englishL/life/images/butlerbeams2-t.jpg HTTP/1.1" 200 29943 "http://www.darwinday.org/englishL/life/shrewsbury.html" "Mozilla/4.0 (compatible; MSIE 6.0; Windows NT 5.1; SV1; .NET CLR 1.1.4322)"
172.179.46.97 - - [22/Jan/2006:10:45:14 -0500] "GET /englishL/life/images/darwinlib-t.jpg HTTP/1.1" 200 31187 "http://www.darwinday.org/englishL/life/shrewsbury.html" "Mozilla/4.0 (compatible; MSIE 6.0; Windows NT 5.1; SV1; .NET CLR 1.1.4322)"
172.179.46.97 - - [22/Jan/2006:10:45:14 -0500] "GET /englishL/life/images/shrewscastle-t.jpg HTTP/1.1" 200 26731 "http://www.darwinday.org/englishL/life/shrewsbury.html" "Mozilla/4.0 (compatible; MSIE 6.0; Windows NT 5.1; SV1; .NET CLR 1.1.4322)"
172.179.46.97 - - [22/Jan/2006:10:45:15 -0500] "GET /englishL/life/images/shrewsabbey2-t.jpg HTTP/1.1" 200 38605 "http://www.darwinday.org/englishL/life/shrewsbury.html" "Mozilla/4.0 (compatible; MSIE 6.0; Windows NT 5.1; SV1; .NET CLR 1.1.4322)"
172.179.46.97 - - [22/Jan/2006:10:45:15 -0500] "GET /englishL/life/images/shrewsabbey-t.jpg HTTP/1.1" 200 22022 "http://www.darwinday.org/englishL/life/shrewsbury.html" "Mozilla/4.0 (compatible; MSIE 6.0; Windows NT 5.1; SV1; .NET CLR 1.1.4322)"
172.179.46.97 - - [22/Jan/2006:10:45:15 -0500] "GET /englishL/life/images/statueshrewsschool-t.jpg HTTP/1.1" 200 20227 "http://www.darwinday.org/englishL/life/shrewsbury.html" "Mozilla/4.0 (compatible; MSIE 6.0; Windows NT 5.1; SV1; .NET CLR 1.1.4322)"
172.179.46.97 - - [22/Jan/2006:10:45:15 -0500] "GET /englishL/life/images/shoppingcentre-t.jpg HTTP/1.1" 200 33525 "http://www.darwinday.org/englishL/life/shrewsbury.html" "Mozilla/4.0 (compatible; MSIE 6.0; Windows NT 5.1; SV1; .NET CLR 1.1.4322)"
172.179.46.97 - - [22/Jan/2006:10:46:24 -0500] "GET /englishL/life/images/mountfront.jpg HTTP/1.1" 200 62278 "http://www.darwinday.org/englishL/life/shrewsbury.html" "Mozilla/4.0 (compatible; MSIE 6.0; Windows NT 5.1; SV1; .NET CLR 1.1.4322)"
172.179.46.97 - - [22/Jan/2006:10:47:42 -0500] "GET /englishL/life/college.html HTTP/1.1" 200 16900 "http://www.darwinday.org/englishL/life/index.html" "Mozilla/4.0 (compatible; MSIE 6.0; Windows NT 5.1; SV1; .NET CLR 1.1.4322)"
172.179.46.97 - - [22/Jan/2006:10:47:45 -0500] "GET /englishL/life/images/edinburgh.jpg HTTP/1.1" 200 161189 "http://www.darwinday.org/englishL/life/college.html" "Mozilla/4.0 (compatible; MSIE 6.0; Windows NT 5.1; SV1; .NET CLR 1.1.4322)"
172.179.46.97 - - [22/Jan/2006:10:47:46 -0500] "GET /englishL/life/images/christscollege.jpg HTTP/1.1" 200 246126 "http://www.darwinday.org/englishL/life/college.html" "Mozilla/4.0 (compatible; MSIE 6.0; Windows NT 5.1; SV1; .NET CLR 1.1.4322)"
172.179.46.97 - - [22/Jan/2006:10:47:48 -0500] "GET /englishL/life/images/christscollegequad.jpg HTTP/1.1" 200 116705 "http://www.darwinday.org/englishL/life/college.html" "Mozilla/4.0 (compatible; MSIE 6.0; Windows NT 5.1; SV1; .NET CLR 1.1.4322)"
172.179.46.97 - - [22/Jan/2006:10:47:54 -0500] "GET /englishL/life/informal.html HTTP/1.1" 200 13801 "http://www.darwinday.org/englishL/life/index.html" "Mozilla/4.0 (compatible; MSIE 6.0; Windows NT 5.1; SV1; .NET CLR 1.1.4322)"
151.81.0.98 - - [22/Jan/2006:10:47:59 -0500] "GET / HTTP/1.1" 200 25315 "-" "Mozilla/4.0 (compatible; MSIE 5.23; Mac_PowerPC)"
151.81.0.98 - - [22/Jan/2006:10:47:59 -0500] "GET /stylesheets/mainenglishL.css HTTP/1.1" 200 590 "http://www.darwinday.org/" "Mozilla/4.0 (compatible; MSIE 5.23; Mac_PowerPC)"
172.179.46.97 - - [22/Jan/2006:10:47:59 -0500] "GET /englishL/life/beagle.html HTTP/1.1" 200 20574 "http://www.darwinday.org/englishL/life/index.html" "Mozilla/4.0 (compatible; MSIE 6.0; Windows NT 5.1; SV1; .NET CLR 1.1.4322)"
172.179.46.97 - - [22/Jan/2006:10:48:00 -0500] "GET /englishL/life/images/beagle/beaglemapsa-t.gif HTTP/1.1" 200 15500 "http://www.darwinday.org/englishL/life/beagle.html" "Mozilla/4.0 (compatible; MSIE 6.0; Windows NT 5.1; SV1; .NET CLR 1.1.4322)"
151.81.0.98 - - [22/Jan/2006:10:48:00 -0500] "GET /stylesheets/main.css HTTP/1.1" 200 658 "http://www.darwinday.org/" "Mozilla/4.0 (compatible; MSIE 5.23; Mac_PowerPC)"
172.179.46.97 - - [22/Jan/2006:10:48:01 -0500] "GET /englishL/life/images/beagle/beaglemapgal-t.gif HTTP/1.1" 200 7651 "http://www.darwinday.org/englishL/life/beagle.html" "Mozilla/4.0 (compatible; MSIE 6.0; Windows NT 5.1; SV1; .NET CLR 1.1.4322)"
172.179.46.97 - - [22/Jan/2006:10:48:01 -0500] "GET /englishL/life/images/beagle/beaglemap-t.gif HTTP/1.1" 200 17709 "http://www.darwinday.org/englishL/life/beagle.html" "Mozilla/4.0 (compatible; MSIE 6.0; Windows NT 5.1; SV1; .NET CLR 1.1.4322)"
172.179.46.97 - - [22/Jan/2006:10:48:01 -0500] "GET /englishL/life/images/beagle/tortoise-t.jpg HTTP/1.1" 200 41154 "http://www.darwinday.org/englishL/life/beagle.html" "Mozilla/4.0 (compatible; MSIE 6.0; Windows NT 5.1; SV1; .NET CLR 1.1.4322)"
172.179.46.97 - - [22/Jan/2006:10:48:02 -0500] "GET /englishL/life/images/beagle/galapagos-t.jpg HTTP/1.1" 200 21187 "http://www.darwinday.org/englishL/life/beagle.html" "Mozilla/4.0 (compatible; MSIE 6.0; Windows NT 5.1; SV1; .NET CLR 1.1.4322)"
172.179.46.97 - - [22/Jan/2006:10:48:02 -0500] "GET /englishL/life/images/beagle/iguana-t.jpg HTTP/1.1" 200 32130 "http://www.darwinday.org/englishL/life/beagle.html" "Mozilla/4.0 (compatible; MSIE 6.0; Windows NT 5.1; SV1; .NET CLR 1.1.4322)"
151.81.0.98 - - [22/Jan/2006:10:48:02 -0500] "GET /images/topleftlogo.gif HTTP/1.1" 200 6907 "http://www.darwinday.org/" "Mozilla/4.0 (compatible; MSIE 5.23; Mac_PowerPC)"
172.179.46.97 - - [22/Jan/2006:10:48:03 -0500] "GET /englishL/life/images/beagle/finch-t.jpg HTTP/1.1" 200 41018 "http://www.darwinday.org/englishL/life/beagle.html" "Mozilla/4.0 (compatible; MSIE 6.0; Windows NT 5.1; SV1; .NET CLR 1.1.4322)"
172.179.46.97 - - [22/Jan/2006:10:48:03 -0500] "GET /englishL/life/images/beagle/nancy.jpg HTTP/1.1" 200 80351 "http://www.darwinday.org/englishL/life/beagle.html" "Mozilla/4.0 (compatible; MSIE 6.0; Windows NT 5.1; SV1; .NET CLR 1.1.4322)"
172.179.46.97 - - [22/Jan/2006:10:48:03 -0500] "GET /englishL/life/images/beagle/lizard-t.jpg HTTP/1.1" 200 28277 "http://www.darwinday.org/englishL/life/beagle.html" "Mozilla/4.0 (compatible; MSIE 6.0; Windows NT 5.1; SV1; .NET CLR 1.1.4322)"
151.81.0.98 - - [22/Jan/2006:10:48:06 -0500] "GET /englishL/currarts.html HTTP/1.1" 200 5653 "-" "Mozilla/4.0 (compatible; MSIE 5.23; Mac_PowerPC)"
151.81.0.98 - - [22/Jan/2006:10:48:06 -0500] "GET /englishL/images/titletrans.gif HTTP/1.1" 200 15588 "http://www.darwinday.org/" "Mozilla/4.0 (compatible; MSIE 5.23; Mac_PowerPC)"
151.81.0.98 - - [22/Jan/2006:10:48:14 -0500] "GET /images/header.gif HTTP/1.1" 200 26756 "http://www.darwinday.org/" "Mozilla/4.0 (compatible; MSIE 5.23; Mac_PowerPC)"
151.81.0.98 - - [22/Jan/2006:10:48:17 -0500] "GET /englishL/home/images/horse.evolution.jpg HTTP/1.1" 200 29612 "http://www.darwinday.org/" "Mozilla/4.0 (compatible; MSIE 5.23; Mac_PowerPC)"
151.81.0.98 - - [22/Jan/2006:10:48:20 -0500] "GET /images/DNAlogo.gif HTTP/1.1" 200 1370 "http://www.darwinday.org/englishL/currarts.html" "Mozilla/4.0 (compatible; MSIE 5.23; Mac_PowerPC)"
151.81.0.98 - - [22/Jan/2006:10:48:22 -0500] "GET /englishL/home/images/joinus.gif HTTP/1.1" 200 524 "http://www.darwinday.org/" "Mozilla/4.0 (compatible; MSIE 5.23; Mac_PowerPC)"
151.81.0.98 - - [22/Jan/2006:10:48:26 -0500] "GET /images/trans.gif HTTP/1.1" 200 49 "http://www.darwinday.org/" "Mozilla/4.0 (compatible; MSIE 5.23; Mac_PowerPC)"
151.81.0.98 - - [22/Jan/2006:10:48:29 -0500] "GET / HTTP/1.1" 200 25315 "-" "Mozilla/4.0 (compatible; MSIE 5.23; Mac_PowerPC)"
151.81.0.98 - - [22/Jan/2006:10:48:31 -0500] "GET /englishL/home/images/manymore.gif HTTP/1.1" 200 581 "http://www.darwinday.org/" "Mozilla/4.0 (compatible; MSIE 5.23; Mac_PowerPC)"
151.81.0.98 - - [22/Jan/2006:10:48:34 -0500] "GET /englishL/home/images/beagle.gif HTTP/1.1" 200 12629 "http://www.darwinday.org/" "Mozilla/4.0 (compatible; MSIE 5.23; Mac_PowerPC)"
151.81.0.98 - - [22/Jan/2006:10:48:35 -0500] "GET /images/worldmaptransp.gif HTTP/1.1" 200 51723 "http://www.darwinday.org/" "Mozilla/4.0 (compatible; MSIE 5.23; Mac_PowerPC)"
151.81.0.98 - - [22/Jan/2006:10:48:36 -0500] "GET /englishL/currarts.html HTTP/1.1" 200 5653 "-" "Mozilla/4.0 (compatible; MSIE 5.23; Mac_PowerPC)"
172.179.46.97 - - [22/Jan/2006:10:48:39 -0500] "GET /stylesheets/main.css HTTP/1.1" 304 - "-" "Mozilla/4.0 (compatible; MSIE 6.0; Windows NT 5.1; SV1; .NET CLR 1.1.4322)"
172.179.46.97 - - [22/Jan/2006:10:48:39 -0500] "GET /englishL/life/images/beagle/beaglemap-t.gif HTTP/1.1" 304 - "-" "Mozilla/4.0 (compatible; MSIE 6.0; Windows NT 5.1; SV1; .NET CLR 1.1.4322)"
151.81.0.98 - - [22/Jan/2006:10:48:42 -0500] "GET /stylesheets/mainenglishL.css HTTP/1.1" 200 590 "http://www.darwinday.org/" "Mozilla/4.0 (compatible; MSIE 5.23; Mac_PowerPC)"
151.81.0.98 - - [22/Jan/2006:10:48:44 -0500] "GET /stylesheets/main.css HTTP/1.1" 200 658 "http://www.darwinday.org/" "Mozilla/4.0 (compatible; MSIE 5.23; Mac_PowerPC)"
151.81.0.98 - - [22/Jan/2006:10:48:47 -0500] "GET /images/topleftlogo.gif HTTP/1.1" 200 6907 "http://www.darwinday.org/" "Mozilla/4.0 (compatible; MSIE 5.23; Mac_PowerPC)"
151.81.0.98 - - [22/Jan/2006:10:48:50 -0500] "GET /englishL/images/titletrans.gif HTTP/1.1" 200 15588 "http://www.darwinday.org/" "Mozilla/4.0 (compatible; MSIE 5.23; Mac_PowerPC)"
172.179.46.97 - - [22/Jan/2006:10:48:51 -0500] "GET /stylesheets/main.css HTTP/1.1" 304 - "-" "Mozilla/4.0 (compatible; MSIE 6.0; Windows NT 5.1; SV1; .NET CLR 1.1.4322)"
172.179.46.97 - - [22/Jan/2006:10:48:51 -0500] "GET /englishL/life/images/beagle/beaglemap-t.gif HTTP/1.1" 304 - "-" "Mozilla/4.0 (compatible; MSIE 6.0; Windows NT 5.1; SV1; .NET CLR 1.1.4322)"
151.81.0.98 - - [22/Jan/2006:10:48:53 -0500] "GET /englishL/images/navbar.gif HTTP/1.1" 200 2667 "http://www.darwinday.org/" "Mozilla/4.0 (compatible; MSIE 5.23; Mac_PowerPC)"
151.81.0.98 - - [22/Jan/2006:10:48:55 -0500] "GET / HTTP/1.1" 304 - "http://www.darwinday.org/" "Mozilla/4.0 (compatible; MSIE 5.23; Mac_PowerPC)"
151.81.0.98 - - [22/Jan/2006:10:49:01 -0500] "GET /images/header.gif HTTP/1.1" 200 26756 "http://www.darwinday.org/" "Mozilla/4.0 (compatible; MSIE 5.23; Mac_PowerPC)"
151.81.0.98 - - [22/Jan/2006:10:49:04 -0500] "GET /images/arrow.gif HTTP/1.1" 200 112 "http://www.darwinday.org/" "Mozilla/4.0 (compatible; MSIE 5.23; Mac_PowerPC)"
68.248.12.168 - - [22/Jan/2006:10:49:07 -0500] "HEAD /regevent/index.php HTTP/1.1" 404 0 "-" "Xenu Link Sleuth 1.2g"
68.248.12.168 - - [22/Jan/2006:10:49:07 -0500] "HEAD /home/index.html HTTP/1.1" 200 0 "-" "Xenu Link Sleuth 1.2g"
151.81.0.98 - - [22/Jan/2006:10:49:08 -0500] "GET /images/dnahorizl.gif HTTP/1.1" 200 2130 "http://www.darwinday.org/" "Mozilla/4.0 (compatible; MSIE 5.23; Mac_PowerPC)"
68.248.12.168 - - [22/Jan/2006:10:49:08 -0500] "GET /regevent/index.php HTTP/1.1" 404 3392 "-" "Xenu Link Sleuth 1.2g"
151.81.0.98 - - [22/Jan/2006:10:49:10 -0500] "GET /images/dnahoriz.gif HTTP/1.1" 200 3391 "http://www.darwinday.org/" "Mozilla/4.0 (compatible; MSIE 5.23; Mac_PowerPC)"
151.81.0.98 - - [22/Jan/2006:10:49:12 -0500] "GET /images/dnahorizr.gif HTTP/1.1" 200 2104 "http://www.darwinday.org/" "Mozilla/4.0 (compatible; MSIE 5.23; Mac_PowerPC)"
151.81.0.98 - - [22/Jan/2006:10:49:13 -0500] "GET /images/DNAlogo.gif HTTP/1.1" 200 1370 "http://www.darwinday.org/englishL/currarts.html" "Mozilla/4.0 (compatible; MSIE 5.23; Mac_PowerPC)"
151.81.0.98 - - [22/Jan/2006:10:49:16 -0500] "GET /englishL/home/images/lincoln.gif HTTP/1.1" 200 11057 "http://www.darwinday.org/" "Mozilla/4.0 (compatible; MSIE 5.23; Mac_PowerPC)"
151.81.0.98 - - [22/Jan/2006:10:49:17 -0500] "GET /englishL/home/images/darwin.gif HTTP/1.1" 200 13783 "http://www.darwinday.org/" "Mozilla/4.0 (compatible; MSIE 5.23; Mac_PowerPC)"
151.81.0.98 - - [22/Jan/2006:10:49:18 -0500] "GET /englishL/home/images/darwinages.gif HTTP/1.1" 200 50309 "http://www.darwinday.org/" "Mozilla/4.0 (compatible; MSIE 5.23; Mac_PowerPC)"
172.179.46.97 - - [22/Jan/2006:10:49:29 -0500] "GET /englishL/life/cambridgeafter.html HTTP/1.1" 200 7385 "http://www.darwinday.org/englishL/life/index.html" "Mozilla/4.0 (compatible; MSIE 6.0; Windows NT 5.1; SV1; .NET CLR 1.1.4322)"
151.81.0.98 - - [22/Jan/2006:10:49:33 -0500] "GET /images/trans.gif HTTP/1.1" 200 49 "http://www.darwinday.org/" "Mozilla/4.0 (compatible; MSIE 5.23; Mac_PowerPC)"
151.81.0.98 - - [22/Jan/2006:10:49:33 -0500] "GET /images/worldmaptransp.gif HTTP/1.1" 200 128893 "http://www.darwinday.org/" "Mozilla/4.0 (compatible; MSIE 5.23; Mac_PowerPC)"
151.81.0.98 - - [22/Jan/2006:10:49:36 -0500] "GET /englishL/home/images/joinus.gif HTTP/1.1" 200 524 "http://www.darwinday.org/" "Mozilla/4.0 (compatible; MSIE 5.23; Mac_PowerPC)"
172.179.46.97 - - [22/Jan/2006:10:49:37 -0500] "GET /englishL/life/london.html HTTP/1.1" 200 6084 "http://www.darwinday.org/englishL/life/index.html" "Mozilla/4.0 (compatible; MSIE 6.0; Windows NT 5.1; SV1; .NET CLR 1.1.4322)"
151.81.0.98 - - [22/Jan/2006:10:49:38 -0500] "GET /englishL/home/images/manymore.gif HTTP/1.1" 200 581 "http://www.darwinday.org/" "Mozilla/4.0 (compatible; MSIE 5.23; Mac_PowerPC)"
151.81.0.98 - - [22/Jan/2006:10:49:40 -0500] "GET /englishL/home/images/beagle.gif HTTP/1.1" 200 37108 "http://www.darwinday.org/" "Mozilla/4.0 (compatible; MSIE 5.23; Mac_PowerPC)"
172.179.46.97 - - [22/Jan/2006:10:49:45 -0500] "GET /englishL/life/downhouse.html HTTP/1.1" 200 20176 "http://www.darwinday.org/englishL/life/index.html" "Mozilla/4.0 (compatible; MSIE 6.0; Windows NT 5.1; SV1; .NET CLR 1.1.4322)"
172.179.46.97 - - [22/Jan/2006:10:49:45 -0500] "GET /englishL/life/images/downhousefront-t.jpg HTTP/1.1" 200 31813 "http://www.darwinday.org/englishL/life/downhouse.html" "Mozilla/4.0 (compatible; MSIE 6.0; Windows NT 5.1; SV1; .NET CLR 1.1.4322)"
172.179.46.97 - - [22/Jan/2006:10:49:46 -0500] "GET /englishL/life/images/downhouseproperty.jpg HTTP/1.1" 200 31640 "http://www.darwinday.org/englishL/life/downhouse.html" "Mozilla/4.0 (compatible; MSIE 6.0; Windows NT 5.1; SV1; .NET CLR 1.1.4322)"
172.179.46.97 - - [22/Jan/2006:10:49:46 -0500] "GET /englishL/life/images/downgarden-t.jpg HTTP/1.1" 200 33115 "http://www.darwinday.org/englishL/life/downhouse.html" "Mozilla/4.0 (compatible; MSIE 6.0; Windows NT 5.1; SV1; .NET CLR 1.1.4322)"
172.179.46.97 - - [22/Jan/2006:10:49:46 -0500] "GET /englishL/life/images/downhouseback-t.jpg HTTP/1.1" 200 33209 "http://www.darwinday.org/englishL/life/downhouse.html" "Mozilla/4.0 (compatible; MSIE 6.0; Windows NT 5.1; SV1; .NET CLR 1.1.4322)"
172.179.46.97 - - [22/Jan/2006:10:49:46 -0500] "GET /englishL/life/images/downgreenhouse-t.jpg HTTP/1.1" 200 34020 "http://www.darwinday.org/englishL/life/downhouse.html" "Mozilla/4.0 (compatible; MSIE 6.0; Windows NT 5.1; SV1; .NET CLR 1.1.4322)"
151.81.0.98 - - [22/Jan/2006:10:49:47 -0500] "GET /englishL/home/images/horse.evolution.jpg HTTP/1.1" 200 29612 "http://www.darwinday.org/" "Mozilla/4.0 (compatible; MSIE 5.23; Mac_PowerPC)"
172.179.46.97 - - [22/Jan/2006:10:49:47 -0500] "GET /englishL/life/images/downhousebrick-t.jpg HTTP/1.1" 200 25230 "http://www.darwinday.org/englishL/life/downhouse.html" "Mozilla/4.0 (compatible; MSIE 6.0; Windows NT 5.1; SV1; .NET CLR 1.1.4322)"
172.179.46.97 - - [22/Jan/2006:10:49:47 -0500] "GET /englishL/life/images/downpiano-t.jpg HTTP/1.1" 200 26476 "http://www.darwinday.org/englishL/life/downhouse.html" "Mozilla/4.0 (compatible; MSIE 6.0; Windows NT 5.1; SV1; .NET CLR 1.1.4322)"
172.179.46.97 - - [22/Jan/2006:10:49:47 -0500] "GET /englishL/life/images/downhouseplan-t.jpg HTTP/1.1" 200 29581 "http://www.darwinday.org/englishL/life/downhouse.html" "Mozilla/4.0 (compatible; MSIE 6.0; Windows NT 5.1; SV1; .NET CLR 1.1.4322)"
172.179.46.97 - - [22/Jan/2006:10:49:48 -0500] "GET /englishL/life/images/downdrawingroom-t.jpg HTTP/1.1" 200 39782 "http://www.darwinday.org/englishL/life/downhouse.html" "Mozilla/4.0 (compatible; MSIE 6.0; Windows NT 5.1; SV1; .NET CLR 1.1.4322)"
172.179.46.97 - - [22/Jan/2006:10:49:48 -0500] "GET /englishL/life/images/study-t.jpg HTTP/1.1" 200 37613 "http://www.darwinday.org/englishL/life/downhouse.html" "Mozilla/4.0 (compatible; MSIE 6.0; Windows NT 5.1; SV1; .NET CLR 1.1.4322)"
172.179.46.97 - - [22/Jan/2006:10:49:48 -0500] "GET /englishL/life/images/downdining-t.jpg HTTP/1.1" 200 29295 "http://www.darwinday.org/englishL/life/downhouse.html" "Mozilla/4.0 (compatible; MSIE 6.0; Windows NT 5.1; SV1; .NET CLR 1.1.4322)"
172.179.46.97 - - [22/Jan/2006:10:49:49 -0500] "GET /englishL/life/images/downhouseplan2-t.jpg HTTP/1.1" 200 33925 "http://www.darwinday.org/englishL/life/downhouse.html" "Mozilla/4.0 (compatible; MSIE 6.0; Windows NT 5.1; SV1; .NET CLR 1.1.4322)"
172.179.46.97 - - [22/Jan/2006:10:50:16 -0500] "GET /englishL/life/paternal.html HTTP/1.1" 200 3115 "http://www.darwinday.org/englishL/life/index.html" "Mozilla/4.0 (compatible; MSIE 6.0; Windows NT 5.1; SV1; .NET CLR 1.1.4322)"
172.179.46.97 - - [22/Jan/2006:10:50:23 -0500] "GET /englishL/life/maternal.html HTTP/1.1" 200 9363 "http://www.darwinday.org/englishL/life/index.html" "Mozilla/4.0 (compatible; MSIE 6.0; Windows NT 5.1; SV1; .NET CLR 1.1.4322)"
172.179.46.97 - - [22/Jan/2006:10:50:24 -0500] "GET /englishL/life/images/family/josiah.jpg HTTP/1.1" 200 21468 "http://www.darwinday.org/englishL/life/maternal.html" "Mozilla/4.0 (compatible; MSIE 6.0; Windows NT 5.1; SV1; .NET CLR 1.1.4322)"
172.179.46.97 - - [22/Jan/2006:10:50:25 -0500] "GET /englishL/life/images/family/josiah2-t.jpg HTTP/1.1" 200 21401 "http://www.darwinday.org/englishL/life/maternal.html" "Mozilla/4.0 (compatible; MSIE 6.0; Windows NT 5.1; SV1; .NET CLR 1.1.4322)"
172.179.46.97 - - [22/Jan/2006:10:50:25 -0500] "GET /englishL/life/images/family/sarah-josiah.jpg HTTP/1.1" 200 28518 "http://www.darwinday.org/englishL/life/maternal.html" "Mozilla/4.0 (compatible; MSIE 6.0; Windows NT 5.1; SV1; .NET CLR 1.1.4322)"
172.179.46.97 - - [22/Jan/2006:10:50:25 -0500] "GET /englishL/life/images/family/sarah-t.jpg HTTP/1.1" 200 22191 "http://www.darwinday.org/englishL/life/maternal.html" "Mozilla/4.0 (compatible; MSIE 6.0; Windows NT 5.1; SV1; .NET CLR 1.1.4322)"
172.179.46.97 - - [22/Jan/2006:10:50:36 -0500] "GET /englishL/life/parents.html HTTP/1.1" 200 7215 "http://www.darwinday.org/englishL/life/index.html" "Mozilla/4.0 (compatible; MSIE 6.0; Windows NT 5.1; SV1; .NET CLR 1.1.4322)"
172.179.46.97 - - [22/Jan/2006:10:50:37 -0500] "GET /englishL/life/images/mountold.jpg HTTP/1.1" 200 9960 "http://www.darwinday.org/englishL/life/parents.html" "Mozilla/4.0 (compatible; MSIE 6.0; Windows NT 5.1; SV1; .NET CLR 1.1.4322)"
172.179.46.97 - - [22/Jan/2006:10:50:37 -0500] "GET /englishL/life/images/family/robert-t.jpg HTTP/1.1" 200 25046 "http://www.darwinday.org/englishL/life/parents.html" "Mozilla/4.0 (compatible; MSIE 6.0; Windows NT 5.1; SV1; .NET CLR 1.1.4322)"
172.179.46.97 - - [22/Jan/2006:10:51:43 -0500] "GET /stylesheets/main.css HTTP/1.1" 304 - "-" "Mozilla/4.0 (compatible; MSIE 6.0; Windows NT 5.1; SV1; .NET CLR 1.1.4322)"
172.179.46.97 - - [22/Jan/2006:10:51:43 -0500] "GET /englishL/life/images/mountold.jpg HTTP/1.1" 304 - "-" "Mozilla/4.0 (compatible; MSIE 6.0; Windows NT 5.1; SV1; .NET CLR 1.1.4322)"
172.179.46.97 - - [22/Jan/2006:10:52:10 -0500] "GET /englishL/life/siblings.html HTTP/1.1" 200 7750 "http://www.darwinday.org/englishL/life/index.html" "Mozilla/4.0 (compatible; MSIE 6.0; Windows NT 5.1; SV1; .NET CLR 1.1.4322)"
172.179.46.97 - - [22/Jan/2006:10:52:16 -0500] "GET /englishL/life/emma.html HTTP/1.1" 200 12947 "http://www.darwinday.org/englishL/life/index.html" "Mozilla/4.0 (compatible; MSIE 6.0; Windows NT 5.1; SV1; .NET CLR 1.1.4322)"
172.179.46.97 - - [22/Jan/2006:10:52:17 -0500] "GET /englishL/life/images/emma-t.gif HTTP/1.1" 200 27756 "http://www.darwinday.org/englishL/life/emma.html" "Mozilla/4.0 (compatible; MSIE 6.0; Windows NT 5.1; SV1; .NET CLR 1.1.4322)"
172.179.46.97 - - [22/Jan/2006:10:52:21 -0500] "GET /englishL/life/images/emma.gif HTTP/1.1" 200 179774 "http://www.darwinday.org/englishL/life/emma.html" "Mozilla/4.0 (compatible; MSIE 6.0; Windows NT 5.1; SV1; .NET CLR 1.1.4322)"
81.248.112.44 - - [22/Jan/2006:10:52:33 -0500] "GET /englishL/home/images/darwinages.gif HTTP/1.1" 200 50309 "http://drervin.com/" "Mozilla/4.0 (compatible; MSIE 6.0; Windows NT 5.1; Wanadoo 6.2; .NET CLR 1.1.4322)"
172.179.46.97 - - [22/Jan/2006:10:52:38 -0500] "GET /stylesheets/main.css HTTP/1.1" 304 - "-" "Mozilla/4.0 (compatible; MSIE 6.0; Windows NT 5.1; SV1; .NET CLR 1.1.4322)"
172.179.46.97 - - [22/Jan/2006:10:52:38 -0500] "GET /englishL/life/images/emma-t.gif HTTP/1.1" 304 - "-" "Mozilla/4.0 (compatible; MSIE 6.0; Windows NT 5.1; SV1; .NET CLR 1.1.4322)"
172.179.46.97 - - [22/Jan/2006:10:53:03 -0500] "GET /englishL/evolution/index.html HTTP/1.1" 200 4606 "http://www.darwinday.org/englishL/life/index.html" "Mozilla/4.0 (compatible; MSIE 6.0; Windows NT 5.1; SV1; .NET CLR 1.1.4322)"
151.81.0.98 - - [22/Jan/2006:10:53:03 -0500] "GET / HTTP/1.1" 200 12629 "-" "Mozilla/5.0 (Macintosh; U; PPC Mac OS X; it-it) AppleWebKit/312.5.1 (KHTML, like Gecko) Safari/312.3.1"
172.179.46.97 - - [22/Jan/2006:10:53:04 -0500] "GET /images/dnagraphic.jpg HTTP/1.1" 200 25020 "http://www.darwinday.org/englishL/evolution/index.html" "Mozilla/4.0 (compatible; MSIE 6.0; Windows NT 5.1; SV1; .NET CLR 1.1.4322)"
151.81.0.98 - - [22/Jan/2006:10:53:07 -0500] "GET / HTTP/1.1" 200 25315 "-" "Mozilla/5.0 (Macintosh; U; PPC Mac OS X; it-it) AppleWebKit/312.5.1 (KHTML, like Gecko) Safari/312.3.1"
151.81.0.98 - - [22/Jan/2006:10:53:08 -0500] "GET /stylesheets/mainenglishL.css HTTP/1.1" 200 590 "http://www.darwinday.org/" "Mozilla/5.0 (Macintosh; U; PPC Mac OS X; it-it) AppleWebKit/312.5.1 (KHTML, like Gecko) Safari/312.3.1"
151.81.0.98 - - [22/Jan/2006:10:53:08 -0500] "GET /stylesheets/main.css HTTP/1.1" 200 658 "http://www.darwinday.org/" "Mozilla/5.0 (Macintosh; U; PPC Mac OS X; it-it) AppleWebKit/312.5.1 (KHTML, like Gecko) Safari/312.3.1"
172.179.46.97 - - [22/Jan/2006:10:53:08 -0500] "GET /englishL/evolution/theory.html HTTP/1.1" 200 9412 "http://www.darwinday.org/englishL/evolution/index.html" "Mozilla/4.0 (compatible; MSIE 6.0; Windows NT 5.1; SV1; .NET CLR 1.1.4322)"
151.81.0.98 - - [22/Jan/2006:10:53:09 -0500] "GET /images/topleftlogo.gif HTTP/1.1" 200 6907 "http://www.darwinday.org/" "Mozilla/5.0 (Macintosh; U; PPC Mac OS X; it-it) AppleWebKit/312.5.1 (KHTML, like Gecko) Safari/312.3.1"
151.81.0.98 - - [22/Jan/2006:10:53:12 -0500] "GET /englishL/images/titletrans.gif HTTP/1.1" 200 15588 "http://www.darwinday.org/" "Mozilla/5.0 (Macintosh; U; PPC Mac OS X; it-it) AppleWebKit/312.5.1 (KHTML, like Gecko) Safari/312.3.1"
151.81.0.98 - - [22/Jan/2006:10:53:14 -0500] "GET /englishL/images/navbar.gif HTTP/1.1" 200 2667 "http://www.darwinday.org/" "Mozilla/5.0 (Macintosh; U; PPC Mac OS X; it-it) AppleWebKit/312.5.1 (KHTML, like Gecko) Safari/312.3.1"
172.179.46.97 - - [22/Jan/2006:10:53:17 -0500] "GET /englishL/evolution/inheritance.html HTTP/1.1" 200 4631 "http://www.darwinday.org/englishL/evolution/index.html" "Mozilla/4.0 (compatible; MSIE 6.0; Windows NT 5.1; SV1; .NET CLR 1.1.4322)"
151.81.0.98 - - [22/Jan/2006:10:53:19 -0500] "GET /images/header.gif HTTP/1.1" 200 26756 "http://www.darwinday.org/" "Mozilla/5.0 (Macintosh; U; PPC Mac OS X; it-it) AppleWebKit/312.5.1 (KHTML, like Gecko) Safari/312.3.1"
172.179.46.97 - - [22/Jan/2006:10:53:23 -0500] "GET /englishL/evolution/dna.html HTTP/1.1" 200 7092 "http://www.darwinday.org/englishL/evolution/index.html" "Mozilla/4.0 (compatible; MSIE 6.0; Windows NT 5.1; SV1; .NET CLR 1.1.4322)"
151.81.0.98 - - [22/Jan/2006:10:53:23 -0500] "GET /images/arrow.gif HTTP/1.1" 200 112 "http://www.darwinday.org/" "Mozilla/5.0 (Macintosh; U; PPC Mac OS X; it-it) AppleWebKit/312.5.1 (KHTML, like Gecko) Safari/312.3.1"
172.179.46.97 - - [22/Jan/2006:10:53:24 -0500] "GET /images/duplicatedna.gif HTTP/1.1" 200 16618 "http://www.darwinday.org/englishL/evolution/dna.html" "Mozilla/4.0 (compatible; MSIE 6.0; Windows NT 5.1; SV1; .NET CLR 1.1.4322)"
151.81.0.98 - - [22/Jan/2006:10:53:27 -0500] "GET /images/dnahorizl.gif HTTP/1.1" 200 2130 "http://www.darwinday.org/" "Mozilla/5.0 (Macintosh; U; PPC Mac OS X; it-it) AppleWebKit/312.5.1 (KHTML, like Gecko) Safari/312.3.1"
151.81.0.98 - - [22/Jan/2006:10:53:28 -0500] "GET /images/dnahoriz.gif HTTP/1.1" 200 3391 "http://www.darwinday.org/" "Mozilla/5.0 (Macintosh; U; PPC Mac OS X; it-it) AppleWebKit/312.5.1 (KHTML, like Gecko) Safari/312.3.1"
172.179.46.97 - - [22/Jan/2006:10:53:28 -0500] "GET /englishL/newsviews/index.html HTTP/1.1" 200 4903 "http://www.darwinday.org/englishL/evolution/dna.html" "Mozilla/4.0 (compatible; MSIE 6.0; Windows NT 5.1; SV1; .NET CLR 1.1.4322)"
172.179.46.97 - - [22/Jan/2006:10:53:29 -0500] "GET /chooselang/index.html HTTP/1.1" 200 5641 "http://www.darwinday.org/englishL/newsviews/index.html" "Mozilla/4.0 (compatible; MSIE 6.0; Windows NT 5.1; SV1; .NET CLR 1.1.4322)"
151.81.0.98 - - [22/Jan/2006:10:53:31 -0500] "GET /images/dnahorizr.gif HTTP/1.1" 200 2104 "http://www.darwinday.org/" "Mozilla/5.0 (Macintosh; U; PPC Mac OS X; it-it) AppleWebKit/312.5.1 (KHTML, like Gecko) Safari/312.3.1"
151.81.0.98 - - [22/Jan/2006:10:53:32 -0500] "GET /englishL/home/images/lincoln.gif HTTP/1.1" 200 11057 "http://www.darwinday.org/" "Mozilla/5.0 (Macintosh; U; PPC Mac OS X; it-it) AppleWebKit/312.5.1 (KHTML, like Gecko) Safari/312.3.1"
151.81.0.98 - - [22/Jan/2006:10:53:34 -0500] "GET /englishL/home/images/darwin.gif HTTP/1.1" 200 13783 "http://www.darwinday.org/" "Mozilla/5.0 (Macintosh; U; PPC Mac OS X; it-it) AppleWebKit/312.5.1 (KHTML, like Gecko) Safari/312.3.1"
151.81.0.98 - - [22/Jan/2006:10:53:41 -0500] "GET /englishL/currarts.html HTTP/1.1" 200 5653 "http://www.darwinday.org/" "Mozilla/5.0 (Macintosh; U; PPC Mac OS X; it-it) AppleWebKit/312.5.1 (KHTML, like Gecko) Safari/312.3.1"
151.81.0.98 - - [22/Jan/2006:10:53:41 -0500] "GET /englishL/home/images/darwinages.gif HTTP/1.1" 200 50309 "http://www.darwinday.org/" "Mozilla/5.0 (Macintosh; U; PPC Mac OS X; it-it) AppleWebKit/312.5.1 (KHTML, like Gecko) Safari/312.3.1"
151.81.0.98 - - [22/Jan/2006:10:53:48 -0500] "GET /images/trans.gif HTTP/1.1" 200 49 "http://www.darwinday.org/" "Mozilla/5.0 (Macintosh; U; PPC Mac OS X; it-it) AppleWebKit/312.5.1 (KHTML, like Gecko) Safari/312.3.1"
151.81.0.98 - - [22/Jan/2006:10:53:51 -0500] "GET /englishL/home/images/joinus.gif HTTP/1.1" 200 524 "http://www.darwinday.org/" "Mozilla/5.0 (Macintosh; U; PPC Mac OS X; it-it) AppleWebKit/312.5.1 (KHTML, like Gecko) Safari/312.3.1"
151.81.0.98 - - [22/Jan/2006:10:53:53 -0500] "GET /englishL/home/images/manymore.gif HTTP/1.1" 200 581 "http://www.darwinday.org/" "Mozilla/5.0 (Macintosh; U; PPC Mac OS X; it-it) AppleWebKit/312.5.1 (KHTML, like Gecko) Safari/312.3.1"
151.81.0.98 - - [22/Jan/2006:10:53:55 -0500] "GET /englishL/home/images/beagle.gif HTTP/1.1" 200 37108 "http://www.darwinday.org/" "Mozilla/5.0 (Macintosh; U; PPC Mac OS X; it-it) AppleWebKit/312.5.1 (KHTML, like Gecko) Safari/312.3.1"
151.81.0.98 - - [22/Jan/2006:10:53:56 -0500] "GET /favicon.ico HTTP/1.1" 404 3385 "-" "Mozilla/5.0 (Macintosh; U; PPC Mac OS X; it-it) AppleWebKit/312.5.1 (KHTML, like Gecko) Safari/312.3.1"
151.81.0.98 - - [22/Jan/2006:10:54:01 -0500] "GET /englishL/home/images/horse.evolution.jpg HTTP/1.1" 200 29612 "http://www.darwinday.org/" "Mozilla/5.0 (Macintosh; U; PPC Mac OS X; it-it) AppleWebKit/312.5.1 (KHTML, like Gecko) Safari/312.3.1"
151.81.0.98 - - [22/Jan/2006:10:54:04 -0500] "GET /images/DNAlogo.gif HTTP/1.1" 200 1370 "http://www.darwinday.org/englishL/currarts.html" "Mozilla/5.0 (Macintosh; U; PPC Mac OS X; it-it) AppleWebKit/312.5.1 (KHTML, like Gecko) Safari/312.3.1"
151.81.0.98 - - [22/Jan/2006:10:54:11 -0500] "GET /images/worldmaptransp.gif HTTP/1.1" 200 128893 "http://www.darwinday.org/" "Mozilla/5.0 (Macintosh; U; PPC Mac OS X; it-it) AppleWebKit/312.5.1 (KHTML, like Gecko) Safari/312.3.1"
38.113.234.181 - - [22/Jan/2006:10:54:49 -0500] "GET /robots.txt HTTP/1.0" 404 3372 "-" "voyager/1.0"
38.113.234.181 - - [22/Jan/2006:10:55:21 -0500] "GET /englishL/home/2008.html HTTP/1.0" 200 3869 "-" "voyager/1.0"
66.194.6.75 - - [22/Jan/2006:11:00:01 -0500] "GET /home/2004.html HTTP/1.1" 404 3388 "-" "Mozilla/5.0 (compatible; Konqueror/3.1; i686 Linux; 20020411)"
213.156.52.112 - - [22/Jan/2006:11:01:07 -0500] "GET /englishL/home/images/darwinages.gif HTTP/1.1" 200 50309 "http://drervin.com/" "Mozilla/5.0 (Windows; U; Windows NT 5.1; it; rv:1.8) Gecko/20051111 Firefox/1.5"
65.100.16.184 - - [22/Jan/2006:11:04:31 -0500] "GET /stylesheets/mainenglishL.css HTTP/1.1" 200 590 "http://www.darwinday.org/" "Mozilla/5.0 (X11; U; Linux i686 (x86_64); en-US; rv:1.7.10) Gecko/20050715 Firefox/1.0.6 SUSE/1.0.6-16"
65.100.16.184 - - [22/Jan/2006:11:04:31 -0500] "GET / HTTP/1.1" 200 25315 "http://www.simonyi.ox.ac.uk/dawkins/calendar/cal_item.shtml?select=1134393343" "Mozilla/5.0 (X11; U; Linux i686 (x86_64); en-US; rv:1.7.10) Gecko/20050715 Firefox/1.0.6 SUSE/1.0.6-16"
65.100.16.184 - - [22/Jan/2006:11:04:31 -0500] "GET /stylesheets/main.css HTTP/1.1" 200 658 "http://www.darwinday.org/" "Mozilla/5.0 (X11; U; Linux i686 (x86_64); en-US; rv:1.7.10) Gecko/20050715 Firefox/1.0.6 SUSE/1.0.6-16"
65.100.16.184 - - [22/Jan/2006:11:04:31 -0500] "GET /images/topleftlogo.gif HTTP/1.1" 200 6907 "http://www.darwinday.org/" "Mozilla/5.0 (X11; U; Linux i686 (x86_64); en-US; rv:1.7.10) Gecko/20050715 Firefox/1.0.6 SUSE/1.0.6-16"
65.100.16.184 - - [22/Jan/2006:11:04:31 -0500] "GET /images/header.gif HTTP/1.1" 200 26756 "http://www.darwinday.org/" "Mozilla/5.0 (X11; U; Linux i686 (x86_64); en-US; rv:1.7.10) Gecko/20050715 Firefox/1.0.6 SUSE/1.0.6-16"
65.100.16.184 - - [22/Jan/2006:11:04:32 -0500] "GET /images/worldmaptransp.gif HTTP/1.1" 200 128893 "http://www.darwinday.org/" "Mozilla/5.0 (X11; U; Linux i686 (x86_64); en-US; rv:1.7.10) Gecko/20050715 Firefox/1.0.6 SUSE/1.0.6-16"
65.100.16.184 - - [22/Jan/2006:11:04:32 -0500] "GET /englishL/images/titletrans.gif HTTP/1.1" 200 15588 "http://www.darwinday.org/" "Mozilla/5.0 (X11; U; Linux i686 (x86_64); en-US; rv:1.7.10) Gecko/20050715 Firefox/1.0.6 SUSE/1.0.6-16"
65.100.16.184 - - [22/Jan/2006:11:04:32 -0500] "GET /englishL/images/navbar.gif HTTP/1.1" 200 2667 "http://www.darwinday.org/" "Mozilla/5.0 (X11; U; Linux i686 (x86_64); en-US; rv:1.7.10) Gecko/20050715 Firefox/1.0.6 SUSE/1.0.6-16"
65.100.16.184 - - [22/Jan/2006:11:04:32 -0500] "GET /images/arrow.gif HTTP/1.1" 200 112 "http://www.darwinday.org/" "Mozilla/5.0 (X11; U; Linux i686 (x86_64); en-US; rv:1.7.10) Gecko/20050715 Firefox/1.0.6 SUSE/1.0.6-16"
65.100.16.184 - - [22/Jan/2006:11:04:32 -0500] "GET /images/dnahorizl.gif HTTP/1.1" 200 2130 "http://www.darwinday.org/" "Mozilla/5.0 (X11; U; Linux i686 (x86_64); en-US; rv:1.7.10) Gecko/20050715 Firefox/1.0.6 SUSE/1.0.6-16"
65.100.16.184 - - [22/Jan/2006:11:04:32 -0500] "GET /images/dnahoriz.gif HTTP/1.1" 200 3391 "http://www.darwinday.org/" "Mozilla/5.0 (X11; U; Linux i686 (x86_64); en-US; rv:1.7.10) Gecko/20050715 Firefox/1.0.6 SUSE/1.0.6-16"
65.100.16.184 - - [22/Jan/2006:11:04:33 -0500] "GET /englishL/home/images/darwinages.gif HTTP/1.1" 200 50309 "http://www.darwinday.org/" "Mozilla/5.0 (X11; U; Linux i686 (x86_64); en-US; rv:1.7.10) Gecko/20050715 Firefox/1.0.6 SUSE/1.0.6-16"
65.100.16.184 - - [22/Jan/2006:11:04:33 -0500] "GET /images/dnahorizr.gif HTTP/1.1" 200 2104 "http://www.darwinday.org/" "Mozilla/5.0 (X11; U; Linux i686 (x86_64); en-US; rv:1.7.10) Gecko/20050715 Firefox/1.0.6 SUSE/1.0.6-16"
65.100.16.184 - - [22/Jan/2006:11:04:33 -0500] "GET /englishL/currarts.html HTTP/1.1" 200 5653 "http://www.darwinday.org/" "Mozilla/5.0 (X11; U; Linux i686 (x86_64); en-US; rv:1.7.10) Gecko/20050715 Firefox/1.0.6 SUSE/1.0.6-16"
65.100.16.184 - - [22/Jan/2006:11:04:33 -0500] "GET /englishL/home/images/lincoln.gif HTTP/1.1" 200 11057 "http://www.darwinday.org/" "Mozilla/5.0 (X11; U; Linux i686 (x86_64); en-US; rv:1.7.10) Gecko/20050715 Firefox/1.0.6 SUSE/1.0.6-16"
65.100.16.184 - - [22/Jan/2006:11:04:33 -0500] "GET /englishL/home/images/darwin.gif HTTP/1.1" 200 13783 "http://www.darwinday.org/" "Mozilla/5.0 (X11; U; Linux i686 (x86_64); en-US; rv:1.7.10) Gecko/20050715 Firefox/1.0.6 SUSE/1.0.6-16"
65.100.16.184 - - [22/Jan/2006:11:04:33 -0500] "GET /englishL/home/images/beagle.gif HTTP/1.1" 200 37108 "http://www.darwinday.org/" "Mozilla/5.0 (X11; U; Linux i686 (x86_64); en-US; rv:1.7.10) Gecko/20050715 Firefox/1.0.6 SUSE/1.0.6-16"
65.100.16.184 - - [22/Jan/2006:11:04:33 -0500] "GET /images/trans.gif HTTP/1.1" 200 49 "http://www.darwinday.org/" "Mozilla/5.0 (X11; U; Linux i686 (x86_64); en-US; rv:1.7.10) Gecko/20050715 Firefox/1.0.6 SUSE/1.0.6-16"
65.100.16.184 - - [22/Jan/2006:11:04:34 -0500] "GET /englishL/home/images/manymore.gif HTTP/1.1" 200 581 "http://www.darwinday.org/" "Mozilla/5.0 (X11; U; Linux i686 (x86_64); en-US; rv:1.7.10) Gecko/20050715 Firefox/1.0.6 SUSE/1.0.6-16"
65.100.16.184 - - [22/Jan/2006:11:04:34 -0500] "GET /englishL/home/images/joinus.gif HTTP/1.1" 200 524 "http://www.darwinday.org/" "Mozilla/5.0 (X11; U; Linux i686 (x86_64); en-US; rv:1.7.10) Gecko/20050715 Firefox/1.0.6 SUSE/1.0.6-16"
65.100.16.184 - - [22/Jan/2006:11:04:34 -0500] "GET /englishL/home/images/horse.evolution.jpg HTTP/1.1" 200 29612 "http://www.darwinday.org/" "Mozilla/5.0 (X11; U; Linux i686 (x86_64); en-US; rv:1.7.10) Gecko/20050715 Firefox/1.0.6 SUSE/1.0.6-16"
65.100.16.184 - - [22/Jan/2006:11:04:34 -0500] "GET /images/DNAlogo.gif HTTP/1.1" 200 1370 "http://www.darwinday.org/englishL/currarts.html" "Mozilla/5.0 (X11; U; Linux i686 (x86_64); en-US; rv:1.7.10) Gecko/20050715 Firefox/1.0.6 SUSE/1.0.6-16"
65.100.16.184 - - [22/Jan/2006:11:04:34 -0500] "GET /favicon.ico HTTP/1.1" 404 3385 "-" "Mozilla/5.0 (X11; U; Linux i686 (x86_64); en-US; rv:1.7.10) Gecko/20050715 Firefox/1.0.6 SUSE/1.0.6-16"
82.141.137.253 - - [22/Jan/2006:11:07:58 -0500] "GET /robots.txt HTTP/1.1" 404 3384 "-" "Mozilla/4.0 (compatible; MSIE 6.0; Windows NT 5.1; SV1; .NET CLR 1.1.4322; MSIECrawler)"
84.73.155.47 - - [22/Jan/2006:11:08:56 -0500] "GET /englishL/life/beagle.html HTTP/1.1" 200 20574 "http://images.google.ch/imgres?imgurl=http://www.darwinday.org/englishL/life/images/beagle/galapagos.jpg&imgrefurl=http://www.darwinday.org/englishL/life/beagle.html&h=384&w=271&sz=53&tbnid=UTPDBXOCOHrazM:&tbnh=119&tbnw=83&hl=de&start=74&prev=/images%3Fq%3Dgalapagos%26start%3D60%26svnum%3D10%26hl%3Dde%26lr%3D%26sa%3DN" "Mozilla/4.0 (compatible; MSIE 6.0; Windows NT 5.1; SV1; .NET CLR 1.1.4322)"
84.73.155.47 - - [22/Jan/2006:11:08:56 -0500] "GET /stylesheets/main.css HTTP/1.1" 200 658 "http://www.darwinday.org/englishL/life/beagle.html" "Mozilla/4.0 (compatible; MSIE 6.0; Windows NT 5.1; SV1; .NET CLR 1.1.4322)"
84.73.155.47 - - [22/Jan/2006:11:08:56 -0500] "GET /images/topleftlogo.gif HTTP/1.1" 200 6907 "http://www.darwinday.org/englishL/life/beagle.html" "Mozilla/4.0 (compatible; MSIE 6.0; Windows NT 5.1; SV1; .NET CLR 1.1.4322)"
84.73.155.47 - - [22/Jan/2006:11:08:56 -0500] "GET /images/header.gif HTTP/1.1" 200 26756 "http://www.darwinday.org/englishL/life/beagle.html" "Mozilla/4.0 (compatible; MSIE 6.0; Windows NT 5.1; SV1; .NET CLR 1.1.4322)"
84.73.155.47 - - [22/Jan/2006:11:08:57 -0500] "GET /englishL/images/titletrans.gif HTTP/1.1" 200 15588 "http://www.darwinday.org/englishL/life/beagle.html" "Mozilla/4.0 (compatible; MSIE 6.0; Windows NT 5.1; SV1; .NET CLR 1.1.4322)"
84.73.155.47 - - [22/Jan/2006:11:08:57 -0500] "GET /images/worldmaptransp.gif HTTP/1.1" 200 128893 "http://www.darwinday.org/englishL/life/beagle.html" "Mozilla/4.0 (compatible; MSIE 6.0; Windows NT 5.1; SV1; .NET CLR 1.1.4322)"
84.73.155.47 - - [22/Jan/2006:11:08:57 -0500] "GET /englishL/images/navbar.gif HTTP/1.1" 200 2667 "http://www.darwinday.org/englishL/life/beagle.html" "Mozilla/4.0 (compatible; MSIE 6.0; Windows NT 5.1; SV1; .NET CLR 1.1.4322)"
84.73.155.47 - - [22/Jan/2006:11:08:57 -0500] "GET /englishL/life/images/beagle/beaglemap-t.gif HTTP/1.1" 200 17709 "http://www.darwinday.org/englishL/life/beagle.html" "Mozilla/4.0 (compatible; MSIE 6.0; Windows NT 5.1; SV1; .NET CLR 1.1.4322)"
84.73.155.47 - - [22/Jan/2006:11:08:58 -0500] "GET /englishL/life/images/beagle/beaglemapsa-t.gif HTTP/1.1" 200 15500 "http://www.darwinday.org/englishL/life/beagle.html" "Mozilla/4.0 (compatible; MSIE 6.0; Windows NT 5.1; SV1; .NET CLR 1.1.4322)"
