137.108.145.10 - - [24/Jan/2006:04:48:34 -0500] "GET /englishL/currarts.html HTTP/1.0" 304 - "http://www.darwinday.org/" "Mozilla/4.0 (compatible; MSIE 6.0; Windows NT 5.0; FunWebProducts; .NET CLR 1.1.4322; .NET CLR 2.0.50727)"
137.108.145.10 - - [24/Jan/2006:04:48:34 -0500] "GET /englishL/images/navbar.gif HTTP/1.0" 304 - "http://www.darwinday.org/" "Mozilla/4.0 (compatible; MSIE 6.0; Windows NT 5.0; FunWebProducts; .NET CLR 1.1.4322; .NET CLR 2.0.50727)"
137.108.145.10 - - [24/Jan/2006:04:48:34 -0500] "GET /englishL/images/titletrans.gif HTTP/1.0" 304 - "http://www.darwinday.org/" "Mozilla/4.0 (compatible; MSIE 6.0; Windows NT 5.0; FunWebProducts; .NET CLR 1.1.4322; .NET CLR 2.0.50727)"
137.108.145.10 - - [24/Jan/2006:04:48:34 -0500] "GET /englishL/home/images/darwinages.gif HTTP/1.0" 304 - "http://www.darwinday.org/" "Mozilla/4.0 (compatible; MSIE 6.0; Windows NT 5.0; FunWebProducts; .NET CLR 1.1.4322; .NET CLR 2.0.50727)"
137.108.145.10 - - [24/Jan/2006:04:48:35 -0500] "GET /englishL/home/images/darwin.gif HTTP/1.0" 304 - "http://www.darwinday.org/" "Mozilla/4.0 (compatible; MSIE 6.0; Windows NT 5.0; FunWebProducts; .NET CLR 1.1.4322; .NET CLR 2.0.50727)"
137.108.145.10 - - [24/Jan/2006:04:48:35 -0500] "GET /englishL/home/images/lincoln.gif HTTP/1.0" 304 - "http://www.darwinday.org/" "Mozilla/4.0 (compatible; MSIE 6.0; Windows NT 5.0; FunWebProducts; .NET CLR 1.1.4322; .NET CLR 2.0.50727)"
137.108.145.10 - - [24/Jan/2006:04:48:35 -0500] "GET /englishL/home/images/beagle.gif HTTP/1.0" 304 - "http://www.darwinday.org/" "Mozilla/4.0 (compatible; MSIE 6.0; Windows NT 5.0; FunWebProducts; .NET CLR 1.1.4322; .NET CLR 2.0.50727)"
137.108.145.10 - - [24/Jan/2006:04:48:35 -0500] "GET /englishL/home/images/manymore.gif HTTP/1.0" 304 - "http://www.darwinday.org/" "Mozilla/4.0 (compatible; MSIE 6.0; Windows NT 5.0; FunWebProducts; .NET CLR 1.1.4322; .NET CLR 2.0.50727)"
137.108.145.10 - - [24/Jan/2006:04:48:35 -0500] "GET /englishL/home/images/joinus.gif HTTP/1.0" 304 - "http://www.darwinday.org/" "Mozilla/4.0 (compatible; MSIE 6.0; Windows NT 5.0; FunWebProducts; .NET CLR 1.1.4322; .NET CLR 2.0.50727)"
137.108.145.10 - - [24/Jan/2006:04:48:35 -0500] "GET /englishL/home/images/horse.evolution.jpg HTTP/1.0" 304 - "http://www.darwinday.org/" "Mozilla/4.0 (compatible; MSIE 6.0; Windows NT 5.0; FunWebProducts; .NET CLR 1.1.4322; .NET CLR 2.0.50727)"
68.254.180.34 - - [24/Jan/2006:04:49:03 -0500] "GET /englishL/life/index.html HTTP/1.0" 304 - "-" "Mozilla/4.0 (compatible; MSIE 5.5; Windows NT 5.0) Fetch API Request"
70.231.233.220 - - [24/Jan/2006:04:51:00 -0500] "GET /stylesheets/mainenglishL.css HTTP/1.1" 200 590 "http://www.darwinday.org/" "Mozilla/4.0 (compatible; MSIE 6.0; Windows NT 5.1; SV1; .NET CLR 1.1.4322)"
70.231.233.220 - - [24/Jan/2006:04:51:00 -0500] "GET / HTTP/1.1" 200 25315 "http://www.nsta.org/main/calendar/event_detail.php?event_ID=4226" "Mozilla/4.0 (compatible; MSIE 6.0; Windows NT 5.1; SV1; .NET CLR 1.1.4322)"
70.231.233.220 - - [24/Jan/2006:04:51:00 -0500] "GET /stylesheets/main.css HTTP/1.1" 200 658 "http://www.darwinday.org/" "Mozilla/4.0 (compatible; MSIE 6.0; Windows NT 5.1; SV1; .NET CLR 1.1.4322)"
70.231.233.220 - - [24/Jan/2006:04:51:00 -0500] "GET /images/topleftlogo.gif HTTP/1.1" 200 6907 "http://www.darwinday.org/" "Mozilla/4.0 (compatible; MSIE 6.0; Windows NT 5.1; SV1; .NET CLR 1.1.4322)"
70.231.233.220 - - [24/Jan/2006:04:51:00 -0500] "GET /englishL/currarts.html HTTP/1.1" 200 5653 "http://www.darwinday.org/" "Mozilla/4.0 (compatible; MSIE 6.0; Windows NT 5.1; SV1; .NET CLR 1.1.4322)"
70.231.233.220 - - [24/Jan/2006:04:51:01 -0500] "GET /images/header.gif HTTP/1.1" 200 26756 "http://www.darwinday.org/" "Mozilla/4.0 (compatible; MSIE 6.0; Windows NT 5.1; SV1; .NET CLR 1.1.4322)"
70.231.233.220 - - [24/Jan/2006:04:51:01 -0500] "GET /englishL/images/titletrans.gif HTTP/1.1" 200 15588 "http://www.darwinday.org/" "Mozilla/4.0 (compatible; MSIE 6.0; Windows NT 5.1; SV1; .NET CLR 1.1.4322)"
70.231.233.220 - - [24/Jan/2006:04:51:01 -0500] "GET /englishL/images/navbar.gif HTTP/1.1" 200 2667 "http://www.darwinday.org/" "Mozilla/4.0 (compatible; MSIE 6.0; Windows NT 5.1; SV1; .NET CLR 1.1.4322)"
70.231.233.220 - - [24/Jan/2006:04:51:02 -0500] "GET /images/worldmaptransp.gif HTTP/1.1" 200 128893 "http://www.darwinday.org/" "Mozilla/4.0 (compatible; MSIE 6.0; Windows NT 5.1; SV1; .NET CLR 1.1.4322)"
70.231.233.220 - - [24/Jan/2006:04:51:02 -0500] "GET /images/arrow.gif HTTP/1.1" 200 112 "http://www.darwinday.org/" "Mozilla/4.0 (compatible; MSIE 6.0; Windows NT 5.1; SV1; .NET CLR 1.1.4322)"
70.231.233.220 - - [24/Jan/2006:04:51:02 -0500] "GET /images/dnahorizl.gif HTTP/1.1" 200 2130 "http://www.darwinday.org/" "Mozilla/4.0 (compatible; MSIE 6.0; Windows NT 5.1; SV1; .NET CLR 1.1.4322)"
70.231.233.220 - - [24/Jan/2006:04:51:02 -0500] "GET /images/dnahoriz.gif HTTP/1.1" 200 3391 "http://www.darwinday.org/" "Mozilla/4.0 (compatible; MSIE 6.0; Windows NT 5.1; SV1; .NET CLR 1.1.4322)"
70.231.233.220 - - [24/Jan/2006:04:51:02 -0500] "GET /englishL/home/images/darwinages.gif HTTP/1.1" 200 50309 "http://www.darwinday.org/" "Mozilla/4.0 (compatible; MSIE 6.0; Windows NT 5.1; SV1; .NET CLR 1.1.4322)"
70.231.233.220 - - [24/Jan/2006:04:51:02 -0500] "GET /images/dnahorizr.gif HTTP/1.1" 200 2104 "http://www.darwinday.org/" "Mozilla/4.0 (compatible; MSIE 6.0; Windows NT 5.1; SV1; .NET CLR 1.1.4322)"
70.231.233.220 - - [24/Jan/2006:04:51:02 -0500] "GET /englishL/home/images/lincoln.gif HTTP/1.1" 200 11057 "http://www.darwinday.org/" "Mozilla/4.0 (compatible; MSIE 6.0; Windows NT 5.1; SV1; .NET CLR 1.1.4322)"
70.231.233.220 - - [24/Jan/2006:04:51:02 -0500] "GET /englishL/home/images/darwin.gif HTTP/1.1" 200 13783 "http://www.darwinday.org/" "Mozilla/4.0 (compatible; MSIE 6.0; Windows NT 5.1; SV1; .NET CLR 1.1.4322)"
70.231.233.220 - - [24/Jan/2006:04:51:02 -0500] "GET /images/trans.gif HTTP/1.1" 200 49 "http://www.darwinday.org/" "Mozilla/4.0 (compatible; MSIE 6.0; Windows NT 5.1; SV1; .NET CLR 1.1.4322)"
70.231.233.220 - - [24/Jan/2006:04:51:02 -0500] "GET /englishL/home/images/beagle.gif HTTP/1.1" 200 37108 "http://www.darwinday.org/" "Mozilla/4.0 (compatible; MSIE 6.0; Windows NT 5.1; SV1; .NET CLR 1.1.4322)"
70.231.233.220 - - [24/Jan/2006:04:51:02 -0500] "GET /englishL/home/images/manymore.gif HTTP/1.1" 200 581 "http://www.darwinday.org/" "Mozilla/4.0 (compatible; MSIE 6.0; Windows NT 5.1; SV1; .NET CLR 1.1.4322)"
70.231.233.220 - - [24/Jan/2006:04:51:03 -0500] "GET /englishL/home/images/joinus.gif HTTP/1.1" 200 524 "http://www.darwinday.org/" "Mozilla/4.0 (compatible; MSIE 6.0; Windows NT 5.1; SV1; .NET CLR 1.1.4322)"
70.231.233.220 - - [24/Jan/2006:04:51:03 -0500] "GET /englishL/home/images/horse.evolution.jpg HTTP/1.1" 200 29612 "http://www.darwinday.org/" "Mozilla/4.0 (compatible; MSIE 6.0; Windows NT 5.1; SV1; .NET CLR 1.1.4322)"
70.231.233.220 - - [24/Jan/2006:04:51:03 -0500] "GET /images/DNAlogo.gif HTTP/1.1" 200 1370 "http://www.darwinday.org/englishL/currarts.html" "Mozilla/4.0 (compatible; MSIE 6.0; Windows NT 5.1; SV1; .NET CLR 1.1.4322)"
70.231.233.220 - - [24/Jan/2006:04:51:06 -0500] "GET /favicon.ico HTTP/1.1" 404 3385 "-" "Mozilla/4.0 (compatible; MSIE 6.0; Windows NT 5.1; SV1; .NET CLR 1.1.4322)"
24.61.164.33 - - [24/Jan/2006:04:51:07 -0500] "GET /englishL/home/2006.php HTTP/1.1" 200 244055 "-" "Mozilla/4.0 (compatible ; MSIE 6.0; Windows NT 5.1)"
70.231.233.220 - - [24/Jan/2006:04:51:12 -0500] "GET /favicon.ico HTTP/1.1" 404 3385 "-" "Mozilla/4.0 (compatible; MSIE 6.0; Windows NT 5.1; SV1; .NET CLR 1.1.4322)"
70.231.233.220 - - [24/Jan/2006:04:51:16 -0500] "GET /englishL/events/index.html HTTP/1.1" 200 4612 "http://www.darwinday.org/" "Mozilla/4.0 (compatible; MSIE 6.0; Windows NT 5.1; SV1; .NET CLR 1.1.4322)"
70.231.233.220 - - [24/Jan/2006:04:51:16 -0500] "GET /images/goldball.gif HTTP/1.1" 200 332 "http://www.darwinday.org/englishL/events/index.html" "Mozilla/4.0 (compatible; MSIE 6.0; Windows NT 5.1; SV1; .NET CLR 1.1.4322)"
70.231.233.220 - - [24/Jan/2006:04:51:22 -0500] "GET /englishL/home/2006.php HTTP/1.1" 200 244055 "http://www.darwinday.org/englishL/events/index.html" "Mozilla/4.0 (compatible; MSIE 6.0; Windows NT 5.1; SV1; .NET CLR 1.1.4322)"
66.249.71.17 - - [24/Jan/2006:04:52:34 -0500] "GET /englishL/newsviews/articles/oneside.html HTTP/1.0" 200 19576 "-" "Googlebot/2.1 (+http://www.google.com/bot.html)"
217.65.149.50 - - [24/Jan/2006:04:53:34 -0500] "GET /englishL/life/images/shrewsbury.jpg HTTP/1.1" 200 103773 "http://images.google.co.uk/imgres?imgurl=http://www.darwinday.org/englishL/life/images/shrewsbury.jpg&imgrefurl=http://www.darwinday.org/englishL/life/shrewsbury.html&h=402&w=562&sz=102&tbnid=q4QkjqkE1DjxNM:&tbnh=93&tbnw=131&hl=en&prev=/images%3Fq%3Dshrewsbury%26svnum%3D10%26hl%3Den%26lr%3D%26sa%3DN&frame=small" "Mozilla/4.0 (compatible; MSIE 6.0; Windows NT 5.0; .NET CLR 1.1.4322)"
24.61.164.33 - - [24/Jan/2006:04:54:34 -0500] "GET /stylesheets/mainenglishL.css HTTP/1.1" 200 590 "-" "Mozilla/4.0 (compatible ; MSIE 6.0; Windows NT 5.1)"
24.61.164.33 - - [24/Jan/2006:04:54:36 -0500] "GET /englishL/regevent/index.php HTTP/1.1" 200 12084 "-" "Mozilla/4.0 (compatible ; MSIE 6.0; Windows NT 5.1)"
24.61.164.33 - - [24/Jan/2006:04:54:49 -0500] "GET /englishL/life/index.html HTTP/1.1" 200 9860 "-" "Mozilla/4.0 (compatible ; MSIE 6.0; Windows NT 5.1)"
24.61.164.33 - - [24/Jan/2006:04:54:49 -0500] "GET /englishL/newsviews/index.html HTTP/1.1" 200 4903 "-" "Mozilla/4.0 (compatible ; MSIE 6.0; Windows NT 5.1)"
24.61.164.33 - - [24/Jan/2006:04:54:52 -0500] "GET /englishL/events/index.html HTTP/1.1" 200 4612 "-" "Mozilla/4.0 (compatible ; MSIE 6.0; Windows NT 5.1)"
24.61.164.33 - - [24/Jan/2006:04:55:08 -0500] "GET /englishL/evolution/index.html HTTP/1.1" 200 4606 "-" "Mozilla/4.0 (compatible ; MSIE 6.0; Windows NT 5.1)"
24.61.164.33 - - [24/Jan/2006:04:55:30 -0500] "GET /englishL/home/index.html HTTP/1.1" 200 12017 "-" "Mozilla/4.0 (compatible ; MSIE 6.0; Windows NT 5.1)"
24.61.164.33 - - [24/Jan/2006:04:55:31 -0500] "GET /englishL/aboutddc/index.html HTTP/1.1" 200 6558 "-" "Mozilla/4.0 (compatible ; MSIE 6.0; Windows NT 5.1)"
24.61.164.33 - - [24/Jan/2006:04:55:59 -0500] "GET /chooselang/index.html HTTP/1.1" 200 5641 "-" "Mozilla/4.0 (compatible ; MSIE 6.0; Windows NT 5.1)"
24.61.164.33 - - [24/Jan/2006:04:56:04 -0500] "GET /englishL/home/eeb.bio.utk.edu/darwin HTTP/1.1" 404 3410 "-" "Mozilla/4.0 (compatible ; MSIE 6.0; Windows NT 5.1)"
24.61.164.33 - - [24/Jan/2006:04:56:14 -0500] "GET /chooselang/index.html HTTP/1.1" 206 5641 "-" "Mozilla/4.0 (compatible ; MSIE 6.0; Windows NT 5.1)"
24.61.164.33 - - [24/Jan/2006:04:56:36 -0500] "GET /englishL/regevent/index.php HTTP/1.1" 200 31680 "-" "Mozilla/4.0 (compatible ; MSIE 6.0; Windows NT 5.1)"
71.80.157.99 - - [24/Jan/2006:04:56:39 -0500] "GET / HTTP/1.1" 304 - "-" "Mozilla/4.0 (compatible; MSIE 6.0; Windows 98)"
71.80.157.99 - - [24/Jan/2006:04:56:40 -0500] "GET /stylesheets/mainenglishL.css HTTP/1.1" 304 - "http://www.darwinday.org/" "Mozilla/4.0 (compatible; MSIE 6.0; Windows 98)"
71.80.157.99 - - [24/Jan/2006:04:56:40 -0500] "GET /images/arrow.gif HTTP/1.1" 304 - "http://www.darwinday.org/" "Mozilla/4.0 (compatible; MSIE 6.0; Windows 98)"
71.80.157.99 - - [24/Jan/2006:04:56:40 -0500] "GET /stylesheets/main.css HTTP/1.1" 304 - "http://www.darwinday.org/" "Mozilla/4.0 (compatible; MSIE 6.0; Windows 98)"
71.80.157.99 - - [24/Jan/2006:04:56:40 -0500] "GET /images/topleftlogo.gif HTTP/1.1" 304 - "http://www.darwinday.org/" "Mozilla/4.0 (compatible; MSIE 6.0; Windows 98)"
71.80.157.99 - - [24/Jan/2006:04:56:40 -0500] "GET /images/header.gif HTTP/1.1" 304 - "http://www.darwinday.org/" "Mozilla/4.0 (compatible; MSIE 6.0; Windows 98)"
71.80.157.99 - - [24/Jan/2006:04:56:40 -0500] "GET /images/worldmaptransp.gif HTTP/1.1" 304 - "http://www.darwinday.org/" "Mozilla/4.0 (compatible; MSIE 6.0; Windows 98)"
71.80.157.99 - - [24/Jan/2006:04:56:40 -0500] "GET /englishL/images/titletrans.gif HTTP/1.1" 304 - "http://www.darwinday.org/" "Mozilla/4.0 (compatible; MSIE 6.0; Windows 98)"
71.80.157.99 - - [24/Jan/2006:04:56:40 -0500] "GET /englishL/images/navbar.gif HTTP/1.1" 304 - "http://www.darwinday.org/" "Mozilla/4.0 (compatible; MSIE 6.0; Windows 98)"
71.80.157.99 - - [24/Jan/2006:04:56:40 -0500] "GET /englishL/home/images/darwinages.gif HTTP/1.1" 304 - "http://www.darwinday.org/" "Mozilla/4.0 (compatible; MSIE 6.0; Windows 98)"
71.80.157.99 - - [24/Jan/2006:04:56:40 -0500] "GET /images/dnahorizl.gif HTTP/1.1" 304 - "http://www.darwinday.org/" "Mozilla/4.0 (compatible; MSIE 6.0; Windows 98)"
71.80.157.99 - - [24/Jan/2006:04:56:40 -0500] "GET /images/dnahoriz.gif HTTP/1.1" 304 - "http://www.darwinday.org/" "Mozilla/4.0 (compatible; MSIE 6.0; Windows 98)"
71.80.157.99 - - [24/Jan/2006:04:56:40 -0500] "GET /images/dnahorizr.gif HTTP/1.1" 304 - "http://www.darwinday.org/" "Mozilla/4.0 (compatible; MSIE 6.0; Windows 98)"
71.80.157.99 - - [24/Jan/2006:04:56:40 -0500] "GET /englishL/home/images/lincoln.gif HTTP/1.1" 304 - "http://www.darwinday.org/" "Mozilla/4.0 (compatible; MSIE 6.0; Windows 98)"
71.80.157.99 - - [24/Jan/2006:04:56:40 -0500] "GET /englishL/home/images/darwin.gif HTTP/1.1" 304 - "http://www.darwinday.org/" "Mozilla/4.0 (compatible; MSIE 6.0; Windows 98)"
71.80.157.99 - - [24/Jan/2006:04:56:40 -0500] "GET /englishL/home/images/beagle.gif HTTP/1.1" 304 - "http://www.darwinday.org/" "Mozilla/4.0 (compatible; MSIE 6.0; Windows 98)"
71.80.157.99 - - [24/Jan/2006:04:56:40 -0500] "GET /images/trans.gif HTTP/1.1" 304 - "http://www.darwinday.org/" "Mozilla/4.0 (compatible; MSIE 6.0; Windows 98)"
71.80.157.99 - - [24/Jan/2006:04:56:40 -0500] "GET /englishL/home/images/manymore.gif HTTP/1.1" 304 - "http://www.darwinday.org/" "Mozilla/4.0 (compatible; MSIE 6.0; Windows 98)"
71.80.157.99 - - [24/Jan/2006:04:56:40 -0500] "GET /englishL/home/images/joinus.gif HTTP/1.1" 304 - "http://www.darwinday.org/" "Mozilla/4.0 (compatible; MSIE 6.0; Windows 98)"
71.80.157.99 - - [24/Jan/2006:04:56:40 -0500] "GET /englishL/home/images/horse.evolution.jpg HTTP/1.1" 304 - "http://www.darwinday.org/" "Mozilla/4.0 (compatible; MSIE 6.0; Windows 98)"
71.80.157.99 - - [24/Jan/2006:04:56:40 -0500] "GET /englishL/currarts.html HTTP/1.1" 304 - "http://www.darwinday.org/" "Mozilla/4.0 (compatible; MSIE 6.0; Windows 98)"
71.80.157.99 - - [24/Jan/2006:04:56:40 -0500] "GET /images/DNAlogo.gif HTTP/1.1" 304 - "http://www.darwinday.org/englishL/currarts.html" "Mozilla/4.0 (compatible; MSIE 6.0; Windows 98)"
24.61.164.33 - - [24/Jan/2006:04:56:48 -0500] "GET / HTTP/1.1" 200 12017 "-" "Mozilla/4.0 (compatible ; MSIE 6.0; Windows NT 5.1)"
24.61.164.33 - - [24/Jan/2006:04:56:51 -0500] "GET /englishL/newsviews/index.html HTTP/1.1" 206 4903 "-" "Mozilla/4.0 (compatible ; MSIE 6.0; Windows NT 5.1)"
24.61.164.33 - - [24/Jan/2006:04:57:07 -0500] "GET /englishL/aboutddc/index.html HTTP/1.1" 206 6558 "-" "Mozilla/4.0 (compatible ; MSIE 6.0; Windows NT 5.1)"
85.167.104.254 - - [24/Jan/2006:04:57:11 -0500] "GET / HTTP/1.1" 200 25315 "http://www.simonyi.ox.ac.uk/dawkins/calendar/cal_item.shtml?select=1134393343" "Mozilla/5.0 (Windows; U; Windows NT 5.1; en-US; rv:1.8) Gecko/20051111 Firefox/1.5"
85.167.104.254 - - [24/Jan/2006:04:57:11 -0500] "GET /stylesheets/mainenglishL.css HTTP/1.1" 200 590 "http://www.darwinday.org/" "Mozilla/5.0 (Windows; U; Windows NT 5.1; en-US; rv:1.8) Gecko/20051111 Firefox/1.5"
85.167.104.254 - - [24/Jan/2006:04:57:11 -0500] "GET /stylesheets/main.css HTTP/1.1" 200 658 "http://www.darwinday.org/" "Mozilla/5.0 (Windows; U; Windows NT 5.1; en-US; rv:1.8) Gecko/20051111 Firefox/1.5"
85.167.104.254 - - [24/Jan/2006:04:57:11 -0500] "GET /images/topleftlogo.gif HTTP/1.1" 200 6907 "http://www.darwinday.org/" "Mozilla/5.0 (Windows; U; Windows NT 5.1; en-US; rv:1.8) Gecko/20051111 Firefox/1.5"
85.167.104.254 - - [24/Jan/2006:04:57:12 -0500] "GET /englishL/currarts.html HTTP/1.1" 200 5653 "http://www.darwinday.org/" "Mozilla/5.0 (Windows; U; Windows NT 5.1; en-US; rv:1.8) Gecko/20051111 Firefox/1.5"
85.167.104.254 - - [24/Jan/2006:04:57:12 -0500] "GET /favicon.ico HTTP/1.1" 404 3385 "-" "-"
85.167.104.254 - - [24/Jan/2006:04:57:12 -0500] "GET /images/header.gif HTTP/1.1" 200 26756 "http://www.darwinday.org/" "Mozilla/5.0 (Windows; U; Windows NT 5.1; en-US; rv:1.8) Gecko/20051111 Firefox/1.5"
85.167.104.254 - - [24/Jan/2006:04:57:12 -0500] "GET /englishL/images/titletrans.gif HTTP/1.1" 200 15588 "http://www.darwinday.org/" "Mozilla/5.0 (Windows; U; Windows NT 5.1; en-US; rv:1.8) Gecko/20051111 Firefox/1.5"
85.167.104.254 - - [24/Jan/2006:04:57:13 -0500] "GET /englishL/images/navbar.gif HTTP/1.1" 200 2667 "http://www.darwinday.org/" "Mozilla/5.0 (Windows; U; Windows NT 5.1; en-US; rv:1.8) Gecko/20051111 Firefox/1.5"
85.167.104.254 - - [24/Jan/2006:04:57:13 -0500] "GET /images/worldmaptransp.gif HTTP/1.1" 200 128893 "http://www.darwinday.org/" "Mozilla/5.0 (Windows; U; Windows NT 5.1; en-US; rv:1.8) Gecko/20051111 Firefox/1.5"
85.167.104.254 - - [24/Jan/2006:04:57:13 -0500] "GET /englishL/home/images/darwinages.gif HTTP/1.1" 200 50309 "http://www.darwinday.org/" "Mozilla/5.0 (Windows; U; Windows NT 5.1; en-US; rv:1.8) Gecko/20051111 Firefox/1.5"
85.167.104.254 - - [24/Jan/2006:04:57:14 -0500] "GET /images/arrow.gif HTTP/1.1" 200 112 "http://www.darwinday.org/" "Mozilla/5.0 (Windows; U; Windows NT 5.1; en-US; rv:1.8) Gecko/20051111 Firefox/1.5"
85.167.104.254 - - [24/Jan/2006:04:57:14 -0500] "GET /images/dnahorizl.gif HTTP/1.1" 200 2130 "http://www.darwinday.org/" "Mozilla/5.0 (Windows; U; Windows NT 5.1; en-US; rv:1.8) Gecko/20051111 Firefox/1.5"
85.167.104.254 - - [24/Jan/2006:04:57:14 -0500] "GET /images/dnahoriz.gif HTTP/1.1" 200 3391 "http://www.darwinday.org/" "Mozilla/5.0 (Windows; U; Windows NT 5.1; en-US; rv:1.8) Gecko/20051111 Firefox/1.5"
85.167.104.254 - - [24/Jan/2006:04:57:14 -0500] "GET /images/dnahorizr.gif HTTP/1.1" 200 2104 "http://www.darwinday.org/" "Mozilla/5.0 (Windows; U; Windows NT 5.1; en-US; rv:1.8) Gecko/20051111 Firefox/1.5"
85.167.104.254 - - [24/Jan/2006:04:57:14 -0500] "GET /englishL/home/images/lincoln.gif HTTP/1.1" 200 11057 "http://www.darwinday.org/" "Mozilla/5.0 (Windows; U; Windows NT 5.1; en-US; rv:1.8) Gecko/20051111 Firefox/1.5"
85.167.104.254 - - [24/Jan/2006:04:57:14 -0500] "GET /englishL/home/images/darwin.gif HTTP/1.1" 200 13783 "http://www.darwinday.org/" "Mozilla/5.0 (Windows; U; Windows NT 5.1; en-US; rv:1.8) Gecko/20051111 Firefox/1.5"
85.167.104.254 - - [24/Jan/2006:04:57:14 -0500] "GET /images/trans.gif HTTP/1.1" 200 49 "http://www.darwinday.org/" "Mozilla/5.0 (Windows; U; Windows NT 5.1; en-US; rv:1.8) Gecko/20051111 Firefox/1.5"
85.167.104.254 - - [24/Jan/2006:04:57:14 -0500] "GET /englishL/home/images/manymore.gif HTTP/1.1" 200 581 "http://www.darwinday.org/" "Mozilla/5.0 (Windows; U; Windows NT 5.1; en-US; rv:1.8) Gecko/20051111 Firefox/1.5"
85.167.104.254 - - [24/Jan/2006:04:57:14 -0500] "GET /englishL/home/images/joinus.gif HTTP/1.1" 200 524 "http://www.darwinday.org/" "Mozilla/5.0 (Windows; U; Windows NT 5.1; en-US; rv:1.8) Gecko/20051111 Firefox/1.5"
85.167.104.254 - - [24/Jan/2006:04:57:14 -0500] "GET /englishL/home/images/beagle.gif HTTP/1.1" 200 37108 "http://www.darwinday.org/" "Mozilla/5.0 (Windows; U; Windows NT 5.1; en-US; rv:1.8) Gecko/20051111 Firefox/1.5"
85.167.104.254 - - [24/Jan/2006:04:57:15 -0500] "GET /englishL/home/images/horse.evolution.jpg HTTP/1.1" 200 29612 "http://www.darwinday.org/" "Mozilla/5.0 (Windows; U; Windows NT 5.1; en-US; rv:1.8) Gecko/20051111 Firefox/1.5"
85.167.104.254 - - [24/Jan/2006:04:57:15 -0500] "GET /images/DNAlogo.gif HTTP/1.1" 200 1370 "http://www.darwinday.org/englishL/currarts.html" "Mozilla/5.0 (Windows; U; Windows NT 5.1; en-US; rv:1.8) Gecko/20051111 Firefox/1.5"
85.167.104.254 - - [24/Jan/2006:04:57:15 -0500] "GET /favicon.ico HTTP/1.1" 404 3385 "-" "Mozilla/5.0 (Windows; U; Windows NT 5.1; en-US; rv:1.8) Gecko/20051111 Firefox/1.5"
83.217.46.227 - - [24/Jan/2006:04:57:31 -0500] "GET /stylesheets/main.css HTTP/1.1" 200 658 "http://mail.google.com/mail/?view=att&disp=attd&attid=0.1&th=108f76119c36ab52" "Mozilla/4.0 (compatible; MSIE 6.0; Windows NT 5.1; SV1)"
83.217.46.227 - - [24/Jan/2006:04:57:31 -0500] "GET /images/topleftlogo.gif HTTP/1.1" 200 6907 "http://mail.google.com/mail/?view=att&disp=attd&attid=0.1&th=108f76119c36ab52" "Mozilla/4.0 (compatible; MSIE 6.0; Windows NT 5.1; SV1)"
85.167.104.254 - - [24/Jan/2006:04:57:35 -0500] "GET /englishL/home/2006.php HTTP/1.1" 200 244055 "http://www.darwinday.org/" "Mozilla/5.0 (Windows; U; Windows NT 5.1; en-US; rv:1.8) Gecko/20051111 Firefox/1.5"
83.217.46.227 - - [24/Jan/2006:04:57:36 -0500] "GET /images/header.gif HTTP/1.1" 200 26756 "http://mail.google.com/mail/?view=att&disp=attd&attid=0.1&th=108f76119c36ab52" "Mozilla/4.0 (compatible; MSIE 6.0; Windows NT 5.1; SV1)"
83.217.46.227 - - [24/Jan/2006:04:57:38 -0500] "GET /englishL/images/titletrans.gif HTTP/1.1" 200 15588 "http://mail.google.com/mail/?view=att&disp=attd&attid=0.1&th=108f76119c36ab52" "Mozilla/4.0 (compatible; MSIE 6.0; Windows NT 5.1; SV1)"
83.217.46.227 - - [24/Jan/2006:04:57:41 -0500] "GET /images/worldmaptransp.gif HTTP/1.1" 200 128893 "http://mail.google.com/mail/?view=att&disp=attd&attid=0.1&th=108f76119c36ab52" "Mozilla/4.0 (compatible; MSIE 6.0; Windows NT 5.1; SV1)"
24.61.164.33 - - [24/Jan/2006:04:57:41 -0500] "GET /englishL/evolution/index.html HTTP/1.1" 206 4606 "-" "Mozilla/4.0 (compatible ; MSIE 6.0; Windows NT 5.1)"
83.217.46.227 - - [24/Jan/2006:04:57:41 -0500] "GET /englishL/images/navbar.gif HTTP/1.1" 200 2667 "http://mail.google.com/mail/?view=att&disp=attd&attid=0.1&th=108f76119c36ab52" "Mozilla/4.0 (compatible; MSIE 6.0; Windows NT 5.1; SV1)"
83.217.46.227 - - [24/Jan/2006:04:57:54 -0500] "GET /englishL/home/index.html HTTP/1.1" 200 25693 "http://mail.google.com/mail/?view=att&disp=attd&attid=0.1&th=108f76119c36ab52" "Mozilla/4.0 (compatible; MSIE 6.0; Windows NT 5.1; SV1)"
83.217.46.227 - - [24/Jan/2006:04:57:55 -0500] "GET /stylesheets/mainenglishL.css HTTP/1.1" 200 590 "http://www.darwinday.org/englishL/home/index.html" "Mozilla/4.0 (compatible; MSIE 6.0; Windows NT 5.1; SV1)"
83.217.46.227 - - [24/Jan/2006:04:57:57 -0500] "GET /images/worldmaptransp.gif HTTP/1.1" 206 11038 "http://www.darwinday.org/englishL/home/index.html" "Mozilla/4.0 (compatible; MSIE 6.0; Windows NT 5.1; SV1)"
66.249.66.99 - - [24/Jan/2006:04:57:57 -0500] "GET / HTTP/1.1" 200 25315 "-" "Mozilla/5.0 (compatible; Googlebot/2.1; +http://www.google.com/bot.html)"
83.217.46.227 - - [24/Jan/2006:04:57:59 -0500] "GET /englishL/currarts.html HTTP/1.1" 200 5653 "http://www.darwinday.org/englishL/home/index.html" "Mozilla/4.0 (compatible; MSIE 6.0; Windows NT 5.1; SV1)"
83.217.46.227 - - [24/Jan/2006:04:58:00 -0500] "GET /images/arrow.gif HTTP/1.1" 200 112 "http://www.darwinday.org/englishL/home/index.html" "Mozilla/4.0 (compatible; MSIE 6.0; Windows NT 5.1; SV1)"
83.217.46.227 - - [24/Jan/2006:04:58:01 -0500] "GET /images/dnahorizl.gif HTTP/1.1" 200 2130 "http://www.darwinday.org/englishL/home/index.html" "Mozilla/4.0 (compatible; MSIE 6.0; Windows NT 5.1; SV1)"
83.217.46.227 - - [24/Jan/2006:04:58:03 -0500] "GET /images/dnahorizr.gif HTTP/1.1" 200 2104 "http://www.darwinday.org/englishL/home/index.html" "Mozilla/4.0 (compatible; MSIE 6.0; Windows NT 5.1; SV1)"
83.217.46.227 - - [24/Jan/2006:04:58:03 -0500] "GET /englishL/home/images/darwinages.gif HTTP/1.1" 200 50309 "http://www.darwinday.org/englishL/home/index.html" "Mozilla/4.0 (compatible; MSIE 6.0; Windows NT 5.1; SV1)"
83.217.46.227 - - [24/Jan/2006:04:58:06 -0500] "GET /images/dnahoriz.gif HTTP/1.1" 200 3391 "http://www.darwinday.org/englishL/home/index.html" "Mozilla/4.0 (compatible; MSIE 6.0; Windows NT 5.1; SV1)"
24.61.164.33 - - [24/Jan/2006:04:58:07 -0500] "GET /englishL/register/index.php HTTP/1.1" 200 12084 "-" "Mozilla/4.0 (compatible ; MSIE 6.0; Windows NT 5.1)"
83.217.46.227 - - [24/Jan/2006:04:58:08 -0500] "GET /englishL/home/images/lincoln.gif HTTP/1.1" 200 11057 "http://www.darwinday.org/englishL/home/index.html" "Mozilla/4.0 (compatible; MSIE 6.0; Windows NT 5.1; SV1)"
83.217.46.227 - - [24/Jan/2006:04:58:08 -0500] "GET /englishL/home/images/darwin.gif HTTP/1.1" 200 13783 "http://www.darwinday.org/englishL/home/index.html" "Mozilla/4.0 (compatible; MSIE 6.0; Windows NT 5.1; SV1)"
24.61.164.33 - - [24/Jan/2006:04:58:09 -0500] "GET /stylesheets/main.css HTTP/1.1" 200 658 "-" "Mozilla/4.0 (compatible ; MSIE 6.0; Windows NT 5.1)"
83.217.46.227 - - [24/Jan/2006:04:58:10 -0500] "GET /englishL/home/images/beagle.gif HTTP/1.1" 200 37108 "http://www.darwinday.org/englishL/home/index.html" "Mozilla/4.0 (compatible; MSIE 6.0; Windows NT 5.1; SV1)"
24.61.164.33 - - [24/Jan/2006:04:58:12 -0500] "GET /englishL/home/index.html HTTP/1.1" 206 25693 "-" "Mozilla/4.0 (compatible ; MSIE 6.0; Windows NT 5.1)"
83.217.46.227 - - [24/Jan/2006:04:58:14 -0500] "GET /images/trans.gif HTTP/1.1" 200 49 "http://www.darwinday.org/englishL/home/index.html" "Mozilla/4.0 (compatible; MSIE 6.0; Windows NT 5.1; SV1)"
83.217.46.227 - - [24/Jan/2006:04:58:14 -0500] "GET /englishL/home/images/manymore.gif HTTP/1.1" 200 581 "http://www.darwinday.org/englishL/home/index.html" "Mozilla/4.0 (compatible; MSIE 6.0; Windows NT 5.1; SV1)"
83.217.46.227 - - [24/Jan/2006:04:58:15 -0500] "GET /englishL/home/images/joinus.gif HTTP/1.1" 200 524 "http://www.darwinday.org/englishL/home/index.html" "Mozilla/4.0 (compatible; MSIE 6.0; Windows NT 5.1; SV1)"
24.61.164.33 - - [24/Jan/2006:04:58:16 -0500] "GET /englishL/home/eeb.bio.utk.edu/darwin HTTP/1.1" 404 3410 "-" "Mozilla/4.0 (compatible ; MSIE 6.0; Windows NT 5.1)"
83.217.46.227 - - [24/Jan/2006:04:58:16 -0500] "GET /images/DNAlogo.gif HTTP/1.1" 200 1370 "http://www.darwinday.org/englishL/currarts.html" "Mozilla/4.0 (compatible; MSIE 6.0; Windows NT 5.1; SV1)"
83.217.46.227 - - [24/Jan/2006:04:58:19 -0500] "GET /englishL/home/images/horse.evolution.jpg HTTP/1.1" 200 29612 "http://www.darwinday.org/englishL/home/index.html" "Mozilla/4.0 (compatible; MSIE 6.0; Windows NT 5.1; SV1)"
24.61.164.33 - - [24/Jan/2006:04:58:24 -0500] "GET /englishL/newsviews/essays.html HTTP/1.1" 200 7578 "-" "Mozilla/4.0 (compatible ; MSIE 6.0; Windows NT 5.1)"
24.61.164.33 - - [24/Jan/2006:04:58:28 -0500] "GET /englishL/register/privacy.html HTTP/1.1" 200 3473 "-" "Mozilla/4.0 (compatible ; MSIE 6.0; Windows NT 5.1)"
24.61.164.33 - - [24/Jan/2006:04:58:43 -0500] "GET /englishL/events/index.html HTTP/1.1" 206 4612 "-" "Mozilla/4.0 (compatible ; MSIE 6.0; Windows NT 5.1)"
24.61.164.33 - - [24/Jan/2006:04:58:45 -0500] "GET /englishL/newsviews/evolution.html HTTP/1.1" 200 9567 "-" "Mozilla/4.0 (compatible ; MSIE 6.0; Windows NT 5.1)"
24.61.164.33 - - [24/Jan/2006:04:58:49 -0500] "GET /englishL/newsviews/darlin.html HTTP/1.1" 200 12018 "-" "Mozilla/4.0 (compatible ; MSIE 6.0; Windows NT 5.1)"
24.61.164.33 - - [24/Jan/2006:04:58:53 -0500] "GET /englishL/newsviews/essays.html HTTP/1.1" 206 7578 "-" "Mozilla/4.0 (compatible ; MSIE 6.0; Windows NT 5.1)"
24.61.164.33 - - [24/Jan/2006:04:58:53 -0500] "GET /chooselang/index.html HTTP/1.1" 206 5641 "-" "Mozilla/4.0 (compatible ; MSIE 6.0; Windows NT 5.1)"
24.61.164.33 - - [24/Jan/2006:04:58:54 -0500] "GET /englishL/newsviews/darlin.html HTTP/1.1" 206 11969 "-" "Mozilla/4.0 (compatible ; MSIE 6.0; Windows NT 5.1)"
24.61.164.33 - - [24/Jan/2006:04:58:56 -0500] "GET /englishL/newsviews/news.html HTTP/1.1" 200 12018 "-" "Mozilla/4.0 (compatible ; MSIE 6.0; Windows NT 5.1)"
24.61.164.33 - - [24/Jan/2006:04:58:56 -0500] "GET /englishL/newsviews/evolution.html HTTP/1.1" 206 9567 "-" "Mozilla/4.0 (compatible ; MSIE 6.0; Windows NT 5.1)"
24.61.164.33 - - [24/Jan/2006:04:59:00 -0500] "GET /englishL/newsviews/news.html HTTP/1.1" 206 11969 "-" "Mozilla/4.0 (compatible ; MSIE 6.0; Windows NT 5.1)"
24.61.164.33 - - [24/Jan/2006:04:59:01 -0500] "GET /englishL/life/index.html HTTP/1.1" 206 9860 "-" "Mozilla/4.0 (compatible ; MSIE 6.0; Windows NT 5.1)"
195.188.51.11 - - [24/Jan/2006:04:59:20 -0500] "GET /englishL/evolution/dna.html HTTP/1.0" 200 7092 "http://images.google.co.uk/imgres?imgurl=http://www.darwinday.org/images/duplicatedna.gif&imgrefurl=http://www.darwinday.org/englishL/evolution/dna.html&h=342&w=205&sz=17&tbnid=Q00GnczCtq88vM:&tbnh=115&tbnw=68&hl=en&start=23&prev=/images%3Fq%3Dgenetic%2Bdiagram%26start%3D20%26svnum%3D10%26hl%3Den%26lr%3D%26sa%3DN" "Mozilla/4.0 (compatible; MSIE 6.0; Windows NT 5.1; SV1; .NET CLR 1.1.4322)"
195.188.51.13 - - [24/Jan/2006:04:59:21 -0500] "GET /stylesheets/main.css HTTP/1.0" 200 658 "http://www.darwinday.org/englishL/evolution/dna.html" "Mozilla/4.0 (compatible; MSIE 6.0; Windows NT 5.1; SV1; .NET CLR 1.1.4322)"
195.188.51.13 - - [24/Jan/2006:04:59:21 -0500] "GET /images/topleftlogo.gif HTTP/1.0" 200 6907 "http://www.darwinday.org/englishL/evolution/dna.html" "Mozilla/4.0 (compatible; MSIE 6.0; Windows NT 5.1; SV1; .NET CLR 1.1.4322)"
195.188.51.13 - - [24/Jan/2006:04:59:22 -0500] "GET /englishL/images/titletrans.gif HTTP/1.0" 200 15588 "http://www.darwinday.org/englishL/evolution/dna.html" "Mozilla/4.0 (compatible; MSIE 6.0; Windows NT 5.1; SV1; .NET CLR 1.1.4322)"
24.61.164.33 - - [24/Jan/2006:04:59:22 -0500] "GET /englishL/aboutddc/contact.html HTTP/1.1" 200 3359 "-" "Mozilla/4.0 (compatible ; MSIE 6.0; Windows NT 5.1)"
195.188.51.11 - - [24/Jan/2006:04:59:23 -0500] "GET /images/header.gif HTTP/1.0" 200 26756 "http://www.darwinday.org/englishL/evolution/dna.html" "Mozilla/4.0 (compatible; MSIE 6.0; Windows NT 5.1; SV1; .NET CLR 1.1.4322)"
195.188.51.11 - - [24/Jan/2006:04:59:24 -0500] "GET /images/duplicatedna.gif HTTP/1.0" 200 16618 "http://images.google.co.uk/imgres?imgurl=http://www.darwinday.org/images/duplicatedna.gif&imgrefurl=http://www.darwinday.org/englishL/evolution/dna.html&h=342&w=205&sz=17&tbnid=Q00GnczCtq88vM:&tbnh=115&tbnw=68&hl=en&prev=/images%3Fq%3Dgenetic%2Bdiagram%26start%3D20%26svnum%3D10%26hl%3Den%26lr%3D%26sa%3DN&frame=small" "Mozilla/4.0 (compatible; MSIE 6.0; Windows NT 5.1; SV1; .NET CLR 1.1.4322)"
195.188.51.11 - - [24/Jan/2006:04:59:24 -0500] "GET /images/worldmaptransp.gif HTTP/1.0" 200 128893 "http://www.darwinday.org/englishL/evolution/dna.html" "Mozilla/4.0 (compatible; MSIE 6.0; Windows NT 5.1; SV1; .NET CLR 1.1.4322)"
24.61.164.33 - - [24/Jan/2006:04:59:31 -0500] "GET /stylesheets/main.css HTTP/1.1" 206 658 "-" "Mozilla/4.0 (compatible ; MSIE 6.0; Windows NT 5.1)"
24.61.164.33 - - [24/Jan/2006:04:59:42 -0500] "GET / HTTP/1.1" 206 25315 "-" "Mozilla/4.0 (compatible ; MSIE 6.0; Windows NT 5.1)"
24.61.164.33 - - [24/Jan/2006:05:00:15 -0500] "GET /stylesheets/main.css HTTP/1.1" 206 658 "-" "Mozilla/4.0 (compatible ; MSIE 6.0; Windows NT 5.1)"
86.138.223.238 - - [24/Jan/2006:05:00:21 -0500] "GET /stylesheets/mainenglishL.css HTTP/1.1" 200 590 "http://www.darwinday.org/" "Mozilla/4.0 (compatible; MSIE 6.0; Windows NT 5.1; SV1; YPC 3.2.0; .NET CLR 1.1.4322)"
86.138.223.238 - - [24/Jan/2006:05:00:21 -0500] "GET / HTTP/1.1" 200 25315 "http://www.google.co.uk/search?hl=en&q=darwin+day&meta=" "Mozilla/4.0 (compatible; MSIE 6.0; Windows NT 5.1; SV1; YPC 3.2.0; .NET CLR 1.1.4322)"
86.138.223.238 - - [24/Jan/2006:05:00:21 -0500] "GET /stylesheets/main.css HTTP/1.1" 200 658 "http://www.darwinday.org/" "Mozilla/4.0 (compatible; MSIE 6.0; Windows NT 5.1; SV1; YPC 3.2.0; .NET CLR 1.1.4322)"
86.138.223.238 - - [24/Jan/2006:05:00:21 -0500] "GET /images/topleftlogo.gif HTTP/1.1" 200 6907 "http://www.darwinday.org/" "Mozilla/4.0 (compatible; MSIE 6.0; Windows NT 5.1; SV1; YPC 3.2.0; .NET CLR 1.1.4322)"
24.61.164.33 - - [24/Jan/2006:05:00:21 -0500] "GET /englishL/register/privacy.html HTTP/1.1" 206 3473 "-" "Mozilla/4.0 (compatible ; MSIE 6.0; Windows NT 5.1)"
86.138.223.238 - - [24/Jan/2006:05:00:21 -0500] "GET /englishL/currarts.html HTTP/1.1" 200 5653 "http://www.darwinday.org/" "Mozilla/4.0 (compatible; MSIE 6.0; Windows NT 5.1; SV1; YPC 3.2.0; .NET CLR 1.1.4322)"
86.138.223.238 - - [24/Jan/2006:05:00:21 -0500] "GET /images/header.gif HTTP/1.1" 200 26756 "http://www.darwinday.org/" "Mozilla/4.0 (compatible; MSIE 6.0; Windows NT 5.1; SV1; YPC 3.2.0; .NET CLR 1.1.4322)"
86.138.223.238 - - [24/Jan/2006:05:00:22 -0500] "GET /englishL/images/titletrans.gif HTTP/1.1" 200 15588 "http://www.darwinday.org/" "Mozilla/4.0 (compatible; MSIE 6.0; Windows NT 5.1; SV1; YPC 3.2.0; .NET CLR 1.1.4322)"
86.138.223.238 - - [24/Jan/2006:05:00:22 -0500] "GET /englishL/images/navbar.gif HTTP/1.1" 200 2667 "http://www.darwinday.org/" "Mozilla/4.0 (compatible; MSIE 6.0; Windows NT 5.1; SV1; YPC 3.2.0; .NET CLR 1.1.4322)"
86.138.223.238 - - [24/Jan/2006:05:00:23 -0500] "GET /images/worldmaptransp.gif HTTP/1.1" 200 128893 "http://www.darwinday.org/" "Mozilla/4.0 (compatible; MSIE 6.0; Windows NT 5.1; SV1; YPC 3.2.0; .NET CLR 1.1.4322)"
86.138.223.238 - - [24/Jan/2006:05:00:23 -0500] "GET /englishL/home/images/darwinages.gif HTTP/1.1" 200 50309 "http://www.darwinday.org/" "Mozilla/4.0 (compatible; MSIE 6.0; Windows NT 5.1; SV1; YPC 3.2.0; .NET CLR 1.1.4322)"
86.138.223.238 - - [24/Jan/2006:05:00:23 -0500] "GET /images/arrow.gif HTTP/1.1" 200 112 "http://www.darwinday.org/" "Mozilla/4.0 (compatible; MSIE 6.0; Windows NT 5.1; SV1; YPC 3.2.0; .NET CLR 1.1.4322)"
86.138.223.238 - - [24/Jan/2006:05:00:23 -0500] "GET /images/dnahorizl.gif HTTP/1.1" 200 2130 "http://www.darwinday.org/" "Mozilla/4.0 (compatible; MSIE 6.0; Windows NT 5.1; SV1; YPC 3.2.0; .NET CLR 1.1.4322)"
86.138.223.238 - - [24/Jan/2006:05:00:23 -0500] "GET /images/dnahoriz.gif HTTP/1.1" 200 3391 "http://www.darwinday.org/" "Mozilla/4.0 (compatible; MSIE 6.0; Windows NT 5.1; SV1; YPC 3.2.0; .NET CLR 1.1.4322)"
86.138.223.238 - - [24/Jan/2006:05:00:23 -0500] "GET /images/dnahorizr.gif HTTP/1.1" 200 2104 "http://www.darwinday.org/" "Mozilla/4.0 (compatible; MSIE 6.0; Windows NT 5.1; SV1; YPC 3.2.0; .NET CLR 1.1.4322)"
86.138.223.238 - - [24/Jan/2006:05:00:23 -0500] "GET /englishL/home/images/lincoln.gif HTTP/1.1" 200 11057 "http://www.darwinday.org/" "Mozilla/4.0 (compatible; MSIE 6.0; Windows NT 5.1; SV1; YPC 3.2.0; .NET CLR 1.1.4322)"
86.138.223.238 - - [24/Jan/2006:05:00:24 -0500] "GET /englishL/home/images/darwin.gif HTTP/1.1" 200 13783 "http://www.darwinday.org/" "Mozilla/4.0 (compatible; MSIE 6.0; Windows NT 5.1; SV1; YPC 3.2.0; .NET CLR 1.1.4322)"
86.138.223.238 - - [24/Jan/2006:05:00:24 -0500] "GET /images/trans.gif HTTP/1.1" 200 49 "http://www.darwinday.org/" "Mozilla/4.0 (compatible; MSIE 6.0; Windows NT 5.1; SV1; YPC 3.2.0; .NET CLR 1.1.4322)"
86.138.223.238 - - [24/Jan/2006:05:00:24 -0500] "GET /englishL/home/images/joinus.gif HTTP/1.1" 200 524 "http://www.darwinday.org/" "Mozilla/4.0 (compatible; MSIE 6.0; Windows NT 5.1; SV1; YPC 3.2.0; .NET CLR 1.1.4322)"
86.138.223.238 - - [24/Jan/2006:05:00:24 -0500] "GET /englishL/home/images/horse.evolution.jpg HTTP/1.1" 200 29612 "http://www.darwinday.org/" "Mozilla/4.0 (compatible; MSIE 6.0; Windows NT 5.1; SV1; YPC 3.2.0; .NET CLR 1.1.4322)"
86.138.223.238 - - [24/Jan/2006:05:00:24 -0500] "GET /englishL/home/images/beagle.gif HTTP/1.1" 200 37108 "http://www.darwinday.org/" "Mozilla/4.0 (compatible; MSIE 6.0; Windows NT 5.1; SV1; YPC 3.2.0; .NET CLR 1.1.4322)"
86.138.223.238 - - [24/Jan/2006:05:00:24 -0500] "GET /englishL/home/images/manymore.gif HTTP/1.1" 200 581 "http://www.darwinday.org/" "Mozilla/4.0 (compatible; MSIE 6.0; Windows NT 5.1; SV1; YPC 3.2.0; .NET CLR 1.1.4322)"
86.138.223.238 - - [24/Jan/2006:05:00:25 -0500] "GET /images/DNAlogo.gif HTTP/1.1" 200 1370 "http://www.darwinday.org/englishL/currarts.html" "Mozilla/4.0 (compatible; MSIE 6.0; Windows NT 5.1; SV1; YPC 3.2.0; .NET CLR 1.1.4322)"
24.61.164.33 - - [24/Jan/2006:05:00:48 -0500] "GET /englishL/newsviews/darlin.html HTTP/1.1" 206 21534 "-" "Mozilla/4.0 (compatible ; MSIE 6.0; Windows NT 5.1)"
24.61.164.33 - - [24/Jan/2006:05:00:50 -0500] "GET /englishL/newsviews/essays.html HTTP/1.1" 206 7578 "-" "Mozilla/4.0 (compatible ; MSIE 6.0; Windows NT 5.1)"
24.61.164.33 - - [24/Jan/2006:05:00:56 -0500] "GET /englishL/register/index.php HTTP/1.1" 200 19970 "-" "Mozilla/4.0 (compatible ; MSIE 6.0; Windows NT 5.1)"
24.61.164.33 - - [24/Jan/2006:05:01:06 -0500] "GET /englishL/newsviews/news.html HTTP/1.1" 206 12650 "-" "Mozilla/4.0 (compatible ; MSIE 6.0; Windows NT 5.1)"
24.61.164.33 - - [24/Jan/2006:05:01:07 -0500] "GET /englishL/newsviews/evolution.html HTTP/1.1" 206 9567 "-" "Mozilla/4.0 (compatible ; MSIE 6.0; Windows NT 5.1)"
86.138.223.238 - - [24/Jan/2006:05:01:08 -0500] "GET /englishL/home/2006.php HTTP/1.1" 200 244055 "http://www.darwinday.org/" "Mozilla/4.0 (compatible; MSIE 6.0; Windows NT 5.1; SV1; YPC 3.2.0; .NET CLR 1.1.4322)"
139.165.98.42 - - [24/Jan/2006:05:01:39 -0500] "GET /stylesheets/mainenglishL.css HTTP/1.1" 200 590 "http://www.darwinday.org/" "Mozilla/4.0 (compatible; MSIE 6.0; Windows NT 5.1; SV1; .NET CLR 1.1.4322)"
139.165.98.42 - - [24/Jan/2006:05:01:39 -0500] "GET / HTTP/1.1" 200 25315 "http://www.simonyi.ox.ac.uk/dawkins/WorldOfDawkins-archive/News/events.shtml" "Mozilla/4.0 (compatible; MSIE 6.0; Windows NT 5.1; SV1; .NET CLR 1.1.4322)"
139.165.98.42 - - [24/Jan/2006:05:01:39 -0500] "GET /stylesheets/main.css HTTP/1.1" 200 658 "http://www.darwinday.org/" "Mozilla/4.0 (compatible; MSIE 6.0; Windows NT 5.1; SV1; .NET CLR 1.1.4322)"
139.165.98.42 - - [24/Jan/2006:05:01:40 -0500] "GET /images/topleftlogo.gif HTTP/1.1" 200 6907 "http://www.darwinday.org/" "Mozilla/4.0 (compatible; MSIE 6.0; Windows NT 5.1; SV1; .NET CLR 1.1.4322)"
139.165.98.42 - - [24/Jan/2006:05:01:40 -0500] "GET /englishL/currarts.html HTTP/1.1" 200 5653 "http://www.darwinday.org/" "Mozilla/4.0 (compatible; MSIE 6.0; Windows NT 5.1; SV1; .NET CLR 1.1.4322)"
139.165.98.42 - - [24/Jan/2006:05:01:40 -0500] "GET /images/header.gif HTTP/1.1" 200 26756 "http://www.darwinday.org/" "Mozilla/4.0 (compatible; MSIE 6.0; Windows NT 5.1; SV1; .NET CLR 1.1.4322)"
139.165.98.42 - - [24/Jan/2006:05:01:40 -0500] "GET /englishL/images/titletrans.gif HTTP/1.1" 200 15588 "http://www.darwinday.org/" "Mozilla/4.0 (compatible; MSIE 6.0; Windows NT 5.1; SV1; .NET CLR 1.1.4322)"
139.165.98.42 - - [24/Jan/2006:05:01:40 -0500] "GET /englishL/images/navbar.gif HTTP/1.1" 200 2667 "http://www.darwinday.org/" "Mozilla/4.0 (compatible; MSIE 6.0; Windows NT 5.1; SV1; .NET CLR 1.1.4322)"
139.165.98.42 - - [24/Jan/2006:05:01:40 -0500] "GET /images/worldmaptransp.gif HTTP/1.1" 200 128893 "http://www.darwinday.org/" "Mozilla/4.0 (compatible; MSIE 6.0; Windows NT 5.1; SV1; .NET CLR 1.1.4322)"
139.165.98.42 - - [24/Jan/2006:05:01:41 -0500] "GET /images/arrow.gif HTTP/1.1" 200 112 "http://www.darwinday.org/" "Mozilla/4.0 (compatible; MSIE 6.0; Windows NT 5.1; SV1; .NET CLR 1.1.4322)"
139.165.98.42 - - [24/Jan/2006:05:01:41 -0500] "GET /images/dnahorizl.gif HTTP/1.1" 200 2130 "http://www.darwinday.org/" "Mozilla/4.0 (compatible; MSIE 6.0; Windows NT 5.1; SV1; .NET CLR 1.1.4322)"
139.165.98.42 - - [24/Jan/2006:05:01:41 -0500] "GET /images/dnahoriz.gif HTTP/1.1" 200 3391 "http://www.darwinday.org/" "Mozilla/4.0 (compatible; MSIE 6.0; Windows NT 5.1; SV1; .NET CLR 1.1.4322)"
139.165.98.42 - - [24/Jan/2006:05:01:41 -0500] "GET /englishL/home/images/darwinages.gif HTTP/1.1" 200 50309 "http://www.darwinday.org/" "Mozilla/4.0 (compatible; MSIE 6.0; Windows NT 5.1; SV1; .NET CLR 1.1.4322)"
139.165.98.42 - - [24/Jan/2006:05:01:41 -0500] "GET /images/dnahorizr.gif HTTP/1.1" 200 2104 "http://www.darwinday.org/" "Mozilla/4.0 (compatible; MSIE 6.0; Windows NT 5.1; SV1; .NET CLR 1.1.4322)"
139.165.98.42 - - [24/Jan/2006:05:01:41 -0500] "GET /englishL/home/images/lincoln.gif HTTP/1.1" 200 11057 "http://www.darwinday.org/" "Mozilla/4.0 (compatible; MSIE 6.0; Windows NT 5.1; SV1; .NET CLR 1.1.4322)"
139.165.98.42 - - [24/Jan/2006:05:01:41 -0500] "GET /englishL/home/images/darwin.gif HTTP/1.1" 200 13783 "http://www.darwinday.org/" "Mozilla/4.0 (compatible; MSIE 6.0; Windows NT 5.1; SV1; .NET CLR 1.1.4322)"
139.165.98.42 - - [24/Jan/2006:05:01:41 -0500] "GET /images/trans.gif HTTP/1.1" 200 49 "http://www.darwinday.org/" "Mozilla/4.0 (compatible; MSIE 6.0; Windows NT 5.1; SV1; .NET CLR 1.1.4322)"
139.165.98.42 - - [24/Jan/2006:05:01:41 -0500] "GET /englishL/home/images/beagle.gif HTTP/1.1" 200 37108 "http://www.darwinday.org/" "Mozilla/4.0 (compatible; MSIE 6.0; Windows NT 5.1; SV1; .NET CLR 1.1.4322)"
139.165.98.42 - - [24/Jan/2006:05:01:41 -0500] "GET /englishL/home/images/manymore.gif HTTP/1.1" 200 581 "http://www.darwinday.org/" "Mozilla/4.0 (compatible; MSIE 6.0; Windows NT 5.1; SV1; .NET CLR 1.1.4322)"
139.165.98.42 - - [24/Jan/2006:05:01:42 -0500] "GET /englishL/home/images/joinus.gif HTTP/1.1" 200 524 "http://www.darwinday.org/" "Mozilla/4.0 (compatible; MSIE 6.0; Windows NT 5.1; SV1; .NET CLR 1.1.4322)"
139.165.98.42 - - [24/Jan/2006:05:01:42 -0500] "GET /englishL/home/images/horse.evolution.jpg HTTP/1.1" 200 29612 "http://www.darwinday.org/" "Mozilla/4.0 (compatible; MSIE 6.0; Windows NT 5.1; SV1; .NET CLR 1.1.4322)"
139.165.98.42 - - [24/Jan/2006:05:01:42 -0500] "GET /images/DNAlogo.gif HTTP/1.1" 200 1370 "http://www.darwinday.org/englishL/currarts.html" "Mozilla/4.0 (compatible; MSIE 6.0; Windows NT 5.1; SV1; .NET CLR 1.1.4322)"
195.188.51.13 - - [24/Jan/2006:05:02:30 -0500] "GET /images/worldmaptransp.gif HTTP/1.0" 200 128893 "http://www.darwinday.org/englishL/evolution/dna.html" "Mozilla/4.0 (compatible; MSIE 6.0; Windows NT 5.1; SV1; .NET CLR 1.1.4322)"
195.188.51.11 - - [24/Jan/2006:05:02:32 -0500] "GET /englishL/images/navbar.gif HTTP/1.0" 200 2667 "http://www.darwinday.org/englishL/evolution/dna.html" "Mozilla/4.0 (compatible; MSIE 6.0; Windows NT 5.1; SV1; .NET CLR 1.1.4322)"
195.188.51.11 - - [24/Jan/2006:05:02:32 -0500] "GET /images/header.gif HTTP/1.0" 200 26756 "http://www.darwinday.org/englishL/evolution/dna.html" "Mozilla/4.0 (compatible; MSIE 6.0; Windows NT 5.1; SV1; .NET CLR 1.1.4322)"
65.54.188.55 - - [24/Jan/2006:05:02:42 -0500] "GET /NEWlang/home/coming%20soon! HTTP/1.0" 404 3389 "-" "msnbot/1.0 (+http://search.msn.com/msnbot.htm)"
24.61.164.33 - - [24/Jan/2006:05:03:22 -0500] "GET /englishL/aboutddc/contact.html HTTP/1.1" 206 3359 "-" "Mozilla/4.0 (compatible ; MSIE 6.0; Windows NT 5.1)"
217.65.149.50 - - [24/Jan/2006:05:06:58 -0500] "GET /englishL/life/shrewsbury.html HTTP/1.1" 200 37679 "http://images.google.co.uk/imgres?imgurl=http://www.darwinday.org/englishL/life/images/shrewsbury.jpg&imgrefurl=http://www.darwinday.org/englishL/life/shrewsbury.html&h=402&w=562&sz=102&tbnid=q4QkjqkE1DjxNM:&tbnh=93&tbnw=131&hl=en&start=4&prev=/images%3Fq%3Dshrewsbury%26svnum%3D10%26hl%3Den%26lr%3D%26safe%3Doff%26sa%3DG" "Mozilla/4.0 (compatible; MSIE 6.0; Windows NT 5.0; .NET CLR 1.1.4322)"
217.65.149.50 - - [24/Jan/2006:05:06:58 -0500] "GET /stylesheets/main.css HTTP/1.1" 200 658 "http://www.darwinday.org/englishL/life/shrewsbury.html" "Mozilla/4.0 (compatible; MSIE 6.0; Windows NT 5.0; .NET CLR 1.1.4322)"
217.65.149.50 - - [24/Jan/2006:05:06:58 -0500] "GET /images/topleftlogo.gif HTTP/1.1" 200 6907 "http://www.darwinday.org/englishL/life/shrewsbury.html" "Mozilla/4.0 (compatible; MSIE 6.0; Windows NT 5.0; .NET CLR 1.1.4322)"
217.65.149.50 - - [24/Jan/2006:05:07:00 -0500] "GET /images/header.gif HTTP/1.1" 200 26756 "http://www.darwinday.org/englishL/life/shrewsbury.html" "Mozilla/4.0 (compatible; MSIE 6.0; Windows NT 5.0; .NET CLR 1.1.4322)"
217.65.149.50 - - [24/Jan/2006:05:07:08 -0500] "GET /images/worldmaptransp.gif HTTP/1.1" 200 128893 "http://www.darwinday.org/englishL/life/shrewsbury.html" "Mozilla/4.0 (compatible; MSIE 6.0; Windows NT 5.0; .NET CLR 1.1.4322)"
217.65.149.50 - - [24/Jan/2006:05:07:08 -0500] "GET /englishL/images/titletrans.gif HTTP/1.1" 200 15588 "http://www.darwinday.org/englishL/life/shrewsbury.html" "Mozilla/4.0 (compatible; MSIE 6.0; Windows NT 5.0; .NET CLR 1.1.4322)"
217.65.149.50 - - [24/Jan/2006:05:07:09 -0500] "GET /englishL/images/navbar.gif HTTP/1.1" 200 2667 "http://www.darwinday.org/englishL/life/shrewsbury.html" "Mozilla/4.0 (compatible; MSIE 6.0; Windows NT 5.0; .NET CLR 1.1.4322)"
217.65.149.50 - - [24/Jan/2006:05:07:11 -0500] "GET /englishL/life/images/shrewsbury.jpg HTTP/1.1" 200 103773 "http://www.darwinday.org/englishL/life/shrewsbury.html" "Mozilla/4.0 (compatible; MSIE 6.0; Windows NT 5.0; .NET CLR 1.1.4322)"
62.253.219.131 - - [24/Jan/2006:05:07:15 -0500] "GET /englishL/life/college.html HTTP/1.0" 200 16900 "http://www.google.co.uk/search?hl=en&q=what+did+charles+darwin+make+the+observations&btnG=Google+Search&meta=" "Mozilla/4.0 (compatible; MSIE 6.0; Windows NT 5.1; SV1; .NET CLR 1.1.4322)"
62.253.219.131 - - [24/Jan/2006:05:07:15 -0500] "GET /stylesheets/main.css HTTP/1.0" 200 658 "http://www.darwinday.org/englishL/life/college.html" "Mozilla/4.0 (compatible; MSIE 6.0; Windows NT 5.1; SV1; .NET CLR 1.1.4322)"
62.253.219.131 - - [24/Jan/2006:05:07:15 -0500] "GET /images/topleftlogo.gif HTTP/1.0" 200 6907 "http://www.darwinday.org/englishL/life/college.html" "Mozilla/4.0 (compatible; MSIE 6.0; Windows NT 5.1; SV1; .NET CLR 1.1.4322)"
62.253.219.131 - - [24/Jan/2006:05:07:16 -0500] "GET /englishL/images/titletrans.gif HTTP/1.0" 200 15588 "http://www.darwinday.org/englishL/life/college.html" "Mozilla/4.0 (compatible; MSIE 6.0; Windows NT 5.1; SV1; .NET CLR 1.1.4322)"
62.253.219.131 - - [24/Jan/2006:05:07:16 -0500] "GET /englishL/images/navbar.gif HTTP/1.0" 200 2667 "http://www.darwinday.org/englishL/life/college.html" "Mozilla/4.0 (compatible; MSIE 6.0; Windows NT 5.1; SV1; .NET CLR 1.1.4322)"
217.65.149.50 - - [24/Jan/2006:05:07:16 -0500] "GET /englishL/life/images/mountmap-t.jpg HTTP/1.1" 200 61648 "http://www.darwinday.org/englishL/life/shrewsbury.html" "Mozilla/4.0 (compatible; MSIE 6.0; Windows NT 5.0; .NET CLR 1.1.4322)"
62.253.219.131 - - [24/Jan/2006:05:07:16 -0500] "GET /images/worldmaptransp.gif HTTP/1.0" 200 128893 "http://www.darwinday.org/englishL/life/college.html" "Mozilla/4.0 (compatible; MSIE 6.0; Windows NT 5.1; SV1; .NET CLR 1.1.4322)"
62.253.219.131 - - [24/Jan/2006:05:07:17 -0500] "GET /images/header.gif HTTP/1.0" 200 26756 "http://www.darwinday.org/englishL/life/college.html" "Mozilla/4.0 (compatible; MSIE 6.0; Windows NT 5.1; SV1; .NET CLR 1.1.4322)"
62.253.219.131 - - [24/Jan/2006:05:07:17 -0500] "GET /englishL/life/images/christscollegequad.jpg HTTP/1.0" 200 116705 "http://www.darwinday.org/englishL/life/college.html" "Mozilla/4.0 (compatible; MSIE 6.0; Windows NT 5.1; SV1; .NET CLR 1.1.4322)"
62.253.219.131 - - [24/Jan/2006:05:07:18 -0500] "GET /englishL/life/images/edinburgh.jpg HTTP/1.0" 200 161189 "http://www.darwinday.org/englishL/life/college.html" "Mozilla/4.0 (compatible; MSIE 6.0; Windows NT 5.1; SV1; .NET CLR 1.1.4322)"
217.65.149.50 - - [24/Jan/2006:05:07:18 -0500] "GET /englishL/life/images/plaque-t.jpg HTTP/1.1" 200 43479 "http://www.darwinday.org/englishL/life/shrewsbury.html" "Mozilla/4.0 (compatible; MSIE 6.0; Windows NT 5.0; .NET CLR 1.1.4322)"
62.253.219.131 - - [24/Jan/2006:05:07:18 -0500] "GET /englishL/life/images/christscollege.jpg HTTP/1.0" 200 246126 "http://www.darwinday.org/englishL/life/college.html" "Mozilla/4.0 (compatible; MSIE 6.0; Windows NT 5.1; SV1; .NET CLR 1.1.4322)"
217.65.149.50 - - [24/Jan/2006:05:07:19 -0500] "GET /englishL/life/images/mountleft-t.jpg HTTP/1.1" 200 20725 "http://www.darwinday.org/englishL/life/shrewsbury.html" "Mozilla/4.0 (compatible; MSIE 6.0; Windows NT 5.0; .NET CLR 1.1.4322)"
217.65.149.50 - - [24/Jan/2006:05:07:20 -0500] "GET /englishL/life/images/mountfront-t.jpg HTTP/1.1" 200 24718 "http://www.darwinday.org/englishL/life/shrewsbury.html" "Mozilla/4.0 (compatible; MSIE 6.0; Windows NT 5.0; .NET CLR 1.1.4322)"
217.65.149.50 - - [24/Jan/2006:05:07:20 -0500] "GET /englishL/life/images/mountfront2-t.jpg HTTP/1.1" 200 26445 "http://www.darwinday.org/englishL/life/shrewsbury.html" "Mozilla/4.0 (compatible; MSIE 6.0; Windows NT 5.0; .NET CLR 1.1.4322)"
217.65.149.50 - - [24/Jan/2006:05:07:22 -0500] "GET /englishL/life/images/fireplace-t.jpg HTTP/1.1" 200 21734 "http://www.darwinday.org/englishL/life/shrewsbury.html" "Mozilla/4.0 (compatible; MSIE 6.0; Windows NT 5.0; .NET CLR 1.1.4322)"
217.65.149.50 - - [24/Jan/2006:05:07:23 -0500] "GET /englishL/life/images/saintchads-t.jpg HTTP/1.1" 200 18660 "http://www.darwinday.org/englishL/life/shrewsbury.html" "Mozilla/4.0 (compatible; MSIE 6.0; Windows NT 5.0; .NET CLR 1.1.4322)"
217.65.149.50 - - [24/Jan/2006:05:07:24 -0500] "GET /englishL/life/images/saintchads_cemetary-t.jpg HTTP/1.1" 200 34330 "http://www.darwinday.org/englishL/life/shrewsbury.html" "Mozilla/4.0 (compatible; MSIE 6.0; Windows NT 5.0; .NET CLR 1.1.4322)"
217.65.149.50 - - [24/Jan/2006:05:07:25 -0500] "GET /englishL/life/images/saintchads_dingle-t.jpg HTTP/1.1" 200 30689 "http://www.darwinday.org/englishL/life/shrewsbury.html" "Mozilla/4.0 (compatible; MSIE 6.0; Windows NT 5.0; .NET CLR 1.1.4322)"
217.65.149.50 - - [24/Jan/2006:05:07:26 -0500] "GET /englishL/life/images/dingleone-t.jpg HTTP/1.1" 200 38865 "http://www.darwinday.org/englishL/life/shrewsbury.html" "Mozilla/4.0 (compatible; MSIE 6.0; Windows NT 5.0; .NET CLR 1.1.4322)"
217.65.149.50 - - [24/Jan/2006:05:07:26 -0500] "GET /englishL/life/images/dingletwo-t.jpg HTTP/1.1" 200 37926 "http://www.darwinday.org/englishL/life/shrewsbury.html" "Mozilla/4.0 (compatible; MSIE 6.0; Windows NT 5.0; .NET CLR 1.1.4322)"
217.65.149.50 - - [24/Jan/2006:05:07:27 -0500] "GET /englishL/life/images/unitarianone-t.jpg HTTP/1.1" 200 39859 "http://www.darwinday.org/englishL/life/shrewsbury.html" "Mozilla/4.0 (compatible; MSIE 6.0; Windows NT 5.0; .NET CLR 1.1.4322)"
217.65.149.50 - - [24/Jan/2006:05:07:27 -0500] "GET /englishL/life/images/unitariantwo-t.jpg HTTP/1.1" 200 29648 "http://www.darwinday.org/englishL/life/shrewsbury.html" "Mozilla/4.0 (compatible; MSIE 6.0; Windows NT 5.0; .NET CLR 1.1.4322)"
