24.6.154.174 - - [24/Jan/2006:12:54:17 -0500] "GET /images/arrow.gif HTTP/1.1" 200 112 "http://www.darwinday.org/" "Mozilla/4.0 (compatible; MSIE 6.0; Windows NT 5.1; SV1; .NET CLR 1.1.4322)"
24.183.190.87 - - [24/Jan/2006:12:54:18 -0500] "GET / HTTP/1.1" 200 25315 "http://www.google.com/search?sourceid=navclient&ie=UTF-8&rls=GGLG,GGLG:2005-24,GGLG:en&q=feb+12+birthdays" "Mozilla/4.0 (compatible; MSIE 6.0; Windows NT 5.1; SV1; .NET CLR 1.1.4322)"
24.183.190.87 - - [24/Jan/2006:12:54:18 -0500] "GET /englishL/home/images/darwinages.gif HTTP/1.1" 200 50309 "http://www.darwinday.org/" "Mozilla/4.0 (compatible; MSIE 6.0; Windows NT 5.1; SV1; .NET CLR 1.1.4322)"
24.6.154.174 - - [24/Jan/2006:12:54:19 -0500] "GET /images/dnahorizl.gif HTTP/1.1" 200 2130 "http://www.darwinday.org/" "Mozilla/4.0 (compatible; MSIE 6.0; Windows NT 5.1; SV1; .NET CLR 1.1.4322)"
24.6.154.174 - - [24/Jan/2006:12:54:19 -0500] "GET /images/dnahoriz.gif HTTP/1.1" 200 3391 "http://www.darwinday.org/" "Mozilla/4.0 (compatible; MSIE 6.0; Windows NT 5.1; SV1; .NET CLR 1.1.4322)"
24.6.154.174 - - [24/Jan/2006:12:54:19 -0500] "GET /images/dnahorizr.gif HTTP/1.1" 200 2104 "http://www.darwinday.org/" "Mozilla/4.0 (compatible; MSIE 6.0; Windows NT 5.1; SV1; .NET CLR 1.1.4322)"
24.6.154.174 - - [24/Jan/2006:12:54:19 -0500] "GET /englishL/home/images/lincoln.gif HTTP/1.1" 200 11057 "http://www.darwinday.org/" "Mozilla/4.0 (compatible; MSIE 6.0; Windows NT 5.1; SV1; .NET CLR 1.1.4322)"
24.183.190.87 - - [24/Jan/2006:12:54:20 -0500] "GET /englishL/currarts.html HTTP/1.1" 200 5653 "http://www.darwinday.org/" "Mozilla/4.0 (compatible; MSIE 6.0; Windows NT 5.1; SV1; .NET CLR 1.1.4322)"
24.183.190.87 - - [24/Jan/2006:12:54:20 -0500] "GET /images/arrow.gif HTTP/1.1" 200 112 "http://www.darwinday.org/" "Mozilla/4.0 (compatible; MSIE 6.0; Windows NT 5.1; SV1; .NET CLR 1.1.4322)"
24.183.190.87 - - [24/Jan/2006:12:54:20 -0500] "GET /images/dnahorizl.gif HTTP/1.1" 200 2130 "http://www.darwinday.org/" "Mozilla/4.0 (compatible; MSIE 6.0; Windows NT 5.1; SV1; .NET CLR 1.1.4322)"
24.183.190.87 - - [24/Jan/2006:12:54:20 -0500] "GET /images/dnahoriz.gif HTTP/1.1" 200 3391 "http://www.darwinday.org/" "Mozilla/4.0 (compatible; MSIE 6.0; Windows NT 5.1; SV1; .NET CLR 1.1.4322)"
24.183.190.87 - - [24/Jan/2006:12:54:20 -0500] "GET /images/dnahorizr.gif HTTP/1.1" 200 2104 "http://www.darwinday.org/" "Mozilla/4.0 (compatible; MSIE 6.0; Windows NT 5.1; SV1; .NET CLR 1.1.4322)"
24.183.190.87 - - [24/Jan/2006:12:54:20 -0500] "GET /englishL/home/images/lincoln.gif HTTP/1.1" 200 11057 "http://www.darwinday.org/" "Mozilla/4.0 (compatible; MSIE 6.0; Windows NT 5.1; SV1; .NET CLR 1.1.4322)"
24.183.190.87 - - [24/Jan/2006:12:54:21 -0500] "GET /englishL/home/images/darwin.gif HTTP/1.1" 200 13783 "http://www.darwinday.org/" "Mozilla/4.0 (compatible; MSIE 6.0; Windows NT 5.1; SV1; .NET CLR 1.1.4322)"
24.6.154.174 - - [24/Jan/2006:12:54:22 -0500] "GET /englishL/home/images/darwin.gif HTTP/1.1" 200 13783 "http://www.darwinday.org/" "Mozilla/4.0 (compatible; MSIE 6.0; Windows NT 5.1; SV1; .NET CLR 1.1.4322)"
24.183.190.87 - - [24/Jan/2006:12:54:22 -0500] "GET /images/trans.gif HTTP/1.1" 200 49 "http://www.darwinday.org/" "Mozilla/4.0 (compatible; MSIE 6.0; Windows NT 5.1; SV1; .NET CLR 1.1.4322)"
24.183.190.87 - - [24/Jan/2006:12:54:22 -0500] "GET /englishL/home/images/beagle.gif HTTP/1.1" 200 37108 "http://www.darwinday.org/" "Mozilla/4.0 (compatible; MSIE 6.0; Windows NT 5.1; SV1; .NET CLR 1.1.4322)"
24.183.190.87 - - [24/Jan/2006:12:54:22 -0500] "GET /englishL/home/images/manymore.gif HTTP/1.1" 200 581 "http://www.darwinday.org/" "Mozilla/4.0 (compatible; MSIE 6.0; Windows NT 5.1; SV1; .NET CLR 1.1.4322)"
24.183.190.87 - - [24/Jan/2006:12:54:22 -0500] "GET /englishL/home/images/joinus.gif HTTP/1.1" 200 524 "http://www.darwinday.org/" "Mozilla/4.0 (compatible; MSIE 6.0; Windows NT 5.1; SV1; .NET CLR 1.1.4322)"
24.183.190.87 - - [24/Jan/2006:12:54:23 -0500] "GET /englishL/home/images/horse.evolution.jpg HTTP/1.1" 200 29612 "http://www.darwinday.org/" "Mozilla/4.0 (compatible; MSIE 6.0; Windows NT 5.1; SV1; .NET CLR 1.1.4322)"
24.6.154.174 - - [24/Jan/2006:12:54:23 -0500] "GET /englishL/home/images/darwinages.gif HTTP/1.1" 200 33177 "http://www.darwinday.org/" "Mozilla/4.0 (compatible; MSIE 6.0; Windows NT 5.1; SV1; .NET CLR 1.1.4322)"
24.183.190.87 - - [24/Jan/2006:12:54:23 -0500] "GET /images/DNAlogo.gif HTTP/1.1" 200 1370 "http://www.darwinday.org/englishL/currarts.html" "Mozilla/4.0 (compatible; MSIE 6.0; Windows NT 5.1; SV1; .NET CLR 1.1.4322)"
64.124.85.78 - - [24/Jan/2006:12:54:52 -0500] "GET /dispevent/index.php HTTP/1.1" 404 3393 "http://philbio.typepad.com/philosophy_of_biology/history_of_biology/index.html" "Mozilla/5.0 (compatible; BecomeBot/2.3; MSIE 6.0 compatible; +http://www.become.com/site_owners.html)"
81.91.237.40 - - [24/Jan/2006:12:55:15 -0500] "GET /event_info/2003.html HTTP/1.1" 404 3394 "-" "Mozilla/4.0 (compatible; MSIE 6.0; Windows 98)"
24.183.190.87 - - [24/Jan/2006:12:55:22 -0500] "GET /englishL/regemail/index.php HTTP/1.1" 200 6017 "http://www.darwinday.org/" "Mozilla/4.0 (compatible; MSIE 6.0; Windows NT 5.1; SV1; .NET CLR 1.1.4322)"
24.183.190.87 - - [24/Jan/2006:12:55:32 -0500] "POST /englishL/regemail/index.php? HTTP/1.1" 302 6017 "http://www.darwinday.org/englishL/regemail/index.php" "Mozilla/4.0 (compatible; MSIE 6.0; Windows NT 5.1; SV1; .NET CLR 1.1.4322)"
24.183.190.87 - - [24/Jan/2006:12:55:32 -0500] "GET /englishL/home/index.html? HTTP/1.1" 200 25693 "http://www.darwinday.org/englishL/regemail/index.php" "Mozilla/4.0 (compatible; MSIE 6.0; Windows NT 5.1; SV1; .NET CLR 1.1.4322)"
81.91.237.40 - - [24/Jan/2006:12:55:43 -0500] "GET / HTTP/1.1" 200 25315 "-" "Mozilla/4.0 (compatible; MSIE 6.0; Windows 98)"
66.249.66.99 - - [24/Jan/2006:12:57:46 -0500] "GET / HTTP/1.1" 200 25315 "-" "Mozilla/5.0 (compatible; Googlebot/2.1; +http://www.google.com/bot.html)"
66.249.66.99 - - [24/Jan/2006:12:59:57 -0500] "GET /englishL/home/ HTTP/1.1" 200 25693 "-" "Mozilla/5.0 (compatible; Googlebot/2.1; +http://www.google.com/bot.html)"
20.138.246.79 - - [24/Jan/2006:13:00:45 -0500] "GET / HTTP/1.1" 304 - "-" "Mozilla/4.0 (compatible;)"
128.118.64.220 - - [24/Jan/2006:13:01:39 -0500] "GET /stylesheets/mainenglishL.css HTTP/1.1" 200 590 "http://www.darwinday.org/" "Mozilla/5.0 (Windows; U; Windows NT 5.1; en-US; rv:1.8) Gecko/20051111 Firefox/1.5"
128.118.64.220 - - [24/Jan/2006:13:01:39 -0500] "GET /stylesheets/main.css HTTP/1.1" 200 658 "http://www.darwinday.org/" "Mozilla/5.0 (Windows; U; Windows NT 5.1; en-US; rv:1.8) Gecko/20051111 Firefox/1.5"
128.118.64.220 - - [24/Jan/2006:13:01:40 -0500] "GET /images/topleftlogo.gif HTTP/1.1" 200 6907 "http://www.darwinday.org/" "Mozilla/5.0 (Windows; U; Windows NT 5.1; en-US; rv:1.8) Gecko/20051111 Firefox/1.5"
128.118.64.220 - - [24/Jan/2006:13:01:40 -0500] "GET / HTTP/1.1" 200 25315 "-" "Mozilla/5.0 (Windows; U; Windows NT 5.1; en-US; rv:1.8) Gecko/20051111 Firefox/1.5"
128.118.64.220 - - [24/Jan/2006:13:01:41 -0500] "GET /englishL/currarts.html HTTP/1.1" 200 5653 "http://www.darwinday.org/" "Mozilla/5.0 (Windows; U; Windows NT 5.1; en-US; rv:1.8) Gecko/20051111 Firefox/1.5"
128.118.64.220 - - [24/Jan/2006:13:01:46 -0500] "GET /images/header.gif HTTP/1.1" 200 26756 "http://www.darwinday.org/" "Mozilla/5.0 (Windows; U; Windows NT 5.1; en-US; rv:1.8) Gecko/20051111 Firefox/1.5"
66.249.66.99 - - [24/Jan/2006:13:01:49 -0500] "GET /home/ HTTP/1.1" 200 25516 "-" "Mozilla/5.0 (compatible; Googlebot/2.1; +http://www.google.com/bot.html)"
128.118.64.220 - - [24/Jan/2006:13:01:54 -0500] "GET /images/worldmaptransp.gif HTTP/1.1" 200 128893 "http://www.darwinday.org/" "Mozilla/5.0 (Windows; U; Windows NT 5.1; en-US; rv:1.8) Gecko/20051111 Firefox/1.5"
128.118.64.220 - - [24/Jan/2006:13:01:58 -0500] "GET /englishL/images/titletrans.gif HTTP/1.1" 200 15588 "http://www.darwinday.org/" "Mozilla/5.0 (Windows; U; Windows NT 5.1; en-US; rv:1.8) Gecko/20051111 Firefox/1.5"
128.118.64.220 - - [24/Jan/2006:13:01:58 -0500] "GET /englishL/images/navbar.gif HTTP/1.1" 200 2667 "http://www.darwinday.org/" "Mozilla/5.0 (Windows; U; Windows NT 5.1; en-US; rv:1.8) Gecko/20051111 Firefox/1.5"
128.118.64.220 - - [24/Jan/2006:13:02:06 -0500] "GET /englishL/home/images/darwinages.gif HTTP/1.1" 200 50309 "http://www.darwinday.org/" "Mozilla/5.0 (Windows; U; Windows NT 5.1; en-US; rv:1.8) Gecko/20051111 Firefox/1.5"
128.118.64.220 - - [24/Jan/2006:13:02:06 -0500] "GET /images/arrow.gif HTTP/1.1" 200 112 "http://www.darwinday.org/" "Mozilla/5.0 (Windows; U; Windows NT 5.1; en-US; rv:1.8) Gecko/20051111 Firefox/1.5"
128.118.64.220 - - [24/Jan/2006:13:02:06 -0500] "GET /images/dnahorizl.gif HTTP/1.1" 200 2130 "http://www.darwinday.org/" "Mozilla/5.0 (Windows; U; Windows NT 5.1; en-US; rv:1.8) Gecko/20051111 Firefox/1.5"
128.118.64.220 - - [24/Jan/2006:13:02:07 -0500] "GET /images/dnahoriz.gif HTTP/1.1" 200 3391 "http://www.darwinday.org/" "Mozilla/5.0 (Windows; U; Windows NT 5.1; en-US; rv:1.8) Gecko/20051111 Firefox/1.5"
128.118.64.220 - - [24/Jan/2006:13:02:07 -0500] "GET /images/dnahorizr.gif HTTP/1.1" 200 2104 "http://www.darwinday.org/" "Mozilla/5.0 (Windows; U; Windows NT 5.1; en-US; rv:1.8) Gecko/20051111 Firefox/1.5"
128.118.64.220 - - [24/Jan/2006:13:02:08 -0500] "GET /englishL/home/images/lincoln.gif HTTP/1.1" 200 11057 "http://www.darwinday.org/" "Mozilla/5.0 (Windows; U; Windows NT 5.1; en-US; rv:1.8) Gecko/20051111 Firefox/1.5"
128.118.64.220 - - [24/Jan/2006:13:02:10 -0500] "GET /englishL/home/images/darwin.gif HTTP/1.1" 200 13783 "http://www.darwinday.org/" "Mozilla/5.0 (Windows; U; Windows NT 5.1; en-US; rv:1.8) Gecko/20051111 Firefox/1.5"
128.118.64.220 - - [24/Jan/2006:13:02:11 -0500] "GET /images/DNAlogo.gif HTTP/1.1" 200 1370 "http://www.darwinday.org/englishL/currarts.html" "Mozilla/5.0 (Windows; U; Windows NT 5.1; en-US; rv:1.8) Gecko/20051111 Firefox/1.5"
128.118.64.220 - - [24/Jan/2006:13:02:15 -0500] "GET /englishL/home/images/beagle.gif HTTP/1.1" 200 37108 "http://www.darwinday.org/" "Mozilla/5.0 (Windows; U; Windows NT 5.1; en-US; rv:1.8) Gecko/20051111 Firefox/1.5"
128.118.64.220 - - [24/Jan/2006:13:02:15 -0500] "GET /images/trans.gif HTTP/1.1" 200 49 "http://www.darwinday.org/" "Mozilla/5.0 (Windows; U; Windows NT 5.1; en-US; rv:1.8) Gecko/20051111 Firefox/1.5"
128.118.64.220 - - [24/Jan/2006:13:02:15 -0500] "GET /englishL/home/images/manymore.gif HTTP/1.1" 200 581 "http://www.darwinday.org/" "Mozilla/5.0 (Windows; U; Windows NT 5.1; en-US; rv:1.8) Gecko/20051111 Firefox/1.5"
128.118.64.220 - - [24/Jan/2006:13:02:15 -0500] "GET /englishL/home/images/joinus.gif HTTP/1.1" 200 524 "http://www.darwinday.org/" "Mozilla/5.0 (Windows; U; Windows NT 5.1; en-US; rv:1.8) Gecko/20051111 Firefox/1.5"
128.118.64.220 - - [24/Jan/2006:13:02:18 -0500] "GET /englishL/home/images/horse.evolution.jpg HTTP/1.1" 200 29612 "http://www.darwinday.org/" "Mozilla/5.0 (Windows; U; Windows NT 5.1; en-US; rv:1.8) Gecko/20051111 Firefox/1.5"
128.118.64.220 - - [24/Jan/2006:13:02:19 -0500] "GET /favicon.ico HTTP/1.1" 404 3385 "-" "Mozilla/5.0 (Windows; U; Windows NT 5.1; en-US; rv:1.8) Gecko/20051111 Firefox/1.5"
211.184.74.21 - - [24/Jan/2006:13:02:42 -0500] "GET / HTTP/1.0" 200 25315 "-" "-"
130.70.149.219 - - [24/Jan/2006:13:02:47 -0500] "GET / HTTP/1.1" 200 25315 "-" "Mozilla/4.0 (compatible; MSIE 6.0; Windows NT 5.1; Q312461; SV1; .NET CLR 2.0.50727)"
130.70.149.219 - - [24/Jan/2006:13:02:47 -0500] "GET /stylesheets/main.css HTTP/1.1" 200 658 "http://www.darwinday.org/" "Mozilla/4.0 (compatible; MSIE 6.0; Windows NT 5.1; Q312461; SV1; .NET CLR 2.0.50727)"
130.70.149.219 - - [24/Jan/2006:13:02:47 -0500] "GET /stylesheets/mainenglishL.css HTTP/1.1" 200 590 "http://www.darwinday.org/" "Mozilla/4.0 (compatible; MSIE 6.0; Windows NT 5.1; Q312461; SV1; .NET CLR 2.0.50727)"
130.70.149.219 - - [24/Jan/2006:13:02:47 -0500] "GET /images/topleftlogo.gif HTTP/1.1" 200 6907 "http://www.darwinday.org/" "Mozilla/4.0 (compatible; MSIE 6.0; Windows NT 5.1; Q312461; SV1; .NET CLR 2.0.50727)"
130.70.149.219 - - [24/Jan/2006:13:02:48 -0500] "GET /englishL/currarts.html HTTP/1.1" 200 5653 "http://www.darwinday.org/" "Mozilla/4.0 (compatible; MSIE 6.0; Windows NT 5.1; Q312461; SV1; .NET CLR 2.0.50727)"
130.70.149.219 - - [24/Jan/2006:13:02:49 -0500] "GET /images/header.gif HTTP/1.1" 200 26756 "http://www.darwinday.org/" "Mozilla/4.0 (compatible; MSIE 6.0; Windows NT 5.1; Q312461; SV1; .NET CLR 2.0.50727)"
130.70.149.219 - - [24/Jan/2006:13:02:50 -0500] "GET /englishL/images/titletrans.gif HTTP/1.1" 200 15588 "http://www.darwinday.org/" "Mozilla/4.0 (compatible; MSIE 6.0; Windows NT 5.1; Q312461; SV1; .NET CLR 2.0.50727)"
130.70.149.219 - - [24/Jan/2006:13:02:50 -0500] "GET /englishL/images/navbar.gif HTTP/1.1" 200 2667 "http://www.darwinday.org/" "Mozilla/4.0 (compatible; MSIE 6.0; Windows NT 5.1; Q312461; SV1; .NET CLR 2.0.50727)"
130.70.149.219 - - [24/Jan/2006:13:02:52 -0500] "GET /englishL/home/images/darwinages.gif HTTP/1.1" 200 27337 "http://www.darwinday.org/" "Mozilla/4.0 (compatible; MSIE 6.0; Windows NT 5.1; Q312461; SV1; .NET CLR 2.0.50727)"
130.70.149.219 - - [24/Jan/2006:13:02:52 -0500] "GET /images/worldmaptransp.gif HTTP/1.1" 200 69675 "http://www.darwinday.org/" "Mozilla/4.0 (compatible; MSIE 6.0; Windows NT 5.1; Q312461; SV1; .NET CLR 2.0.50727)"
130.70.149.219 - - [24/Jan/2006:13:02:56 -0500] "GET /englishL/home/images/darwinages.gif HTTP/1.1" 206 33192 "http://www.darwinday.org/" "Mozilla/4.0 (compatible; MSIE 6.0; Windows NT 5.1; Q312461; SV1; .NET CLR 2.0.50727)"
130.70.149.219 - - [24/Jan/2006:13:02:57 -0500] "GET /images/worldmaptransp.gif HTTP/1.1" 206 82578 "http://www.darwinday.org/" "Mozilla/4.0 (compatible; MSIE 6.0; Windows NT 5.1; Q312461; SV1; .NET CLR 2.0.50727)"
130.70.149.219 - - [24/Jan/2006:13:02:57 -0500] "GET /images/arrow.gif HTTP/1.1" 200 112 "http://www.darwinday.org/" "Mozilla/4.0 (compatible; MSIE 6.0; Windows NT 5.1; Q312461; SV1; .NET CLR 2.0.50727)"
130.70.149.219 - - [24/Jan/2006:13:02:57 -0500] "GET /images/dnahorizl.gif HTTP/1.1" 200 2130 "http://www.darwinday.org/" "Mozilla/4.0 (compatible; MSIE 6.0; Windows NT 5.1; Q312461; SV1; .NET CLR 2.0.50727)"
130.70.149.219 - - [24/Jan/2006:13:02:58 -0500] "GET /images/dnahoriz.gif HTTP/1.1" 200 3391 "http://www.darwinday.org/" "Mozilla/4.0 (compatible; MSIE 6.0; Windows NT 5.1; Q312461; SV1; .NET CLR 2.0.50727)"
130.70.149.219 - - [24/Jan/2006:13:02:58 -0500] "GET /images/dnahorizr.gif HTTP/1.1" 200 2104 "http://www.darwinday.org/" "Mozilla/4.0 (compatible; MSIE 6.0; Windows NT 5.1; Q312461; SV1; .NET CLR 2.0.50727)"
130.70.149.219 - - [24/Jan/2006:13:02:59 -0500] "GET /englishL/home/images/darwin.gif HTTP/1.1" 200 13783 "http://www.darwinday.org/" "Mozilla/4.0 (compatible; MSIE 6.0; Windows NT 5.1; Q312461; SV1; .NET CLR 2.0.50727)"
130.70.149.219 - - [24/Jan/2006:13:02:59 -0500] "GET /englishL/home/images/lincoln.gif HTTP/1.1" 200 11057 "http://www.darwinday.org/" "Mozilla/4.0 (compatible; MSIE 6.0; Windows NT 5.1; Q312461; SV1; .NET CLR 2.0.50727)"
130.70.149.219 - - [24/Jan/2006:13:03:00 -0500] "GET /images/trans.gif HTTP/1.1" 200 49 "http://www.darwinday.org/" "Mozilla/4.0 (compatible; MSIE 6.0; Windows NT 5.1; Q312461; SV1; .NET CLR 2.0.50727)"
130.70.149.219 - - [24/Jan/2006:13:03:00 -0500] "GET /englishL/home/images/manymore.gif HTTP/1.1" 200 581 "http://www.darwinday.org/" "Mozilla/4.0 (compatible; MSIE 6.0; Windows NT 5.1; Q312461; SV1; .NET CLR 2.0.50727)"
130.70.149.219 - - [24/Jan/2006:13:03:00 -0500] "GET /englishL/home/images/beagle.gif HTTP/1.1" 200 37108 "http://www.darwinday.org/" "Mozilla/4.0 (compatible; MSIE 6.0; Windows NT 5.1; Q312461; SV1; .NET CLR 2.0.50727)"
130.70.149.219 - - [24/Jan/2006:13:03:00 -0500] "GET /englishL/home/images/joinus.gif HTTP/1.1" 200 524 "http://www.darwinday.org/" "Mozilla/4.0 (compatible; MSIE 6.0; Windows NT 5.1; Q312461; SV1; .NET CLR 2.0.50727)"
130.70.149.219 - - [24/Jan/2006:13:03:01 -0500] "GET /images/DNAlogo.gif HTTP/1.1" 200 1370 "http://www.darwinday.org/englishL/currarts.html" "Mozilla/4.0 (compatible; MSIE 6.0; Windows NT 5.1; Q312461; SV1; .NET CLR 2.0.50727)"
130.70.149.219 - - [24/Jan/2006:13:03:03 -0500] "GET /englishL/home/images/horse.evolution.jpg HTTP/1.1" 200 29612 "http://www.darwinday.org/" "Mozilla/4.0 (compatible; MSIE 6.0; Windows NT 5.1; Q312461; SV1; .NET CLR 2.0.50727)"
143.107.38.92 - - [24/Jan/2006:13:03:08 -0500] "GET /favicon.ico HTTP/1.1" 404 3385 "-" "Mozilla/5.0 (Windows; U; Windows NT 5.1; en-US; rv:1.8) Gecko/20051111 Firefox/1.5"
130.70.149.219 - - [24/Jan/2006:13:03:48 -0500] "GET /englishL/regemail/index.php HTTP/1.1" 200 6017 "http://www.darwinday.org/" "Mozilla/4.0 (compatible; MSIE 6.0; Windows NT 5.1; Q312461; SV1; .NET CLR 2.0.50727)"
130.70.149.219 - - [24/Jan/2006:13:04:17 -0500] "POST /englishL/regemail/index.php? HTTP/1.1" 302 6017 "http://www.darwinday.org/englishL/regemail/index.php" "Mozilla/4.0 (compatible; MSIE 6.0; Windows NT 5.1; Q312461; SV1; .NET CLR 2.0.50727)"
130.70.149.219 - - [24/Jan/2006:13:04:23 -0500] "GET /englishL/home/index.html? HTTP/1.1" 200 25693 "http://www.darwinday.org/englishL/regemail/index.php" "Mozilla/4.0 (compatible; MSIE 6.0; Windows NT 5.1; Q312461; SV1; .NET CLR 2.0.50727)"
71.110.41.150 - - [24/Jan/2006:13:04:28 -0500] "GET /chooselang/index.html HTTP/1.1" 200 5641 "http://66.102.7.104/search?q=cache:X4IQAf1Up1UJ:www.darwinday.org/+&hl=en" "Mozilla/4.0 (compatible; MSIE 6.0; Windows NT 5.1; SV1; .NET CLR 1.1.4322)"
207.63.189.134 - - [24/Jan/2006:13:04:30 -0500] "GET /englishL/evolution/dna.html HTTP/1.1" 200 7092 "http://images.google.com/imgres?imgurl=http://www.darwinday.org/images/duplicatedna.gif&imgrefurl=http://www.darwinday.org/englishL/evolution/dna.html&h=342&w=205&sz=17&tbnid=Q00GnczCtq88vM:&tbnh=115&tbnw=68&hl=en&start=34&prev=/images%3Fq%3Dmutations%2B%26start%3D20%26svnum%3D10%26hl%3Den%26lr%3D%26sa%3DN" "Mozilla/4.0 (compatible; MSIE 6.0; Windows NT 5.1; SV1)"
207.63.189.134 - - [24/Jan/2006:13:04:30 -0500] "GET /stylesheets/main.css HTTP/1.1" 200 658 "http://www.darwinday.org/englishL/evolution/dna.html" "Mozilla/4.0 (compatible; MSIE 6.0; Windows NT 5.1; SV1)"
207.63.189.134 - - [24/Jan/2006:13:04:30 -0500] "GET /images/topleftlogo.gif HTTP/1.1" 200 6907 "http://www.darwinday.org/englishL/evolution/dna.html" "Mozilla/4.0 (compatible; MSIE 6.0; Windows NT 5.1; SV1)"
207.63.189.134 - - [24/Jan/2006:13:04:31 -0500] "GET /images/header.gif HTTP/1.1" 200 26756 "http://www.darwinday.org/englishL/evolution/dna.html" "Mozilla/4.0 (compatible; MSIE 6.0; Windows NT 5.1; SV1)"
207.63.189.134 - - [24/Jan/2006:13:04:32 -0500] "GET /englishL/images/titletrans.gif HTTP/1.1" 200 15588 "http://www.darwinday.org/englishL/evolution/dna.html" "Mozilla/4.0 (compatible; MSIE 6.0; Windows NT 5.1; SV1)"
207.63.189.134 - - [24/Jan/2006:13:04:35 -0500] "GET /englishL/images/navbar.gif HTTP/1.1" 200 2667 "http://www.darwinday.org/englishL/evolution/dna.html" "Mozilla/4.0 (compatible; MSIE 6.0; Windows NT 5.1; SV1)"
207.63.189.134 - - [24/Jan/2006:13:04:35 -0500] "GET /images/worldmaptransp.gif HTTP/1.1" 200 128893 "http://www.darwinday.org/englishL/evolution/dna.html" "Mozilla/4.0 (compatible; MSIE 6.0; Windows NT 5.1; SV1)"
207.63.189.134 - - [24/Jan/2006:13:04:35 -0500] "GET /images/duplicatedna.gif HTTP/1.1" 200 16618 "http://www.darwinday.org/englishL/evolution/dna.html" "Mozilla/4.0 (compatible; MSIE 6.0; Windows NT 5.1; SV1)"
130.70.149.219 - - [24/Jan/2006:13:05:02 -0500] "GET /englishL/life/index.html HTTP/1.1" 200 9860 "http://www.darwinday.org/englishL/home/index.html?" "Mozilla/4.0 (compatible; MSIE 6.0; Windows NT 5.1; Q312461; SV1; .NET CLR 2.0.50727)"
130.70.149.219 - - [24/Jan/2006:13:05:04 -0500] "GET /images/goldball.gif HTTP/1.1" 200 332 "http://www.darwinday.org/englishL/life/index.html" "Mozilla/4.0 (compatible; MSIE 6.0; Windows NT 5.1; Q312461; SV1; .NET CLR 2.0.50727)"
130.70.149.219 - - [24/Jan/2006:13:05:34 -0500] "GET /englishL/evolution/index.html HTTP/1.1" 200 4606 "http://www.darwinday.org/englishL/regemail/index.php" "Mozilla/4.0 (compatible; MSIE 6.0; Windows NT 5.1; Q312461; SV1; .NET CLR 2.0.50727)"
130.70.149.219 - - [24/Jan/2006:13:05:36 -0500] "GET /images/dnagraphic.jpg HTTP/1.1" 200 25020 "http://www.darwinday.org/englishL/evolution/index.html" "Mozilla/4.0 (compatible; MSIE 6.0; Windows NT 5.1; Q312461; SV1; .NET CLR 2.0.50727)"
130.70.149.219 - - [24/Jan/2006:13:05:37 -0500] "GET /englishL/evolution/theory.html HTTP/1.1" 200 9412 "http://www.darwinday.org/englishL/evolution/index.html" "Mozilla/4.0 (compatible; MSIE 6.0; Windows NT 5.1; Q312461; SV1; .NET CLR 2.0.50727)"
85.166.253.149 - - [24/Jan/2006:13:05:46 -0500] "GET /stylesheets/mainenglishL.css HTTP/1.1" 200 590 "http://www.darwinday.org/englishL/life/shrewsbury.html" "Mozilla/4.0 (compatible; MSIE 6.0; Windows NT 5.1; SV1; .NET CLR 1.1.4322)"
85.166.253.149 - - [24/Jan/2006:13:05:47 -0500] "GET /stylesheets/main.css HTTP/1.1" 200 658 "http://www.darwinday.org/englishL/life/shrewsbury.html" "Mozilla/4.0 (compatible; MSIE 6.0; Windows NT 5.1; SV1; .NET CLR 1.1.4322)"
85.166.253.149 - - [24/Jan/2006:13:05:47 -0500] "GET /images/topleftlogo.gif HTTP/1.1" 200 6907 "http://www.darwinday.org/englishL/life/shrewsbury.html" "Mozilla/4.0 (compatible; MSIE 6.0; Windows NT 5.1; SV1; .NET CLR 1.1.4322)"
85.166.253.149 - - [24/Jan/2006:13:05:48 -0500] "GET /images/header.gif HTTP/1.1" 200 22829 "http://www.darwinday.org/englishL/life/shrewsbury.html" "Mozilla/4.0 (compatible; MSIE 6.0; Windows NT 5.1; SV1; .NET CLR 1.1.4322)"
85.166.253.149 - - [24/Jan/2006:13:05:49 -0500] "GET /englishL/life/shrewsbury.html HTTP/1.1" 200 37679 "-" "Mozilla/4.0 (compatible; MSIE 6.0; Windows NT 5.1; SV1; .NET CLR 1.1.4322)"
85.166.253.149 - - [24/Jan/2006:13:06:02 -0500] "GET /englishL/life/images/plaque.jpg HTTP/1.1" 200 161557 "-" "Mozilla/4.0 (compatible; MSIE 6.0; Windows NT 5.1; SV1; .NET CLR 1.1.4322)"
86.133.215.255 - - [24/Jan/2006:13:06:14 -0500] "GET /stylesheets/mainenglishL.css HTTP/1.1" 200 590 "http://www.darwinday.org/" "Mozilla/4.0 (compatible; MSIE 6.0; Windows NT 5.1; SV1)"
86.133.215.255 - - [24/Jan/2006:13:06:16 -0500] "GET / HTTP/1.1" 200 25315 "-" "Mozilla/4.0 (compatible; MSIE 6.0; Windows NT 5.1; SV1)"
71.110.41.150 - - [24/Jan/2006:13:06:23 -0500] "GET /englishL/evolution/index.html HTTP/1.1" 200 4606 "http://66.102.7.104/search?q=cache:X4IQAf1Up1UJ:www.darwinday.org/+&hl=en" "Mozilla/4.0 (compatible; MSIE 6.0; Windows NT 5.1; SV1; .NET CLR 1.1.4322)"
71.110.41.150 - - [24/Jan/2006:13:06:23 -0500] "GET /images/goldball.gif HTTP/1.1" 200 332 "http://www.darwinday.org/englishL/evolution/index.html" "Mozilla/4.0 (compatible; MSIE 6.0; Windows NT 5.1; SV1; .NET CLR 1.1.4322)"
71.110.41.150 - - [24/Jan/2006:13:06:27 -0500] "GET /images/dnagraphic.jpg HTTP/1.1" 200 25020 "http://www.darwinday.org/englishL/evolution/index.html" "Mozilla/4.0 (compatible; MSIE 6.0; Windows NT 5.1; SV1; .NET CLR 1.1.4322)"
71.110.41.150 - - [24/Jan/2006:13:07:04 -0500] "GET /englishL/evolution/dna.html HTTP/1.1" 200 7092 "http://www.darwinday.org/englishL/evolution/index.html" "Mozilla/4.0 (compatible; MSIE 6.0; Windows NT 5.1; SV1; .NET CLR 1.1.4322)"
71.110.41.150 - - [24/Jan/2006:13:07:05 -0500] "GET /images/duplicatedna.gif HTTP/1.1" 200 16618 "http://www.darwinday.org/englishL/evolution/dna.html" "Mozilla/4.0 (compatible; MSIE 6.0; Windows NT 5.1; SV1; .NET CLR 1.1.4322)"
200.125.23.128 - - [24/Jan/2006:13:07:13 -0500] "GET / HTTP/1.1" 304 - "-" "Mozilla/4.0 (compatible; MSIE 6.0; Windows NT 5.1; SV1; .NET CLR 1.1.4322; InfoPath.1)"
200.125.23.128 - - [24/Jan/2006:13:07:14 -0500] "GET /stylesheets/mainenglishL.css HTTP/1.1" 304 - "http://darwinday.org" "Mozilla/4.0 (compatible; MSIE 6.0; Windows NT 5.1; SV1; .NET CLR 1.1.4322; InfoPath.1)"
143.107.38.92 - - [24/Jan/2006:13:07:15 -0500] "GET /images/topleftlogo.gif HTTP/1.1" 304 - "http://www.darwinday.org/englishL/home/2006.php" "Mozilla/5.0 (Windows; U; Windows NT 5.1; en-US; rv:1.8) Gecko/20051111 Firefox/1.5"
200.125.23.128 - - [24/Jan/2006:13:07:15 -0500] "GET /stylesheets/main.css HTTP/1.1" 304 - "http://darwinday.org" "Mozilla/4.0 (compatible; MSIE 6.0; Windows NT 5.1; SV1; .NET CLR 1.1.4322; InfoPath.1)"
200.125.23.128 - - [24/Jan/2006:13:07:16 -0500] "GET /englishL/images/titletrans.gif HTTP/1.1" 304 - "http://darwinday.org" "Mozilla/4.0 (compatible; MSIE 6.0; Windows NT 5.1; SV1; .NET CLR 1.1.4322; InfoPath.1)"
200.125.23.128 - - [24/Jan/2006:13:07:16 -0500] "GET /englishL/currarts.html HTTP/1.1" 304 - "http://darwinday.org" "Mozilla/4.0 (compatible; MSIE 6.0; Windows NT 5.1; SV1; .NET CLR 1.1.4322; InfoPath.1)"
200.125.23.128 - - [24/Jan/2006:13:07:17 -0500] "GET /englishL/home/images/darwinages.gif HTTP/1.1" 304 - "http://darwinday.org" "Mozilla/4.0 (compatible; MSIE 6.0; Windows NT 5.1; SV1; .NET CLR 1.1.4322; InfoPath.1)"
200.125.23.128 - - [24/Jan/2006:13:07:17 -0500] "GET /englishL/home/images/lincoln.gif HTTP/1.1" 304 - "http://darwinday.org" "Mozilla/4.0 (compatible; MSIE 6.0; Windows NT 5.1; SV1; .NET CLR 1.1.4322; InfoPath.1)"
200.125.23.128 - - [24/Jan/2006:13:07:17 -0500] "GET /englishL/home/images/darwin.gif HTTP/1.1" 304 - "http://darwinday.org" "Mozilla/4.0 (compatible; MSIE 6.0; Windows NT 5.1; SV1; .NET CLR 1.1.4322; InfoPath.1)"
200.125.23.128 - - [24/Jan/2006:13:07:17 -0500] "GET /englishL/home/images/beagle.gif HTTP/1.1" 304 - "http://darwinday.org" "Mozilla/4.0 (compatible; MSIE 6.0; Windows NT 5.1; SV1; .NET CLR 1.1.4322; InfoPath.1)"
143.107.38.92 - - [24/Jan/2006:13:07:18 -0500] "GET /images/worldmaptransp.gif HTTP/1.1" 304 - "http://www.darwinday.org/englishL/home/2006.php" "Mozilla/5.0 (Windows; U; Windows NT 5.1; en-US; rv:1.8) Gecko/20051111 Firefox/1.5"
200.125.23.128 - - [24/Jan/2006:13:07:19 -0500] "GET /englishL/home/images/manymore.gif HTTP/1.1" 304 - "http://darwinday.org" "Mozilla/4.0 (compatible; MSIE 6.0; Windows NT 5.1; SV1; .NET CLR 1.1.4322; InfoPath.1)"
200.125.23.128 - - [24/Jan/2006:13:07:19 -0500] "GET /chooselang/index.html HTTP/1.1" 304 - "http://darwinday.org" "Mozilla/4.0 (compatible; MSIE 6.0; Windows NT 5.1; SV1; .NET CLR 1.1.4322; InfoPath.1)"
143.107.38.92 - - [24/Jan/2006:13:07:23 -0500] "GET /images/header.gif HTTP/1.1" 304 - "http://www.darwinday.org/englishL/home/2006.php" "Mozilla/5.0 (Windows; U; Windows NT 5.1; en-US; rv:1.8) Gecko/20051111 Firefox/1.5"
143.107.38.92 - - [24/Jan/2006:13:07:24 -0500] "GET /englishL/images/navbar.gif HTTP/1.1" 304 - "http://www.darwinday.org/englishL/home/2006.php" "Mozilla/5.0 (Windows; U; Windows NT 5.1; en-US; rv:1.8) Gecko/20051111 Firefox/1.5"
200.125.23.128 - - [24/Jan/2006:13:07:28 -0500] "GET /englishL/images/navbar.gif HTTP/1.1" 304 - "http://darwinday.org/chooselang/index.html" "Mozilla/4.0 (compatible; MSIE 6.0; Windows NT 5.1; SV1; .NET CLR 1.1.4322; InfoPath.1)"
200.125.23.128 - - [24/Jan/2006:13:07:31 -0500] "GET /englishL/aboutddc/index.html HTTP/1.1" 304 - "http://darwinday.org/chooselang/index.html" "Mozilla/4.0 (compatible; MSIE 6.0; Windows NT 5.1; SV1; .NET CLR 1.1.4322; InfoPath.1)"
143.107.38.92 - - [24/Jan/2006:13:07:31 -0500] "GET /englishL/images/titletrans.gif HTTP/1.1" 304 - "http://www.darwinday.org/englishL/home/2006.php" "Mozilla/5.0 (Windows; U; Windows NT 5.1; en-US; rv:1.8) Gecko/20051111 Firefox/1.5"
200.125.23.128 - - [24/Jan/2006:13:07:32 -0500] "GET /images/goldball.gif HTTP/1.1" 304 - "http://darwinday.org/englishL/aboutddc/index.html" "Mozilla/4.0 (compatible; MSIE 6.0; Windows NT 5.1; SV1; .NET CLR 1.1.4322; InfoPath.1)"
200.125.23.128 - - [24/Jan/2006:13:07:37 -0500] "GET /images/navbar.gif HTTP/1.1" 304 - "http://darwinday.org/englishL/dispsupport/index.php" "Mozilla/4.0 (compatible; MSIE 6.0; Windows NT 5.1; SV1; .NET CLR 1.1.4322; InfoPath.1)"
200.125.23.128 - - [24/Jan/2006:13:08:20 -0500] "GET /englishL/dispsupport/index.php HTTP/1.1" 200 386982 "http://darwinday.org/englishL/aboutddc/index.html" "Mozilla/4.0 (compatible; MSIE 6.0; Windows NT 5.1; SV1; .NET CLR 1.1.4322; InfoPath.1)"
143.107.38.92 - - [24/Jan/2006:13:08:20 -0500] "GET /englishL/home/2006.php HTTP/1.1" 200 40544 "http://www.darwinday.org/" "Mozilla/5.0 (Windows; U; Windows NT 5.1; en-US; rv:1.8) Gecko/20051111 Firefox/1.5"
200.125.23.128 - - [24/Jan/2006:13:09:22 -0500] "GET /spanishSA/home/index.html HTTP/1.1" 304 - "http://darwinday.org/chooselang/index.html" "Mozilla/4.0 (compatible; MSIE 6.0; Windows NT 5.1; SV1; .NET CLR 1.1.4322; InfoPath.1)"
200.125.23.128 - - [24/Jan/2006:13:09:23 -0500] "GET /stylesheets/mainspanishSA.css HTTP/1.1" 304 - "http://darwinday.org/spanishSA/home/index.html" "Mozilla/4.0 (compatible; MSIE 6.0; Windows NT 5.1; SV1; .NET CLR 1.1.4322; InfoPath.1)"
200.125.23.128 - - [24/Jan/2006:13:09:24 -0500] "GET /spanishSA/images/titletrans.gif HTTP/1.1" 304 - "http://darwinday.org/spanishSA/home/index.html" "Mozilla/4.0 (compatible; MSIE 6.0; Windows NT 5.1; SV1; .NET CLR 1.1.4322; InfoPath.1)"
200.125.23.128 - - [24/Jan/2006:13:09:24 -0500] "GET /spanishSA/currarts.html HTTP/1.1" 304 - "http://darwinday.org/spanishSA/home/index.html" "Mozilla/4.0 (compatible; MSIE 6.0; Windows NT 5.1; SV1; .NET CLR 1.1.4322; InfoPath.1)"
200.125.23.128 - - [24/Jan/2006:13:09:24 -0500] "GET /spanishSA/images/navbar.gif HTTP/1.1" 304 - "http://darwinday.org/spanishSA/home/index.html" "Mozilla/4.0 (compatible; MSIE 6.0; Windows NT 5.1; SV1; .NET CLR 1.1.4322; InfoPath.1)"
200.125.23.128 - - [24/Jan/2006:13:09:25 -0500] "GET /spanishSA/home/images/darwinages.gif HTTP/1.1" 304 - "http://darwinday.org/spanishSA/home/index.html" "Mozilla/4.0 (compatible; MSIE 6.0; Windows NT 5.1; SV1; .NET CLR 1.1.4322; InfoPath.1)"
200.125.23.128 - - [24/Jan/2006:13:09:25 -0500] "GET /spanishSA/home/images/lincoln.gif HTTP/1.1" 304 - "http://darwinday.org/spanishSA/home/index.html" "Mozilla/4.0 (compatible; MSIE 6.0; Windows NT 5.1; SV1; .NET CLR 1.1.4322; InfoPath.1)"
200.125.23.128 - - [24/Jan/2006:13:09:25 -0500] "GET /spanishSA/home/images/darwin.gif HTTP/1.1" 304 - "http://darwinday.org/spanishSA/home/index.html" "Mozilla/4.0 (compatible; MSIE 6.0; Windows NT 5.1; SV1; .NET CLR 1.1.4322; InfoPath.1)"
200.125.23.128 - - [24/Jan/2006:13:09:25 -0500] "GET /spanishSA/home/images/beagle.gif HTTP/1.1" 304 - "http://darwinday.org/spanishSA/home/index.html" "Mozilla/4.0 (compatible; MSIE 6.0; Windows NT 5.1; SV1; .NET CLR 1.1.4322; InfoPath.1)"
200.125.23.128 - - [24/Jan/2006:13:09:25 -0500] "GET /spanishSA/home/images/manymore.gif HTTP/1.1" 304 - "http://darwinday.org/spanishSA/home/index.html" "Mozilla/4.0 (compatible; MSIE 6.0; Windows NT 5.1; SV1; .NET CLR 1.1.4322; InfoPath.1)"
200.125.23.128 - - [24/Jan/2006:13:09:25 -0500] "GET /spanishSA/home/images/joinus.gif HTTP/1.1" 304 - "http://darwinday.org/spanishSA/home/index.html" "Mozilla/4.0 (compatible; MSIE 6.0; Windows NT 5.1; SV1; .NET CLR 1.1.4322; InfoPath.1)"
200.125.23.128 - - [24/Jan/2006:13:09:26 -0500] "GET /spanishSA/home/images/horse.evolution.jpg HTTP/1.1" 304 - "http://darwinday.org/spanishSA/home/index.html" "Mozilla/4.0 (compatible; MSIE 6.0; Windows NT 5.1; SV1; .NET CLR 1.1.4322; InfoPath.1)"
200.125.23.128 - - [24/Jan/2006:13:09:30 -0500] "GET /spanishSA/aboutddc/index.html HTTP/1.1" 304 - "http://darwinday.org/spanishSA/home/index.html" "Mozilla/4.0 (compatible; MSIE 6.0; Windows NT 5.1; SV1; .NET CLR 1.1.4322; InfoPath.1)"
200.125.23.128 - - [24/Jan/2006:13:09:58 -0500] "GET /spanishSA/dispsupport/index.php HTTP/1.1" 200 428657 "http://darwinday.org/spanishSA/aboutddc/index.html" "Mozilla/4.0 (compatible; MSIE 6.0; Windows NT 5.1; SV1; .NET CLR 1.1.4322; InfoPath.1)"
140.254.253.137 - - [24/Jan/2006:13:11:29 -0500] "GET /stylesheets/mainenglishL.css HTTP/1.1" 200 590 "http://www.darwinday.org/" "Mozilla/5.0 (Macintosh; U; PPC Mac OS X; en-us) AppleWebKit/417.9 (KHTML, like Gecko) Safari/417.8"
140.254.253.137 - - [24/Jan/2006:13:11:29 -0500] "GET /stylesheets/main.css HTTP/1.1" 200 658 "http://www.darwinday.org/" "Mozilla/5.0 (Macintosh; U; PPC Mac OS X; en-us) AppleWebKit/417.9 (KHTML, like Gecko) Safari/417.8"
140.254.253.137 - - [24/Jan/2006:13:11:29 -0500] "GET /images/topleftlogo.gif HTTP/1.1" 200 6907 "http://www.darwinday.org/" "Mozilla/5.0 (Macintosh; U; PPC Mac OS X; en-us) AppleWebKit/417.9 (KHTML, like Gecko) Safari/417.8"
140.254.253.137 - - [24/Jan/2006:13:11:30 -0500] "GET / HTTP/1.1" 200 25315 "-" "Mozilla/5.0 (Macintosh; U; PPC Mac OS X; en-us) AppleWebKit/417.9 (KHTML, like Gecko) Safari/417.8"
140.254.253.137 - - [24/Jan/2006:13:11:30 -0500] "GET /images/header.gif HTTP/1.1" 200 26756 "http://www.darwinday.org/" "Mozilla/5.0 (Macintosh; U; PPC Mac OS X; en-us) AppleWebKit/417.9 (KHTML, like Gecko) Safari/417.8"
140.254.253.137 - - [24/Jan/2006:13:11:30 -0500] "GET /englishL/images/titletrans.gif HTTP/1.1" 200 15588 "http://www.darwinday.org/" "Mozilla/5.0 (Macintosh; U; PPC Mac OS X; en-us) AppleWebKit/417.9 (KHTML, like Gecko) Safari/417.8"
140.254.253.137 - - [24/Jan/2006:13:11:30 -0500] "GET /englishL/images/navbar.gif HTTP/1.1" 200 2667 "http://www.darwinday.org/" "Mozilla/5.0 (Macintosh; U; PPC Mac OS X; en-us) AppleWebKit/417.9 (KHTML, like Gecko) Safari/417.8"
140.254.253.137 - - [24/Jan/2006:13:11:30 -0500] "GET /images/dnahorizl.gif HTTP/1.1" 200 2130 "http://www.darwinday.org/" "Mozilla/5.0 (Macintosh; U; PPC Mac OS X; en-us) AppleWebKit/417.9 (KHTML, like Gecko) Safari/417.8"
140.254.253.137 - - [24/Jan/2006:13:11:30 -0500] "GET /englishL/currarts.html HTTP/1.1" 200 5653 "http://www.darwinday.org/" "Mozilla/5.0 (Macintosh; U; PPC Mac OS X; en-us) AppleWebKit/417.9 (KHTML, like Gecko) Safari/417.8"
140.254.253.137 - - [24/Jan/2006:13:11:30 -0500] "GET /images/dnahorizr.gif HTTP/1.1" 200 2104 "http://www.darwinday.org/" "Mozilla/5.0 (Macintosh; U; PPC Mac OS X; en-us) AppleWebKit/417.9 (KHTML, like Gecko) Safari/417.8"
140.254.253.137 - - [24/Jan/2006:13:11:30 -0500] "GET /images/trans.gif HTTP/1.1" 200 49 "http://www.darwinday.org/" "Mozilla/5.0 (Macintosh; U; PPC Mac OS X; en-us) AppleWebKit/417.9 (KHTML, like Gecko) Safari/417.8"
140.254.253.137 - - [24/Jan/2006:13:11:30 -0500] "GET /englishL/home/images/manymore.gif HTTP/1.1" 200 581 "http://www.darwinday.org/" "Mozilla/5.0 (Macintosh; U; PPC Mac OS X; en-us) AppleWebKit/417.9 (KHTML, like Gecko) Safari/417.8"
140.254.253.137 - - [24/Jan/2006:13:11:30 -0500] "GET /favicon.ico HTTP/1.1" 404 3385 "-" "Mozilla/5.0 (Macintosh; U; PPC Mac OS X; en-us) AppleWebKit/417.9 (KHTML, like Gecko) Safari/417.8"
140.254.253.137 - - [24/Jan/2006:13:11:30 -0500] "GET /images/DNAlogo.gif HTTP/1.1" 200 1370 "http://www.darwinday.org/englishL/currarts.html" "Mozilla/5.0 (Macintosh; U; PPC Mac OS X; en-us) AppleWebKit/417.9 (KHTML, like Gecko) Safari/417.8"
140.254.253.137 - - [24/Jan/2006:13:11:30 -0500] "GET /images/worldmaptransp.gif HTTP/1.1" 200 128893 "http://www.darwinday.org/" "Mozilla/5.0 (Macintosh; U; PPC Mac OS X; en-us) AppleWebKit/417.9 (KHTML, like Gecko) Safari/417.8"
140.254.253.137 - - [24/Jan/2006:13:11:30 -0500] "GET /images/arrow.gif HTTP/1.1" 200 112 "http://www.darwinday.org/" "Mozilla/5.0 (Macintosh; U; PPC Mac OS X; en-us) AppleWebKit/417.9 (KHTML, like Gecko) Safari/417.8"
140.254.253.137 - - [24/Jan/2006:13:11:30 -0500] "GET /images/dnahoriz.gif HTTP/1.1" 200 3391 "http://www.darwinday.org/" "Mozilla/5.0 (Macintosh; U; PPC Mac OS X; en-us) AppleWebKit/417.9 (KHTML, like Gecko) Safari/417.8"
140.254.253.137 - - [24/Jan/2006:13:11:30 -0500] "GET /englishL/home/images/darwinages.gif HTTP/1.1" 200 50309 "http://www.darwinday.org/" "Mozilla/5.0 (Macintosh; U; PPC Mac OS X; en-us) AppleWebKit/417.9 (KHTML, like Gecko) Safari/417.8"
140.254.253.137 - - [24/Jan/2006:13:11:30 -0500] "GET /englishL/home/images/darwin.gif HTTP/1.1" 200 13783 "http://www.darwinday.org/" "Mozilla/5.0 (Macintosh; U; PPC Mac OS X; en-us) AppleWebKit/417.9 (KHTML, like Gecko) Safari/417.8"
140.254.253.137 - - [24/Jan/2006:13:11:30 -0500] "GET /englishL/home/images/horse.evolution.jpg HTTP/1.1" 200 29612 "http://www.darwinday.org/" "Mozilla/5.0 (Macintosh; U; PPC Mac OS X; en-us) AppleWebKit/417.9 (KHTML, like Gecko) Safari/417.8"
140.254.253.137 - - [24/Jan/2006:13:11:30 -0500] "GET /englishL/home/images/lincoln.gif HTTP/1.1" 200 11057 "http://www.darwinday.org/" "Mozilla/5.0 (Macintosh; U; PPC Mac OS X; en-us) AppleWebKit/417.9 (KHTML, like Gecko) Safari/417.8"
140.254.253.137 - - [24/Jan/2006:13:11:30 -0500] "GET /englishL/home/images/beagle.gif HTTP/1.1" 200 37108 "http://www.darwinday.org/" "Mozilla/5.0 (Macintosh; U; PPC Mac OS X; en-us) AppleWebKit/417.9 (KHTML, like Gecko) Safari/417.8"
140.254.253.137 - - [24/Jan/2006:13:11:31 -0500] "GET /englishL/home/images/joinus.gif HTTP/1.1" 200 524 "http://www.darwinday.org/" "Mozilla/5.0 (Macintosh; U; PPC Mac OS X; en-us) AppleWebKit/417.9 (KHTML, like Gecko) Safari/417.8"
143.107.38.92 - - [24/Jan/2006:13:15:02 -0500] "GET /englishL/home/2006.php HTTP/1.1" 200 259879 "http://www.darwinday.org/" "Mozilla/5.0 (Windows; U; Windows NT 5.1; en-US; rv:1.8) Gecko/20051111 Firefox/1.5"
143.107.38.92 - - [24/Jan/2006:13:15:03 -0500] "GET /stylesheets/mainenglishL.css HTTP/1.1" 304 - "http://www.darwinday.org/englishL/home/2006.php" "Mozilla/5.0 (Windows; U; Windows NT 5.1; en-US; rv:1.8) Gecko/20051111 Firefox/1.5"
143.107.38.92 - - [24/Jan/2006:13:15:04 -0500] "GET /favicon.ico HTTP/1.1" 404 3385 "-" "Mozilla/5.0 (Windows; U; Windows NT 5.1; en-US; rv:1.8) Gecko/20051111 Firefox/1.5"
143.107.38.92 - - [24/Jan/2006:13:15:04 -0500] "GET /favicon.ico HTTP/1.1" 404 3385 "-" "Mozilla/5.0 (Windows; U; Windows NT 5.1; en-US; rv:1.8) Gecko/20051111 Firefox/1.5"
199.227.86.10 - - [24/Jan/2006:13:15:50 -0500] "GET /stylesheets/mainenglishL.css HTTP/1.1" 200 590 "http://www.darwinday.org/home/index.html" "Mozilla/5.0 (Macintosh; U; PPC Mac OS X; en) AppleWebKit/416.11 (KHTML, like Gecko) Safari/416.12"
199.227.86.10 - - [24/Jan/2006:13:15:50 -0500] "GET /stylesheets/main.css HTTP/1.1" 200 658 "http://www.darwinday.org/home/index.html" "Mozilla/5.0 (Macintosh; U; PPC Mac OS X; en) AppleWebKit/416.11 (KHTML, like Gecko) Safari/416.12"
199.227.86.10 - - [24/Jan/2006:13:15:50 -0500] "GET /images/topleftlogo.gif HTTP/1.1" 200 6907 "http://www.darwinday.org/home/index.html" "Mozilla/5.0 (Macintosh; U; PPC Mac OS X; en) AppleWebKit/416.11 (KHTML, like Gecko) Safari/416.12"
199.227.86.10 - - [24/Jan/2006:13:15:50 -0500] "GET /home/index.html HTTP/1.1" 200 25516 "-" "Mozilla/5.0 (Macintosh; U; PPC Mac OS X; en) AppleWebKit/416.11 (KHTML, like Gecko) Safari/416.12"
199.227.86.10 - - [24/Jan/2006:13:15:50 -0500] "GET /englishL/images/titletrans.gif HTTP/1.1" 200 15588 "http://www.darwinday.org/home/index.html" "Mozilla/5.0 (Macintosh; U; PPC Mac OS X; en) AppleWebKit/416.11 (KHTML, like Gecko) Safari/416.12"
199.227.86.10 - - [24/Jan/2006:13:15:50 -0500] "GET /englishL/images/navbar.gif HTTP/1.1" 200 2667 "http://www.darwinday.org/home/index.html" "Mozilla/5.0 (Macintosh; U; PPC Mac OS X; en) AppleWebKit/416.11 (KHTML, like Gecko) Safari/416.12"
199.227.86.10 - - [24/Jan/2006:13:15:50 -0500] "GET /images/header.gif HTTP/1.1" 200 26756 "http://www.darwinday.org/home/index.html" "Mozilla/5.0 (Macintosh; U; PPC Mac OS X; en) AppleWebKit/416.11 (KHTML, like Gecko) Safari/416.12"
199.227.86.10 - - [24/Jan/2006:13:15:50 -0500] "GET /images/dnahorizl.gif HTTP/1.1" 200 2130 "http://www.darwinday.org/home/index.html" "Mozilla/5.0 (Macintosh; U; PPC Mac OS X; en) AppleWebKit/416.11 (KHTML, like Gecko) Safari/416.12"
199.227.86.10 - - [24/Jan/2006:13:15:50 -0500] "GET /englishL/home/images/lincoln.gif HTTP/1.1" 200 11057 "http://www.darwinday.org/home/index.html" "Mozilla/5.0 (Macintosh; U; PPC Mac OS X; en) AppleWebKit/416.11 (KHTML, like Gecko) Safari/416.12"
199.227.86.10 - - [24/Jan/2006:13:15:50 -0500] "GET /images/dnahorizr.gif HTTP/1.1" 200 2104 "http://www.darwinday.org/home/index.html" "Mozilla/5.0 (Macintosh; U; PPC Mac OS X; en) AppleWebKit/416.11 (KHTML, like Gecko) Safari/416.12"
199.227.86.10 - - [24/Jan/2006:13:15:50 -0500] "GET /englishL/home/images/darwinages.gif HTTP/1.1" 200 50309 "http://www.darwinday.org/home/index.html" "Mozilla/5.0 (Macintosh; U; PPC Mac OS X; en) AppleWebKit/416.11 (KHTML, like Gecko) Safari/416.12"
199.227.86.10 - - [24/Jan/2006:13:15:50 -0500] "GET /englishL/home/images/manymore.gif HTTP/1.1" 200 581 "http://www.darwinday.org/home/index.html" "Mozilla/5.0 (Macintosh; U; PPC Mac OS X; en) AppleWebKit/416.11 (KHTML, like Gecko) Safari/416.12"
199.227.86.10 - - [24/Jan/2006:13:15:50 -0500] "GET /images/trans.gif HTTP/1.1" 200 49 "http://www.darwinday.org/home/index.html" "Mozilla/5.0 (Macintosh; U; PPC Mac OS X; en) AppleWebKit/416.11 (KHTML, like Gecko) Safari/416.12"
199.227.86.10 - - [24/Jan/2006:13:15:50 -0500] "GET /englishL/home/images/joinus.gif HTTP/1.1" 200 524 "http://www.darwinday.org/home/index.html" "Mozilla/5.0 (Macintosh; U; PPC Mac OS X; en) AppleWebKit/416.11 (KHTML, like Gecko) Safari/416.12"
199.227.86.10 - - [24/Jan/2006:13:15:51 -0500] "GET /englishL/home/images/horse.evolution.jpg HTTP/1.1" 200 29612 "http://www.darwinday.org/home/index.html" "Mozilla/5.0 (Macintosh; U; PPC Mac OS X; en) AppleWebKit/416.11 (KHTML, like Gecko) Safari/416.12"
199.227.86.10 - - [24/Jan/2006:13:15:51 -0500] "GET /englishL/currarts.html HTTP/1.1" 200 5653 "http://www.darwinday.org/home/index.html" "Mozilla/5.0 (Macintosh; U; PPC Mac OS X; en) AppleWebKit/416.11 (KHTML, like Gecko) Safari/416.12"
199.227.86.10 - - [24/Jan/2006:13:15:51 -0500] "GET /images/DNAlogo.gif HTTP/1.1" 200 1370 "http://www.darwinday.org/englishL/currarts.html" "Mozilla/5.0 (Macintosh; U; PPC Mac OS X; en) AppleWebKit/416.11 (KHTML, like Gecko) Safari/416.12"
199.227.86.10 - - [24/Jan/2006:13:15:51 -0500] "GET /englishL/home/images/darwin.gif HTTP/1.1" 200 13783 "http://www.darwinday.org/home/index.html" "Mozilla/5.0 (Macintosh; U; PPC Mac OS X; en) AppleWebKit/416.11 (KHTML, like Gecko) Safari/416.12"
199.227.86.10 - - [24/Jan/2006:13:15:51 -0500] "GET /favicon.ico HTTP/1.1" 404 3385 "-" "Mozilla/5.0 (Macintosh; U; PPC Mac OS X; en) AppleWebKit/416.11 (KHTML, like Gecko) Safari/416.12"
199.227.86.10 - - [24/Jan/2006:13:15:53 -0500] "GET /images/worldmaptransp.gif HTTP/1.1" 200 128893 "http://www.darwinday.org/home/index.html" "Mozilla/5.0 (Macintosh; U; PPC Mac OS X; en) AppleWebKit/416.11 (KHTML, like Gecko) Safari/416.12"
199.227.86.10 - - [24/Jan/2006:13:15:54 -0500] "GET /images/arrow.gif HTTP/1.1" 200 112 "http://www.darwinday.org/home/index.html" "Mozilla/5.0 (Macintosh; U; PPC Mac OS X; en) AppleWebKit/416.11 (KHTML, like Gecko) Safari/416.12"
199.227.86.10 - - [24/Jan/2006:13:15:54 -0500] "GET /images/dnahoriz.gif HTTP/1.1" 200 3391 "http://www.darwinday.org/home/index.html" "Mozilla/5.0 (Macintosh; U; PPC Mac OS X; en) AppleWebKit/416.11 (KHTML, like Gecko) Safari/416.12"
199.227.86.10 - - [24/Jan/2006:13:15:54 -0500] "GET /englishL/home/images/beagle.gif HTTP/1.1" 200 37108 "http://www.darwinday.org/home/index.html" "Mozilla/5.0 (Macintosh; U; PPC Mac OS X; en) AppleWebKit/416.11 (KHTML, like Gecko) Safari/416.12"
62.57.230.122 - - [24/Jan/2006:13:17:28 -0500] "GET /home/index.html HTTP/1.1" 200 25516 "-" "Mozilla/4.0 (compatible; MSIE 6.0; Windows NT 5.1; SV1; .NET CLR 1.1.4322; .NET CLR 2.0.50727; Hotbar 4.6.1)"
62.57.230.122 - - [24/Jan/2006:13:17:28 -0500] "GET /stylesheets/main.css HTTP/1.1" 200 658 "http://www.darwinday.org/home/index.html" "Mozilla/4.0 (compatible; MSIE 6.0; Windows NT 5.1; SV1; .NET CLR 1.1.4322; .NET CLR 2.0.50727; Hotbar 4.6.1)"
62.57.230.122 - - [24/Jan/2006:13:17:28 -0500] "GET /stylesheets/mainenglishL.css HTTP/1.1" 200 590 "http://www.darwinday.org/home/index.html" "Mozilla/4.0 (compatible; MSIE 6.0; Windows NT 5.1; SV1; .NET CLR 1.1.4322; .NET CLR 2.0.50727; Hotbar 4.6.1)"
62.57.230.122 - - [24/Jan/2006:13:17:28 -0500] "GET /images/topleftlogo.gif HTTP/1.1" 200 6907 "http://www.darwinday.org/home/index.html" "Mozilla/4.0 (compatible; MSIE 6.0; Windows NT 5.1; SV1; .NET CLR 1.1.4322; .NET CLR 2.0.50727; Hotbar 4.6.1)"
62.57.230.122 - - [24/Jan/2006:13:17:29 -0500] "GET /englishL/currarts.html HTTP/1.1" 200 5653 "http://www.darwinday.org/home/index.html" "Mozilla/4.0 (compatible; MSIE 6.0; Windows NT 5.1; SV1; .NET CLR 1.1.4322; .NET CLR 2.0.50727; Hotbar 4.6.1)"
62.57.230.122 - - [24/Jan/2006:13:17:29 -0500] "GET /images/header.gif HTTP/1.1" 200 26756 "http://www.darwinday.org/home/index.html" "Mozilla/4.0 (compatible; MSIE 6.0; Windows NT 5.1; SV1; .NET CLR 1.1.4322; .NET CLR 2.0.50727; Hotbar 4.6.1)"
86.129.157.17 - - [24/Jan/2006:13:17:29 -0500] "GET /stylesheets/mainenglishL.css HTTP/1.1" 200 590 "http://www.darwinday.org/" "Mozilla/4.0 (compatible; MSIE 6.0; Windows NT 5.1; SV1; YPC 3.2.0; .NET CLR 1.1.4322; InfoPath.1)"
86.129.157.17 - - [24/Jan/2006:13:17:29 -0500] "GET / HTTP/1.1" 200 25315 "http://www.google.co.uk/search?hl=en&q=london+darwin+events&meta=" "Mozilla/4.0 (compatible; MSIE 6.0; Windows NT 5.1; SV1; YPC 3.2.0; .NET CLR 1.1.4322; InfoPath.1)"
86.129.157.17 - - [24/Jan/2006:13:17:29 -0500] "GET /stylesheets/main.css HTTP/1.1" 200 658 "http://www.darwinday.org/" "Mozilla/4.0 (compatible; MSIE 6.0; Windows NT 5.1; SV1; YPC 3.2.0; .NET CLR 1.1.4322; InfoPath.1)"
86.129.157.17 - - [24/Jan/2006:13:17:29 -0500] "GET /images/topleftlogo.gif HTTP/1.1" 200 6907 "http://www.darwinday.org/" "Mozilla/4.0 (compatible; MSIE 6.0; Windows NT 5.1; SV1; YPC 3.2.0; .NET CLR 1.1.4322; InfoPath.1)"
86.129.157.17 - - [24/Jan/2006:13:17:29 -0500] "GET /englishL/currarts.html HTTP/1.1" 200 5653 "http://www.darwinday.org/" "Mozilla/4.0 (compatible; MSIE 6.0; Windows NT 5.1; SV1; YPC 3.2.0; .NET CLR 1.1.4322; InfoPath.1)"
62.57.230.122 - - [24/Jan/2006:13:17:29 -0500] "GET /englishL/images/titletrans.gif HTTP/1.1" 200 15588 "http://www.darwinday.org/home/index.html" "Mozilla/4.0 (compatible; MSIE 6.0; Windows NT 5.1; SV1; .NET CLR 1.1.4322; .NET CLR 2.0.50727; Hotbar 4.6.1)"
62.57.230.122 - - [24/Jan/2006:13:17:29 -0500] "GET /englishL/images/navbar.gif HTTP/1.1" 200 2667 "http://www.darwinday.org/home/index.html" "Mozilla/4.0 (compatible; MSIE 6.0; Windows NT 5.1; SV1; .NET CLR 1.1.4322; .NET CLR 2.0.50727; Hotbar 4.6.1)"
86.129.157.17 - - [24/Jan/2006:13:17:30 -0500] "GET /images/header.gif HTTP/1.1" 200 26756 "http://www.darwinday.org/" "Mozilla/4.0 (compatible; MSIE 6.0; Windows NT 5.1; SV1; YPC 3.2.0; .NET CLR 1.1.4322; InfoPath.1)"
86.129.157.17 - - [24/Jan/2006:13:17:30 -0500] "GET /englishL/images/titletrans.gif HTTP/1.1" 200 15588 "http://www.darwinday.org/" "Mozilla/4.0 (compatible; MSIE 6.0; Windows NT 5.1; SV1; YPC 3.2.0; .NET CLR 1.1.4322; InfoPath.1)"
86.129.157.17 - - [24/Jan/2006:13:17:30 -0500] "GET /englishL/images/navbar.gif HTTP/1.1" 200 2667 "http://www.darwinday.org/" "Mozilla/4.0 (compatible; MSIE 6.0; Windows NT 5.1; SV1; YPC 3.2.0; .NET CLR 1.1.4322; InfoPath.1)"
86.129.157.17 - - [24/Jan/2006:13:17:31 -0500] "GET /images/worldmaptransp.gif HTTP/1.1" 200 128893 "http://www.darwinday.org/" "Mozilla/4.0 (compatible; MSIE 6.0; Windows NT 5.1; SV1; YPC 3.2.0; .NET CLR 1.1.4322; InfoPath.1)"
86.129.157.17 - - [24/Jan/2006:13:17:31 -0500] "GET /englishL/home/images/darwinages.gif HTTP/1.1" 200 50309 "http://www.darwinday.org/" "Mozilla/4.0 (compatible; MSIE 6.0; Windows NT 5.1; SV1; YPC 3.2.0; .NET CLR 1.1.4322; InfoPath.1)"
62.57.230.122 - - [24/Jan/2006:13:17:31 -0500] "GET /englishL/home/images/darwinages.gif HTTP/1.1" 200 50309 "http://www.darwinday.org/home/index.html" "Mozilla/4.0 (compatible; MSIE 6.0; Windows NT 5.1; SV1; .NET CLR 1.1.4322; .NET CLR 2.0.50727; Hotbar 4.6.1)"
86.129.157.17 - - [24/Jan/2006:13:17:31 -0500] "GET /images/arrow.gif HTTP/1.1" 200 112 "http://www.darwinday.org/" "Mozilla/4.0 (compatible; MSIE 6.0; Windows NT 5.1; SV1; YPC 3.2.0; .NET CLR 1.1.4322; InfoPath.1)"
86.129.157.17 - - [24/Jan/2006:13:17:31 -0500] "GET /images/dnahorizl.gif HTTP/1.1" 200 2130 "http://www.darwinday.org/" "Mozilla/4.0 (compatible; MSIE 6.0; Windows NT 5.1; SV1; YPC 3.2.0; .NET CLR 1.1.4322; InfoPath.1)"
86.129.157.17 - - [24/Jan/2006:13:17:32 -0500] "GET /images/dnahoriz.gif HTTP/1.1" 200 3391 "http://www.darwinday.org/" "Mozilla/4.0 (compatible; MSIE 6.0; Windows NT 5.1; SV1; YPC 3.2.0; .NET CLR 1.1.4322; InfoPath.1)"
86.129.157.17 - - [24/Jan/2006:13:17:32 -0500] "GET /images/dnahorizr.gif HTTP/1.1" 200 2104 "http://www.darwinday.org/" "Mozilla/4.0 (compatible; MSIE 6.0; Windows NT 5.1; SV1; YPC 3.2.0; .NET CLR 1.1.4322; InfoPath.1)"
86.129.157.17 - - [24/Jan/2006:13:17:32 -0500] "GET /englishL/home/images/lincoln.gif HTTP/1.1" 200 11057 "http://www.darwinday.org/" "Mozilla/4.0 (compatible; MSIE 6.0; Windows NT 5.1; SV1; YPC 3.2.0; .NET CLR 1.1.4322; InfoPath.1)"
86.129.157.17 - - [24/Jan/2006:13:17:32 -0500] "GET /englishL/home/images/darwin.gif HTTP/1.1" 200 13783 "http://www.darwinday.org/" "Mozilla/4.0 (compatible; MSIE 6.0; Windows NT 5.1; SV1; YPC 3.2.0; .NET CLR 1.1.4322; InfoPath.1)"
62.57.230.122 - - [24/Jan/2006:13:17:32 -0500] "GET /images/worldmaptransp.gif HTTP/1.1" 200 128893 "http://www.darwinday.org/home/index.html" "Mozilla/4.0 (compatible; MSIE 6.0; Windows NT 5.1; SV1; .NET CLR 1.1.4322; .NET CLR 2.0.50727; Hotbar 4.6.1)"
86.129.157.17 - - [24/Jan/2006:13:17:32 -0500] "GET /englishL/home/images/beagle.gif HTTP/1.1" 200 37108 "http://www.darwinday.org/" "Mozilla/4.0 (compatible; MSIE 6.0; Windows NT 5.1; SV1; YPC 3.2.0; .NET CLR 1.1.4322; InfoPath.1)"
62.57.230.122 - - [24/Jan/2006:13:17:32 -0500] "GET /images/arrow.gif HTTP/1.1" 200 112 "http://www.darwinday.org/home/index.html" "Mozilla/4.0 (compatible; MSIE 6.0; Windows NT 5.1; SV1; .NET CLR 1.1.4322; .NET CLR 2.0.50727; Hotbar 4.6.1)"
62.57.230.122 - - [24/Jan/2006:13:17:32 -0500] "GET /images/dnahorizl.gif HTTP/1.1" 200 2130 "http://www.darwinday.org/home/index.html" "Mozilla/4.0 (compatible; MSIE 6.0; Windows NT 5.1; SV1; .NET CLR 1.1.4322; .NET CLR 2.0.50727; Hotbar 4.6.1)"
