192.133.12.101 - - [24/Jan/2006:13:34:53 -0500] "GET /englishL/home/images/darwin.gif HTTP/1.1" 200 13783 "http://www.darwinday.org/" "Mozilla/5.0 (Windows; U; Windows NT 5.1; en-US; rv:1.7.12) Gecko/20050915 Firefox/1.0.7"
192.133.12.101 - - [24/Jan/2006:13:34:53 -0500] "GET /images/trans.gif HTTP/1.1" 200 49 "http://www.darwinday.org/" "Mozilla/5.0 (Windows; U; Windows NT 5.1; en-US; rv:1.7.12) Gecko/20050915 Firefox/1.0.7"
192.133.12.101 - - [24/Jan/2006:13:34:53 -0500] "GET /englishL/home/images/beagle.gif HTTP/1.1" 200 37108 "http://www.darwinday.org/" "Mozilla/5.0 (Windows; U; Windows NT 5.1; en-US; rv:1.7.12) Gecko/20050915 Firefox/1.0.7"
192.133.12.101 - - [24/Jan/2006:13:34:53 -0500] "GET /englishL/home/images/manymore.gif HTTP/1.1" 200 581 "http://www.darwinday.org/" "Mozilla/5.0 (Windows; U; Windows NT 5.1; en-US; rv:1.7.12) Gecko/20050915 Firefox/1.0.7"
192.133.12.101 - - [24/Jan/2006:13:34:53 -0500] "GET /englishL/home/images/joinus.gif HTTP/1.1" 200 524 "http://www.darwinday.org/" "Mozilla/5.0 (Windows; U; Windows NT 5.1; en-US; rv:1.7.12) Gecko/20050915 Firefox/1.0.7"
192.133.12.101 - - [24/Jan/2006:13:34:53 -0500] "GET /englishL/home/images/horse.evolution.jpg HTTP/1.1" 200 29612 "http://www.darwinday.org/" "Mozilla/5.0 (Windows; U; Windows NT 5.1; en-US; rv:1.7.12) Gecko/20050915 Firefox/1.0.7"
192.133.12.101 - - [24/Jan/2006:13:34:54 -0500] "GET /images/DNAlogo.gif HTTP/1.1" 200 1370 "http://www.darwinday.org/englishL/currarts.html" "Mozilla/5.0 (Windows; U; Windows NT 5.1; en-US; rv:1.7.12) Gecko/20050915 Firefox/1.0.7"
192.133.12.101 - - [24/Jan/2006:13:34:54 -0500] "GET /favicon.ico HTTP/1.1" 404 3385 "-" "Mozilla/5.0 (Windows; U; Windows NT 5.1; en-US; rv:1.7.12) Gecko/20050915 Firefox/1.0.7"
192.133.12.101 - - [24/Jan/2006:13:34:54 -0500] "GET /favicon.ico HTTP/1.1" 404 3385 "-" "Mozilla/5.0 (Windows; U; Windows NT 5.1; en-US; rv:1.7.12) Gecko/20050915 Firefox/1.0.7"
207.10.188.15 - - [24/Jan/2006:13:34:58 -0500] "GET /englishL/home/index.html? HTTP/1.1" 304 - "-" "Mozilla/4.0 (compatible; MSIE 6.0; Windows NT 5.1; SV1)"
207.10.188.15 - - [24/Jan/2006:13:34:58 -0500] "GET /stylesheets/mainenglishL.css HTTP/1.1" 304 - "http://www.darwinday.org/englishL/home/index.html?" "Mozilla/4.0 (compatible; MSIE 6.0; Windows NT 5.1; SV1)"
207.10.188.15 - - [24/Jan/2006:13:34:58 -0500] "GET /stylesheets/main.css HTTP/1.1" 304 - "http://www.darwinday.org/englishL/home/index.html?" "Mozilla/4.0 (compatible; MSIE 6.0; Windows NT 5.1; SV1)"
207.10.188.15 - - [24/Jan/2006:13:34:58 -0500] "GET /images/topleftlogo.gif HTTP/1.1" 304 - "http://www.darwinday.org/englishL/home/index.html?" "Mozilla/4.0 (compatible; MSIE 6.0; Windows NT 5.1; SV1)"
207.10.188.15 - - [24/Jan/2006:13:34:58 -0500] "GET /images/header.gif HTTP/1.1" 304 - "http://www.darwinday.org/englishL/home/index.html?" "Mozilla/4.0 (compatible; MSIE 6.0; Windows NT 5.1; SV1)"
207.10.188.15 - - [24/Jan/2006:13:34:58 -0500] "GET /images/worldmaptransp.gif HTTP/1.1" 304 - "http://www.darwinday.org/englishL/home/index.html?" "Mozilla/4.0 (compatible; MSIE 6.0; Windows NT 5.1; SV1)"
207.10.188.15 - - [24/Jan/2006:13:34:58 -0500] "GET /englishL/images/titletrans.gif HTTP/1.1" 304 - "http://www.darwinday.org/englishL/home/index.html?" "Mozilla/4.0 (compatible; MSIE 6.0; Windows NT 5.1; SV1)"
207.10.188.15 - - [24/Jan/2006:13:34:58 -0500] "GET /englishL/images/navbar.gif HTTP/1.1" 304 - "http://www.darwinday.org/englishL/home/index.html?" "Mozilla/4.0 (compatible; MSIE 6.0; Windows NT 5.1; SV1)"
207.10.188.15 - - [24/Jan/2006:13:34:58 -0500] "GET /englishL/currarts.html HTTP/1.1" 304 - "http://www.darwinday.org/englishL/home/index.html?" "Mozilla/4.0 (compatible; MSIE 6.0; Windows NT 5.1; SV1)"
207.10.188.15 - - [24/Jan/2006:13:34:58 -0500] "GET /englishL/home/images/darwinages.gif HTTP/1.1" 304 - "http://www.darwinday.org/englishL/home/index.html?" "Mozilla/4.0 (compatible; MSIE 6.0; Windows NT 5.1; SV1)"
207.10.188.15 - - [24/Jan/2006:13:34:58 -0500] "GET /images/arrow.gif HTTP/1.1" 304 - "http://www.darwinday.org/englishL/home/index.html?" "Mozilla/4.0 (compatible; MSIE 6.0; Windows NT 5.1; SV1)"
207.10.188.15 - - [24/Jan/2006:13:34:58 -0500] "GET /images/dnahorizl.gif HTTP/1.1" 304 - "http://www.darwinday.org/englishL/home/index.html?" "Mozilla/4.0 (compatible; MSIE 6.0; Windows NT 5.1; SV1)"
207.10.188.15 - - [24/Jan/2006:13:34:58 -0500] "GET /images/dnahoriz.gif HTTP/1.1" 304 - "http://www.darwinday.org/englishL/home/index.html?" "Mozilla/4.0 (compatible; MSIE 6.0; Windows NT 5.1; SV1)"
207.10.188.15 - - [24/Jan/2006:13:34:58 -0500] "GET /images/dnahorizr.gif HTTP/1.1" 304 - "http://www.darwinday.org/englishL/home/index.html?" "Mozilla/4.0 (compatible; MSIE 6.0; Windows NT 5.1; SV1)"
207.10.188.15 - - [24/Jan/2006:13:34:58 -0500] "GET /englishL/home/images/lincoln.gif HTTP/1.1" 304 - "http://www.darwinday.org/englishL/home/index.html?" "Mozilla/4.0 (compatible; MSIE 6.0; Windows NT 5.1; SV1)"
207.10.188.15 - - [24/Jan/2006:13:34:58 -0500] "GET /englishL/home/images/darwin.gif HTTP/1.1" 304 - "http://www.darwinday.org/englishL/home/index.html?" "Mozilla/4.0 (compatible; MSIE 6.0; Windows NT 5.1; SV1)"
207.10.188.15 - - [24/Jan/2006:13:34:59 -0500] "GET /englishL/home/images/beagle.gif HTTP/1.1" 304 - "http://www.darwinday.org/englishL/home/index.html?" "Mozilla/4.0 (compatible; MSIE 6.0; Windows NT 5.1; SV1)"
207.10.188.15 - - [24/Jan/2006:13:34:59 -0500] "GET /images/trans.gif HTTP/1.1" 304 - "http://www.darwinday.org/englishL/home/index.html?" "Mozilla/4.0 (compatible; MSIE 6.0; Windows NT 5.1; SV1)"
207.10.188.15 - - [24/Jan/2006:13:34:59 -0500] "GET /englishL/home/images/manymore.gif HTTP/1.1" 304 - "http://www.darwinday.org/englishL/home/index.html?" "Mozilla/4.0 (compatible; MSIE 6.0; Windows NT 5.1; SV1)"
207.10.188.15 - - [24/Jan/2006:13:34:59 -0500] "GET /englishL/home/images/joinus.gif HTTP/1.1" 304 - "http://www.darwinday.org/englishL/home/index.html?" "Mozilla/4.0 (compatible; MSIE 6.0; Windows NT 5.1; SV1)"
207.10.188.15 - - [24/Jan/2006:13:34:59 -0500] "GET /englishL/home/images/horse.evolution.jpg HTTP/1.1" 304 - "http://www.darwinday.org/englishL/home/index.html?" "Mozilla/4.0 (compatible; MSIE 6.0; Windows NT 5.1; SV1)"
207.10.188.15 - - [24/Jan/2006:13:34:59 -0500] "GET /images/DNAlogo.gif HTTP/1.1" 304 - "http://www.darwinday.org/englishL/currarts.html" "Mozilla/4.0 (compatible; MSIE 6.0; Windows NT 5.1; SV1)"
195.93.21.9 - - [24/Jan/2006:13:35:02 -0500] "HEAD /englishL/life/beagle.html HTTP/1.1" 200 0 "-" "-"
195.93.21.4 - - [24/Jan/2006:13:35:02 -0500] "HEAD /englishL/life/images/beagle/tortoise.jpg HTTP/1.1" 200 0 "-" "-"
195.93.21.4 - - [24/Jan/2006:13:35:02 -0500] "HEAD /englishL/life/images/beagle/tortoise.jpg HTTP/1.1" 200 0 "-" "-"
195.93.21.9 - - [24/Jan/2006:13:35:02 -0500] "HEAD /englishL/life/beagle.html HTTP/1.1" 200 0 "-" "-"
195.93.21.4 - - [24/Jan/2006:13:35:10 -0500] "HEAD /englishL/life/images/beagle/tortoise.jpg HTTP/1.1" 200 0 "-" "-"
195.93.21.9 - - [24/Jan/2006:13:35:10 -0500] "HEAD /englishL/life/beagle.html HTTP/1.1" 200 0 "-" "-"
195.93.21.9 - - [24/Jan/2006:13:35:11 -0500] "HEAD /englishL/life/beagle.html HTTP/1.1" 200 0 "-" "-"
195.93.21.4 - - [24/Jan/2006:13:35:11 -0500] "HEAD /englishL/life/images/beagle/tortoise.jpg HTTP/1.1" 200 0 "-" "-"
195.93.21.4 - - [24/Jan/2006:13:35:18 -0500] "HEAD /englishL/life/images/beagle/tortoise.jpg HTTP/1.1" 200 0 "-" "-"
195.93.21.9 - - [24/Jan/2006:13:35:18 -0500] "HEAD /englishL/life/beagle.html HTTP/1.1" 200 0 "-" "-"
195.93.21.9 - - [24/Jan/2006:13:35:19 -0500] "HEAD /englishL/life/beagle.html HTTP/1.1" 200 0 "-" "-"
195.93.21.4 - - [24/Jan/2006:13:35:19 -0500] "HEAD /englishL/life/images/beagle/tortoise.jpg HTTP/1.1" 200 0 "-" "-"
68.163.49.149 - - [24/Jan/2006:13:35:24 -0500] "GET /stylesheets/main.css HTTP/1.1" 200 658 "http://www.darwinday.org/" "Mozilla/4.0 (compatible; MSIE 6.0; Windows NT 5.1; SV1; .NET CLR 1.1.4322)"
68.163.49.149 - - [24/Jan/2006:13:35:24 -0500] "GET /stylesheets/mainenglishL.css HTTP/1.1" 200 590 "http://www.darwinday.org/" "Mozilla/4.0 (compatible; MSIE 6.0; Windows NT 5.1; SV1; .NET CLR 1.1.4322)"
68.163.49.149 - - [24/Jan/2006:13:35:24 -0500] "GET /images/topleftlogo.gif HTTP/1.1" 200 6907 "http://www.darwinday.org/" "Mozilla/4.0 (compatible; MSIE 6.0; Windows NT 5.1; SV1; .NET CLR 1.1.4322)"
68.163.49.149 - - [24/Jan/2006:13:35:25 -0500] "GET / HTTP/1.1" 200 25315 "-" "Mozilla/4.0 (compatible; MSIE 6.0; Windows NT 5.1; SV1; .NET CLR 1.1.4322)"
68.163.49.149 - - [24/Jan/2006:13:35:25 -0500] "GET /images/header.gif HTTP/1.1" 200 26756 "http://www.darwinday.org/" "Mozilla/4.0 (compatible; MSIE 6.0; Windows NT 5.1; SV1; .NET CLR 1.1.4322)"
68.163.49.149 - - [24/Jan/2006:13:35:25 -0500] "GET /englishL/currarts.html HTTP/1.1" 200 5653 "http://www.darwinday.org/" "Mozilla/4.0 (compatible; MSIE 6.0; Windows NT 5.1; SV1; .NET CLR 1.1.4322)"
68.163.49.149 - - [24/Jan/2006:13:35:26 -0500] "GET /englishL/images/titletrans.gif HTTP/1.1" 200 15588 "http://www.darwinday.org/" "Mozilla/4.0 (compatible; MSIE 6.0; Windows NT 5.1; SV1; .NET CLR 1.1.4322)"
68.163.49.149 - - [24/Jan/2006:13:35:26 -0500] "GET /englishL/images/navbar.gif HTTP/1.1" 200 2667 "http://www.darwinday.org/" "Mozilla/4.0 (compatible; MSIE 6.0; Windows NT 5.1; SV1; .NET CLR 1.1.4322)"
68.163.49.149 - - [24/Jan/2006:13:35:26 -0500] "GET /images/worldmaptransp.gif HTTP/1.1" 200 128893 "http://www.darwinday.org/" "Mozilla/4.0 (compatible; MSIE 6.0; Windows NT 5.1; SV1; .NET CLR 1.1.4322)"
68.163.49.149 - - [24/Jan/2006:13:35:26 -0500] "GET /images/arrow.gif HTTP/1.1" 200 112 "http://www.darwinday.org/" "Mozilla/4.0 (compatible; MSIE 6.0; Windows NT 5.1; SV1; .NET CLR 1.1.4322)"
68.163.49.149 - - [24/Jan/2006:13:35:26 -0500] "GET /images/dnahorizl.gif HTTP/1.1" 200 2130 "http://www.darwinday.org/" "Mozilla/4.0 (compatible; MSIE 6.0; Windows NT 5.1; SV1; .NET CLR 1.1.4322)"
68.163.49.149 - - [24/Jan/2006:13:35:26 -0500] "GET /images/dnahoriz.gif HTTP/1.1" 200 3391 "http://www.darwinday.org/" "Mozilla/4.0 (compatible; MSIE 6.0; Windows NT 5.1; SV1; .NET CLR 1.1.4322)"
68.163.49.149 - - [24/Jan/2006:13:35:26 -0500] "GET /images/dnahorizr.gif HTTP/1.1" 200 2104 "http://www.darwinday.org/" "Mozilla/4.0 (compatible; MSIE 6.0; Windows NT 5.1; SV1; .NET CLR 1.1.4322)"
68.163.49.149 - - [24/Jan/2006:13:35:26 -0500] "GET /englishL/home/images/darwinages.gif HTTP/1.1" 200 50309 "http://www.darwinday.org/" "Mozilla/4.0 (compatible; MSIE 6.0; Windows NT 5.1; SV1; .NET CLR 1.1.4322)"
68.163.49.149 - - [24/Jan/2006:13:35:27 -0500] "GET /englishL/home/images/lincoln.gif HTTP/1.1" 200 11057 "http://www.darwinday.org/" "Mozilla/4.0 (compatible; MSIE 6.0; Windows NT 5.1; SV1; .NET CLR 1.1.4322)"
68.163.49.149 - - [24/Jan/2006:13:35:27 -0500] "GET /englishL/home/images/darwin.gif HTTP/1.1" 200 13783 "http://www.darwinday.org/" "Mozilla/4.0 (compatible; MSIE 6.0; Windows NT 5.1; SV1; .NET CLR 1.1.4322)"
68.163.49.149 - - [24/Jan/2006:13:35:27 -0500] "GET /images/trans.gif HTTP/1.1" 200 49 "http://www.darwinday.org/" "Mozilla/4.0 (compatible; MSIE 6.0; Windows NT 5.1; SV1; .NET CLR 1.1.4322)"
68.163.49.149 - - [24/Jan/2006:13:35:27 -0500] "GET /englishL/home/images/manymore.gif HTTP/1.1" 200 581 "http://www.darwinday.org/" "Mozilla/4.0 (compatible; MSIE 6.0; Windows NT 5.1; SV1; .NET CLR 1.1.4322)"
68.163.49.149 - - [24/Jan/2006:13:35:27 -0500] "GET /englishL/home/images/joinus.gif HTTP/1.1" 200 524 "http://www.darwinday.org/" "Mozilla/4.0 (compatible; MSIE 6.0; Windows NT 5.1; SV1; .NET CLR 1.1.4322)"
68.163.49.149 - - [24/Jan/2006:13:35:28 -0500] "GET /englishL/home/images/beagle.gif HTTP/1.1" 200 37108 "http://www.darwinday.org/" "Mozilla/4.0 (compatible; MSIE 6.0; Windows NT 5.1; SV1; .NET CLR 1.1.4322)"
68.163.49.149 - - [24/Jan/2006:13:35:28 -0500] "GET /images/DNAlogo.gif HTTP/1.1" 200 1370 "http://www.darwinday.org/englishL/currarts.html" "Mozilla/4.0 (compatible; MSIE 6.0; Windows NT 5.1; SV1; .NET CLR 1.1.4322)"
68.163.49.149 - - [24/Jan/2006:13:35:28 -0500] "GET /englishL/home/images/horse.evolution.jpg HTTP/1.1" 200 29612 "http://www.darwinday.org/" "Mozilla/4.0 (compatible; MSIE 6.0; Windows NT 5.1; SV1; .NET CLR 1.1.4322)"
207.10.188.15 - - [24/Jan/2006:13:35:29 -0500] "GET /englishL/home/2006.php HTTP/1.1" 200 259879 "http://www.darwinday.org/englishL/home/index.html?" "Mozilla/4.0 (compatible; MSIE 6.0; Windows NT 5.1; SV1)"
68.163.49.149 - - [24/Jan/2006:13:35:29 -0500] "GET /favicon.ico HTTP/1.1" 404 3385 "-" "-"
192.133.12.101 - - [24/Jan/2006:13:35:36 -0500] "GET /englishL/newsviews/darlin.html HTTP/1.1" 200 21534 "http://www.darwinday.org/" "Mozilla/5.0 (Windows; U; Windows NT 5.1; en-US; rv:1.7.12) Gecko/20050915 Firefox/1.0.7"
192.133.12.101 - - [24/Jan/2006:13:35:39 -0500] "GET /englishL/images/medallion.jpg HTTP/1.1" 200 5652 "http://www.darwinday.org/englishL/newsviews/darlin.html" "Mozilla/5.0 (Windows; U; Windows NT 5.1; en-US; rv:1.7.12) Gecko/20050915 Firefox/1.0.7"
192.133.12.101 - - [24/Jan/2006:13:35:40 -0500] "GET /favicon.ico HTTP/1.1" 404 3385 "-" "Mozilla/5.0 (Windows; U; Windows NT 5.1; en-US; rv:1.7.12) Gecko/20050915 Firefox/1.0.7"
195.93.21.4 - - [24/Jan/2006:13:35:48 -0500] "HEAD /englishL/life/images/beagle/tortoise.jpg HTTP/1.1" 200 0 "-" "-"
195.93.21.9 - - [24/Jan/2006:13:35:48 -0500] "HEAD /englishL/life/beagle.html HTTP/1.1" 200 0 "-" "-"
195.93.21.9 - - [24/Jan/2006:13:35:48 -0500] "HEAD /englishL/life/beagle.html HTTP/1.1" 200 0 "-" "-"
195.93.21.4 - - [24/Jan/2006:13:35:48 -0500] "HEAD /englishL/life/images/beagle/tortoise.jpg HTTP/1.1" 200 0 "-" "-"
209.129.209.153 - - [24/Jan/2006:13:35:49 -0500] "GET /englishL/home/2005.php HTTP/1.1" 200 12084 "http://images.google.com/imgres?imgurl=http://sfatheists.com/images/DarwinDayFlyer2005_small.jpg&imgrefurl=http://www.darwinday.org/englishL/home/2005.php&h=250&w=187&sz=19&tbnid=nm-QD7VDpgseKM:&tbnh=106&tbnw=79&hl=en&start=37&prev=/images%3Fq%3Dcharles%2Bdarwin%26start%3D20%26svnum%3D10%26hl%3Den%26lr%3D%26sa%3DN" "Mozilla/4.0 (compatible; MSIE 6.0; Windows NT 5.1; SV1)"
195.93.21.9 - - [24/Jan/2006:13:36:11 -0500] "HEAD /englishL/life/beagle.html HTTP/1.1" 200 0 "-" "-"
195.93.21.4 - - [24/Jan/2006:13:36:11 -0500] "HEAD /englishL/life/images/beagle/tortoise.jpg HTTP/1.1" 200 0 "-" "-"
195.93.21.4 - - [24/Jan/2006:13:36:12 -0500] "HEAD /englishL/life/images/beagle/tortoise.jpg HTTP/1.1" 200 0 "-" "-"
195.93.21.9 - - [24/Jan/2006:13:36:12 -0500] "HEAD /englishL/life/beagle.html HTTP/1.1" 200 0 "-" "-"
192.133.12.101 - - [24/Jan/2006:13:36:14 -0500] "GET /englishL/home/index.html HTTP/1.1" 200 25693 "http://www.darwinday.org/englishL/newsviews/darlin.html" "Mozilla/5.0 (Windows; U; Windows NT 5.1; en-US; rv:1.7.12) Gecko/20050915 Firefox/1.0.7"
192.133.12.101 - - [24/Jan/2006:13:36:15 -0500] "GET /favicon.ico HTTP/1.1" 404 3385 "-" "Mozilla/5.0 (Windows; U; Windows NT 5.1; en-US; rv:1.7.12) Gecko/20050915 Firefox/1.0.7"
4.43.115.212 - - [24/Jan/2006:13:36:58 -0500] "GET /englishL/home/2006.php HTTP/1.0" 200 259140 "-" "Mozilla/4.0 (compatible; MSIE 6.0; Windows NT 5.1; SV1; .NET CLR 1.1.4322)"
64.12.116.7 - - [24/Jan/2006:13:37:04 -0500] "GET /stylesheets/mainenglishL.css HTTP/1.1" 304 - "http://www.darwinday.org/" "Mozilla/4.0 (compatible; MSIE 6.0; AOL 8.0; Windows NT 5.1; SV1; .NET CLR 1.1.4322)"
64.12.117.6 - - [24/Jan/2006:13:37:05 -0500] "GET /stylesheets/main.css HTTP/1.1" 304 - "http://www.darwinday.org/" "Mozilla/4.0 (compatible; MSIE 6.0; AOL 8.0; Windows NT 5.1; SV1; .NET CLR 1.1.4322)"
68.33.228.133 - - [24/Jan/2006:13:37:14 -0500] "GET /stylesheets/mainenglishL.css HTTP/1.1" 200 590 "http://www.darwinday.org/" "Mozilla/4.0 (compatible; MSIE 6.0; Windows NT 5.1; Q312461; SV1)"
68.33.228.133 - - [24/Jan/2006:13:37:14 -0500] "GET / HTTP/1.1" 200 25315 "-" "Mozilla/4.0 (compatible; MSIE 6.0; Windows NT 5.1; Q312461; SV1)"
68.33.228.133 - - [24/Jan/2006:13:37:14 -0500] "GET /stylesheets/main.css HTTP/1.1" 200 658 "http://www.darwinday.org/" "Mozilla/4.0 (compatible; MSIE 6.0; Windows NT 5.1; Q312461; SV1)"
68.33.228.133 - - [24/Jan/2006:13:37:15 -0500] "GET /images/topleftlogo.gif HTTP/1.1" 200 6907 "http://www.darwinday.org/" "Mozilla/4.0 (compatible; MSIE 6.0; Windows NT 5.1; Q312461; SV1)"
68.33.228.133 - - [24/Jan/2006:13:37:15 -0500] "GET /englishL/currarts.html HTTP/1.1" 200 5653 "http://www.darwinday.org/" "Mozilla/4.0 (compatible; MSIE 6.0; Windows NT 5.1; Q312461; SV1)"
68.33.228.133 - - [24/Jan/2006:13:37:15 -0500] "GET /images/header.gif HTTP/1.1" 200 26756 "http://www.darwinday.org/" "Mozilla/4.0 (compatible; MSIE 6.0; Windows NT 5.1; Q312461; SV1)"
68.33.228.133 - - [24/Jan/2006:13:37:15 -0500] "GET /englishL/images/titletrans.gif HTTP/1.1" 200 15588 "http://www.darwinday.org/" "Mozilla/4.0 (compatible; MSIE 6.0; Windows NT 5.1; Q312461; SV1)"
68.33.228.133 - - [24/Jan/2006:13:37:15 -0500] "GET /englishL/images/navbar.gif HTTP/1.1" 200 2667 "http://www.darwinday.org/" "Mozilla/4.0 (compatible; MSIE 6.0; Windows NT 5.1; Q312461; SV1)"
68.33.228.133 - - [24/Jan/2006:13:37:15 -0500] "GET /englishL/home/images/darwinages.gif HTTP/1.1" 200 50309 "http://www.darwinday.org/" "Mozilla/4.0 (compatible; MSIE 6.0; Windows NT 5.1; Q312461; SV1)"
68.33.228.133 - - [24/Jan/2006:13:37:15 -0500] "GET /images/arrow.gif HTTP/1.1" 200 112 "http://www.darwinday.org/" "Mozilla/4.0 (compatible; MSIE 6.0; Windows NT 5.1; Q312461; SV1)"
68.33.228.133 - - [24/Jan/2006:13:37:15 -0500] "GET /images/dnahorizl.gif HTTP/1.1" 200 2130 "http://www.darwinday.org/" "Mozilla/4.0 (compatible; MSIE 6.0; Windows NT 5.1; Q312461; SV1)"
68.33.228.133 - - [24/Jan/2006:13:37:15 -0500] "GET /images/dnahoriz.gif HTTP/1.1" 200 3391 "http://www.darwinday.org/" "Mozilla/4.0 (compatible; MSIE 6.0; Windows NT 5.1; Q312461; SV1)"
68.33.228.133 - - [24/Jan/2006:13:37:16 -0500] "GET /images/dnahorizr.gif HTTP/1.1" 200 2104 "http://www.darwinday.org/" "Mozilla/4.0 (compatible; MSIE 6.0; Windows NT 5.1; Q312461; SV1)"
68.33.228.133 - - [24/Jan/2006:13:37:16 -0500] "GET /englishL/home/images/lincoln.gif HTTP/1.1" 200 11057 "http://www.darwinday.org/" "Mozilla/4.0 (compatible; MSIE 6.0; Windows NT 5.1; Q312461; SV1)"
68.33.228.133 - - [24/Jan/2006:13:37:16 -0500] "GET /englishL/home/images/darwin.gif HTTP/1.1" 200 13783 "http://www.darwinday.org/" "Mozilla/4.0 (compatible; MSIE 6.0; Windows NT 5.1; Q312461; SV1)"
68.33.228.133 - - [24/Jan/2006:13:37:16 -0500] "GET /images/trans.gif HTTP/1.1" 200 49 "http://www.darwinday.org/" "Mozilla/4.0 (compatible; MSIE 6.0; Windows NT 5.1; Q312461; SV1)"
68.33.228.133 - - [24/Jan/2006:13:37:16 -0500] "GET /images/worldmaptransp.gif HTTP/1.1" 200 128893 "http://www.darwinday.org/" "Mozilla/4.0 (compatible; MSIE 6.0; Windows NT 5.1; Q312461; SV1)"
68.33.228.133 - - [24/Jan/2006:13:37:17 -0500] "GET /englishL/home/images/manymore.gif HTTP/1.1" 200 581 "http://www.darwinday.org/" "Mozilla/4.0 (compatible; MSIE 6.0; Windows NT 5.1; Q312461; SV1)"
68.33.228.133 - - [24/Jan/2006:13:37:17 -0500] "GET /englishL/home/images/joinus.gif HTTP/1.1" 200 524 "http://www.darwinday.org/" "Mozilla/4.0 (compatible; MSIE 6.0; Windows NT 5.1; Q312461; SV1)"
68.33.228.133 - - [24/Jan/2006:13:37:17 -0500] "GET /englishL/home/images/beagle.gif HTTP/1.1" 200 37108 "http://www.darwinday.org/" "Mozilla/4.0 (compatible; MSIE 6.0; Windows NT 5.1; Q312461; SV1)"
68.33.228.133 - - [24/Jan/2006:13:37:17 -0500] "GET /images/DNAlogo.gif HTTP/1.1" 200 1370 "http://www.darwinday.org/englishL/currarts.html" "Mozilla/4.0 (compatible; MSIE 6.0; Windows NT 5.1; Q312461; SV1)"
68.33.228.133 - - [24/Jan/2006:13:37:17 -0500] "GET /englishL/home/images/horse.evolution.jpg HTTP/1.1" 200 29612 "http://www.darwinday.org/" "Mozilla/4.0 (compatible; MSIE 6.0; Windows NT 5.1; Q312461; SV1)"
207.10.188.15 - - [24/Jan/2006:13:37:20 -0500] "GET /englishL/home/2007.html HTTP/1.1" 200 4314 "http://www.darwinday.org/englishL/home/index.html?" "Mozilla/4.0 (compatible; MSIE 6.0; Windows NT 5.1; SV1)"
207.10.188.15 - - [24/Jan/2006:13:37:20 -0500] "GET /englishL/home/images/iowa_proc-t.gif HTTP/1.1" 200 9193 "http://www.darwinday.org/englishL/home/2007.html" "Mozilla/4.0 (compatible; MSIE 6.0; Windows NT 5.1; SV1)"
207.10.188.15 - - [24/Jan/2006:13:37:34 -0500] "GET /englishL/home/images/iowa_proc.gif HTTP/1.1" 200 91998 "http://www.darwinday.org/englishL/home/2007.html" "Mozilla/4.0 (compatible; MSIE 6.0; Windows NT 5.1; SV1)"
207.10.188.15 - - [24/Jan/2006:13:37:48 -0500] "GET /englishL/home/2008.html HTTP/1.1" 200 3869 "http://www.darwinday.org/englishL/home/index.html?" "Mozilla/4.0 (compatible; MSIE 6.0; Windows NT 5.1; SV1)"
207.10.188.15 - - [24/Jan/2006:13:38:07 -0500] "GET /englishL/home/2009.html HTTP/1.1" 200 4495 "http://www.darwinday.org/englishL/home/index.html?" "Mozilla/4.0 (compatible; MSIE 6.0; Windows NT 5.1; SV1)"
207.10.188.15 - - [24/Jan/2006:13:38:40 -0500] "GET /englishL/newsviews/darlin.html HTTP/1.1" 200 21534 "http://www.darwinday.org/englishL/home/index.html?" "Mozilla/4.0 (compatible; MSIE 6.0; Windows NT 5.1; SV1)"
207.10.188.15 - - [24/Jan/2006:13:38:40 -0500] "GET /englishL/images/medallion.jpg HTTP/1.1" 200 5652 "http://www.darwinday.org/englishL/newsviews/darlin.html" "Mozilla/4.0 (compatible; MSIE 6.0; Windows NT 5.1; SV1)"
66.42.196.194 - - [24/Jan/2006:13:39:08 -0500] "GET /images/header.gif HTTP/1.0" 200 12737 "http://www.darwinday.org/" "Mozilla/4.0 (compatible; MSIE 6.0; Windows NT 5.1; SV1; (R1 1.5); .NET CLR 1.1.4322)"
66.197.155.21 - - [24/Jan/2006:13:39:09 -0500] "GET / HTTP/1.1" 200 25315 "-" "IE Plagin20:39:12 01/24/06"
66.42.196.194 - - [24/Jan/2006:13:39:14 -0500] "GET /images/worldmaptransp.gif HTTP/1.0" 200 12735 "http://www.darwinday.org/" "Mozilla/4.0 (compatible; MSIE 6.0; Windows NT 5.1; SV1; (R1 1.5); .NET CLR 1.1.4322)"
66.42.196.194 - - [24/Jan/2006:13:39:32 -0500] "GET /englishL/images/titletrans.gif HTTP/1.0" 200 12737 "http://www.darwinday.org/" "Mozilla/4.0 (compatible; MSIE 6.0; Windows NT 5.1; SV1; (R1 1.5); .NET CLR 1.1.4322)"
192.133.12.101 - - [24/Jan/2006:13:39:39 -0500] "GET /englishL/regevent/index.php HTTP/1.1" 200 31680 "http://www.darwinday.org/englishL/home/index.html" "Mozilla/5.0 (Windows; U; Windows NT 5.1; en-US; rv:1.7.12) Gecko/20050915 Firefox/1.0.7"
192.133.12.101 - - [24/Jan/2006:13:39:40 -0500] "GET /favicon.ico HTTP/1.1" 404 3385 "-" "Mozilla/5.0 (Windows; U; Windows NT 5.1; en-US; rv:1.7.12) Gecko/20050915 Firefox/1.0.7"
192.133.12.101 - - [24/Jan/2006:13:39:54 -0500] "GET /favicon.ico HTTP/1.1" 404 3385 "-" "Mozilla/5.0 (Windows; U; Windows NT 5.1; en-US; rv:1.7.12) Gecko/20050915 Firefox/1.0.7"
66.42.196.194 - - [24/Jan/2006:13:40:04 -0500] "GET /englishL/home/2006.php HTTP/1.0" 200 12861 "http://www.darwinday.org/" "Mozilla/4.0 (compatible; MSIE 6.0; Windows NT 5.1; SV1; (R1 1.5); .NET CLR 1.1.4322)"
192.133.12.101 - - [24/Jan/2006:13:40:14 -0500] "GET /englishL/aboutddc/index.html HTTP/1.1" 200 6558 "http://www.darwinday.org/englishL/home/index.html" "Mozilla/5.0 (Windows; U; Windows NT 5.1; en-US; rv:1.7.12) Gecko/20050915 Firefox/1.0.7"
192.133.12.101 - - [24/Jan/2006:13:40:14 -0500] "GET /images/goldball.gif HTTP/1.1" 200 332 "http://www.darwinday.org/englishL/aboutddc/index.html" "Mozilla/5.0 (Windows; U; Windows NT 5.1; en-US; rv:1.7.12) Gecko/20050915 Firefox/1.0.7"
192.133.12.101 - - [24/Jan/2006:13:40:14 -0500] "GET /favicon.ico HTTP/1.1" 404 3385 "-" "Mozilla/5.0 (Windows; U; Windows NT 5.1; en-US; rv:1.7.12) Gecko/20050915 Firefox/1.0.7"
192.133.12.101 - - [24/Jan/2006:13:40:21 -0500] "GET /chooselang/index.html HTTP/1.1" 200 5641 "http://www.darwinday.org/englishL/aboutddc/index.html" "Mozilla/5.0 (Windows; U; Windows NT 5.1; en-US; rv:1.7.12) Gecko/20050915 Firefox/1.0.7"
192.133.12.101 - - [24/Jan/2006:13:40:21 -0500] "GET /favicon.ico HTTP/1.1" 404 3385 "-" "Mozilla/5.0 (Windows; U; Windows NT 5.1; en-US; rv:1.7.12) Gecko/20050915 Firefox/1.0.7"
192.133.12.101 - - [24/Jan/2006:13:40:23 -0500] "GET /englishL/newsviews/index.html HTTP/1.1" 200 4903 "http://www.darwinday.org/chooselang/index.html" "Mozilla/5.0 (Windows; U; Windows NT 5.1; en-US; rv:1.7.12) Gecko/20050915 Firefox/1.0.7"
192.133.12.101 - - [24/Jan/2006:13:40:24 -0500] "GET /favicon.ico HTTP/1.1" 404 3385 "-" "Mozilla/5.0 (Windows; U; Windows NT 5.1; en-US; rv:1.7.12) Gecko/20050915 Firefox/1.0.7"
192.133.12.101 - - [24/Jan/2006:13:40:27 -0500] "GET /englishL/evolution/index.html HTTP/1.1" 200 4606 "http://www.darwinday.org/englishL/newsviews/index.html" "Mozilla/5.0 (Windows; U; Windows NT 5.1; en-US; rv:1.7.12) Gecko/20050915 Firefox/1.0.7"
192.133.12.101 - - [24/Jan/2006:13:40:27 -0500] "GET /images/dnagraphic.jpg HTTP/1.1" 200 25020 "http://www.darwinday.org/englishL/evolution/index.html" "Mozilla/5.0 (Windows; U; Windows NT 5.1; en-US; rv:1.7.12) Gecko/20050915 Firefox/1.0.7"
192.133.12.101 - - [24/Jan/2006:13:40:27 -0500] "GET /favicon.ico HTTP/1.1" 404 3385 "-" "Mozilla/5.0 (Windows; U; Windows NT 5.1; en-US; rv:1.7.12) Gecko/20050915 Firefox/1.0.7"
192.133.12.101 - - [24/Jan/2006:13:40:30 -0500] "GET /englishL/life/index.html HTTP/1.1" 200 9860 "http://www.darwinday.org/englishL/evolution/index.html" "Mozilla/5.0 (Windows; U; Windows NT 5.1; en-US; rv:1.7.12) Gecko/20050915 Firefox/1.0.7"
192.133.12.101 - - [24/Jan/2006:13:40:31 -0500] "GET /favicon.ico HTTP/1.1" 404 3385 "-" "Mozilla/5.0 (Windows; U; Windows NT 5.1; en-US; rv:1.7.12) Gecko/20050915 Firefox/1.0.7"
192.133.12.101 - - [24/Jan/2006:13:40:34 -0500] "GET /englishL/events/index.html HTTP/1.1" 200 4612 "http://www.darwinday.org/englishL/life/index.html" "Mozilla/5.0 (Windows; U; Windows NT 5.1; en-US; rv:1.7.12) Gecko/20050915 Firefox/1.0.7"
192.133.12.101 - - [24/Jan/2006:13:40:34 -0500] "GET /favicon.ico HTTP/1.1" 404 3385 "-" "Mozilla/5.0 (Windows; U; Windows NT 5.1; en-US; rv:1.7.12) Gecko/20050915 Firefox/1.0.7"
192.133.12.101 - - [24/Jan/2006:13:40:39 -0500] "GET /englishL/home/2006.php HTTP/1.1" 200 259879 "http://www.darwinday.org/englishL/events/index.html" "Mozilla/5.0 (Windows; U; Windows NT 5.1; en-US; rv:1.7.12) Gecko/20050915 Firefox/1.0.7"
192.133.12.101 - - [24/Jan/2006:13:40:40 -0500] "GET /favicon.ico HTTP/1.1" 404 3385 "-" "Mozilla/5.0 (Windows; U; Windows NT 5.1; en-US; rv:1.7.12) Gecko/20050915 Firefox/1.0.7"
194.224.199.51 - - [24/Jan/2006:13:41:17 -0500] "GET /robots.txt HTTP/1.1" 404 3384 "-" "noxtrumbot/1.0 (crawler@noxtrum.com)"
194.224.199.51 - - [24/Jan/2006:13:41:18 -0500] "GET / HTTP/1.1" 200 25315 "http://www.aspb.org/publicaffairs/research/" "noxtrumbot/1.0 (crawler@noxtrum.com)"
143.107.38.92 - - [24/Jan/2006:13:41:30 -0500] "GET /favicon.ico HTTP/1.1" 404 3385 "-" "Mozilla/5.0 (Windows; U; Windows NT 5.1; en-US; rv:1.8) Gecko/20051111 Firefox/1.5"
86.141.240.20 - - [24/Jan/2006:13:42:10 -0500] "GET /stylesheets/mainenglishL.css HTTP/1.1" 200 590 "http://www.darwinday.org/" "Mozilla/4.0 (compatible; MSIE 6.0; Windows NT 5.0)"
86.141.240.20 - - [24/Jan/2006:13:42:10 -0500] "GET / HTTP/1.1" 200 25315 "http://www.simonyi.ox.ac.uk/dawkins/WorldOfDawkins-archive/News/events.shtml" "Mozilla/4.0 (compatible; MSIE 6.0; Windows NT 5.0)"
86.141.240.20 - - [24/Jan/2006:13:42:10 -0500] "GET /stylesheets/main.css HTTP/1.1" 200 658 "http://www.darwinday.org/" "Mozilla/4.0 (compatible; MSIE 6.0; Windows NT 5.0)"
86.141.240.20 - - [24/Jan/2006:13:42:10 -0500] "GET /images/topleftlogo.gif HTTP/1.1" 200 6907 "http://www.darwinday.org/" "Mozilla/4.0 (compatible; MSIE 6.0; Windows NT 5.0)"
86.141.240.20 - - [24/Jan/2006:13:42:10 -0500] "GET /englishL/currarts.html HTTP/1.1" 200 5653 "http://www.darwinday.org/" "Mozilla/4.0 (compatible; MSIE 6.0; Windows NT 5.0)"
86.141.240.20 - - [24/Jan/2006:13:42:11 -0500] "GET /images/header.gif HTTP/1.1" 200 26756 "http://www.darwinday.org/" "Mozilla/4.0 (compatible; MSIE 6.0; Windows NT 5.0)"
86.141.240.20 - - [24/Jan/2006:13:42:11 -0500] "GET /englishL/images/titletrans.gif HTTP/1.1" 200 15588 "http://www.darwinday.org/" "Mozilla/4.0 (compatible; MSIE 6.0; Windows NT 5.0)"
86.141.240.20 - - [24/Jan/2006:13:42:11 -0500] "GET /englishL/images/navbar.gif HTTP/1.1" 200 2667 "http://www.darwinday.org/" "Mozilla/4.0 (compatible; MSIE 6.0; Windows NT 5.0)"
86.141.240.20 - - [24/Jan/2006:13:42:12 -0500] "GET /englishL/home/images/darwinages.gif HTTP/1.1" 200 50309 "http://www.darwinday.org/" "Mozilla/4.0 (compatible; MSIE 6.0; Windows NT 5.0)"
86.141.240.20 - - [24/Jan/2006:13:42:12 -0500] "GET /images/arrow.gif HTTP/1.1" 200 112 "http://www.darwinday.org/" "Mozilla/4.0 (compatible; MSIE 6.0; Windows NT 5.0)"
86.141.240.20 - - [24/Jan/2006:13:42:12 -0500] "GET /images/dnahorizl.gif HTTP/1.1" 200 2130 "http://www.darwinday.org/" "Mozilla/4.0 (compatible; MSIE 6.0; Windows NT 5.0)"
86.141.240.20 - - [24/Jan/2006:13:42:12 -0500] "GET /images/dnahoriz.gif HTTP/1.1" 200 3391 "http://www.darwinday.org/" "Mozilla/4.0 (compatible; MSIE 6.0; Windows NT 5.0)"
86.141.240.20 - - [24/Jan/2006:13:42:12 -0500] "GET /images/worldmaptransp.gif HTTP/1.1" 200 128893 "http://www.darwinday.org/" "Mozilla/4.0 (compatible; MSIE 6.0; Windows NT 5.0)"
86.141.240.20 - - [24/Jan/2006:13:42:12 -0500] "GET /images/dnahorizr.gif HTTP/1.1" 200 2104 "http://www.darwinday.org/" "Mozilla/4.0 (compatible; MSIE 6.0; Windows NT 5.0)"
86.141.240.20 - - [24/Jan/2006:13:42:12 -0500] "GET /englishL/home/images/lincoln.gif HTTP/1.1" 200 11057 "http://www.darwinday.org/" "Mozilla/4.0 (compatible; MSIE 6.0; Windows NT 5.0)"
86.141.240.20 - - [24/Jan/2006:13:42:13 -0500] "GET /englishL/home/images/darwin.gif HTTP/1.1" 200 13783 "http://www.darwinday.org/" "Mozilla/4.0 (compatible; MSIE 6.0; Windows NT 5.0)"
86.141.240.20 - - [24/Jan/2006:13:42:13 -0500] "GET /englishL/home/images/beagle.gif HTTP/1.1" 200 37108 "http://www.darwinday.org/" "Mozilla/4.0 (compatible; MSIE 6.0; Windows NT 5.0)"
86.141.240.20 - - [24/Jan/2006:13:42:14 -0500] "GET /images/trans.gif HTTP/1.1" 200 49 "http://www.darwinday.org/" "Mozilla/4.0 (compatible; MSIE 6.0; Windows NT 5.0)"
86.141.240.20 - - [24/Jan/2006:13:42:14 -0500] "GET /englishL/home/images/manymore.gif HTTP/1.1" 200 581 "http://www.darwinday.org/" "Mozilla/4.0 (compatible; MSIE 6.0; Windows NT 5.0)"
86.141.240.20 - - [24/Jan/2006:13:42:14 -0500] "GET /englishL/home/images/joinus.gif HTTP/1.1" 200 524 "http://www.darwinday.org/" "Mozilla/4.0 (compatible; MSIE 6.0; Windows NT 5.0)"
86.141.240.20 - - [24/Jan/2006:13:42:14 -0500] "GET /images/DNAlogo.gif HTTP/1.1" 200 1370 "http://www.darwinday.org/englishL/currarts.html" "Mozilla/4.0 (compatible; MSIE 6.0; Windows NT 5.0)"
86.141.240.20 - - [24/Jan/2006:13:42:14 -0500] "GET /englishL/home/images/horse.evolution.jpg HTTP/1.1" 200 29612 "http://www.darwinday.org/" "Mozilla/4.0 (compatible; MSIE 6.0; Windows NT 5.0)"
194.224.199.51 - - [24/Jan/2006:13:42:18 -0500] "GET /chooselang/index.html HTTP/1.1" 200 5641 "http://www.darwinday.org/" "noxtrumbot/1.0 (crawler@noxtrum.com)"
194.224.199.51 - - [24/Jan/2006:13:43:18 -0500] "GET /englishL/home/index.html HTTP/1.1" 200 25693 "http://www.darwinday.org/" "noxtrumbot/1.0 (crawler@noxtrum.com)"
194.224.199.51 - - [24/Jan/2006:13:44:18 -0500] "GET /englishL/events/index.html HTTP/1.1" 200 4612 "http://www.darwinday.org/" "noxtrumbot/1.0 (crawler@noxtrum.com)"
24.153.254.47 - - [24/Jan/2006:13:44:52 -0500] "GET /favicon.ico HTTP/1.1" 404 3385 "http://www.darwinday.org/englishL/home/2006.php" "Mozilla/4.0 (compatible; MSIE 6.0; Windows NT 5.1; en) Opera 8.51"
194.224.199.51 - - [24/Jan/2006:13:45:19 -0500] "GET /englishL/life/index.html HTTP/1.1" 200 9860 "http://www.darwinday.org/" "noxtrumbot/1.0 (crawler@noxtrum.com)"
149.168.130.40 - - [24/Jan/2006:13:45:25 -0500] "GET /stylesheets/mainenglishL.css HTTP/1.1" 200 590 "http://www.darwinday.org/" "Mozilla/4.0 (compatible; MSIE 6.0; Windows NT 5.1; SV1; .NET CLR 1.0.3705; .NET CLR 1.1.4322)"
149.168.130.40 - - [24/Jan/2006:13:45:25 -0500] "GET / HTTP/1.1" 200 25315 "http://www.google.ca/search?hl=en&q=birthday+celebration+programs&meta=" "Mozilla/4.0 (compatible; MSIE 6.0; Windows NT 5.1; SV1; .NET CLR 1.0.3705; .NET CLR 1.1.4322)"
149.168.130.40 - - [24/Jan/2006:13:45:25 -0500] "GET /stylesheets/main.css HTTP/1.1" 200 658 "http://www.darwinday.org/" "Mozilla/4.0 (compatible; MSIE 6.0; Windows NT 5.1; SV1; .NET CLR 1.0.3705; .NET CLR 1.1.4322)"
149.168.130.40 - - [24/Jan/2006:13:45:25 -0500] "GET /images/topleftlogo.gif HTTP/1.1" 200 6907 "http://www.darwinday.org/" "Mozilla/4.0 (compatible; MSIE 6.0; Windows NT 5.1; SV1; .NET CLR 1.0.3705; .NET CLR 1.1.4322)"
149.168.130.40 - - [24/Jan/2006:13:45:25 -0500] "GET /images/header.gif HTTP/1.1" 200 26756 "http://www.darwinday.org/" "Mozilla/4.0 (compatible; MSIE 6.0; Windows NT 5.1; SV1; .NET CLR 1.0.3705; .NET CLR 1.1.4322)"
149.168.130.40 - - [24/Jan/2006:13:45:25 -0500] "GET /englishL/currarts.html HTTP/1.1" 200 5653 "http://www.darwinday.org/" "Mozilla/4.0 (compatible; MSIE 6.0; Windows NT 5.1; SV1; .NET CLR 1.0.3705; .NET CLR 1.1.4322)"
149.168.130.40 - - [24/Jan/2006:13:45:25 -0500] "GET /englishL/images/titletrans.gif HTTP/1.1" 200 15588 "http://www.darwinday.org/" "Mozilla/4.0 (compatible; MSIE 6.0; Windows NT 5.1; SV1; .NET CLR 1.0.3705; .NET CLR 1.1.4322)"
149.168.130.40 - - [24/Jan/2006:13:45:25 -0500] "GET /englishL/images/navbar.gif HTTP/1.1" 200 2667 "http://www.darwinday.org/" "Mozilla/4.0 (compatible; MSIE 6.0; Windows NT 5.1; SV1; .NET CLR 1.0.3705; .NET CLR 1.1.4322)"
149.168.130.40 - - [24/Jan/2006:13:45:25 -0500] "GET /images/worldmaptransp.gif HTTP/1.1" 200 128893 "http://www.darwinday.org/" "Mozilla/4.0 (compatible; MSIE 6.0; Windows NT 5.1; SV1; .NET CLR 1.0.3705; .NET CLR 1.1.4322)"
149.168.130.40 - - [24/Jan/2006:13:45:26 -0500] "GET /englishL/home/images/darwinages.gif HTTP/1.1" 200 50309 "http://www.darwinday.org/" "Mozilla/4.0 (compatible; MSIE 6.0; Windows NT 5.1; SV1; .NET CLR 1.0.3705; .NET CLR 1.1.4322)"
149.168.130.40 - - [24/Jan/2006:13:45:26 -0500] "GET /images/arrow.gif HTTP/1.1" 200 112 "http://www.darwinday.org/" "Mozilla/4.0 (compatible; MSIE 6.0; Windows NT 5.1; SV1; .NET CLR 1.0.3705; .NET CLR 1.1.4322)"
149.168.130.40 - - [24/Jan/2006:13:45:26 -0500] "GET /images/dnahorizl.gif HTTP/1.1" 200 2130 "http://www.darwinday.org/" "Mozilla/4.0 (compatible; MSIE 6.0; Windows NT 5.1; SV1; .NET CLR 1.0.3705; .NET CLR 1.1.4322)"
149.168.130.40 - - [24/Jan/2006:13:45:26 -0500] "GET /images/dnahoriz.gif HTTP/1.1" 200 3391 "http://www.darwinday.org/" "Mozilla/4.0 (compatible; MSIE 6.0; Windows NT 5.1; SV1; .NET CLR 1.0.3705; .NET CLR 1.1.4322)"
149.168.130.40 - - [24/Jan/2006:13:45:26 -0500] "GET /images/dnahorizr.gif HTTP/1.1" 200 2104 "http://www.darwinday.org/" "Mozilla/4.0 (compatible; MSIE 6.0; Windows NT 5.1; SV1; .NET CLR 1.0.3705; .NET CLR 1.1.4322)"
149.168.130.40 - - [24/Jan/2006:13:45:26 -0500] "GET /englishL/home/images/lincoln.gif HTTP/1.1" 200 11057 "http://www.darwinday.org/" "Mozilla/4.0 (compatible; MSIE 6.0; Windows NT 5.1; SV1; .NET CLR 1.0.3705; .NET CLR 1.1.4322)"
149.168.130.40 - - [24/Jan/2006:13:45:26 -0500] "GET /englishL/home/images/darwin.gif HTTP/1.1" 200 13783 "http://www.darwinday.org/" "Mozilla/4.0 (compatible; MSIE 6.0; Windows NT 5.1; SV1; .NET CLR 1.0.3705; .NET CLR 1.1.4322)"
149.168.130.40 - - [24/Jan/2006:13:45:26 -0500] "GET /images/trans.gif HTTP/1.1" 200 49 "http://www.darwinday.org/" "Mozilla/4.0 (compatible; MSIE 6.0; Windows NT 5.1; SV1; .NET CLR 1.0.3705; .NET CLR 1.1.4322)"
149.168.130.40 - - [24/Jan/2006:13:45:26 -0500] "GET /englishL/home/images/manymore.gif HTTP/1.1" 200 581 "http://www.darwinday.org/" "Mozilla/4.0 (compatible; MSIE 6.0; Windows NT 5.1; SV1; .NET CLR 1.0.3705; .NET CLR 1.1.4322)"
149.168.130.40 - - [24/Jan/2006:13:45:26 -0500] "GET /englishL/home/images/joinus.gif HTTP/1.1" 200 524 "http://www.darwinday.org/" "Mozilla/4.0 (compatible; MSIE 6.0; Windows NT 5.1; SV1; .NET CLR 1.0.3705; .NET CLR 1.1.4322)"
149.168.130.40 - - [24/Jan/2006:13:45:26 -0500] "GET /englishL/home/images/beagle.gif HTTP/1.1" 200 37108 "http://www.darwinday.org/" "Mozilla/4.0 (compatible; MSIE 6.0; Windows NT 5.1; SV1; .NET CLR 1.0.3705; .NET CLR 1.1.4322)"
149.168.130.40 - - [24/Jan/2006:13:45:26 -0500] "GET /englishL/home/images/horse.evolution.jpg HTTP/1.1" 200 29612 "http://www.darwinday.org/" "Mozilla/4.0 (compatible; MSIE 6.0; Windows NT 5.1; SV1; .NET CLR 1.0.3705; .NET CLR 1.1.4322)"
149.168.130.40 - - [24/Jan/2006:13:45:26 -0500] "GET /images/DNAlogo.gif HTTP/1.1" 200 1370 "http://www.darwinday.org/englishL/currarts.html" "Mozilla/4.0 (compatible; MSIE 6.0; Windows NT 5.1; SV1; .NET CLR 1.0.3705; .NET CLR 1.1.4322)"
143.107.38.92 - - [24/Jan/2006:13:45:52 -0500] "GET /favicon.ico HTTP/1.1" 404 3385 "-" "Mozilla/5.0 (Windows; U; Windows NT 5.1; en-US; rv:1.8) Gecko/20051111 Firefox/1.5"
149.168.130.40 - - [24/Jan/2006:13:45:54 -0500] "GET /englishL/aboutddc/advisory.html HTTP/1.1" 200 27384 "http://www.darwinday.org/" "Mozilla/4.0 (compatible; MSIE 6.0; Windows NT 5.1; SV1; .NET CLR 1.0.3705; .NET CLR 1.1.4322)"
149.168.130.40 - - [24/Jan/2006:13:45:54 -0500] "GET /englishL/aboutddc/images/bateson.gif HTTP/1.1" 200 10961 "http://www.darwinday.org/englishL/aboutddc/advisory.html" "Mozilla/4.0 (compatible; MSIE 6.0; Windows NT 5.1; SV1; .NET CLR 1.0.3705; .NET CLR 1.1.4322)"
149.168.130.40 - - [24/Jan/2006:13:45:54 -0500] "GET /englishL/aboutddc/images/calvin.gif HTTP/1.1" 200 11213 "http://www.darwinday.org/englishL/aboutddc/advisory.html" "Mozilla/4.0 (compatible; MSIE 6.0; Windows NT 5.1; SV1; .NET CLR 1.0.3705; .NET CLR 1.1.4322)"
149.168.130.40 - - [24/Jan/2006:13:45:55 -0500] "GET /englishL/aboutddc/images/cronin.gif HTTP/1.1" 200 8731 "http://www.darwinday.org/englishL/aboutddc/advisory.html" "Mozilla/4.0 (compatible; MSIE 6.0; Windows NT 5.1; SV1; .NET CLR 1.0.3705; .NET CLR 1.1.4322)"
149.168.130.40 - - [24/Jan/2006:13:45:55 -0500] "GET /englishL/aboutddc/images/dawkins.gif HTTP/1.1" 200 14879 "http://www.darwinday.org/englishL/aboutddc/advisory.html" "Mozilla/4.0 (compatible; MSIE 6.0; Windows NT 5.1; SV1; .NET CLR 1.0.3705; .NET CLR 1.1.4322)"
149.168.130.40 - - [24/Jan/2006:13:45:55 -0500] "GET /englishL/aboutddc/images/dennett.gif HTTP/1.1" 200 11171 "http://www.darwinday.org/englishL/aboutddc/advisory.html" "Mozilla/4.0 (compatible; MSIE 6.0; Windows NT 5.1; SV1; .NET CLR 1.0.3705; .NET CLR 1.1.4322)"
149.168.130.40 - - [24/Jan/2006:13:45:55 -0500] "GET /englishL/aboutddc/images/jones.gif HTTP/1.1" 200 9704 "http://www.darwinday.org/englishL/aboutddc/advisory.html" "Mozilla/4.0 (compatible; MSIE 6.0; Windows NT 5.1; SV1; .NET CLR 1.0.3705; .NET CLR 1.1.4322)"
149.168.130.40 - - [24/Jan/2006:13:45:55 -0500] "GET /englishL/aboutddc/images/pinker.gif HTTP/1.1" 200 11560 "http://www.darwinday.org/englishL/aboutddc/advisory.html" "Mozilla/4.0 (compatible; MSIE 6.0; Windows NT 5.1; SV1; .NET CLR 1.0.3705; .NET CLR 1.1.4322)"
149.168.130.40 - - [24/Jan/2006:13:45:55 -0500] "GET /englishL/aboutddc/images/scott.gif HTTP/1.1" 200 12626 "http://www.darwinday.org/englishL/aboutddc/advisory.html" "Mozilla/4.0 (compatible; MSIE 6.0; Windows NT 5.1; SV1; .NET CLR 1.0.3705; .NET CLR 1.1.4322)"
149.168.130.40 - - [24/Jan/2006:13:45:55 -0500] "GET /englishL/aboutddc/images/shermer.gif HTTP/1.1" 200 9761 "http://www.darwinday.org/englishL/aboutddc/advisory.html" "Mozilla/4.0 (compatible; MSIE 6.0; Windows NT 5.1; SV1; .NET CLR 1.0.3705; .NET CLR 1.1.4322)"
149.168.130.40 - - [24/Jan/2006:13:45:55 -0500] "GET /englishL/aboutddc/images/tudge.gif HTTP/1.1" 200 14266 "http://www.darwinday.org/englishL/aboutddc/advisory.html" "Mozilla/4.0 (compatible; MSIE 6.0; Windows NT 5.1; SV1; .NET CLR 1.0.3705; .NET CLR 1.1.4322)"
149.168.130.40 - - [24/Jan/2006:13:45:55 -0500] "GET /englishL/aboutddc/images/wilson.gif HTTP/1.1" 200 9150 "http://www.darwinday.org/englishL/aboutddc/advisory.html" "Mozilla/4.0 (compatible; MSIE 6.0; Windows NT 5.1; SV1; .NET CLR 1.0.3705; .NET CLR 1.1.4322)"
149.168.130.40 - - [24/Jan/2006:13:45:55 -0500] "GET /englishL/aboutddc/images/zimmer.gif HTTP/1.1" 200 11343 "http://www.darwinday.org/englishL/aboutddc/advisory.html" "Mozilla/4.0 (compatible; MSIE 6.0; Windows NT 5.1; SV1; .NET CLR 1.0.3705; .NET CLR 1.1.4322)"
143.107.38.92 - - [24/Jan/2006:13:46:04 -0500] "GET / HTTP/1.1" 206 898 "-" "Mozilla/5.0 (Windows; U; Windows NT 5.1; en-US; rv:1.8) Gecko/20051111 Firefox/1.5"
143.107.38.92 - - [24/Jan/2006:13:46:04 -0500] "GET /stylesheets/main.css HTTP/1.1" 200 658 "http://www.darwinday.org/" "Mozilla/5.0 (Windows; U; Windows NT 5.1; en-US; rv:1.8) Gecko/20051111 Firefox/1.5"
143.107.38.92 - - [24/Jan/2006:13:46:07 -0500] "GET /englishL/home/images/darwinages.gif HTTP/1.1" 206 28812 "http://www.darwinday.org/" "Mozilla/5.0 (Windows; U; Windows NT 5.1; en-US; rv:1.8) Gecko/20051111 Firefox/1.5"
143.107.38.92 - - [24/Jan/2006:13:46:09 -0500] "GET /englishL/home/images/joinus.gif HTTP/1.1" 200 524 "http://www.darwinday.org/" "Mozilla/5.0 (Windows; U; Windows NT 5.1; en-US; rv:1.8) Gecko/20051111 Firefox/1.5"
143.107.38.92 - - [24/Jan/2006:13:46:17 -0500] "GET /englishL/home/images/horse.evolution.jpg HTTP/1.1" 200 29612 "http://www.darwinday.org/" "Mozilla/5.0 (Windows; U; Windows NT 5.1; en-US; rv:1.8) Gecko/20051111 Firefox/1.5"
194.224.199.51 - - [24/Jan/2006:13:46:19 -0500] "GET /englishL/evolution/index.html HTTP/1.1" 200 4606 "http://www.darwinday.org/" "noxtrumbot/1.0 (crawler@noxtrum.com)"
194.224.199.51 - - [24/Jan/2006:13:47:19 -0500] "GET /englishL/newsviews/index.html HTTP/1.1" 200 4903 "http://www.darwinday.org/" "noxtrumbot/1.0 (crawler@noxtrum.com)"
82.131.195.52 - - [24/Jan/2006:13:47:57 -0500] "HEAD /NEWlang/newsviews/essays.html HTTP/1.0" 200 0 "-" "-"
194.224.199.51 - - [24/Jan/2006:13:48:19 -0500] "GET /englishL/aboutddc/index.html HTTP/1.1" 200 6558 "http://www.darwinday.org/" "noxtrumbot/1.0 (crawler@noxtrum.com)"
194.224.199.51 - - [24/Jan/2006:13:49:19 -0500] "GET /englishL/regemail/index.php HTTP/1.1" 200 6017 "http://www.darwinday.org/" "noxtrumbot/1.0 (crawler@noxtrum.com)"
195.122.215.151 - - [24/Jan/2006:13:49:22 -0500] "GET /englishL/home/images/darwinages.gif HTTP/1.1" 200 50309 "http://drervin.com/" "Mozilla/4.0 (compatible; MSIE 6.0; Windows NT 5.1; Maxthon; .NET CLR 1.1.4322; FDM)"
198.7.249.57 - - [24/Jan/2006:13:49:44 -0500] "GET /stylesheets/mainenglishL.css HTTP/1.1" 200 590 "http://www.darwinday.org/" "Mozilla/4.0 (compatible; MSIE 6.0; Windows NT 5.1; .NET CLR 1.0.3705; .NET CLR 1.1.4322)"
198.7.249.57 - - [24/Jan/2006:13:49:44 -0500] "GET / HTTP/1.1" 200 25315 "http://www.altavista.com/web/iepane?itag=ody&hl=off&fr=ieas&q=Darwin+Day" "Mozilla/4.0 (compatible; MSIE 6.0; Windows NT 5.1; .NET CLR 1.0.3705; .NET CLR 1.1.4322)"
198.7.249.57 - - [24/Jan/2006:13:49:44 -0500] "GET /stylesheets/main.css HTTP/1.1" 200 658 "http://www.darwinday.org/" "Mozilla/4.0 (compatible; MSIE 6.0; Windows NT 5.1; .NET CLR 1.0.3705; .NET CLR 1.1.4322)"
198.7.249.57 - - [24/Jan/2006:13:49:44 -0500] "GET /images/topleftlogo.gif HTTP/1.1" 200 6907 "http://www.darwinday.org/" "Mozilla/4.0 (compatible; MSIE 6.0; Windows NT 5.1; .NET CLR 1.0.3705; .NET CLR 1.1.4322)"
198.7.249.57 - - [24/Jan/2006:13:49:44 -0500] "GET /englishL/currarts.html HTTP/1.1" 200 5653 "http://www.darwinday.org/" "Mozilla/4.0 (compatible; MSIE 6.0; Windows NT 5.1; .NET CLR 1.0.3705; .NET CLR 1.1.4322)"
198.7.249.57 - - [24/Jan/2006:13:49:46 -0500] "GET /images/worldmaptransp.gif HTTP/1.1" 200 128893 "http://www.darwinday.org/" "Mozilla/4.0 (compatible; MSIE 6.0; Windows NT 5.1; .NET CLR 1.0.3705; .NET CLR 1.1.4322)"
198.7.249.57 - - [24/Jan/2006:13:49:47 -0500] "GET /englishL/images/titletrans.gif HTTP/1.1" 200 15588 "http://www.darwinday.org/" "Mozilla/4.0 (compatible; MSIE 6.0; Windows NT 5.1; .NET CLR 1.0.3705; .NET CLR 1.1.4322)"
198.7.249.57 - - [24/Jan/2006:13:49:47 -0500] "GET /images/header.gif HTTP/1.1" 200 26756 "http://www.darwinday.org/" "Mozilla/4.0 (compatible; MSIE 6.0; Windows NT 5.1; .NET CLR 1.0.3705; .NET CLR 1.1.4322)"
198.7.249.57 - - [24/Jan/2006:13:49:47 -0500] "GET /englishL/images/navbar.gif HTTP/1.1" 200 2667 "http://www.darwinday.org/" "Mozilla/4.0 (compatible; MSIE 6.0; Windows NT 5.1; .NET CLR 1.0.3705; .NET CLR 1.1.4322)"
198.7.249.57 - - [24/Jan/2006:13:49:47 -0500] "GET /images/arrow.gif HTTP/1.1" 200 112 "http://www.darwinday.org/" "Mozilla/4.0 (compatible; MSIE 6.0; Windows NT 5.1; .NET CLR 1.0.3705; .NET CLR 1.1.4322)"
198.7.249.57 - - [24/Jan/2006:13:49:47 -0500] "GET /images/dnahorizl.gif HTTP/1.1" 200 2130 "http://www.darwinday.org/" "Mozilla/4.0 (compatible; MSIE 6.0; Windows NT 5.1; .NET CLR 1.0.3705; .NET CLR 1.1.4322)"
198.7.249.57 - - [24/Jan/2006:13:49:47 -0500] "GET /images/dnahoriz.gif HTTP/1.1" 200 3391 "http://www.darwinday.org/" "Mozilla/4.0 (compatible; MSIE 6.0; Windows NT 5.1; .NET CLR 1.0.3705; .NET CLR 1.1.4322)"
198.7.249.57 - - [24/Jan/2006:13:49:47 -0500] "GET /images/dnahorizr.gif HTTP/1.1" 200 2104 "http://www.darwinday.org/" "Mozilla/4.0 (compatible; MSIE 6.0; Windows NT 5.1; .NET CLR 1.0.3705; .NET CLR 1.1.4322)"
198.7.249.57 - - [24/Jan/2006:13:49:47 -0500] "GET /englishL/home/images/lincoln.gif HTTP/1.1" 200 11057 "http://www.darwinday.org/" "Mozilla/4.0 (compatible; MSIE 6.0; Windows NT 5.1; .NET CLR 1.0.3705; .NET CLR 1.1.4322)"
198.7.249.57 - - [24/Jan/2006:13:49:47 -0500] "GET /englishL/home/images/darwinages.gif HTTP/1.1" 200 50309 "http://www.darwinday.org/" "Mozilla/4.0 (compatible; MSIE 6.0; Windows NT 5.1; .NET CLR 1.0.3705; .NET CLR 1.1.4322)"
198.7.249.57 - - [24/Jan/2006:13:49:47 -0500] "GET /englishL/home/images/darwin.gif HTTP/1.1" 200 13783 "http://www.darwinday.org/" "Mozilla/4.0 (compatible; MSIE 6.0; Windows NT 5.1; .NET CLR 1.0.3705; .NET CLR 1.1.4322)"
198.7.249.57 - - [24/Jan/2006:13:49:48 -0500] "GET /englishL/home/images/manymore.gif HTTP/1.1" 200 581 "http://www.darwinday.org/" "Mozilla/4.0 (compatible; MSIE 6.0; Windows NT 5.1; .NET CLR 1.0.3705; .NET CLR 1.1.4322)"
198.7.249.57 - - [24/Jan/2006:13:49:48 -0500] "GET /images/trans.gif HTTP/1.1" 200 49 "http://www.darwinday.org/" "Mozilla/4.0 (compatible; MSIE 6.0; Windows NT 5.1; .NET CLR 1.0.3705; .NET CLR 1.1.4322)"
198.7.249.57 - - [24/Jan/2006:13:49:48 -0500] "GET /englishL/home/images/joinus.gif HTTP/1.1" 200 524 "http://www.darwinday.org/" "Mozilla/4.0 (compatible; MSIE 6.0; Windows NT 5.1; .NET CLR 1.0.3705; .NET CLR 1.1.4322)"
198.7.249.57 - - [24/Jan/2006:13:49:48 -0500] "GET /englishL/home/images/horse.evolution.jpg HTTP/1.1" 200 29612 "http://www.darwinday.org/" "Mozilla/4.0 (compatible; MSIE 6.0; Windows NT 5.1; .NET CLR 1.0.3705; .NET CLR 1.1.4322)"
198.7.249.57 - - [24/Jan/2006:13:49:49 -0500] "GET /englishL/home/images/beagle.gif HTTP/1.1" 200 37108 "http://www.darwinday.org/" "Mozilla/4.0 (compatible; MSIE 6.0; Windows NT 5.1; .NET CLR 1.0.3705; .NET CLR 1.1.4322)"
198.7.249.57 - - [24/Jan/2006:13:49:50 -0500] "GET /images/DNAlogo.gif HTTP/1.1" 200 1370 "http://www.darwinday.org/englishL/currarts.html" "Mozilla/4.0 (compatible; MSIE 6.0; Windows NT 5.1; .NET CLR 1.0.3705; .NET CLR 1.1.4322)"
198.7.249.57 - - [24/Jan/2006:13:50:12 -0500] "GET /englishL/home/2006.php HTTP/1.1" 200 259879 "http://www.darwinday.org/" "Mozilla/4.0 (compatible; MSIE 6.0; Windows NT 5.1; .NET CLR 1.0.3705; .NET CLR 1.1.4322)"
194.224.199.51 - - [24/Jan/2006:13:50:20 -0500] "GET /englishL/register/index.php HTTP/1.1" 200 19970 "http://www.darwinday.org/" "noxtrumbot/1.0 (crawler@noxtrum.com)"
198.7.249.57 - - [24/Jan/2006:13:50:27 -0500] "GET /englishL/life/index.html HTTP/1.1" 200 9860 "http://www.darwinday.org/englishL/home/2006.php" "Mozilla/4.0 (compatible; MSIE 6.0; Windows NT 5.1; .NET CLR 1.0.3705; .NET CLR 1.1.4322)"
198.7.249.57 - - [24/Jan/2006:13:50:27 -0500] "GET /images/goldball.gif HTTP/1.1" 200 332 "http://www.darwinday.org/englishL/life/index.html" "Mozilla/4.0 (compatible; MSIE 6.0; Windows NT 5.1; .NET CLR 1.0.3705; .NET CLR 1.1.4322)"
194.224.199.51 - - [24/Jan/2006:13:51:21 -0500] "GET /englishL/regevent/index.php HTTP/1.1" 200 31680 "http://www.darwinday.org/" "noxtrumbot/1.0 (crawler@noxtrum.com)"
213.67.177.229 - - [24/Jan/2006:13:51:47 -0500] "GET /stylesheets/mainenglishL.css HTTP/1.1" 200 590 "http://www.darwinday.org/" "Mozilla/4.0 (compatible; MSIE 6.0; Windows NT 5.1; SV1; i-NavFourF)"
213.67.177.229 - - [24/Jan/2006:13:51:47 -0500] "GET /stylesheets/main.css HTTP/1.1" 200 658 "http://www.darwinday.org/" "Mozilla/4.0 (compatible; MSIE 6.0; Windows NT 5.1; SV1; i-NavFourF)"
213.67.177.229 - - [24/Jan/2006:13:51:48 -0500] "GET /images/topleftlogo.gif HTTP/1.1" 200 6907 "http://www.darwinday.org/" "Mozilla/4.0 (compatible; MSIE 6.0; Windows NT 5.1; SV1; i-NavFourF)"
213.67.177.229 - - [24/Jan/2006:13:51:48 -0500] "GET / HTTP/1.1" 200 25315 "-" "Mozilla/4.0 (compatible; MSIE 6.0; Windows NT 5.1; SV1; i-NavFourF)"
213.67.177.229 - - [24/Jan/2006:13:51:48 -0500] "GET /englishL/currarts.html HTTP/1.1" 200 5653 "http://www.darwinday.org/" "Mozilla/4.0 (compatible; MSIE 6.0; Windows NT 5.1; SV1; i-NavFourF)"
213.67.177.229 - - [24/Jan/2006:13:51:49 -0500] "GET /images/header.gif HTTP/1.1" 200 26756 "http://www.darwinday.org/" "Mozilla/4.0 (compatible; MSIE 6.0; Windows NT 5.1; SV1; i-NavFourF)"
213.67.177.229 - - [24/Jan/2006:13:51:50 -0500] "GET /englishL/images/titletrans.gif HTTP/1.1" 200 15588 "http://www.darwinday.org/" "Mozilla/4.0 (compatible; MSIE 6.0; Windows NT 5.1; SV1; i-NavFourF)"
213.67.177.229 - - [24/Jan/2006:13:51:51 -0500] "GET /englishL/images/navbar.gif HTTP/1.1" 200 2667 "http://www.darwinday.org/" "Mozilla/4.0 (compatible; MSIE 6.0; Windows NT 5.1; SV1; i-NavFourF)"
213.67.177.229 - - [24/Jan/2006:13:51:53 -0500] "GET /englishL/home/images/darwinages.gif HTTP/1.1" 200 50309 "http://www.darwinday.org/" "Mozilla/4.0 (compatible; MSIE 6.0; Windows NT 5.1; SV1; i-NavFourF)"
213.67.177.229 - - [24/Jan/2006:13:51:54 -0500] "GET /images/arrow.gif HTTP/1.1" 200 112 "http://www.darwinday.org/" "Mozilla/4.0 (compatible; MSIE 6.0; Windows NT 5.1; SV1; i-NavFourF)"
