146.145.31.226 - - [24/Jan/2006:11:53:20 -0500] "GET /images/DNAlogo.gif HTTP/1.0" 200 1370 "http://www.darwinday.org/englishL/currarts.html" "Mozilla/4.0 (compatible; MSIE 6.0; Windows NT 5.2; SV1; .NET CLR 1.1.4322; InfoPath.1)"
131.94.86.56 - - [24/Jan/2006:11:53:31 -0500] "GET /englishL/regevent/index.php HTTP/1.1" 200 31680 "http://www.darwinday.org/englishL/home/2006.php" "Mozilla/5.0 (Windows; U; Windows NT 5.1; en-US; rv:1.7.2) Gecko/20040804 Netscape/7.2 (ax)"
129.100.36.68 - - [24/Jan/2006:11:55:56 -0500] "GET /stylesheets/mainenglishL.css HTTP/1.1" 200 590 "http://www.darwinday.org/" "Mozilla/4.0 (compatible; MSIE 6.0; Windows NT 5.0; .NET CLR 1.1.4322; .NET CLR 2.0.50727)"
129.100.36.68 - - [24/Jan/2006:11:55:56 -0500] "GET /stylesheets/main.css HTTP/1.1" 200 658 "http://www.darwinday.org/" "Mozilla/4.0 (compatible; MSIE 6.0; Windows NT 5.0; .NET CLR 1.1.4322; .NET CLR 2.0.50727)"
129.100.36.68 - - [24/Jan/2006:11:55:56 -0500] "GET / HTTP/1.1" 200 25315 "-" "Mozilla/4.0 (compatible; MSIE 6.0; Windows NT 5.0; .NET CLR 1.1.4322; .NET CLR 2.0.50727)"
129.100.36.68 - - [24/Jan/2006:11:55:56 -0500] "GET /images/topleftlogo.gif HTTP/1.1" 200 6907 "http://www.darwinday.org/" "Mozilla/4.0 (compatible; MSIE 6.0; Windows NT 5.0; .NET CLR 1.1.4322; .NET CLR 2.0.50727)"
129.100.36.68 - - [24/Jan/2006:11:55:57 -0500] "GET /englishL/currarts.html HTTP/1.1" 200 5653 "http://www.darwinday.org/" "Mozilla/4.0 (compatible; MSIE 6.0; Windows NT 5.0; .NET CLR 1.1.4322; .NET CLR 2.0.50727)"
129.100.36.68 - - [24/Jan/2006:11:55:57 -0500] "GET /images/header.gif HTTP/1.1" 200 26756 "http://www.darwinday.org/" "Mozilla/4.0 (compatible; MSIE 6.0; Windows NT 5.0; .NET CLR 1.1.4322; .NET CLR 2.0.50727)"
129.100.36.68 - - [24/Jan/2006:11:55:59 -0500] "GET /englishL/images/titletrans.gif HTTP/1.1" 200 15588 "http://www.darwinday.org/" "Mozilla/4.0 (compatible; MSIE 6.0; Windows NT 5.0; .NET CLR 1.1.4322; .NET CLR 2.0.50727)"
129.100.36.68 - - [24/Jan/2006:11:55:59 -0500] "GET /englishL/images/navbar.gif HTTP/1.1" 200 2667 "http://www.darwinday.org/" "Mozilla/4.0 (compatible; MSIE 6.0; Windows NT 5.0; .NET CLR 1.1.4322; .NET CLR 2.0.50727)"
129.100.36.68 - - [24/Jan/2006:11:56:02 -0500] "GET /englishL/home/images/darwinages.gif HTTP/1.1" 200 50309 "http://www.darwinday.org/" "Mozilla/4.0 (compatible; MSIE 6.0; Windows NT 5.0; .NET CLR 1.1.4322; .NET CLR 2.0.50727)"
129.100.36.68 - - [24/Jan/2006:11:56:02 -0500] "GET /images/arrow.gif HTTP/1.1" 200 112 "http://www.darwinday.org/" "Mozilla/4.0 (compatible; MSIE 6.0; Windows NT 5.0; .NET CLR 1.1.4322; .NET CLR 2.0.50727)"
129.100.36.68 - - [24/Jan/2006:11:56:02 -0500] "GET /images/dnahorizl.gif HTTP/1.1" 200 2130 "http://www.darwinday.org/" "Mozilla/4.0 (compatible; MSIE 6.0; Windows NT 5.0; .NET CLR 1.1.4322; .NET CLR 2.0.50727)"
129.100.36.68 - - [24/Jan/2006:11:56:02 -0500] "GET /images/dnahorizr.gif HTTP/1.1" 200 2104 "http://www.darwinday.org/" "Mozilla/4.0 (compatible; MSIE 6.0; Windows NT 5.0; .NET CLR 1.1.4322; .NET CLR 2.0.50727)"
129.100.36.68 - - [24/Jan/2006:11:56:02 -0500] "GET /images/dnahoriz.gif HTTP/1.1" 200 3391 "http://www.darwinday.org/" "Mozilla/4.0 (compatible; MSIE 6.0; Windows NT 5.0; .NET CLR 1.1.4322; .NET CLR 2.0.50727)"
129.100.36.68 - - [24/Jan/2006:11:56:03 -0500] "GET /englishL/home/images/lincoln.gif HTTP/1.1" 200 11057 "http://www.darwinday.org/" "Mozilla/4.0 (compatible; MSIE 6.0; Windows NT 5.0; .NET CLR 1.1.4322; .NET CLR 2.0.50727)"
129.100.36.68 - - [24/Jan/2006:11:56:04 -0500] "GET /englishL/home/images/darwin.gif HTTP/1.1" 200 13783 "http://www.darwinday.org/" "Mozilla/4.0 (compatible; MSIE 6.0; Windows NT 5.0; .NET CLR 1.1.4322; .NET CLR 2.0.50727)"
129.100.36.68 - - [24/Jan/2006:11:56:05 -0500] "GET /images/worldmaptransp.gif HTTP/1.1" 200 128893 "http://www.darwinday.org/" "Mozilla/4.0 (compatible; MSIE 6.0; Windows NT 5.0; .NET CLR 1.1.4322; .NET CLR 2.0.50727)"
129.100.36.68 - - [24/Jan/2006:11:56:06 -0500] "GET /images/trans.gif HTTP/1.1" 200 49 "http://www.darwinday.org/" "Mozilla/4.0 (compatible; MSIE 6.0; Windows NT 5.0; .NET CLR 1.1.4322; .NET CLR 2.0.50727)"
129.100.36.68 - - [24/Jan/2006:11:56:06 -0500] "GET /englishL/home/images/manymore.gif HTTP/1.1" 200 581 "http://www.darwinday.org/" "Mozilla/4.0 (compatible; MSIE 6.0; Windows NT 5.0; .NET CLR 1.1.4322; .NET CLR 2.0.50727)"
129.100.36.68 - - [24/Jan/2006:11:56:07 -0500] "GET /englishL/home/images/joinus.gif HTTP/1.1" 200 524 "http://www.darwinday.org/" "Mozilla/4.0 (compatible; MSIE 6.0; Windows NT 5.0; .NET CLR 1.1.4322; .NET CLR 2.0.50727)"
129.100.36.68 - - [24/Jan/2006:11:56:07 -0500] "GET /englishL/home/images/beagle.gif HTTP/1.1" 200 37108 "http://www.darwinday.org/" "Mozilla/4.0 (compatible; MSIE 6.0; Windows NT 5.0; .NET CLR 1.1.4322; .NET CLR 2.0.50727)"
129.100.36.68 - - [24/Jan/2006:11:56:08 -0500] "GET /images/DNAlogo.gif HTTP/1.1" 200 1370 "http://www.darwinday.org/englishL/currarts.html" "Mozilla/4.0 (compatible; MSIE 6.0; Windows NT 5.0; .NET CLR 1.1.4322; .NET CLR 2.0.50727)"
129.100.36.68 - - [24/Jan/2006:11:56:11 -0500] "GET /englishL/home/images/horse.evolution.jpg HTTP/1.1" 200 29612 "http://www.darwinday.org/" "Mozilla/4.0 (compatible; MSIE 6.0; Windows NT 5.0; .NET CLR 1.1.4322; .NET CLR 2.0.50727)"
62.244.178.66 - - [24/Jan/2006:11:56:22 -0500] "GET /englishL/life/index.html HTTP/1.1" 200 9860 "http://www.londongt.org/~dan/local/ks3/interdependence/adaptation/index.php?chapter=main&activity=beagle&editorialItem=links&teacher=false&fullScreen=false" "Mozilla/4.0 (compatible; MSIE 6.0; Windows NT 5.1; SV1; InfoPath.1)"
62.244.178.66 - - [24/Jan/2006:11:56:22 -0500] "GET /stylesheets/main.css HTTP/1.1" 200 658 "http://www.darwinday.org/englishL/life/index.html" "Mozilla/4.0 (compatible; MSIE 6.0; Windows NT 5.1; SV1; InfoPath.1)"
62.244.178.66 - - [24/Jan/2006:11:56:22 -0500] "GET /images/topleftlogo.gif HTTP/1.1" 200 6907 "http://www.darwinday.org/englishL/life/index.html" "Mozilla/4.0 (compatible; MSIE 6.0; Windows NT 5.1; SV1; InfoPath.1)"
62.244.178.66 - - [24/Jan/2006:11:56:23 -0500] "GET /englishL/images/titletrans.gif HTTP/1.1" 200 15588 "http://www.darwinday.org/englishL/life/index.html" "Mozilla/4.0 (compatible; MSIE 6.0; Windows NT 5.1; SV1; InfoPath.1)"
62.244.178.66 - - [24/Jan/2006:11:56:24 -0500] "GET /images/header.gif HTTP/1.1" 200 26756 "http://www.darwinday.org/englishL/life/index.html" "Mozilla/4.0 (compatible; MSIE 6.0; Windows NT 5.1; SV1; InfoPath.1)"
62.244.178.66 - - [24/Jan/2006:11:56:26 -0500] "GET /englishL/images/navbar.gif HTTP/1.1" 200 2667 "http://www.darwinday.org/englishL/life/index.html" "Mozilla/4.0 (compatible; MSIE 6.0; Windows NT 5.1; SV1; InfoPath.1)"
62.244.178.66 - - [24/Jan/2006:11:56:27 -0500] "GET /images/goldball.gif HTTP/1.1" 200 332 "http://www.darwinday.org/englishL/life/index.html" "Mozilla/4.0 (compatible; MSIE 6.0; Windows NT 5.1; SV1; InfoPath.1)"
62.244.178.66 - - [24/Jan/2006:11:56:28 -0500] "GET /images/worldmaptransp.gif HTTP/1.1" 200 128893 "http://www.darwinday.org/englishL/life/index.html" "Mozilla/4.0 (compatible; MSIE 6.0; Windows NT 5.1; SV1; InfoPath.1)"
129.100.36.68 - - [24/Jan/2006:11:56:46 -0500] "GET /englishL/regemail/index.php HTTP/1.1" 200 6017 "http://www.darwinday.org/" "Mozilla/4.0 (compatible; MSIE 6.0; Windows NT 5.0; .NET CLR 1.1.4322; .NET CLR 2.0.50727)"
129.100.36.68 - - [24/Jan/2006:11:57:40 -0500] "POST /englishL/regemail/index.php? HTTP/1.1" 302 6017 "http://www.darwinday.org/englishL/regemail/index.php" "Mozilla/4.0 (compatible; MSIE 6.0; Windows NT 5.0; .NET CLR 1.1.4322; .NET CLR 2.0.50727)"
129.100.36.68 - - [24/Jan/2006:11:57:41 -0500] "GET /englishL/home/index.html? HTTP/1.1" 200 25693 "http://www.darwinday.org/englishL/regemail/index.php" "Mozilla/4.0 (compatible; MSIE 6.0; Windows NT 5.0; .NET CLR 1.1.4322; .NET CLR 2.0.50727)"
129.72.77.164 - - [24/Jan/2006:11:58:08 -0500] "GET / HTTP/1.1" 200 25315 "-" "Mozilla/5.0 (Macintosh; U; PPC Mac OS X; en-us) AppleWebKit/85.8.5 (KHTML, like Gecko) Safari/85.8.1"
129.72.77.164 - - [24/Jan/2006:11:58:08 -0500] "GET /stylesheets/main.css HTTP/1.1" 200 658 "http://www.darwinday.org/" "Mozilla/5.0 (Macintosh; U; PPC Mac OS X; en-us) AppleWebKit/85.8.5 (KHTML, like Gecko) Safari/85.8.1"
129.72.77.164 - - [24/Jan/2006:11:58:08 -0500] "GET /stylesheets/mainenglishL.css HTTP/1.1" 200 590 "http://www.darwinday.org/" "Mozilla/5.0 (Macintosh; U; PPC Mac OS X; en-us) AppleWebKit/85.8.5 (KHTML, like Gecko) Safari/85.8.1"
129.72.77.164 - - [24/Jan/2006:11:58:08 -0500] "GET /images/topleftlogo.gif HTTP/1.1" 200 6907 "http://www.darwinday.org/" "Mozilla/5.0 (Macintosh; U; PPC Mac OS X; en-us) AppleWebKit/85.8.5 (KHTML, like Gecko) Safari/85.8.1"
129.72.77.164 - - [24/Jan/2006:11:58:09 -0500] "GET /englishL/images/titletrans.gif HTTP/1.1" 200 15588 "http://www.darwinday.org/" "Mozilla/5.0 (Macintosh; U; PPC Mac OS X; en-us) AppleWebKit/85.8.5 (KHTML, like Gecko) Safari/85.8.1"
129.72.77.164 - - [24/Jan/2006:11:58:09 -0500] "GET /englishL/images/navbar.gif HTTP/1.1" 200 2667 "http://www.darwinday.org/" "Mozilla/5.0 (Macintosh; U; PPC Mac OS X; en-us) AppleWebKit/85.8.5 (KHTML, like Gecko) Safari/85.8.1"
129.72.77.164 - - [24/Jan/2006:11:58:09 -0500] "GET /images/header.gif HTTP/1.1" 200 26756 "http://www.darwinday.org/" "Mozilla/5.0 (Macintosh; U; PPC Mac OS X; en-us) AppleWebKit/85.8.5 (KHTML, like Gecko) Safari/85.8.1"
129.72.77.164 - - [24/Jan/2006:11:58:09 -0500] "GET /images/arrow.gif HTTP/1.1" 200 112 "http://www.darwinday.org/" "Mozilla/5.0 (Macintosh; U; PPC Mac OS X; en-us) AppleWebKit/85.8.5 (KHTML, like Gecko) Safari/85.8.1"
129.72.77.164 - - [24/Jan/2006:11:58:09 -0500] "GET /images/dnahorizl.gif HTTP/1.1" 200 2130 "http://www.darwinday.org/" "Mozilla/5.0 (Macintosh; U; PPC Mac OS X; en-us) AppleWebKit/85.8.5 (KHTML, like Gecko) Safari/85.8.1"
129.72.77.164 - - [24/Jan/2006:11:58:10 -0500] "GET /images/dnahoriz.gif HTTP/1.1" 200 3391 "http://www.darwinday.org/" "Mozilla/5.0 (Macintosh; U; PPC Mac OS X; en-us) AppleWebKit/85.8.5 (KHTML, like Gecko) Safari/85.8.1"
129.72.77.164 - - [24/Jan/2006:11:58:10 -0500] "GET /images/dnahorizr.gif HTTP/1.1" 200 2104 "http://www.darwinday.org/" "Mozilla/5.0 (Macintosh; U; PPC Mac OS X; en-us) AppleWebKit/85.8.5 (KHTML, like Gecko) Safari/85.8.1"
129.72.77.164 - - [24/Jan/2006:11:58:10 -0500] "GET /englishL/currarts.html HTTP/1.1" 200 5653 "http://www.darwinday.org/" "Mozilla/5.0 (Macintosh; U; PPC Mac OS X; en-us) AppleWebKit/85.8.5 (KHTML, like Gecko) Safari/85.8.1"
129.72.77.164 - - [24/Jan/2006:11:58:11 -0500] "GET /englishL/home/images/lincoln.gif HTTP/1.1" 200 11057 "http://www.darwinday.org/" "Mozilla/5.0 (Macintosh; U; PPC Mac OS X; en-us) AppleWebKit/85.8.5 (KHTML, like Gecko) Safari/85.8.1"
129.72.77.164 - - [24/Jan/2006:11:58:11 -0500] "GET /englishL/home/images/darwin.gif HTTP/1.1" 200 13783 "http://www.darwinday.org/" "Mozilla/5.0 (Macintosh; U; PPC Mac OS X; en-us) AppleWebKit/85.8.5 (KHTML, like Gecko) Safari/85.8.1"
129.72.77.164 - - [24/Jan/2006:11:58:11 -0500] "GET /englishL/home/images/darwinages.gif HTTP/1.1" 200 50309 "http://www.darwinday.org/" "Mozilla/5.0 (Macintosh; U; PPC Mac OS X; en-us) AppleWebKit/85.8.5 (KHTML, like Gecko) Safari/85.8.1"
129.72.77.164 - - [24/Jan/2006:11:58:11 -0500] "GET /images/trans.gif HTTP/1.1" 200 49 "http://www.darwinday.org/" "Mozilla/5.0 (Macintosh; U; PPC Mac OS X; en-us) AppleWebKit/85.8.5 (KHTML, like Gecko) Safari/85.8.1"
129.72.77.164 - - [24/Jan/2006:11:58:11 -0500] "GET /englishL/home/images/manymore.gif HTTP/1.1" 200 581 "http://www.darwinday.org/" "Mozilla/5.0 (Macintosh; U; PPC Mac OS X; en-us) AppleWebKit/85.8.5 (KHTML, like Gecko) Safari/85.8.1"
129.72.77.164 - - [24/Jan/2006:11:58:11 -0500] "GET /englishL/home/images/beagle.gif HTTP/1.1" 200 37108 "http://www.darwinday.org/" "Mozilla/5.0 (Macintosh; U; PPC Mac OS X; en-us) AppleWebKit/85.8.5 (KHTML, like Gecko) Safari/85.8.1"
129.72.77.164 - - [24/Jan/2006:11:58:12 -0500] "GET /englishL/home/images/joinus.gif HTTP/1.1" 200 524 "http://www.darwinday.org/" "Mozilla/5.0 (Macintosh; U; PPC Mac OS X; en-us) AppleWebKit/85.8.5 (KHTML, like Gecko) Safari/85.8.1"
129.72.77.164 - - [24/Jan/2006:11:58:14 -0500] "GET /images/worldmaptransp.gif HTTP/1.1" 200 128893 "http://www.darwinday.org/" "Mozilla/5.0 (Macintosh; U; PPC Mac OS X; en-us) AppleWebKit/85.8.5 (KHTML, like Gecko) Safari/85.8.1"
129.72.77.164 - - [24/Jan/2006:11:58:15 -0500] "GET /images/DNAlogo.gif HTTP/1.1" 200 1370 "http://www.darwinday.org/englishL/currarts.html" "Mozilla/5.0 (Macintosh; U; PPC Mac OS X; en-us) AppleWebKit/85.8.5 (KHTML, like Gecko) Safari/85.8.1"
129.72.77.164 - - [24/Jan/2006:11:58:15 -0500] "GET /englishL/home/images/horse.evolution.jpg HTTP/1.1" 200 29612 "http://www.darwinday.org/" "Mozilla/5.0 (Macintosh; U; PPC Mac OS X; en-us) AppleWebKit/85.8.5 (KHTML, like Gecko) Safari/85.8.1"
128.95.122.107 - - [24/Jan/2006:11:58:27 -0500] "GET /stylesheets/mainenglishL.css HTTP/1.1" 200 590 "http://www.darwinday.org/" "Mozilla/5.0 (Windows; U; Windows NT 5.1; en-US; rv:1.7.12) Gecko/20050915 Firefox/1.0.7"
128.95.122.107 - - [24/Jan/2006:11:58:27 -0500] "GET /stylesheets/main.css HTTP/1.1" 200 658 "http://www.darwinday.org/" "Mozilla/5.0 (Windows; U; Windows NT 5.1; en-US; rv:1.7.12) Gecko/20050915 Firefox/1.0.7"
128.95.122.107 - - [24/Jan/2006:11:58:27 -0500] "GET /images/topleftlogo.gif HTTP/1.1" 200 6907 "http://www.darwinday.org/" "Mozilla/5.0 (Windows; U; Windows NT 5.1; en-US; rv:1.7.12) Gecko/20050915 Firefox/1.0.7"
128.95.122.107 - - [24/Jan/2006:11:58:27 -0500] "GET / HTTP/1.1" 200 25315 "-" "Mozilla/5.0 (Windows; U; Windows NT 5.1; en-US; rv:1.7.12) Gecko/20050915 Firefox/1.0.7"
128.95.122.107 - - [24/Jan/2006:11:58:29 -0500] "GET /images/header.gif HTTP/1.1" 200 26756 "http://www.darwinday.org/" "Mozilla/5.0 (Windows; U; Windows NT 5.1; en-US; rv:1.7.12) Gecko/20050915 Firefox/1.0.7"
128.95.122.107 - - [24/Jan/2006:11:58:29 -0500] "GET /englishL/images/titletrans.gif HTTP/1.1" 200 15588 "http://www.darwinday.org/" "Mozilla/5.0 (Windows; U; Windows NT 5.1; en-US; rv:1.7.12) Gecko/20050915 Firefox/1.0.7"
128.95.122.107 - - [24/Jan/2006:11:58:29 -0500] "GET /englishL/images/navbar.gif HTTP/1.1" 200 2667 "http://www.darwinday.org/" "Mozilla/5.0 (Windows; U; Windows NT 5.1; en-US; rv:1.7.12) Gecko/20050915 Firefox/1.0.7"
128.95.122.107 - - [24/Jan/2006:11:58:32 -0500] "GET /englishL/home/images/darwinages.gif HTTP/1.1" 200 50309 "http://www.darwinday.org/" "Mozilla/5.0 (Windows; U; Windows NT 5.1; en-US; rv:1.7.12) Gecko/20050915 Firefox/1.0.7"
128.95.122.107 - - [24/Jan/2006:11:58:33 -0500] "GET /images/arrow.gif HTTP/1.1" 200 112 "http://www.darwinday.org/" "Mozilla/5.0 (Windows; U; Windows NT 5.1; en-US; rv:1.7.12) Gecko/20050915 Firefox/1.0.7"
128.95.122.107 - - [24/Jan/2006:11:58:33 -0500] "GET /images/dnahorizl.gif HTTP/1.1" 200 2130 "http://www.darwinday.org/" "Mozilla/5.0 (Windows; U; Windows NT 5.1; en-US; rv:1.7.12) Gecko/20050915 Firefox/1.0.7"
128.95.122.107 - - [24/Jan/2006:11:58:34 -0500] "GET /images/worldmaptransp.gif HTTP/1.1" 200 128893 "http://www.darwinday.org/" "Mozilla/5.0 (Windows; U; Windows NT 5.1; en-US; rv:1.7.12) Gecko/20050915 Firefox/1.0.7"
128.95.122.107 - - [24/Jan/2006:11:58:34 -0500] "GET /images/dnahoriz.gif HTTP/1.1" 200 3391 "http://www.darwinday.org/" "Mozilla/5.0 (Windows; U; Windows NT 5.1; en-US; rv:1.7.12) Gecko/20050915 Firefox/1.0.7"
128.95.122.107 - - [24/Jan/2006:11:58:34 -0500] "GET /images/dnahorizr.gif HTTP/1.1" 200 2104 "http://www.darwinday.org/" "Mozilla/5.0 (Windows; U; Windows NT 5.1; en-US; rv:1.7.12) Gecko/20050915 Firefox/1.0.7"
128.95.122.107 - - [24/Jan/2006:11:58:34 -0500] "GET /englishL/currarts.html HTTP/1.1" 200 5653 "http://www.darwinday.org/" "Mozilla/5.0 (Windows; U; Windows NT 5.1; en-US; rv:1.7.12) Gecko/20050915 Firefox/1.0.7"
128.95.122.107 - - [24/Jan/2006:11:58:34 -0500] "GET /englishL/home/images/lincoln.gif HTTP/1.1" 200 11057 "http://www.darwinday.org/" "Mozilla/5.0 (Windows; U; Windows NT 5.1; en-US; rv:1.7.12) Gecko/20050915 Firefox/1.0.7"
128.95.122.107 - - [24/Jan/2006:11:58:35 -0500] "GET /englishL/home/images/darwin.gif HTTP/1.1" 200 13783 "http://www.darwinday.org/" "Mozilla/5.0 (Windows; U; Windows NT 5.1; en-US; rv:1.7.12) Gecko/20050915 Firefox/1.0.7"
128.95.122.107 - - [24/Jan/2006:11:58:35 -0500] "GET /images/trans.gif HTTP/1.1" 200 49 "http://www.darwinday.org/" "Mozilla/5.0 (Windows; U; Windows NT 5.1; en-US; rv:1.7.12) Gecko/20050915 Firefox/1.0.7"
128.95.122.107 - - [24/Jan/2006:11:58:37 -0500] "GET /englishL/home/images/beagle.gif HTTP/1.1" 200 37108 "http://www.darwinday.org/" "Mozilla/5.0 (Windows; U; Windows NT 5.1; en-US; rv:1.7.12) Gecko/20050915 Firefox/1.0.7"
128.95.122.107 - - [24/Jan/2006:11:58:37 -0500] "GET /englishL/home/images/manymore.gif HTTP/1.1" 200 581 "http://www.darwinday.org/" "Mozilla/5.0 (Windows; U; Windows NT 5.1; en-US; rv:1.7.12) Gecko/20050915 Firefox/1.0.7"
169.237.93.178 - - [24/Jan/2006:11:58:37 -0500] "GET /englishL/home/2006.php HTTP/1.1" 200 248793 "http://www.darwinday.org/" "Mozilla/4.0 (compatible; MSIE 6.0; Windows NT 5.1; SV1; .NET CLR 1.1.4322)"
128.95.122.107 - - [24/Jan/2006:11:58:37 -0500] "GET /englishL/home/images/joinus.gif HTTP/1.1" 200 524 "http://www.darwinday.org/" "Mozilla/5.0 (Windows; U; Windows NT 5.1; en-US; rv:1.7.12) Gecko/20050915 Firefox/1.0.7"
128.95.122.107 - - [24/Jan/2006:11:58:37 -0500] "GET /images/DNAlogo.gif HTTP/1.1" 200 1370 "http://www.darwinday.org/englishL/currarts.html" "Mozilla/5.0 (Windows; U; Windows NT 5.1; en-US; rv:1.7.12) Gecko/20050915 Firefox/1.0.7"
128.95.122.107 - - [24/Jan/2006:11:58:40 -0500] "GET /englishL/home/images/horse.evolution.jpg HTTP/1.1" 200 29612 "http://www.darwinday.org/" "Mozilla/5.0 (Windows; U; Windows NT 5.1; en-US; rv:1.7.12) Gecko/20050915 Firefox/1.0.7"
128.95.122.107 - - [24/Jan/2006:11:58:41 -0500] "GET /favicon.ico HTTP/1.1" 404 3385 "-" "Mozilla/5.0 (Windows; U; Windows NT 5.1; en-US; rv:1.7.12) Gecko/20050915 Firefox/1.0.7"
129.72.77.164 - - [24/Jan/2006:11:59:00 -0500] "GET /englishL/evolution/index.html HTTP/1.1" 200 4606 "http://www.darwinday.org/" "Mozilla/5.0 (Macintosh; U; PPC Mac OS X; en-us) AppleWebKit/85.8.5 (KHTML, like Gecko) Safari/85.8.1"
129.72.77.164 - - [24/Jan/2006:11:59:00 -0500] "GET /images/goldball.gif HTTP/1.1" 200 332 "http://www.darwinday.org/englishL/evolution/index.html" "Mozilla/5.0 (Macintosh; U; PPC Mac OS X; en-us) AppleWebKit/85.8.5 (KHTML, like Gecko) Safari/85.8.1"
129.72.77.164 - - [24/Jan/2006:11:59:02 -0500] "GET /images/dnagraphic.jpg HTTP/1.1" 200 25020 "http://www.darwinday.org/englishL/evolution/index.html" "Mozilla/5.0 (Macintosh; U; PPC Mac OS X; en-us) AppleWebKit/85.8.5 (KHTML, like Gecko) Safari/85.8.1"
129.72.77.164 - - [24/Jan/2006:11:59:05 -0500] "GET /englishL/evolution/theory.html HTTP/1.1" 200 9412 "http://www.darwinday.org/englishL/evolution/index.html" "Mozilla/5.0 (Macintosh; U; PPC Mac OS X; en-us) AppleWebKit/85.8.5 (KHTML, like Gecko) Safari/85.8.1"
129.72.77.164 - - [24/Jan/2006:11:59:24 -0500] "GET /images/dnagraphic.jpg HTTP/1.1" 200 25020 "http://www.darwinday.org/englishL/evolution/index.html" "Mozilla/5.0 (Macintosh; U; PPC Mac OS X; en-us) AppleWebKit/85.8.5 (KHTML, like Gecko) Safari/85.8.1"
129.72.77.164 - - [24/Jan/2006:11:59:26 -0500] "GET /englishL/evolution/inheritance.html HTTP/1.1" 200 4631 "http://www.darwinday.org/englishL/evolution/index.html" "Mozilla/5.0 (Macintosh; U; PPC Mac OS X; en-us) AppleWebKit/85.8.5 (KHTML, like Gecko) Safari/85.8.1"
128.95.122.107 - - [24/Jan/2006:11:59:44 -0500] "GET /englishL/newsviews/index.html HTTP/1.1" 200 4903 "http://www.darwinday.org/" "Mozilla/5.0 (Windows; U; Windows NT 5.1; en-US; rv:1.7.12) Gecko/20050915 Firefox/1.0.7"
128.95.122.107 - - [24/Jan/2006:11:59:44 -0500] "GET /images/goldball.gif HTTP/1.1" 200 332 "http://www.darwinday.org/englishL/newsviews/index.html" "Mozilla/5.0 (Windows; U; Windows NT 5.1; en-US; rv:1.7.12) Gecko/20050915 Firefox/1.0.7"
128.95.122.107 - - [24/Jan/2006:11:59:48 -0500] "GET /favicon.ico HTTP/1.1" 404 3385 "-" "Mozilla/5.0 (Windows; U; Windows NT 5.1; en-US; rv:1.7.12) Gecko/20050915 Firefox/1.0.7"
129.72.77.164 - - [24/Jan/2006:11:59:50 -0500] "GET /englishL/home/index.html HTTP/1.1" 200 25693 "http://www.darwinday.org/englishL/evolution/inheritance.html" "Mozilla/5.0 (Macintosh; U; PPC Mac OS X; en-us) AppleWebKit/85.8.5 (KHTML, like Gecko) Safari/85.8.1"
217.237.150.234 - - [24/Jan/2006:11:59:55 -0500] "GET / HTTP/1.1" 200 25315 "http://www.google.com/search?sourceid=navclient&ie=UTF-8&rls=GGLG,GGLG:2005-20,GGLG:en&q=%22Darwin+Day%22" "Mozilla/4.0 (compatible; MSIE 6.0; Windows NT 5.1; .NET CLR 1.1.4322)"
217.237.150.235 - - [24/Jan/2006:11:59:57 -0500] "GET /stylesheets/mainenglishL.css HTTP/1.1" 200 590 "http://www.darwinday.org/" "Mozilla/4.0 (compatible; MSIE 6.0; Windows NT 5.1; .NET CLR 1.1.4322)"
217.237.150.226 - - [24/Jan/2006:11:59:58 -0500] "GET /stylesheets/main.css HTTP/1.1" 200 658 "http://www.darwinday.org/" "Mozilla/4.0 (compatible; MSIE 6.0; Windows NT 5.1; .NET CLR 1.1.4322)"
217.237.150.235 - - [24/Jan/2006:11:59:58 -0500] "GET /englishL/images/navbar.gif HTTP/1.1" 200 2667 "http://www.darwinday.org/" "Mozilla/4.0 (compatible; MSIE 6.0; Windows NT 5.1; .NET CLR 1.1.4322)"
217.237.150.226 - - [24/Jan/2006:11:59:58 -0500] "GET /images/dnahorizl.gif HTTP/1.1" 200 2130 "http://www.darwinday.org/" "Mozilla/4.0 (compatible; MSIE 6.0; Windows NT 5.1; .NET CLR 1.1.4322)"
128.95.122.107 - - [24/Jan/2006:11:59:58 -0500] "GET /englishL/newsviews/evolution.html HTTP/1.1" 200 9567 "http://www.darwinday.org/englishL/newsviews/index.html" "Mozilla/5.0 (Windows; U; Windows NT 5.1; en-US; rv:1.7.12) Gecko/20050915 Firefox/1.0.7"
217.237.150.235 - - [24/Jan/2006:11:59:58 -0500] "GET /images/arrow.gif HTTP/1.1" 200 112 "http://www.darwinday.org/" "Mozilla/4.0 (compatible; MSIE 6.0; Windows NT 5.1; .NET CLR 1.1.4322)"
217.237.150.226 - - [24/Jan/2006:11:59:58 -0500] "GET /images/dnahorizr.gif HTTP/1.1" 200 2104 "http://www.darwinday.org/" "Mozilla/4.0 (compatible; MSIE 6.0; Windows NT 5.1; .NET CLR 1.1.4322)"
217.237.150.227 - - [24/Jan/2006:11:59:58 -0500] "GET /images/dnahoriz.gif HTTP/1.1" 200 3391 "http://www.darwinday.org/" "Mozilla/4.0 (compatible; MSIE 6.0; Windows NT 5.1; .NET CLR 1.1.4322)"
217.237.150.227 - - [24/Jan/2006:11:59:58 -0500] "GET /images/topleftlogo.gif HTTP/1.1" 200 6907 "http://www.darwinday.org/" "Mozilla/4.0 (compatible; MSIE 6.0; Windows NT 5.1; .NET CLR 1.1.4322)"
217.237.150.235 - - [24/Jan/2006:11:59:58 -0500] "GET /englishL/home/images/lincoln.gif HTTP/1.1" 200 11057 "http://www.darwinday.org/" "Mozilla/4.0 (compatible; MSIE 6.0; Windows NT 5.1; .NET CLR 1.1.4322)"
217.237.150.226 - - [24/Jan/2006:11:59:58 -0500] "GET /englishL/currarts.html HTTP/1.1" 200 5653 "http://www.darwinday.org/" "Mozilla/4.0 (compatible; MSIE 6.0; Windows NT 5.1; .NET CLR 1.1.4322)"
128.95.122.107 - - [24/Jan/2006:11:59:58 -0500] "GET /englishL/newsviews/images/harvorig.gif HTTP/1.1" 200 11705 "http://www.darwinday.org/englishL/newsviews/evolution.html" "Mozilla/5.0 (Windows; U; Windows NT 5.1; en-US; rv:1.7.12) Gecko/20050915 Firefox/1.0.7"
217.237.150.234 - - [24/Jan/2006:11:59:58 -0500] "GET /englishL/images/titletrans.gif HTTP/1.1" 200 15588 "http://www.darwinday.org/" "Mozilla/4.0 (compatible; MSIE 6.0; Windows NT 5.1; .NET CLR 1.1.4322)"
217.237.150.234 - - [24/Jan/2006:11:59:59 -0500] "GET /englishL/home/images/darwinages.gif HTTP/1.1" 200 50309 "http://www.darwinday.org/" "Mozilla/4.0 (compatible; MSIE 6.0; Windows NT 5.1; .NET CLR 1.1.4322)"
217.237.150.235 - - [24/Jan/2006:11:59:59 -0500] "GET /images/trans.gif HTTP/1.1" 200 49 "http://www.darwinday.org/" "Mozilla/4.0 (compatible; MSIE 6.0; Windows NT 5.1; .NET CLR 1.1.4322)"
217.237.150.227 - - [24/Jan/2006:11:59:59 -0500] "GET /englishL/home/images/darwin.gif HTTP/1.1" 200 13783 "http://www.darwinday.org/" "Mozilla/4.0 (compatible; MSIE 6.0; Windows NT 5.1; .NET CLR 1.1.4322)"
217.237.150.235 - - [24/Jan/2006:11:59:59 -0500] "GET /englishL/home/images/joinus.gif HTTP/1.1" 200 524 "http://www.darwinday.org/" "Mozilla/4.0 (compatible; MSIE 6.0; Windows NT 5.1; .NET CLR 1.1.4322)"
217.237.150.226 - - [24/Jan/2006:11:59:59 -0500] "GET /images/DNAlogo.gif HTTP/1.1" 200 1370 "http://www.darwinday.org/englishL/currarts.html" "Mozilla/4.0 (compatible; MSIE 6.0; Windows NT 5.1; .NET CLR 1.1.4322)"
217.237.150.235 - - [24/Jan/2006:12:00:00 -0500] "GET /images/header.gif HTTP/1.1" 200 26756 "http://www.darwinday.org/" "Mozilla/4.0 (compatible; MSIE 6.0; Windows NT 5.1; .NET CLR 1.1.4322)"
217.237.150.226 - - [24/Jan/2006:12:00:00 -0500] "GET /englishL/home/images/beagle.gif HTTP/1.1" 200 37108 "http://www.darwinday.org/" "Mozilla/4.0 (compatible; MSIE 6.0; Windows NT 5.1; .NET CLR 1.1.4322)"
128.95.122.107 - - [24/Jan/2006:12:00:00 -0500] "GET /englishL/newsviews/images/plantsfix.jpg HTTP/1.1" 200 16227 "http://www.darwinday.org/englishL/newsviews/evolution.html" "Mozilla/5.0 (Windows; U; Windows NT 5.1; en-US; rv:1.7.12) Gecko/20050915 Firefox/1.0.7"
128.95.122.107 - - [24/Jan/2006:12:00:00 -0500] "GET /images/artofevol.jpg HTTP/1.1" 200 11835 "http://www.darwinday.org/englishL/newsviews/evolution.html" "Mozilla/5.0 (Windows; U; Windows NT 5.1; en-US; rv:1.7.12) Gecko/20050915 Firefox/1.0.7"
217.237.150.227 - - [24/Jan/2006:12:00:01 -0500] "GET /englishL/home/images/horse.evolution.jpg HTTP/1.1" 200 29612 "http://www.darwinday.org/" "Mozilla/4.0 (compatible; MSIE 6.0; Windows NT 5.1; .NET CLR 1.1.4322)"
217.237.150.234 - - [24/Jan/2006:12:00:03 -0500] "GET /englishL/home/images/manymore.gif HTTP/1.1" 200 581 "http://www.darwinday.org/" "Mozilla/4.0 (compatible; MSIE 6.0; Windows NT 5.1; .NET CLR 1.1.4322)"
217.237.150.226 - - [24/Jan/2006:12:00:04 -0500] "GET /images/worldmaptransp.gif HTTP/1.1" 200 128893 "http://www.darwinday.org/" "Mozilla/4.0 (compatible; MSIE 6.0; Windows NT 5.1; .NET CLR 1.1.4322)"
128.95.122.107 - - [24/Jan/2006:12:00:04 -0500] "GET /favicon.ico HTTP/1.1" 404 3385 "-" "Mozilla/5.0 (Windows; U; Windows NT 5.1; en-US; rv:1.7.12) Gecko/20050915 Firefox/1.0.7"
129.100.36.68 - - [24/Jan/2006:12:01:52 -0500] "GET /favicon.ico HTTP/1.1" 404 3385 "-" "Mozilla/4.0 (compatible; MSIE 6.0; Windows NT 5.0; .NET CLR 1.1.4322; .NET CLR 2.0.50727)"
4.43.115.212 - - [24/Jan/2006:12:04:17 -0500] "GET / HTTP/1.0" 200 25315 "http://www.google.com/search?sourceid=navclient&ie=UTF-8&rls=RNWE,RNWE:2005-17,RNWE:en&q=darwin+day" "Mozilla/4.0 (compatible; MSIE 6.0; Windows NT 5.1; InfoPath.1)"
4.43.115.212 - - [24/Jan/2006:12:04:17 -0500] "GET /stylesheets/mainenglishL.css HTTP/1.0" 200 590 "http://www.darwinday.org/" "Mozilla/4.0 (compatible; MSIE 6.0; Windows NT 5.1; InfoPath.1)"
4.43.115.212 - - [24/Jan/2006:12:04:18 -0500] "GET /stylesheets/main.css HTTP/1.0" 200 658 "http://www.darwinday.org/" "Mozilla/4.0 (compatible; MSIE 6.0; Windows NT 5.1; InfoPath.1)"
4.43.115.212 - - [24/Jan/2006:12:04:18 -0500] "GET /images/topleftlogo.gif HTTP/1.0" 200 6907 "http://www.darwinday.org/" "Mozilla/4.0 (compatible; MSIE 6.0; Windows NT 5.1; InfoPath.1)"
4.43.115.212 - - [24/Jan/2006:12:04:20 -0500] "GET /images/header.gif HTTP/1.0" 200 26756 "http://www.darwinday.org/" "Mozilla/4.0 (compatible; MSIE 6.0; Windows NT 5.1; InfoPath.1)"
4.43.115.212 - - [24/Jan/2006:12:04:21 -0500] "GET /englishL/currarts.html HTTP/1.0" 200 5653 "http://www.darwinday.org/" "Mozilla/4.0 (compatible; MSIE 6.0; Windows NT 5.1; InfoPath.1)"
4.43.115.212 - - [24/Jan/2006:12:04:21 -0500] "GET /englishL/images/titletrans.gif HTTP/1.0" 200 15588 "http://www.darwinday.org/" "Mozilla/4.0 (compatible; MSIE 6.0; Windows NT 5.1; InfoPath.1)"
4.43.115.212 - - [24/Jan/2006:12:04:22 -0500] "GET /englishL/images/navbar.gif HTTP/1.0" 200 2667 "http://www.darwinday.org/" "Mozilla/4.0 (compatible; MSIE 6.0; Windows NT 5.1; InfoPath.1)"
4.43.115.212 - - [24/Jan/2006:12:04:25 -0500] "GET /englishL/home/images/darwinages.gif HTTP/1.0" 200 50309 "http://www.darwinday.org/" "Mozilla/4.0 (compatible; MSIE 6.0; Windows NT 5.1; InfoPath.1)"
4.43.115.212 - - [24/Jan/2006:12:04:26 -0500] "GET /images/arrow.gif HTTP/1.0" 200 112 "http://www.darwinday.org/" "Mozilla/4.0 (compatible; MSIE 6.0; Windows NT 5.1; InfoPath.1)"
4.43.115.212 - - [24/Jan/2006:12:04:26 -0500] "GET /images/dnahorizl.gif HTTP/1.0" 200 2130 "http://www.darwinday.org/" "Mozilla/4.0 (compatible; MSIE 6.0; Windows NT 5.1; InfoPath.1)"
4.43.115.212 - - [24/Jan/2006:12:04:26 -0500] "GET /images/dnahoriz.gif HTTP/1.0" 200 3391 "http://www.darwinday.org/" "Mozilla/4.0 (compatible; MSIE 6.0; Windows NT 5.1; InfoPath.1)"
4.43.115.212 - - [24/Jan/2006:12:04:26 -0500] "GET /images/dnahorizr.gif HTTP/1.0" 200 2104 "http://www.darwinday.org/" "Mozilla/4.0 (compatible; MSIE 6.0; Windows NT 5.1; InfoPath.1)"
4.43.115.212 - - [24/Jan/2006:12:04:26 -0500] "GET /englishL/home/images/lincoln.gif HTTP/1.0" 200 11057 "http://www.darwinday.org/" "Mozilla/4.0 (compatible; MSIE 6.0; Windows NT 5.1; InfoPath.1)"
4.43.115.212 - - [24/Jan/2006:12:04:28 -0500] "GET /englishL/home/images/darwin.gif HTTP/1.0" 200 13783 "http://www.darwinday.org/" "Mozilla/4.0 (compatible; MSIE 6.0; Windows NT 5.1; InfoPath.1)"
4.43.115.212 - - [24/Jan/2006:12:04:29 -0500] "GET /images/worldmaptransp.gif HTTP/1.0" 200 128893 "http://www.darwinday.org/" "Mozilla/4.0 (compatible; MSIE 6.0; Windows NT 5.1; InfoPath.1)"
4.43.115.212 - - [24/Jan/2006:12:04:30 -0500] "GET /images/trans.gif HTTP/1.0" 200 49 "http://www.darwinday.org/" "Mozilla/4.0 (compatible; MSIE 6.0; Windows NT 5.1; InfoPath.1)"
4.43.115.212 - - [24/Jan/2006:12:04:30 -0500] "GET /englishL/home/images/manymore.gif HTTP/1.0" 200 581 "http://www.darwinday.org/" "Mozilla/4.0 (compatible; MSIE 6.0; Windows NT 5.1; InfoPath.1)"
4.43.115.212 - - [24/Jan/2006:12:04:30 -0500] "GET /englishL/home/images/joinus.gif HTTP/1.0" 200 524 "http://www.darwinday.org/" "Mozilla/4.0 (compatible; MSIE 6.0; Windows NT 5.1; InfoPath.1)"
4.43.115.212 - - [24/Jan/2006:12:04:31 -0500] "GET /englishL/home/images/horse.evolution.jpg HTTP/1.0" 200 29612 "http://www.darwinday.org/" "Mozilla/4.0 (compatible; MSIE 6.0; Windows NT 5.1; InfoPath.1)"
4.43.115.212 - - [24/Jan/2006:12:04:31 -0500] "GET /images/DNAlogo.gif HTTP/1.0" 200 1370 "http://www.darwinday.org/englishL/currarts.html" "Mozilla/4.0 (compatible; MSIE 6.0; Windows NT 5.1; InfoPath.1)"
4.43.115.212 - - [24/Jan/2006:12:04:32 -0500] "GET /englishL/home/images/beagle.gif HTTP/1.0" 200 37108 "http://www.darwinday.org/" "Mozilla/4.0 (compatible; MSIE 6.0; Windows NT 5.1; InfoPath.1)"
4.43.115.212 - - [24/Jan/2006:12:04:33 -0500] "GET /englishL/events/index.html HTTP/1.0" 200 4612 "http://www.darwinday.org/" "Mozilla/4.0 (compatible; MSIE 6.0; Windows NT 5.1; InfoPath.1)"
4.43.115.212 - - [24/Jan/2006:12:04:34 -0500] "GET /images/goldball.gif HTTP/1.0" 200 332 "http://www.darwinday.org/englishL/events/index.html" "Mozilla/4.0 (compatible; MSIE 6.0; Windows NT 5.1; InfoPath.1)"
4.43.115.212 - - [24/Jan/2006:12:04:44 -0500] "GET /englishL/home/2006.php HTTP/1.0" 200 248098 "http://www.darwinday.org/englishL/events/index.html" "Mozilla/4.0 (compatible; MSIE 6.0; Windows NT 5.1; InfoPath.1)"
192.229.17.113 - - [24/Jan/2006:12:07:43 -0500] "GET / HTTP/1.1" 200 25315 "http://www.google.co.uk/search?hl=en&q=darwin+day&meta=" "Mozilla/4.0 (compatible; MSIE 6.0; Windows NT 5.1; .NET CLR 1.1.4322; .NET CLR 2.0.50727)"
192.229.17.113 - - [24/Jan/2006:12:07:44 -0500] "GET /images/header.gif HTTP/1.1" 200 26756 "http://www.darwinday.org/" "Mozilla/4.0 (compatible; MSIE 6.0; Windows NT 5.1; .NET CLR 1.1.4322; .NET CLR 2.0.50727)"
192.229.17.113 - - [24/Jan/2006:12:07:45 -0500] "GET /stylesheets/mainenglishL.css HTTP/1.1" 200 590 "http://www.darwinday.org/" "Mozilla/4.0 (compatible; MSIE 6.0; Windows NT 5.1; .NET CLR 1.1.4322; .NET CLR 2.0.50727)"
192.229.17.113 - - [24/Jan/2006:12:07:46 -0500] "GET /images/topleftlogo.gif HTTP/1.1" 200 6907 "http://www.darwinday.org/" "Mozilla/4.0 (compatible; MSIE 6.0; Windows NT 5.1; .NET CLR 1.1.4322; .NET CLR 2.0.50727)"
192.229.17.113 - - [24/Jan/2006:12:07:47 -0500] "GET /englishL/images/navbar.gif HTTP/1.1" 200 2667 "http://www.darwinday.org/" "Mozilla/4.0 (compatible; MSIE 6.0; Windows NT 5.1; .NET CLR 1.1.4322; .NET CLR 2.0.50727)"
192.229.17.113 - - [24/Jan/2006:12:07:47 -0500] "GET /stylesheets/main.css HTTP/1.1" 200 658 "http://www.darwinday.org/" "Mozilla/4.0 (compatible; MSIE 6.0; Windows NT 5.1; .NET CLR 1.1.4322; .NET CLR 2.0.50727)"
192.229.17.113 - - [24/Jan/2006:12:07:47 -0500] "GET /images/arrow.gif HTTP/1.1" 200 112 "http://www.darwinday.org/" "Mozilla/4.0 (compatible; MSIE 6.0; Windows NT 5.1; .NET CLR 1.1.4322; .NET CLR 2.0.50727)"
192.229.17.113 - - [24/Jan/2006:12:07:48 -0500] "GET /englishL/currarts.html HTTP/1.1" 200 5653 "http://www.darwinday.org/" "Mozilla/4.0 (compatible; MSIE 6.0; Windows NT 5.1; .NET CLR 1.1.4322; .NET CLR 2.0.50727)"
192.229.17.113 - - [24/Jan/2006:12:07:48 -0500] "GET /englishL/images/titletrans.gif HTTP/1.1" 200 15588 "http://www.darwinday.org/" "Mozilla/4.0 (compatible; MSIE 6.0; Windows NT 5.1; .NET CLR 1.1.4322; .NET CLR 2.0.50727)"
192.229.17.113 - - [24/Jan/2006:12:07:48 -0500] "GET /images/dnahorizl.gif HTTP/1.1" 200 2130 "http://www.darwinday.org/" "Mozilla/4.0 (compatible; MSIE 6.0; Windows NT 5.1; .NET CLR 1.1.4322; .NET CLR 2.0.50727)"
192.229.17.113 - - [24/Jan/2006:12:07:49 -0500] "GET /images/dnahoriz.gif HTTP/1.1" 200 3391 "http://www.darwinday.org/" "Mozilla/4.0 (compatible; MSIE 6.0; Windows NT 5.1; .NET CLR 1.1.4322; .NET CLR 2.0.50727)"
192.229.17.113 - - [24/Jan/2006:12:07:49 -0500] "GET /images/dnahorizr.gif HTTP/1.1" 200 2104 "http://www.darwinday.org/" "Mozilla/4.0 (compatible; MSIE 6.0; Windows NT 5.1; .NET CLR 1.1.4322; .NET CLR 2.0.50727)"
192.229.17.113 - - [24/Jan/2006:12:07:49 -0500] "GET /englishL/home/images/lincoln.gif HTTP/1.1" 200 11057 "http://www.darwinday.org/" "Mozilla/4.0 (compatible; MSIE 6.0; Windows NT 5.1; .NET CLR 1.1.4322; .NET CLR 2.0.50727)"
192.229.17.113 - - [24/Jan/2006:12:07:50 -0500] "GET /englishL/home/images/darwin.gif HTTP/1.1" 200 13783 "http://www.darwinday.org/" "Mozilla/4.0 (compatible; MSIE 6.0; Windows NT 5.1; .NET CLR 1.1.4322; .NET CLR 2.0.50727)"
192.229.17.113 - - [24/Jan/2006:12:07:50 -0500] "GET /images/trans.gif HTTP/1.1" 200 49 "http://www.darwinday.org/" "Mozilla/4.0 (compatible; MSIE 6.0; Windows NT 5.1; .NET CLR 1.1.4322; .NET CLR 2.0.50727)"
192.229.17.113 - - [24/Jan/2006:12:07:51 -0500] "GET /englishL/home/images/manymore.gif HTTP/1.1" 200 581 "http://www.darwinday.org/" "Mozilla/4.0 (compatible; MSIE 6.0; Windows NT 5.1; .NET CLR 1.1.4322; .NET CLR 2.0.50727)"
192.229.17.113 - - [24/Jan/2006:12:07:51 -0500] "GET /englishL/home/images/joinus.gif HTTP/1.1" 200 524 "http://www.darwinday.org/" "Mozilla/4.0 (compatible; MSIE 6.0; Windows NT 5.1; .NET CLR 1.1.4322; .NET CLR 2.0.50727)"
192.229.17.113 - - [24/Jan/2006:12:07:53 -0500] "GET /englishL/home/images/beagle.gif HTTP/1.1" 200 37108 "http://www.darwinday.org/" "Mozilla/4.0 (compatible; MSIE 6.0; Windows NT 5.1; .NET CLR 1.1.4322; .NET CLR 2.0.50727)"
192.229.17.113 - - [24/Jan/2006:12:07:54 -0500] "GET /images/DNAlogo.gif HTTP/1.1" 200 1370 "http://www.darwinday.org/englishL/currarts.html" "Mozilla/4.0 (compatible; MSIE 6.0; Windows NT 5.1; .NET CLR 1.1.4322; .NET CLR 2.0.50727)"
192.229.17.113 - - [24/Jan/2006:12:07:54 -0500] "GET /englishL/home/images/horse.evolution.jpg HTTP/1.1" 200 29612 "http://www.darwinday.org/" "Mozilla/4.0 (compatible; MSIE 6.0; Windows NT 5.1; .NET CLR 1.1.4322; .NET CLR 2.0.50727)"
192.229.17.113 - - [24/Jan/2006:12:07:55 -0500] "GET /englishL/home/images/darwinages.gif HTTP/1.1" 200 50309 "http://www.darwinday.org/" "Mozilla/4.0 (compatible; MSIE 6.0; Windows NT 5.1; .NET CLR 1.1.4322; .NET CLR 2.0.50727)"
192.229.17.113 - - [24/Jan/2006:12:08:02 -0500] "GET /images/worldmaptransp.gif HTTP/1.1" 200 128893 "http://www.darwinday.org/" "Mozilla/4.0 (compatible; MSIE 6.0; Windows NT 5.1; .NET CLR 1.1.4322; .NET CLR 2.0.50727)"
149.28.227.61 - - [24/Jan/2006:12:09:00 -0500] "GET /stylesheets/mainenglishL.css HTTP/1.1" 200 590 "http://darwinday.org/" "Mozilla/5.0 (Windows; U; Windows NT 5.1; en-US; rv:1.8) Gecko/20051111 Firefox/1.5"
149.28.227.61 - - [24/Jan/2006:12:09:03 -0500] "GET / HTTP/1.1" 200 25315 "-" "Mozilla/5.0 (Windows; U; Windows NT 5.1; en-US; rv:1.8) Gecko/20051111 Firefox/1.5"
149.28.227.61 - - [24/Jan/2006:12:09:03 -0500] "GET /stylesheets/main.css HTTP/1.1" 200 658 "http://darwinday.org/" "Mozilla/5.0 (Windows; U; Windows NT 5.1; en-US; rv:1.8) Gecko/20051111 Firefox/1.5"
149.28.227.61 - - [24/Jan/2006:12:09:09 -0500] "GET /images/topleftlogo.gif HTTP/1.1" 200 6907 "http://darwinday.org/" "Mozilla/5.0 (Windows; U; Windows NT 5.1; en-US; rv:1.8) Gecko/20051111 Firefox/1.5"
149.28.227.61 - - [24/Jan/2006:12:09:11 -0500] "GET /englishL/currarts.html HTTP/1.1" 200 5653 "http://darwinday.org/" "Mozilla/5.0 (Windows; U; Windows NT 5.1; en-US; rv:1.8) Gecko/20051111 Firefox/1.5"
149.28.227.61 - - [24/Jan/2006:12:09:12 -0500] "GET /favicon.ico HTTP/1.1" 404 3385 "-" "-"
149.28.227.61 - - [24/Jan/2006:12:09:14 -0500] "GET /images/header.gif HTTP/1.1" 200 26756 "http://darwinday.org/" "Mozilla/5.0 (Windows; U; Windows NT 5.1; en-US; rv:1.8) Gecko/20051111 Firefox/1.5"
149.28.227.61 - - [24/Jan/2006:12:09:15 -0500] "GET /englishL/images/titletrans.gif HTTP/1.1" 200 15588 "http://darwinday.org/" "Mozilla/5.0 (Windows; U; Windows NT 5.1; en-US; rv:1.8) Gecko/20051111 Firefox/1.5"
149.28.227.61 - - [24/Jan/2006:12:09:17 -0500] "GET /englishL/images/navbar.gif HTTP/1.1" 200 2667 "http://darwinday.org/" "Mozilla/5.0 (Windows; U; Windows NT 5.1; en-US; rv:1.8) Gecko/20051111 Firefox/1.5"
193.190.253.160 - - [24/Jan/2006:12:09:20 -0500] "GET /stylesheets/mainenglishL.css HTTP/1.1" 200 590 "http://www.darwinday.org/englishL/life/shrewsbury.html" "Mozilla/4.0 (compatible; MSIE 5.01; Windows 98)"
193.190.253.160 - - [24/Jan/2006:12:09:20 -0500] "GET /stylesheets/main.css HTTP/1.1" 200 658 "http://www.darwinday.org/englishL/life/shrewsbury.html" "Mozilla/4.0 (compatible; MSIE 5.01; Windows 98)"
193.190.253.160 - - [24/Jan/2006:12:09:20 -0500] "GET /images/topleftlogo.gif HTTP/1.1" 200 6907 "http://www.darwinday.org/englishL/life/shrewsbury.html" "Mozilla/4.0 (compatible; MSIE 5.01; Windows 98)"
149.28.227.61 - - [24/Jan/2006:12:09:21 -0500] "GET /englishL/home/images/darwinages.gif HTTP/1.1" 200 28797 "http://darwinday.org/" "Mozilla/5.0 (Windows; U; Windows NT 5.1; en-US; rv:1.8) Gecko/20051111 Firefox/1.5"
149.28.227.61 - - [24/Jan/2006:12:09:21 -0500] "GET /favicon.ico HTTP/1.1" 404 3385 "-" "Mozilla/5.0 (Windows; U; Windows NT 5.1; en-US; rv:1.8) Gecko/20051111 Firefox/1.5"
149.28.227.61 - - [24/Jan/2006:12:09:21 -0500] "GET /images/worldmaptransp.gif HTTP/1.1" 200 101795 "http://darwinday.org/" "Mozilla/5.0 (Windows; U; Windows NT 5.1; en-US; rv:1.8) Gecko/20051111 Firefox/1.5"
193.190.253.160 - - [24/Jan/2006:12:09:21 -0500] "GET /images/header.gif HTTP/1.1" 200 26756 "http://www.darwinday.org/englishL/life/shrewsbury.html" "Mozilla/4.0 (compatible; MSIE 5.01; Windows 98)"
193.190.253.160 - - [24/Jan/2006:12:09:22 -0500] "GET /englishL/life/shrewsbury.html HTTP/1.1" 200 37679 "http://images.google.be/imgres?imgurl=http://www.darwinday.org/englishL/life/images/plaque.jpg&imgrefurl=http://www.darwinday.org/englishL/life/shrewsbury.html&h=723&w=938&sz=158&tbnid=3Q4SZf7VRsh0dM:&tbnh=113&tbnw=147&hl=nl&start=107&prev=/images%3Fq%3Dcharles%2Bdarwin%26start%3D100%26svnum%3D10%26hl%3Dnl%26lr%3Dlang_nl%26ie%3DUTF-8%26sa%3DN" "Mozilla/4.0 (compatible; MSIE 5.01; Windows 98)"
193.190.253.160 - - [24/Jan/2006:12:09:22 -0500] "GET /images/worldmaptransp.gif HTTP/1.1" 200 20035 "http://www.darwinday.org/englishL/life/shrewsbury.html" "Mozilla/4.0 (compatible; MSIE 5.01; Windows 98)"
149.28.227.61 - - [24/Jan/2006:12:09:24 -0500] "GET /englishL/regemail/index.php HTTP/1.1" 200 6017 "http://darwinday.org/" "Mozilla/5.0 (Windows; U; Windows NT 5.1; en-US; rv:1.8) Gecko/20051111 Firefox/1.5"
149.28.227.61 - - [24/Jan/2006:12:09:25 -0500] "GET /images/worldmaptransp.gif HTTP/1.1" 206 40238 "http://darwinday.org/englishL/regemail/index.php" "Mozilla/5.0 (Windows; U; Windows NT 5.1; en-US; rv:1.8) Gecko/20051111 Firefox/1.5"
193.190.253.160 - - [24/Jan/2006:12:09:32 -0500] "GET /englishL/life/images/plaque.jpg HTTP/1.1" 200 161557 "http://images.google.be/imgres?imgurl=http://www.darwinday.org/englishL/life/images/plaque.jpg&imgrefurl=http://www.darwinday.org/englishL/life/shrewsbury.html&h=723&w=938&sz=158&tbnid=3Q4SZf7VRsh0dM:&tbnh=113&tbnw=147&hl=nl&prev=/images%3Fq%3Dcharles%2Bdarwin%26start%3D100%26svnum%3D10%26hl%3Dnl%26lr%3Dlang_nl%26ie%3DUTF-8%26sa%3DN&frame=small" "Mozilla/4.0 (compatible; MSIE 5.01; Windows 98)"
149.28.227.61 - - [24/Jan/2006:12:09:33 -0500] "POST /englishL/regemail/index.php? HTTP/1.1" 302 6017 "http://darwinday.org/englishL/regemail/index.php" "Mozilla/5.0 (Windows; U; Windows NT 5.1; en-US; rv:1.8) Gecko/20051111 Firefox/1.5"
149.28.227.61 - - [24/Jan/2006:12:09:36 -0500] "GET /englishL/home/index.html? HTTP/1.1" 200 25693 "http://darwinday.org/englishL/regemail/index.php" "Mozilla/5.0 (Windows; U; Windows NT 5.1; en-US; rv:1.8) Gecko/20051111 Firefox/1.5"
149.28.227.61 - - [24/Jan/2006:12:09:37 -0500] "GET /images/arrow.gif HTTP/1.1" 200 112 "http://darwinday.org/englishL/home/index.html?" "Mozilla/5.0 (Windows; U; Windows NT 5.1; en-US; rv:1.8) Gecko/20051111 Firefox/1.5"
149.28.227.61 - - [24/Jan/2006:12:09:37 -0500] "GET /images/dnahorizl.gif HTTP/1.1" 200 2130 "http://darwinday.org/englishL/home/index.html?" "Mozilla/5.0 (Windows; U; Windows NT 5.1; en-US; rv:1.8) Gecko/20051111 Firefox/1.5"
149.28.227.61 - - [24/Jan/2006:12:09:39 -0500] "GET /englishL/home/images/darwinages.gif HTTP/1.1" 206 34652 "http://darwinday.org/englishL/home/index.html?" "Mozilla/5.0 (Windows; U; Windows NT 5.1; en-US; rv:1.8) Gecko/20051111 Firefox/1.5"
149.28.227.61 - - [24/Jan/2006:12:09:43 -0500] "GET /images/dnahoriz.gif HTTP/1.1" 200 3391 "http://darwinday.org/englishL/home/index.html?" "Mozilla/5.0 (Windows; U; Windows NT 5.1; en-US; rv:1.8) Gecko/20051111 Firefox/1.5"
149.28.227.61 - - [24/Jan/2006:12:09:43 -0500] "GET /images/dnahorizr.gif HTTP/1.1" 200 2104 "http://darwinday.org/englishL/home/index.html?" "Mozilla/5.0 (Windows; U; Windows NT 5.1; en-US; rv:1.8) Gecko/20051111 Firefox/1.5"
149.28.227.61 - - [24/Jan/2006:12:09:44 -0500] "GET /englishL/home/images/lincoln.gif HTTP/1.1" 200 11057 "http://darwinday.org/englishL/home/index.html?" "Mozilla/5.0 (Windows; U; Windows NT 5.1; en-US; rv:1.8) Gecko/20051111 Firefox/1.5"
149.28.227.61 - - [24/Jan/2006:12:09:45 -0500] "GET /images/DNAlogo.gif HTTP/1.1" 200 1370 "http://darwinday.org/englishL/currarts.html" "Mozilla/5.0 (Windows; U; Windows NT 5.1; en-US; rv:1.8) Gecko/20051111 Firefox/1.5"
149.28.227.61 - - [24/Jan/2006:12:09:46 -0500] "GET /englishL/home/images/darwin.gif HTTP/1.1" 200 13783 "http://darwinday.org/englishL/home/index.html?" "Mozilla/5.0 (Windows; U; Windows NT 5.1; en-US; rv:1.8) Gecko/20051111 Firefox/1.5"
149.28.227.61 - - [24/Jan/2006:12:09:48 -0500] "GET /englishL/regevent/index.php HTTP/1.1" 200 31680 "http://darwinday.org/englishL/home/index.html?" "Mozilla/5.0 (Windows; U; Windows NT 5.1; en-US; rv:1.8) Gecko/20051111 Firefox/1.5"
149.28.227.61 - - [24/Jan/2006:12:09:51 -0500] "GET /englishL/events/index.html HTTP/1.1" 200 4612 "http://darwinday.org/englishL/regevent/index.php" "Mozilla/5.0 (Windows; U; Windows NT 5.1; en-US; rv:1.8) Gecko/20051111 Firefox/1.5"
149.28.227.61 - - [24/Jan/2006:12:09:51 -0500] "GET /images/goldball.gif HTTP/1.1" 200 332 "http://darwinday.org/englishL/events/index.html" "Mozilla/5.0 (Windows; U; Windows NT 5.1; en-US; rv:1.8) Gecko/20051111 Firefox/1.5"
67.121.120.106 - - [24/Jan/2006:12:10:00 -0500] "GET / HTTP/1.1" 200 25315 "-" "Mozilla/4.0 (compatible; MSIE 6.0; Windows NT 5.1; SV1; YPC 3.2.0; .NET CLR 1.1.4322)"
67.121.120.106 - - [24/Jan/2006:12:10:01 -0500] "GET /stylesheets/main.css HTTP/1.1" 200 658 "http://www.darwinday.org/" "Mozilla/4.0 (compatible; MSIE 6.0; Windows NT 5.1; SV1; YPC 3.2.0; .NET CLR 1.1.4322; yplus 5.1.02b)"
67.121.120.106 - - [24/Jan/2006:12:10:01 -0500] "GET /images/topleftlogo.gif HTTP/1.1" 200 6907 "http://www.darwinday.org/" "Mozilla/4.0 (compatible; MSIE 6.0; Windows NT 5.1; SV1; YPC 3.2.0; .NET CLR 1.1.4322; yplus 5.1.02b)"
67.121.120.106 - - [24/Jan/2006:12:10:03 -0500] "GET /images/header.gif HTTP/1.1" 200 26756 "http://www.darwinday.org/" "Mozilla/4.0 (compatible; MSIE 6.0; Windows NT 5.1; SV1; YPC 3.2.0; .NET CLR 1.1.4322; yplus 5.1.02b)"
195.248.101.27 - - [24/Jan/2006:12:10:06 -0500] "GET / HTTP/1.1" 200 25315 "-" "Mozilla/4.0 (compatible; MSIE 6.0; Windows NT 5.1; SV1; .NET CLR 1.1.4322; .NET CLR 2.0.50727)"
195.248.101.27 - - [24/Jan/2006:12:10:06 -0500] "GET /stylesheets/mainenglishL.css HTTP/1.1" 200 590 "http://www.darwinday.org/" "Mozilla/4.0 (compatible; MSIE 6.0; Windows NT 5.1; SV1; .NET CLR 1.1.4322; .NET CLR 2.0.50727)"
195.248.101.27 - - [24/Jan/2006:12:10:06 -0500] "GET /stylesheets/main.css HTTP/1.1" 200 658 "http://www.darwinday.org/" "Mozilla/4.0 (compatible; MSIE 6.0; Windows NT 5.1; SV1; .NET CLR 1.1.4322; .NET CLR 2.0.50727)"
195.248.101.27 - - [24/Jan/2006:12:10:06 -0500] "GET /images/topleftlogo.gif HTTP/1.1" 200 6907 "http://www.darwinday.org/" "Mozilla/4.0 (compatible; MSIE 6.0; Windows NT 5.1; SV1; .NET CLR 1.1.4322; .NET CLR 2.0.50727)"
195.248.101.27 - - [24/Jan/2006:12:10:06 -0500] "GET /englishL/currarts.html HTTP/1.1" 200 5653 "http://www.darwinday.org/" "Mozilla/4.0 (compatible; MSIE 6.0; Windows NT 5.1; SV1; .NET CLR 1.1.4322; .NET CLR 2.0.50727)"
195.248.101.27 - - [24/Jan/2006:12:10:08 -0500] "GET /images/header.gif HTTP/1.1" 200 26756 "http://www.darwinday.org/" "Mozilla/4.0 (compatible; MSIE 6.0; Windows NT 5.1; SV1; .NET CLR 1.1.4322; .NET CLR 2.0.50727)"
67.121.120.106 - - [24/Jan/2006:12:10:09 -0500] "GET /stylesheets/mainenglishL.css HTTP/1.1" 200 590 "http://www.darwinday.org/" "Mozilla/4.0 (compatible; MSIE 6.0; Windows NT 5.1; SV1; YPC 3.2.0; .NET CLR 1.1.4322; yplus 5.1.02b)"
67.121.120.106 - - [24/Jan/2006:12:10:10 -0500] "GET /englishL/images/titletrans.gif HTTP/1.1" 200 15588 "http://www.darwinday.org/" "Mozilla/4.0 (compatible; MSIE 6.0; Windows NT 5.1; SV1; YPC 3.2.0; .NET CLR 1.1.4322; yplus 5.1.02b)"
195.248.101.27 - - [24/Jan/2006:12:10:10 -0500] "GET /englishL/images/titletrans.gif HTTP/1.1" 200 15588 "http://www.darwinday.org/" "Mozilla/4.0 (compatible; MSIE 6.0; Windows NT 5.1; SV1; .NET CLR 1.1.4322; .NET CLR 2.0.50727)"
67.121.120.106 - - [24/Jan/2006:12:10:10 -0500] "GET /englishL/currarts.html HTTP/1.1" 200 5653 "http://www.darwinday.org/" "Mozilla/4.0 (compatible; MSIE 6.0; Windows NT 5.1; SV1; YPC 3.2.0; .NET CLR 1.1.4322; yplus 5.1.02b)"
67.121.120.106 - - [24/Jan/2006:12:10:10 -0500] "GET /englishL/images/navbar.gif HTTP/1.1" 200 2667 "http://www.darwinday.org/" "Mozilla/4.0 (compatible; MSIE 6.0; Windows NT 5.1; SV1; YPC 3.2.0; .NET CLR 1.1.4322; yplus 5.1.02b)"
195.248.101.27 - - [24/Jan/2006:12:10:11 -0500] "GET /englishL/images/navbar.gif HTTP/1.1" 200 2667 "http://www.darwinday.org/" "Mozilla/4.0 (compatible; MSIE 6.0; Windows NT 5.1; SV1; .NET CLR 1.1.4322; .NET CLR 2.0.50727)"
67.121.120.106 - - [24/Jan/2006:12:10:13 -0500] "GET /images/worldmaptransp.gif HTTP/1.1" 200 128893 "http://www.darwinday.org/" "Mozilla/4.0 (compatible; MSIE 6.0; Windows NT 5.1; SV1; YPC 3.2.0; .NET CLR 1.1.4322; yplus 5.1.02b)"
67.121.120.106 - - [24/Jan/2006:12:10:13 -0500] "GET /englishL/home/images/darwinages.gif HTTP/1.1" 200 50309 "http://www.darwinday.org/" "Mozilla/4.0 (compatible; MSIE 6.0; Windows NT 5.1; SV1; YPC 3.2.0; .NET CLR 1.1.4322; yplus 5.1.02b)"
67.121.120.106 - - [24/Jan/2006:12:10:14 -0500] "GET /images/arrow.gif HTTP/1.1" 200 112 "http://www.darwinday.org/" "Mozilla/4.0 (compatible; MSIE 6.0; Windows NT 5.1; SV1; YPC 3.2.0; .NET CLR 1.1.4322; yplus 5.1.02b)"
67.121.120.106 - - [24/Jan/2006:12:10:14 -0500] "GET /images/dnahorizl.gif HTTP/1.1" 200 2130 "http://www.darwinday.org/" "Mozilla/4.0 (compatible; MSIE 6.0; Windows NT 5.1; SV1; YPC 3.2.0; .NET CLR 1.1.4322; yplus 5.1.02b)"
195.248.101.27 - - [24/Jan/2006:12:10:14 -0500] "GET /englishL/home/images/darwinages.gif HTTP/1.1" 200 50309 "http://www.darwinday.org/" "Mozilla/4.0 (compatible; MSIE 6.0; Windows NT 5.1; SV1; .NET CLR 1.1.4322; .NET CLR 2.0.50727)"
67.121.120.106 - - [24/Jan/2006:12:10:14 -0500] "GET /images/dnahoriz.gif HTTP/1.1" 200 3391 "http://www.darwinday.org/" "Mozilla/4.0 (compatible; MSIE 6.0; Windows NT 5.1; SV1; YPC 3.2.0; .NET CLR 1.1.4322; yplus 5.1.02b)"
67.121.120.106 - - [24/Jan/2006:12:10:15 -0500] "GET /images/dnahorizr.gif HTTP/1.1" 200 2104 "http://www.darwinday.org/" "Mozilla/4.0 (compatible; MSIE 6.0; Windows NT 5.1; SV1; YPC 3.2.0; .NET CLR 1.1.4322; yplus 5.1.02b)"
67.121.120.106 - - [24/Jan/2006:12:10:15 -0500] "GET /englishL/home/images/lincoln.gif HTTP/1.1" 200 11057 "http://www.darwinday.org/" "Mozilla/4.0 (compatible; MSIE 6.0; Windows NT 5.1; SV1; YPC 3.2.0; .NET CLR 1.1.4322; yplus 5.1.02b)"
67.121.120.106 - - [24/Jan/2006:12:10:15 -0500] "GET /englishL/home/images/darwin.gif HTTP/1.1" 200 13783 "http://www.darwinday.org/" "Mozilla/4.0 (compatible; MSIE 6.0; Windows NT 5.1; SV1; YPC 3.2.0; .NET CLR 1.1.4322; yplus 5.1.02b)"
67.121.120.106 - - [24/Jan/2006:12:10:16 -0500] "GET /images/trans.gif HTTP/1.1" 200 49 "http://www.darwinday.org/" "Mozilla/4.0 (compatible; MSIE 6.0; Windows NT 5.1; SV1; YPC 3.2.0; .NET CLR 1.1.4322; yplus 5.1.02b)"
67.121.120.106 - - [24/Jan/2006:12:10:16 -0500] "GET /englishL/home/images/manymore.gif HTTP/1.1" 200 581 "http://www.darwinday.org/" "Mozilla/4.0 (compatible; MSIE 6.0; Windows NT 5.1; SV1; YPC 3.2.0; .NET CLR 1.1.4322; yplus 5.1.02b)"
