67.121.120.106 - - [24/Jan/2006:12:10:16 -0500] "GET /englishL/home/images/joinus.gif HTTP/1.1" 200 524 "http://www.darwinday.org/" "Mozilla/4.0 (compatible; MSIE 6.0; Windows NT 5.1; SV1; YPC 3.2.0; .NET CLR 1.1.4322; yplus 5.1.02b)"
195.248.101.27 - - [24/Jan/2006:12:10:17 -0500] "GET /images/arrow.gif HTTP/1.1" 200 112 "http://www.darwinday.org/" "Mozilla/4.0 (compatible; MSIE 6.0; Windows NT 5.1; SV1; .NET CLR 1.1.4322; .NET CLR 2.0.50727)"
67.121.120.106 - - [24/Jan/2006:12:10:17 -0500] "GET /englishL/home/images/beagle.gif HTTP/1.1" 200 37108 "http://www.darwinday.org/" "Mozilla/4.0 (compatible; MSIE 6.0; Windows NT 5.1; SV1; YPC 3.2.0; .NET CLR 1.1.4322; yplus 5.1.02b)"
67.121.120.106 - - [24/Jan/2006:12:10:17 -0500] "GET /images/DNAlogo.gif HTTP/1.1" 200 1370 "http://www.darwinday.org/englishL/currarts.html" "Mozilla/4.0 (compatible; MSIE 6.0; Windows NT 5.1; SV1; YPC 3.2.0; .NET CLR 1.1.4322; yplus 5.1.02b)"
193.190.253.160 - - [24/Jan/2006:12:10:18 -0500] "GET /englishL/life/shrewsbury.html HTTP/1.1" 206 5962 "http://images.google.be/imgres?imgurl=http://www.darwinday.org/englishL/life/images/plaque.jpg&imgrefurl=http://www.darwinday.org/englishL/life/shrewsbury.html&h=723&w=938&sz=158&tbnid=3Q4SZf7VRsh0dM:&tbnh=113&tbnw=147&hl=nl&start=107&prev=/images%3Fq%3Dcharles%2Bdarwin%26start%3D100%26svnum%3D10%26hl%3Dnl%26lr%3Dlang_nl%26ie%3DUTF-8%26sa%3DN" "Mozilla/4.0 (compatible; MSIE 5.01; Windows 98)"
195.248.101.27 - - [24/Jan/2006:12:10:19 -0500] "GET /images/dnahorizl.gif HTTP/1.1" 200 2130 "http://www.darwinday.org/" "Mozilla/4.0 (compatible; MSIE 6.0; Windows NT 5.1; SV1; .NET CLR 1.1.4322; .NET CLR 2.0.50727)"
67.121.120.106 - - [24/Jan/2006:12:10:19 -0500] "GET /englishL/home/images/horse.evolution.jpg HTTP/1.1" 200 29612 "http://www.darwinday.org/" "Mozilla/4.0 (compatible; MSIE 6.0; Windows NT 5.1; SV1; YPC 3.2.0; .NET CLR 1.1.4322; yplus 5.1.02b)"
67.121.120.106 - - [24/Jan/2006:12:10:19 -0500] "GET /favicon.ico HTTP/1.1" 404 3385 "-" "Mozilla/4.0 (compatible; MSIE 6.0; Windows NT 5.1; SV1; YPC 3.2.0; .NET CLR 1.1.4322)"
149.28.227.61 - - [24/Jan/2006:12:10:20 -0500] "GET /englishL/home/2006.php HTTP/1.1" 200 248793 "http://darwinday.org/englishL/events/index.html" "Mozilla/5.0 (Windows; U; Windows NT 5.1; en-US; rv:1.8) Gecko/20051111 Firefox/1.5"
195.248.101.27 - - [24/Jan/2006:12:10:20 -0500] "GET /images/dnahoriz.gif HTTP/1.1" 200 3391 "http://www.darwinday.org/" "Mozilla/4.0 (compatible; MSIE 6.0; Windows NT 5.1; SV1; .NET CLR 1.1.4322; .NET CLR 2.0.50727)"
195.248.101.27 - - [24/Jan/2006:12:10:20 -0500] "GET /images/dnahorizr.gif HTTP/1.1" 200 2104 "http://www.darwinday.org/" "Mozilla/4.0 (compatible; MSIE 6.0; Windows NT 5.1; SV1; .NET CLR 1.1.4322; .NET CLR 2.0.50727)"
195.248.101.27 - - [24/Jan/2006:12:10:20 -0500] "GET /images/worldmaptransp.gif HTTP/1.1" 200 128893 "http://www.darwinday.org/" "Mozilla/4.0 (compatible; MSIE 6.0; Windows NT 5.1; SV1; .NET CLR 1.1.4322; .NET CLR 2.0.50727)"
195.248.101.27 - - [24/Jan/2006:12:10:20 -0500] "GET /englishL/home/images/lincoln.gif HTTP/1.1" 200 11057 "http://www.darwinday.org/" "Mozilla/4.0 (compatible; MSIE 6.0; Windows NT 5.1; SV1; .NET CLR 1.1.4322; .NET CLR 2.0.50727)"
195.248.101.27 - - [24/Jan/2006:12:10:21 -0500] "GET /englishL/home/images/darwin.gif HTTP/1.1" 200 13783 "http://www.darwinday.org/" "Mozilla/4.0 (compatible; MSIE 6.0; Windows NT 5.1; SV1; .NET CLR 1.1.4322; .NET CLR 2.0.50727)"
195.248.101.27 - - [24/Jan/2006:12:10:21 -0500] "GET /englishL/home/images/manymore.gif HTTP/1.1" 200 581 "http://www.darwinday.org/" "Mozilla/4.0 (compatible; MSIE 6.0; Windows NT 5.1; SV1; .NET CLR 1.1.4322; .NET CLR 2.0.50727)"
195.248.101.27 - - [24/Jan/2006:12:10:21 -0500] "GET /images/trans.gif HTTP/1.1" 200 49 "http://www.darwinday.org/" "Mozilla/4.0 (compatible; MSIE 6.0; Windows NT 5.1; SV1; .NET CLR 1.1.4322; .NET CLR 2.0.50727)"
67.121.120.106 - - [24/Jan/2006:12:10:22 -0500] "GET /englishL/events/index.html HTTP/1.1" 200 4612 "http://www.darwinday.org/" "Mozilla/4.0 (compatible; MSIE 6.0; Windows NT 5.1; SV1; YPC 3.2.0; .NET CLR 1.1.4322; yplus 5.1.02b)"
195.248.101.27 - - [24/Jan/2006:12:10:22 -0500] "GET /englishL/home/images/joinus.gif HTTP/1.1" 200 524 "http://www.darwinday.org/" "Mozilla/4.0 (compatible; MSIE 6.0; Windows NT 5.1; SV1; .NET CLR 1.1.4322; .NET CLR 2.0.50727)"
67.121.120.106 - - [24/Jan/2006:12:10:22 -0500] "GET /images/goldball.gif HTTP/1.1" 200 332 "http://www.darwinday.org/englishL/events/index.html" "Mozilla/4.0 (compatible; MSIE 6.0; Windows NT 5.1; SV1; YPC 3.2.0; .NET CLR 1.1.4322; yplus 5.1.02b)"
195.248.101.27 - - [24/Jan/2006:12:10:23 -0500] "GET /englishL/home/images/horse.evolution.jpg HTTP/1.1" 200 29612 "http://www.darwinday.org/" "Mozilla/4.0 (compatible; MSIE 6.0; Windows NT 5.1; SV1; .NET CLR 1.1.4322; .NET CLR 2.0.50727)"
193.190.253.160 - - [24/Jan/2006:12:10:23 -0500] "GET /englishL/images/titletrans.gif HTTP/1.1" 200 15588 "http://www.darwinday.org/englishL/life/shrewsbury.html" "Mozilla/4.0 (compatible; MSIE 5.01; Windows 98)"
195.248.101.27 - - [24/Jan/2006:12:10:23 -0500] "GET /images/DNAlogo.gif HTTP/1.1" 200 1370 "http://www.darwinday.org/englishL/currarts.html" "Mozilla/4.0 (compatible; MSIE 6.0; Windows NT 5.1; SV1; .NET CLR 1.1.4322; .NET CLR 2.0.50727)"
193.190.253.160 - - [24/Jan/2006:12:10:23 -0500] "GET /englishL/images/navbar.gif HTTP/1.1" 200 2667 "http://www.darwinday.org/englishL/life/shrewsbury.html" "Mozilla/4.0 (compatible; MSIE 5.01; Windows 98)"
195.248.101.27 - - [24/Jan/2006:12:10:23 -0500] "GET /englishL/home/images/beagle.gif HTTP/1.1" 200 37108 "http://www.darwinday.org/" "Mozilla/4.0 (compatible; MSIE 6.0; Windows NT 5.1; SV1; .NET CLR 1.1.4322; .NET CLR 2.0.50727)"
193.190.253.160 - - [24/Jan/2006:12:10:24 -0500] "GET /images/worldmaptransp.gif HTTP/1.1" 206 12681 "http://www.darwinday.org/englishL/life/shrewsbury.html" "Mozilla/4.0 (compatible; MSIE 5.01; Windows 98)"
67.121.120.106 - - [24/Jan/2006:12:10:39 -0500] "GET /englishL/home/2006.php HTTP/1.1" 200 248793 "http://www.darwinday.org/englishL/events/index.html" "Mozilla/4.0 (compatible; MSIE 6.0; Windows NT 5.1; SV1; YPC 3.2.0; .NET CLR 1.1.4322; yplus 5.1.02b)"
195.248.101.27 - - [24/Jan/2006:12:10:51 -0500] "GET /englishL/aboutddc/index.html HTTP/1.1" 200 6558 "http://www.darwinday.org/" "Mozilla/4.0 (compatible; MSIE 6.0; Windows NT 5.1; SV1; .NET CLR 1.1.4322; .NET CLR 2.0.50727)"
195.248.101.27 - - [24/Jan/2006:12:10:52 -0500] "GET /images/goldball.gif HTTP/1.1" 200 332 "http://www.darwinday.org/englishL/aboutddc/index.html" "Mozilla/4.0 (compatible; MSIE 6.0; Windows NT 5.1; SV1; .NET CLR 1.1.4322; .NET CLR 2.0.50727)"
195.248.101.27 - - [24/Jan/2006:12:10:56 -0500] "GET /englishL/aboutddc/images/bateson.gif HTTP/1.1" 200 10961 "http://www.darwinday.org/englishL/aboutddc/advisory.html" "Mozilla/4.0 (compatible; MSIE 6.0; Windows NT 5.1; SV1; .NET CLR 1.1.4322; .NET CLR 2.0.50727)"
195.248.101.27 - - [24/Jan/2006:12:10:56 -0500] "GET /englishL/aboutddc/advisory.html HTTP/1.1" 200 27384 "http://www.darwinday.org/englishL/aboutddc/index.html" "Mozilla/4.0 (compatible; MSIE 6.0; Windows NT 5.1; SV1; .NET CLR 1.1.4322; .NET CLR 2.0.50727)"
195.248.101.27 - - [24/Jan/2006:12:10:57 -0500] "GET /englishL/aboutddc/images/calvin.gif HTTP/1.1" 200 11213 "http://www.darwinday.org/englishL/aboutddc/advisory.html" "Mozilla/4.0 (compatible; MSIE 6.0; Windows NT 5.1; SV1; .NET CLR 1.1.4322; .NET CLR 2.0.50727)"
195.248.101.27 - - [24/Jan/2006:12:10:57 -0500] "GET /englishL/aboutddc/images/cronin.gif HTTP/1.1" 200 8731 "http://www.darwinday.org/englishL/aboutddc/advisory.html" "Mozilla/4.0 (compatible; MSIE 6.0; Windows NT 5.1; SV1; .NET CLR 1.1.4322; .NET CLR 2.0.50727)"
195.248.101.27 - - [24/Jan/2006:12:10:58 -0500] "GET /englishL/aboutddc/images/dawkins.gif HTTP/1.1" 200 14879 "http://www.darwinday.org/englishL/aboutddc/advisory.html" "Mozilla/4.0 (compatible; MSIE 6.0; Windows NT 5.1; SV1; .NET CLR 1.1.4322; .NET CLR 2.0.50727)"
195.248.101.27 - - [24/Jan/2006:12:10:59 -0500] "GET /englishL/aboutddc/images/dennett.gif HTTP/1.1" 200 11171 "http://www.darwinday.org/englishL/aboutddc/advisory.html" "Mozilla/4.0 (compatible; MSIE 6.0; Windows NT 5.1; SV1; .NET CLR 1.1.4322; .NET CLR 2.0.50727)"
195.248.101.27 - - [24/Jan/2006:12:11:00 -0500] "GET /englishL/aboutddc/images/jones.gif HTTP/1.1" 200 9704 "http://www.darwinday.org/englishL/aboutddc/advisory.html" "Mozilla/4.0 (compatible; MSIE 6.0; Windows NT 5.1; SV1; .NET CLR 1.1.4322; .NET CLR 2.0.50727)"
195.248.101.27 - - [24/Jan/2006:12:11:00 -0500] "GET /englishL/aboutddc/images/pinker.gif HTTP/1.1" 200 11560 "http://www.darwinday.org/englishL/aboutddc/advisory.html" "Mozilla/4.0 (compatible; MSIE 6.0; Windows NT 5.1; SV1; .NET CLR 1.1.4322; .NET CLR 2.0.50727)"
195.248.101.27 - - [24/Jan/2006:12:11:00 -0500] "GET /englishL/aboutddc/images/scott.gif HTTP/1.1" 200 12626 "http://www.darwinday.org/englishL/aboutddc/advisory.html" "Mozilla/4.0 (compatible; MSIE 6.0; Windows NT 5.1; SV1; .NET CLR 1.1.4322; .NET CLR 2.0.50727)"
195.248.101.27 - - [24/Jan/2006:12:11:01 -0500] "GET /englishL/aboutddc/images/shermer.gif HTTP/1.1" 200 9761 "http://www.darwinday.org/englishL/aboutddc/advisory.html" "Mozilla/4.0 (compatible; MSIE 6.0; Windows NT 5.1; SV1; .NET CLR 1.1.4322; .NET CLR 2.0.50727)"
195.248.101.27 - - [24/Jan/2006:12:11:01 -0500] "GET /englishL/aboutddc/images/tudge.gif HTTP/1.1" 200 14266 "http://www.darwinday.org/englishL/aboutddc/advisory.html" "Mozilla/4.0 (compatible; MSIE 6.0; Windows NT 5.1; SV1; .NET CLR 1.1.4322; .NET CLR 2.0.50727)"
195.248.101.27 - - [24/Jan/2006:12:11:02 -0500] "GET /englishL/aboutddc/images/wilson.gif HTTP/1.1" 200 9150 "http://www.darwinday.org/englishL/aboutddc/advisory.html" "Mozilla/4.0 (compatible; MSIE 6.0; Windows NT 5.1; SV1; .NET CLR 1.1.4322; .NET CLR 2.0.50727)"
195.248.101.27 - - [24/Jan/2006:12:11:05 -0500] "GET /englishL/aboutddc/images/zimmer.gif HTTP/1.1" 200 11343 "http://www.darwinday.org/englishL/aboutddc/advisory.html" "Mozilla/4.0 (compatible; MSIE 6.0; Windows NT 5.1; SV1; .NET CLR 1.1.4322; .NET CLR 2.0.50727)"
149.28.227.61 - - [24/Jan/2006:12:11:16 -0500] "GET /englishL/regevent/index.php HTTP/1.1" 200 31680 "http://darwinday.org/englishL/home/2006.php" "Mozilla/5.0 (Windows; U; Windows NT 5.1; en-US; rv:1.8) Gecko/20051111 Firefox/1.5"
195.248.101.27 - - [24/Jan/2006:12:11:34 -0500] "GET /englishL/aboutddc/organization.html HTTP/1.1" 200 4043 "http://www.darwinday.org/englishL/aboutddc/index.html" "Mozilla/4.0 (compatible; MSIE 6.0; Windows NT 5.1; SV1; .NET CLR 1.1.4322; .NET CLR 2.0.50727)"
195.248.101.27 - - [24/Jan/2006:12:11:40 -0500] "GET /englishL/aboutddc/history.html HTTP/1.1" 200 10915 "http://www.darwinday.org/englishL/aboutddc/index.html" "Mozilla/4.0 (compatible; MSIE 6.0; Windows NT 5.1; SV1; .NET CLR 1.1.4322; .NET CLR 2.0.50727)"
195.248.101.27 - - [24/Jan/2006:12:11:54 -0500] "GET /images/navbar.gif HTTP/1.1" 200 2667 "http://www.darwinday.org/englishL/dispsupport/index.php" "Mozilla/4.0 (compatible; MSIE 6.0; Windows NT 5.1; SV1; .NET CLR 1.1.4322; .NET CLR 2.0.50727)"
195.248.101.27 - - [24/Jan/2006:12:11:57 -0500] "GET /englishL/dispsupport/index.php HTTP/1.1" 200 106216 "http://www.darwinday.org/englishL/aboutddc/index.html" "Mozilla/4.0 (compatible; MSIE 6.0; Windows NT 5.1; SV1; .NET CLR 1.1.4322; .NET CLR 2.0.50727)"
195.248.101.27 - - [24/Jan/2006:12:12:01 -0500] "GET /englishL/events/index.html HTTP/1.1" 200 4612 "http://www.darwinday.org/englishL/aboutddc/index.html" "Mozilla/4.0 (compatible; MSIE 6.0; Windows NT 5.1; SV1; .NET CLR 1.1.4322; .NET CLR 2.0.50727)"
64.12.116.201 - - [24/Jan/2006:12:12:24 -0500] "GET / HTTP/1.0" 200 25315 "-" "Mozilla/4.0 (compatible; MSIE 6.0; AOL 8.0; Windows NT 5.0)"
64.12.116.201 - - [24/Jan/2006:12:12:24 -0500] "GET / HTTP/1.1" 200 25315 "-" "Mozilla/4.0 (compatible; MSIE 6.0; AOL 8.0; Windows NT 5.0)"
195.248.101.27 - - [24/Jan/2006:12:12:25 -0500] "GET /englishL/home/2006.php HTTP/1.1" 200 248793 "http://www.darwinday.org/englishL/events/index.html" "Mozilla/4.0 (compatible; MSIE 6.0; Windows NT 5.1; SV1; .NET CLR 1.1.4322; .NET CLR 2.0.50727)"
64.12.116.7 - - [24/Jan/2006:12:12:25 -0500] "GET /stylesheets/mainenglishL.css HTTP/1.0" 200 590 "http://www.darwinday.org/" "Mozilla/4.0 (compatible; MSIE 6.0; AOL 8.0; Windows NT 5.0)"
64.12.117.6 - - [24/Jan/2006:12:12:26 -0500] "GET /stylesheets/main.css HTTP/1.0" 200 658 "http://www.darwinday.org/" "Mozilla/4.0 (compatible; MSIE 6.0; AOL 8.0; Windows NT 5.0)"
64.12.116.72 - - [24/Jan/2006:12:12:26 -0500] "GET /images/topleftlogo.gif HTTP/1.0" 200 6907 "http://www.darwinday.org/" "Mozilla/4.0 (compatible; MSIE 6.0; AOL 8.0; Windows NT 5.0)"
64.12.116.200 - - [24/Jan/2006:12:12:26 -0500] "GET /images/header.gif HTTP/1.0" 200 26756 "http://www.darwinday.org/" "Mozilla/4.0 (compatible; MSIE 6.0; AOL 8.0; Windows NT 5.0)"
64.12.116.71 - - [24/Jan/2006:12:12:26 -0500] "GET /englishL/images/navbar.gif HTTP/1.0" 200 2667 "http://www.darwinday.org/" "Mozilla/4.0 (compatible; MSIE 6.0; AOL 8.0; Windows NT 5.0)"
64.12.116.133 - - [24/Jan/2006:12:12:26 -0500] "GET /englishL/currarts.html HTTP/1.0" 200 5653 "http://www.darwinday.org/" "Mozilla/4.0 (compatible; MSIE 6.0; AOL 8.0; Windows NT 5.0)"
64.12.116.133 - - [24/Jan/2006:12:12:27 -0500] "GET /images/arrow.gif HTTP/1.1" 200 112 "http://www.darwinday.org/" "Mozilla/4.0 (compatible; MSIE 6.0; AOL 8.0; Windows NT 5.0)"
64.12.116.7 - - [24/Jan/2006:12:12:27 -0500] "GET /images/worldmaptransp.gif HTTP/1.1" 200 128893 "http://www.darwinday.org/" "Mozilla/4.0 (compatible; MSIE 6.0; AOL 8.0; Windows NT 5.0)"
64.12.116.10 - - [24/Jan/2006:12:12:27 -0500] "GET /images/dnahorizl.gif HTTP/1.0" 200 2130 "http://www.darwinday.org/" "Mozilla/4.0 (compatible; MSIE 6.0; AOL 8.0; Windows NT 5.0)"
64.12.117.11 - - [24/Jan/2006:12:12:27 -0500] "GET /images/dnahoriz.gif HTTP/1.0" 200 3391 "http://www.darwinday.org/" "Mozilla/4.0 (compatible; MSIE 6.0; AOL 8.0; Windows NT 5.0)"
64.12.117.10 - - [24/Jan/2006:12:12:27 -0500] "GET /images/dnahorizr.gif HTTP/1.0" 200 2104 "http://www.darwinday.org/" "Mozilla/4.0 (compatible; MSIE 6.0; AOL 8.0; Windows NT 5.0)"
64.12.116.14 - - [24/Jan/2006:12:12:28 -0500] "GET /englishL/home/images/lincoln.gif HTTP/1.0" 200 11057 "http://www.darwinday.org/" "Mozilla/4.0 (compatible; MSIE 6.0; AOL 8.0; Windows NT 5.0)"
64.12.116.198 - - [24/Jan/2006:12:12:28 -0500] "GET /englishL/home/images/darwin.gif HTTP/1.0" 200 13783 "http://www.darwinday.org/" "Mozilla/4.0 (compatible; MSIE 6.0; AOL 8.0; Windows NT 5.0)"
64.12.116.130 - - [24/Jan/2006:12:12:28 -0500] "GET /images/trans.gif HTTP/1.0" 200 49 "http://www.darwinday.org/" "Mozilla/4.0 (compatible; MSIE 6.0; AOL 8.0; Windows NT 5.0)"
64.12.116.195 - - [24/Jan/2006:12:12:28 -0500] "GET /englishL/home/images/manymore.gif HTTP/1.0" 200 581 "http://www.darwinday.org/" "Mozilla/4.0 (compatible; MSIE 6.0; AOL 8.0; Windows NT 5.0)"
63.230.22.115 - - [24/Jan/2006:12:12:29 -0500] "GET / HTTP/1.1" 200 25315 "-" "Java/1.4.1_04"
64.12.116.200 - - [24/Jan/2006:12:12:29 -0500] "GET /englishL/images/titletrans.gif HTTP/1.0" 200 15588 "http://www.darwinday.org/" "Mozilla/4.0 (compatible; MSIE 6.0; AOL 8.0; Windows NT 5.0)"
64.12.116.72 - - [24/Jan/2006:12:12:30 -0500] "GET /englishL/home/images/beagle.gif HTTP/1.1" 200 37108 "http://www.darwinday.org/" "Mozilla/4.0 (compatible; MSIE 6.0; AOL 8.0; Windows NT 5.0)"
64.12.116.198 - - [24/Jan/2006:12:12:30 -0500] "GET /englishL/home/images/horse.evolution.jpg HTTP/1.1" 200 29612 "http://www.darwinday.org/" "Mozilla/4.0 (compatible; MSIE 6.0; AOL 8.0; Windows NT 5.0)"
63.230.22.115 - - [24/Jan/2006:12:12:30 -0500] "GET /chooselang/index.html HTTP/1.1" 200 5641 "-" "Java/1.4.1_04"
64.12.116.74 - - [24/Jan/2006:12:12:31 -0500] "GET /englishL/home/images/darwinages.gif HTTP/1.0" 200 50309 "http://www.darwinday.org/" "Mozilla/4.0 (compatible; MSIE 6.0; AOL 8.0; Windows NT 5.0)"
64.12.116.132 - - [24/Jan/2006:12:12:32 -0500] "GET /englishL/home/images/joinus.gif HTTP/1.0" 200 524 "http://www.darwinday.org/" "Mozilla/4.0 (compatible; MSIE 6.0; AOL 8.0; Windows NT 5.0)"
64.12.116.67 - - [24/Jan/2006:12:12:32 -0500] "GET /images/DNAlogo.gif HTTP/1.0" 200 1370 "http://www.darwinday.org/englishL/currarts.html" "Mozilla/4.0 (compatible; MSIE 6.0; AOL 8.0; Windows NT 5.0)"
67.121.120.106 - - [24/Jan/2006:12:12:33 -0500] "GET /favicon.ico HTTP/1.1" 404 3385 "-" "Mozilla/4.0 (compatible; MSIE 6.0; Windows NT 5.1; SV1; YPC 3.2.0; .NET CLR 1.1.4322)"
63.230.22.115 - - [24/Jan/2006:12:12:35 -0500] "GET /index.html HTTP/1.1" 200 25315 "-" "Java/1.4.1_04"
63.230.22.115 - - [24/Jan/2006:12:12:36 -0500] "GET /englishL/currarts.html HTTP/1.1" 200 5653 "-" "Java/1.4.1_04"
63.230.22.115 - - [24/Jan/2006:12:12:41 -0500] "GET /englishL/aboutddc/advisory.html HTTP/1.1" 200 27384 "-" "Java/1.4.1_04"
63.230.22.115 - - [24/Jan/2006:12:12:43 -0500] "GET /englishL/aboutddc/index.html HTTP/1.1" 200 6558 "-" "Java/1.4.1_04"
64.12.116.5 - - [24/Jan/2006:12:12:45 -0500] "GET /englishL/home/2006.php HTTP/1.0" 200 248098 "http://www.darwinday.org/" "Mozilla/4.0 (compatible; MSIE 6.0; AOL 8.0; Windows NT 5.0)"
67.121.120.106 - - [24/Jan/2006:12:12:53 -0500] "GET /englishL/home/2006.php HTTP/1.1" 200 248793 "http://www.darwinday.org/englishL/events/index.html" "Mozilla/4.0 (compatible; MSIE 6.0; Windows NT 5.1; SV1; YPC 3.2.0; .NET CLR 1.1.4322; yplus 5.1.02b)"
63.230.22.115 - - [24/Jan/2006:12:13:05 -0500] "GET /englishL/dispsupport/index.php HTTP/1.1" 200 134700 "-" "Java/1.4.1_04"
63.230.22.115 - - [24/Jan/2006:12:13:09 -0500] "GET /englishL/donate/index.html HTTP/1.1" 200 5626 "-" "Java/1.4.1_04"
63.230.22.115 - - [24/Jan/2006:12:13:10 -0500] "GET /englishL/events/index.html HTTP/1.1" 200 4612 "-" "Java/1.4.1_04"
63.230.22.115 - - [24/Jan/2006:12:13:13 -0500] "GET /englishL/evolution/index.html HTTP/1.1" 200 4606 "-" "Java/1.4.1_04"
63.230.22.115 - - [24/Jan/2006:12:13:16 -0500] "GET /englishL/home/2002.html HTTP/1.1" 200 26407 "-" "Java/1.4.1_04"
63.230.22.115 - - [24/Jan/2006:12:13:41 -0500] "GET /englishL/home/2003.html HTTP/1.1" 200 100585 "-" "Java/1.4.1_04"
64.12.116.72 - - [24/Jan/2006:12:13:41 -0500] "GET /englishL/regevent/index.php HTTP/1.1" 200 31680 "http://www.darwinday.org/englishL/home/2006.php" "Mozilla/4.0 (compatible; MSIE 6.0; AOL 8.0; Windows NT 5.0)"
63.230.22.115 - - [24/Jan/2006:12:13:42 -0500] "GET /event_info/www.ncseweb.org HTTP/1.1" 404 3400 "-" "Java/1.4.1_04"
63.230.22.115 - - [24/Jan/2006:12:13:53 -0500] "GET /englishL/home/2004.html HTTP/1.1" 200 80150 "-" "Java/1.4.1_04"
64.12.116.72 - - [24/Jan/2006:12:14:18 -0500] "GET /englishL/regevent/index.php HTTP/1.1" 200 31680 "http://www.darwinday.org/englishL/home/2006.php" "Mozilla/4.0 (compatible; MSIE 6.0; AOL 8.0; Windows NT 5.0)"
63.230.22.115 - - [24/Jan/2006:12:14:19 -0500] "GET /englishL/home/2005.php HTTP/1.1" 200 147768 "-" "Java/1.4.1_04"
63.230.22.115 - - [24/Jan/2006:12:14:41 -0500] "GET /englishL/home/2006.php HTTP/1.1" 200 133200 "-" "Java/1.4.1_04"
63.230.22.115 - - [24/Jan/2006:12:14:41 -0500] "GET /englishL/home/2007.html HTTP/1.1" 200 4314 "-" "Java/1.4.1_04"
192.229.17.113 - - [24/Jan/2006:12:14:43 -0500] "GET /englishL/events/index.html HTTP/1.1" 200 4612 "http://www.darwinday.org/" "Mozilla/4.0 (compatible; MSIE 6.0; Windows NT 5.1; .NET CLR 1.1.4322; .NET CLR 2.0.50727)"
63.230.22.115 - - [24/Jan/2006:12:14:44 -0500] "GET /englishL/home/2008.html HTTP/1.1" 200 3869 "-" "Java/1.4.1_04"
192.229.17.113 - - [24/Jan/2006:12:14:44 -0500] "GET /images/goldball.gif HTTP/1.1" 200 332 "http://www.darwinday.org/englishL/events/index.html" "Mozilla/4.0 (compatible; MSIE 6.0; Windows NT 5.1; .NET CLR 1.1.4322; .NET CLR 2.0.50727)"
63.230.22.115 - - [24/Jan/2006:12:14:44 -0500] "GET /englishL/home/2009.html HTTP/1.1" 200 4495 "-" "Java/1.4.1_04"
63.230.22.115 - - [24/Jan/2006:12:14:48 -0500] "GET /englishL/home/index.html HTTP/1.1" 200 25693 "-" "Java/1.4.1_04"
63.230.22.115 - - [24/Jan/2006:12:14:48 -0500] "GET /englishL/life/index.html HTTP/1.1" 200 9860 "-" "Java/1.4.1_04"
67.121.120.106 - - [24/Jan/2006:12:14:53 -0500] "GET /englishL/home/2006.php HTTP/1.1" 200 248793 "http://www.darwinday.org/englishL/events/index.html" "Mozilla/4.0 (compatible; MSIE 6.0; Windows NT 5.1; SV1; YPC 3.2.0; .NET CLR 1.1.4322; yplus 5.1.02b)"
63.230.22.115 - - [24/Jan/2006:12:14:54 -0500] "GET /englishL/newsviews/darlin.html HTTP/1.1" 200 21534 "-" "Java/1.4.1_04"
63.230.22.115 - - [24/Jan/2006:12:14:57 -0500] "GET /englishL/newsviews/essays.html HTTP/1.1" 200 7578 "-" "Java/1.4.1_04"
63.230.22.115 - - [24/Jan/2006:12:14:59 -0500] "GET /englishL/newsviews/index.html HTTP/1.1" 200 4903 "-" "Java/1.4.1_04"
63.230.22.115 - - [24/Jan/2006:12:15:00 -0500] "GET /englishL/regemail/index.php HTTP/1.1" 200 6017 "-" "Java/1.4.1_04"
63.230.22.115 - - [24/Jan/2006:12:15:08 -0500] "GET /englishL/regevent/index.php HTTP/1.1" 200 31680 "-" "Java/1.4.1_04"
63.230.22.115 - - [24/Jan/2006:12:15:14 -0500] "GET /englishL/register/index.php HTTP/1.1" 200 19970 "-" "Java/1.4.1_04"
63.230.22.115 - - [24/Jan/2006:12:15:17 -0500] "GET /NEWlang/home/index.html HTTP/1.1" 200 25642 "-" "Java/1.4.1_04"
63.230.22.115 - - [24/Jan/2006:12:15:20 -0500] "GET /NEWlang/currarts.html HTTP/1.1" 200 5652 "-" "Java/1.4.1_04"
149.28.227.61 - - [24/Jan/2006:12:15:21 -0500] "POST /englishL/regevent/index.php? HTTP/1.1" 302 17156 "http://darwinday.org/englishL/regevent/index.php" "Mozilla/5.0 (Windows; U; Windows NT 5.1; en-US; rv:1.8) Gecko/20051111 Firefox/1.5"
63.230.22.115 - - [24/Jan/2006:12:15:23 -0500] "GET /englishL/aboutddc/contact.html HTTP/1.1" 200 3359 "-" "Java/1.4.1_04"
65.214.44.199 - - [24/Jan/2006:12:15:24 -0500] "GET /robots.txt HTTP/1.0" 404 3372 "-" "Mozilla/2.0 (compatible; Ask Jeeves/Teoma; +http://sp.ask.com/docs/about/tech_crawling.html)"
149.28.227.61 - - [24/Jan/2006:12:15:24 -0500] "GET /englishL/regevent/thanks3.html? HTTP/1.1" 200 3179 "http://darwinday.org/englishL/regevent/index.php" "Mozilla/5.0 (Windows; U; Windows NT 5.1; en-US; rv:1.8) Gecko/20051111 Firefox/1.5"
63.230.22.115 - - [24/Jan/2006:12:15:27 -0500] "GET /spanishSA/home/index.html HTTP/1.1" 200 27618 "-" "Java/1.4.1_04"
63.230.22.115 - - [24/Jan/2006:12:15:29 -0500] "GET /spanishSA/currarts.html HTTP/1.1" 200 5652 "-" "Java/1.4.1_04"
63.230.22.115 - - [24/Jan/2006:12:15:32 -0500] "GET /englishL/aboutddc/creators.html HTTP/1.1" 200 4394 "-" "Java/1.4.1_04"
63.230.22.115 - - [24/Jan/2006:12:15:33 -0500] "GET /englishL/aboutddc/history.html HTTP/1.1" 200 10915 "-" "Java/1.4.1_04"
63.230.22.115 - - [24/Jan/2006:12:15:38 -0500] "GET /englishL/aboutddc/mission.html HTTP/1.1" 200 5157 "-" "Java/1.4.1_04"
63.230.22.115 - - [24/Jan/2006:12:15:39 -0500] "GET /englishL/aboutddc/organization.html HTTP/1.1" 200 4043 "-" "Java/1.4.1_04"
63.230.22.115 - - [24/Jan/2006:12:15:40 -0500] "GET /englishL/aboutddc/support.html HTTP/1.1" 200 4526 "-" "Java/1.4.1_04"
63.230.22.115 - - [24/Jan/2006:12:15:41 -0500] "GET /englishL/donate/irsletter.html HTTP/1.1" 200 3760 "-" "Java/1.4.1_04"
63.230.22.115 - - [24/Jan/2006:12:15:43 -0500] "GET /englishL/assistevent/index.html HTTP/1.1" 200 25366 "-" "Java/1.4.1_04"
129.22.34.133 - - [24/Jan/2006:12:15:44 -0500] "GET /stylesheets/mainenglishL.css HTTP/1.1" 200 590 "http://www.darwinday.org/" "Mozilla/4.0 (compatible; MSIE 6.0; Windows NT 5.1; SV1; .NET CLR 1.1.4322; InfoPath.1)"
129.22.34.133 - - [24/Jan/2006:12:15:44 -0500] "GET /stylesheets/main.css HTTP/1.1" 200 658 "http://www.darwinday.org/" "Mozilla/4.0 (compatible; MSIE 6.0; Windows NT 5.1; SV1; .NET CLR 1.1.4322; InfoPath.1)"
129.22.34.133 - - [24/Jan/2006:12:15:44 -0500] "GET /images/topleftlogo.gif HTTP/1.1" 200 6907 "http://www.darwinday.org/" "Mozilla/4.0 (compatible; MSIE 6.0; Windows NT 5.1; SV1; .NET CLR 1.1.4322; InfoPath.1)"
129.22.34.133 - - [24/Jan/2006:12:15:46 -0500] "GET / HTTP/1.1" 200 25315 "-" "Mozilla/4.0 (compatible; MSIE 6.0; Windows NT 5.1; SV1; .NET CLR 1.1.4322; InfoPath.1)"
129.22.34.133 - - [24/Jan/2006:12:15:46 -0500] "GET /englishL/currarts.html HTTP/1.1" 200 5653 "http://www.darwinday.org/" "Mozilla/4.0 (compatible; MSIE 6.0; Windows NT 5.1; SV1; .NET CLR 1.1.4322; InfoPath.1)"
63.230.22.115 - - [24/Jan/2006:12:15:46 -0500] "GET /englishL/evolution/dna.html HTTP/1.1" 200 7092 "-" "Java/1.4.1_04"
129.22.34.133 - - [24/Jan/2006:12:15:49 -0500] "GET /images/header.gif HTTP/1.1" 200 26756 "http://www.darwinday.org/" "Mozilla/4.0 (compatible; MSIE 6.0; Windows NT 5.1; SV1; .NET CLR 1.1.4322; InfoPath.1)"
63.230.22.115 - - [24/Jan/2006:12:15:50 -0500] "GET /englishL/evolution/inheritance.html HTTP/1.1" 200 4631 "-" "Java/1.4.1_04"
63.230.22.115 - - [24/Jan/2006:12:15:52 -0500] "GET /englishL/evolution/theory.html HTTP/1.1" 200 9412 "-" "Java/1.4.1_04"
129.22.34.133 - - [24/Jan/2006:12:15:52 -0500] "GET /englishL/images/titletrans.gif HTTP/1.1" 200 15588 "http://www.darwinday.org/" "Mozilla/4.0 (compatible; MSIE 6.0; Windows NT 5.1; SV1; .NET CLR 1.1.4322; InfoPath.1)"
129.22.34.133 - - [24/Jan/2006:12:15:53 -0500] "GET /englishL/images/navbar.gif HTTP/1.1" 200 2667 "http://www.darwinday.org/" "Mozilla/4.0 (compatible; MSIE 6.0; Windows NT 5.1; SV1; .NET CLR 1.1.4322; InfoPath.1)"
63.230.22.115 - - [24/Jan/2006:12:15:56 -0500] "GET /englishL/life/beagle.html HTTP/1.1" 200 20574 "-" "Java/1.4.1_04"
129.22.34.133 - - [24/Jan/2006:12:15:58 -0500] "GET /englishL/home/images/darwinages.gif HTTP/1.1" 200 50309 "http://www.darwinday.org/" "Mozilla/4.0 (compatible; MSIE 6.0; Windows NT 5.1; SV1; .NET CLR 1.1.4322; InfoPath.1)"
129.22.34.133 - - [24/Jan/2006:12:16:00 -0500] "GET /images/arrow.gif HTTP/1.1" 200 112 "http://www.darwinday.org/" "Mozilla/4.0 (compatible; MSIE 6.0; Windows NT 5.1; SV1; .NET CLR 1.1.4322; InfoPath.1)"
63.230.22.115 - - [24/Jan/2006:12:16:00 -0500] "GET /englishL/life/cambridgeafter.html HTTP/1.1" 200 7385 "-" "Java/1.4.1_04"
129.22.34.133 - - [24/Jan/2006:12:16:00 -0500] "GET /images/dnahorizl.gif HTTP/1.1" 200 2130 "http://www.darwinday.org/" "Mozilla/4.0 (compatible; MSIE 6.0; Windows NT 5.1; SV1; .NET CLR 1.1.4322; InfoPath.1)"
129.22.34.133 - - [24/Jan/2006:12:16:00 -0500] "GET /images/dnahoriz.gif HTTP/1.1" 200 3391 "http://www.darwinday.org/" "Mozilla/4.0 (compatible; MSIE 6.0; Windows NT 5.1; SV1; .NET CLR 1.1.4322; InfoPath.1)"
129.22.34.133 - - [24/Jan/2006:12:16:02 -0500] "GET /images/dnahorizr.gif HTTP/1.1" 200 2104 "http://www.darwinday.org/" "Mozilla/4.0 (compatible; MSIE 6.0; Windows NT 5.1; SV1; .NET CLR 1.1.4322; InfoPath.1)"
129.22.34.133 - - [24/Jan/2006:12:16:02 -0500] "GET /englishL/home/images/lincoln.gif HTTP/1.1" 200 11057 "http://www.darwinday.org/" "Mozilla/4.0 (compatible; MSIE 6.0; Windows NT 5.1; SV1; .NET CLR 1.1.4322; InfoPath.1)"
65.214.44.199 - - [24/Jan/2006:12:16:02 -0500] "GET /englishL/home/2009.html HTTP/1.0" 200 4495 "-" "Mozilla/2.0 (compatible; Ask Jeeves/Teoma; +http://sp.ask.com/docs/about/tech_crawling.html)"
129.22.34.133 - - [24/Jan/2006:12:16:03 -0500] "GET /images/worldmaptransp.gif HTTP/1.1" 200 128893 "http://www.darwinday.org/" "Mozilla/4.0 (compatible; MSIE 6.0; Windows NT 5.1; SV1; .NET CLR 1.1.4322; InfoPath.1)"
129.22.34.133 - - [24/Jan/2006:12:16:04 -0500] "GET /englishL/home/images/darwin.gif HTTP/1.1" 200 13783 "http://www.darwinday.org/" "Mozilla/4.0 (compatible; MSIE 6.0; Windows NT 5.1; SV1; .NET CLR 1.1.4322; InfoPath.1)"
129.22.34.133 - - [24/Jan/2006:12:16:05 -0500] "GET /images/trans.gif HTTP/1.1" 200 49 "http://www.darwinday.org/" "Mozilla/4.0 (compatible; MSIE 6.0; Windows NT 5.1; SV1; .NET CLR 1.1.4322; InfoPath.1)"
129.22.34.133 - - [24/Jan/2006:12:16:05 -0500] "GET /englishL/home/images/manymore.gif HTTP/1.1" 200 581 "http://www.darwinday.org/" "Mozilla/4.0 (compatible; MSIE 6.0; Windows NT 5.1; SV1; .NET CLR 1.1.4322; InfoPath.1)"
129.22.34.133 - - [24/Jan/2006:12:16:05 -0500] "GET /englishL/home/images/joinus.gif HTTP/1.1" 200 524 "http://www.darwinday.org/" "Mozilla/4.0 (compatible; MSIE 6.0; Windows NT 5.1; SV1; .NET CLR 1.1.4322; InfoPath.1)"
63.230.22.115 - - [24/Jan/2006:12:16:05 -0500] "GET /englishL/life/children.html HTTP/1.1" 200 13665 "-" "Java/1.4.1_04"
129.22.34.133 - - [24/Jan/2006:12:16:06 -0500] "GET /englishL/home/images/horse.evolution.jpg HTTP/1.1" 200 29612 "http://www.darwinday.org/" "Mozilla/4.0 (compatible; MSIE 6.0; Windows NT 5.1; SV1; .NET CLR 1.1.4322; InfoPath.1)"
129.22.34.133 - - [24/Jan/2006:12:16:06 -0500] "GET /images/DNAlogo.gif HTTP/1.1" 200 1370 "http://www.darwinday.org/englishL/currarts.html" "Mozilla/4.0 (compatible; MSIE 6.0; Windows NT 5.1; SV1; .NET CLR 1.1.4322; InfoPath.1)"
129.22.34.133 - - [24/Jan/2006:12:16:08 -0500] "GET /englishL/home/images/beagle.gif HTTP/1.1" 200 37108 "http://www.darwinday.org/" "Mozilla/4.0 (compatible; MSIE 6.0; Windows NT 5.1; SV1; .NET CLR 1.1.4322; InfoPath.1)"
63.230.22.115 - - [24/Jan/2006:12:16:10 -0500] "GET /englishL/life/college.html HTTP/1.1" 200 16900 "-" "Java/1.4.1_04"
63.230.22.115 - - [24/Jan/2006:12:16:13 -0500] "GET /englishL/life/downhouse.html HTTP/1.1" 200 20176 "-" "Java/1.4.1_04"
63.230.22.115 - - [24/Jan/2006:12:16:19 -0500] "GET /englishL/life/emma.html HTTP/1.1" 200 12947 "-" "Java/1.4.1_04"
63.230.22.115 - - [24/Jan/2006:12:16:20 -0500] "GET /englishL/life/informal.html HTTP/1.1" 200 13801 "-" "Java/1.4.1_04"
63.230.22.115 - - [24/Jan/2006:12:16:22 -0500] "GET /englishL/life/london.html HTTP/1.1" 200 6084 "-" "Java/1.4.1_04"
63.230.22.115 - - [24/Jan/2006:12:16:22 -0500] "GET /englishL/life/maternal.html HTTP/1.1" 200 9363 "-" "Java/1.4.1_04"
63.230.22.115 - - [24/Jan/2006:12:16:25 -0500] "GET /englishL/life/parents.html HTTP/1.1" 200 7215 "-" "Java/1.4.1_04"
63.230.22.115 - - [24/Jan/2006:12:16:36 -0500] "GET /englishL/life/paternal.html HTTP/1.1" 200 3115 "-" "Java/1.4.1_04"
63.230.22.115 - - [24/Jan/2006:12:16:42 -0500] "GET /englishL/life/shrewsbury.html HTTP/1.1" 200 37679 "-" "Java/1.4.1_04"
63.230.22.115 - - [24/Jan/2006:12:16:46 -0500] "GET /englishL/life/siblings.html HTTP/1.1" 200 7750 "-" "Java/1.4.1_04"
63.230.22.115 - - [24/Jan/2006:12:16:47 -0500] "GET /englishL/newsviews/evolution.html HTTP/1.1" 200 9567 "-" "Java/1.4.1_04"
63.230.22.115 - - [24/Jan/2006:12:16:49 -0500] "GET /englishL/newsviews/news.html HTTP/1.1" 200 12650 "-" "Java/1.4.1_04"
63.230.22.115 - - [24/Jan/2006:12:16:53 -0500] "GET /englishL/register/privacy.html HTTP/1.1" 200 3473 "-" "Java/1.4.1_04"
65.214.44.197 - - [24/Jan/2006:12:17:02 -0500] "GET /robots.txt HTTP/1.0" 404 3372 "-" "Mozilla/2.0 (compatible; Ask Jeeves/Teoma; +http://sp.ask.com/docs/about/tech_crawling.html)"
65.214.44.197 - - [24/Jan/2006:12:17:15 -0500] "GET /englishL/home/2009.html HTTP/1.0" 200 4495 "-" "Mozilla/2.0 (compatible; Ask Jeeves/Teoma; +http://sp.ask.com/docs/about/tech_crawling.html)"
63.230.22.115 - - [24/Jan/2006:12:17:22 -0500] "GET /NEWlang/aboutddc/advisory.html HTTP/1.1" 200 22829 "-" "Java/1.4.1_04"
63.230.22.115 - - [24/Jan/2006:12:17:23 -0500] "GET /NEWlang/aboutddc/index.html HTTP/1.1" 200 6542 "-" "Java/1.4.1_04"
129.22.34.133 - - [24/Jan/2006:12:17:26 -0500] "GET /englishL/home/2006.php HTTP/1.1" 200 251141 "http://www.darwinday.org/" "Mozilla/4.0 (compatible; MSIE 6.0; Windows NT 5.1; SV1; .NET CLR 1.1.4322; InfoPath.1)"
64.12.116.72 - - [24/Jan/2006:12:17:30 -0500] "GET /englishL/regevent/index.php HTTP/1.1" 200 31680 "-" "Mozilla/4.0 (compatible; MSIE 6.0; AOL 8.0; Windows NT 5.0)"
65.214.44.199 - - [24/Jan/2006:12:17:32 -0500] "GET /englishL/home/2008.html HTTP/1.0" 200 3869 "-" "Mozilla/2.0 (compatible; Ask Jeeves/Teoma; +http://sp.ask.com/docs/about/tech_crawling.html)"
151.24.110.61 - - [24/Jan/2006:12:17:42 -0500] "GET /stylesheets/mainenglishL.css HTTP/1.1" 200 590 "http://www.darwinday.org/" "Mozilla/4.0 (compatible; MSIE 6.0; Windows NT 5.1; SV1; .NET CLR 1.1.4322)"
151.24.110.61 - - [24/Jan/2006:12:17:42 -0500] "GET /stylesheets/main.css HTTP/1.1" 200 658 "http://www.darwinday.org/" "Mozilla/4.0 (compatible; MSIE 6.0; Windows NT 5.1; SV1; .NET CLR 1.1.4322)"
151.24.110.61 - - [24/Jan/2006:12:17:43 -0500] "GET /images/topleftlogo.gif HTTP/1.1" 200 6907 "http://www.darwinday.org/" "Mozilla/4.0 (compatible; MSIE 6.0; Windows NT 5.1; SV1; .NET CLR 1.1.4322)"
151.24.110.61 - - [24/Jan/2006:12:17:43 -0500] "GET / HTTP/1.1" 200 25315 "http://www.google.it/search?hl=it&q=Darwin+Day&btnG=Cerca+con+Google&meta=" "Mozilla/4.0 (compatible; MSIE 6.0; Windows NT 5.1; SV1; .NET CLR 1.1.4322)"
151.24.110.61 - - [24/Jan/2006:12:17:45 -0500] "GET /englishL/currarts.html HTTP/1.1" 200 5653 "http://www.darwinday.org/" "Mozilla/4.0 (compatible; MSIE 6.0; Windows NT 5.1; SV1; .NET CLR 1.1.4322)"
64.12.116.5 - - [24/Jan/2006:12:17:45 -0500] "GET /englishL/home/2006.php HTTP/1.1" 200 251141 "-" "Mozilla/4.0 (compatible; MSIE 6.0; AOL 8.0; Windows NT 5.0)"
63.230.22.115 - - [24/Jan/2006:12:17:49 -0500] "GET /NEWlang/dispsupport/index.php HTTP/1.1" 200 53475 "-" "Java/1.4.1_04"
63.230.22.115 - - [24/Jan/2006:12:17:49 -0500] "GET /NEWlang/donate/index.html HTTP/1.1" 200 5623 "-" "Java/1.4.1_04"
151.24.110.61 - - [24/Jan/2006:12:17:50 -0500] "GET /englishL/images/navbar.gif HTTP/1.1" 200 2667 "http://www.darwinday.org/" "Mozilla/4.0 (compatible; MSIE 6.0; Windows NT 5.1; SV1; .NET CLR 1.1.4322)"
151.24.110.61 - - [24/Jan/2006:12:17:50 -0500] "GET /images/header.gif HTTP/1.1" 200 26756 "http://www.darwinday.org/" "Mozilla/4.0 (compatible; MSIE 6.0; Windows NT 5.1; SV1; .NET CLR 1.1.4322)"
63.230.22.115 - - [24/Jan/2006:12:17:50 -0500] "GET /NEWlang/events/index.html HTTP/1.1" 200 4608 "-" "Java/1.4.1_04"
63.230.22.115 - - [24/Jan/2006:12:18:00 -0500] "GET /NEWlang/evolution/index.html HTTP/1.1" 200 4601 "-" "Java/1.4.1_04"
63.230.22.115 - - [24/Jan/2006:12:18:04 -0500] "GET /NEWlang/home/2002.html HTTP/1.1" 200 26404 "-" "Java/1.4.1_04"
151.24.110.61 - - [24/Jan/2006:12:18:11 -0500] "GET /englishL/images/titletrans.gif HTTP/1.1" 200 15588 "http://www.darwinday.org/" "Mozilla/4.0 (compatible; MSIE 6.0; Windows NT 5.1; SV1; .NET CLR 1.1.4322)"
151.24.110.61 - - [24/Jan/2006:12:18:15 -0500] "GET /images/worldmaptransp.gif HTTP/1.1" 200 81355 "http://www.darwinday.org/" "Mozilla/4.0 (compatible; MSIE 6.0; Windows NT 5.1; SV1; .NET CLR 1.1.4322)"
63.230.22.115 - - [24/Jan/2006:12:18:29 -0500] "GET /NEWlang/home/2003.html HTTP/1.1" 200 100582 "-" "Java/1.4.1_04"
151.24.110.61 - - [24/Jan/2006:12:18:37 -0500] "GET /images/worldmaptransp.gif HTTP/1.1" 206 60678 "http://www.darwinday.org/englishL/home/2006.php" "Mozilla/4.0 (compatible; MSIE 6.0; Windows NT 5.1; SV1; .NET CLR 1.1.4322)"
151.24.110.61 - - [24/Jan/2006:12:18:41 -0500] "GET /englishL/images/titletrans.gif HTTP/1.1" 206 7231 "http://www.darwinday.org/englishL/home/2006.php" "Mozilla/4.0 (compatible; MSIE 6.0; Windows NT 5.1; SV1; .NET CLR 1.1.4322)"
63.230.22.115 - - [24/Jan/2006:12:18:50 -0500] "GET /NEWlang/home/2004.html HTTP/1.1" 200 80146 "-" "Java/1.4.1_04"
149.28.227.61 - - [24/Jan/2006:12:18:52 -0500] "GET /englishL/home/2006.php HTTP/1.1" 200 251141 "http://darwinday.org/englishL/events/index.html" "Mozilla/5.0 (Windows; U; Windows NT 5.1; en-US; rv:1.8) Gecko/20051111 Firefox/1.5"
65.214.44.199 - - [24/Jan/2006:12:18:56 -0500] "GET /englishL/home/2004.html HTTP/1.0" 200 80150 "-" "Mozilla/2.0 (compatible; Ask Jeeves/Teoma; +http://sp.ask.com/docs/about/tech_crawling.html)"
63.230.22.115 - - [24/Jan/2006:12:19:11 -0500] "GET /NEWlang/home/2005.php HTTP/1.1" 200 76620 "-" "Java/1.4.1_04"
151.24.110.61 - - [24/Jan/2006:12:19:32 -0500] "GET /englishL/home/2006.php HTTP/1.1" 200 251141 "http://www.darwinday.org/" "Mozilla/4.0 (compatible; MSIE 6.0; Windows NT 5.1; SV1; .NET CLR 1.1.4322)"
63.230.22.115 - - [24/Jan/2006:12:19:32 -0500] "GET /NEWlang/home/2006.php HTTP/1.1" 200 54840 "-" "Java/1.4.1_04"
63.230.22.115 - - [24/Jan/2006:12:19:33 -0500] "GET /NEWlang/home/2007.html HTTP/1.1" 200 4311 "-" "Java/1.4.1_04"
151.24.110.61 - - [24/Jan/2006:12:19:33 -0500] "GET /images/arrow.gif HTTP/1.1" 200 112 "http://www.darwinday.org/" "Mozilla/4.0 (compatible; MSIE 6.0; Windows NT 5.1; SV1; .NET CLR 1.1.4322)"
68.124.237.34 - - [24/Jan/2006:12:19:33 -0500] "GET /stylesheets/mainenglishL.css HTTP/1.1" 200 590 "http://www.darwinday.org/" "Mozilla/4.0 (compatible; MSIE 6.0; Windows NT 5.1; SV1; .NET CLR 1.1.4322)"
68.124.237.34 - - [24/Jan/2006:12:19:33 -0500] "GET / HTTP/1.1" 200 25315 "-" "Mozilla/4.0 (compatible; MSIE 6.0; Windows NT 5.1; SV1; .NET CLR 1.1.4322)"
68.124.237.34 - - [24/Jan/2006:12:19:33 -0500] "GET /stylesheets/main.css HTTP/1.1" 200 658 "http://www.darwinday.org/" "Mozilla/4.0 (compatible; MSIE 6.0; Windows NT 5.1; SV1; .NET CLR 1.1.4322)"
151.24.110.61 - - [24/Jan/2006:12:19:34 -0500] "GET /images/dnahorizl.gif HTTP/1.1" 200 2130 "http://www.darwinday.org/" "Mozilla/4.0 (compatible; MSIE 6.0; Windows NT 5.1; SV1; .NET CLR 1.1.4322)"
68.124.237.34 - - [24/Jan/2006:12:19:34 -0500] "GET /images/topleftlogo.gif HTTP/1.1" 200 6907 "http://www.darwinday.org/" "Mozilla/4.0 (compatible; MSIE 6.0; Windows NT 5.1; SV1; .NET CLR 1.1.4322)"
68.124.237.34 - - [24/Jan/2006:12:19:35 -0500] "GET /englishL/currarts.html HTTP/1.1" 200 5653 "http://www.darwinday.org/" "Mozilla/4.0 (compatible; MSIE 6.0; Windows NT 5.1; SV1; .NET CLR 1.1.4322)"
151.24.110.61 - - [24/Jan/2006:12:19:35 -0500] "GET /images/dnahoriz.gif HTTP/1.1" 200 3391 "http://www.darwinday.org/" "Mozilla/4.0 (compatible; MSIE 6.0; Windows NT 5.1; SV1; .NET CLR 1.1.4322)"
68.124.237.34 - - [24/Jan/2006:12:19:35 -0500] "GET /images/header.gif HTTP/1.1" 200 26756 "http://www.darwinday.org/" "Mozilla/4.0 (compatible; MSIE 6.0; Windows NT 5.1; SV1; .NET CLR 1.1.4322)"
68.124.237.34 - - [24/Jan/2006:12:19:36 -0500] "GET /englishL/images/titletrans.gif HTTP/1.1" 200 15588 "http://www.darwinday.org/" "Mozilla/4.0 (compatible; MSIE 6.0; Windows NT 5.1; SV1; .NET CLR 1.1.4322)"
151.24.110.61 - - [24/Jan/2006:12:19:36 -0500] "GET /images/dnahorizr.gif HTTP/1.1" 200 2104 "http://www.darwinday.org/" "Mozilla/4.0 (compatible; MSIE 6.0; Windows NT 5.1; SV1; .NET CLR 1.1.4322)"
68.124.237.34 - - [24/Jan/2006:12:19:38 -0500] "GET /englishL/images/navbar.gif HTTP/1.1" 200 2667 "http://www.darwinday.org/" "Mozilla/4.0 (compatible; MSIE 6.0; Windows NT 5.1; SV1; .NET CLR 1.1.4322)"
151.24.110.61 - - [24/Jan/2006:12:19:40 -0500] "GET /englishL/home/images/lincoln.gif HTTP/1.1" 200 11057 "http://www.darwinday.org/" "Mozilla/4.0 (compatible; MSIE 6.0; Windows NT 5.1; SV1; .NET CLR 1.1.4322)"
63.230.22.115 - - [24/Jan/2006:12:19:40 -0500] "GET /NEWlang/home/2008.html HTTP/1.1" 200 3866 "-" "Java/1.4.1_04"
68.124.237.34 - - [24/Jan/2006:12:19:42 -0500] "GET /englishL/home/images/darwinages.gif HTTP/1.1" 200 50309 "http://www.darwinday.org/" "Mozilla/4.0 (compatible; MSIE 6.0; Windows NT 5.1; SV1; .NET CLR 1.1.4322)"
63.230.22.115 - - [24/Jan/2006:12:19:48 -0500] "GET /NEWlang/home/2009.html HTTP/1.1" 200 4492 "-" "Java/1.4.1_04"
68.124.237.34 - - [24/Jan/2006:12:19:49 -0500] "GET /images/worldmaptransp.gif HTTP/1.1" 200 119547 "http://www.darwinday.org/" "Mozilla/4.0 (compatible; MSIE 6.0; Windows NT 5.1; SV1; .NET CLR 1.1.4322)"
68.124.237.34 - - [24/Jan/2006:12:19:50 -0500] "GET /stylesheets/main.css HTTP/1.1" 304 - "http://www.darwinday.org/englishL/home/2006.php" "Mozilla/4.0 (compatible; MSIE 6.0; Windows NT 5.1; SV1; .NET CLR 1.1.4322)"
68.124.237.34 - - [24/Jan/2006:12:19:50 -0500] "GET /images/topleftlogo.gif HTTP/1.1" 304 - "http://www.darwinday.org/englishL/home/2006.php" "Mozilla/4.0 (compatible; MSIE 6.0; Windows NT 5.1; SV1; .NET CLR 1.1.4322)"
68.124.237.34 - - [24/Jan/2006:12:19:50 -0500] "GET /images/header.gif HTTP/1.1" 304 - "http://www.darwinday.org/englishL/home/2006.php" "Mozilla/4.0 (compatible; MSIE 6.0; Windows NT 5.1; SV1; .NET CLR 1.1.4322)"
68.124.237.34 - - [24/Jan/2006:12:19:51 -0500] "GET /images/worldmaptransp.gif HTTP/1.1" 206 22198 "http://www.darwinday.org/englishL/home/2006.php" "Mozilla/4.0 (compatible; MSIE 6.0; Windows NT 5.1; SV1; .NET CLR 1.1.4322)"
63.230.22.115 - - [24/Jan/2006:12:19:52 -0500] "GET /NEWlang/life/index.html HTTP/1.1" 200 9825 "-" "Java/1.4.1_04"
68.124.237.34 - - [24/Jan/2006:12:19:54 -0500] "GET /englishL/images/titletrans.gif HTTP/1.1" 304 - "http://www.darwinday.org/englishL/home/2006.php" "Mozilla/4.0 (compatible; MSIE 6.0; Windows NT 5.1; SV1; .NET CLR 1.1.4322)"
68.124.237.34 - - [24/Jan/2006:12:19:56 -0500] "GET /englishL/images/navbar.gif HTTP/1.1" 304 - "http://www.darwinday.org/englishL/home/2006.php" "Mozilla/4.0 (compatible; MSIE 6.0; Windows NT 5.1; SV1; .NET CLR 1.1.4322)"
151.24.110.61 - - [24/Jan/2006:12:19:58 -0500] "GET /englishL/home/images/darwin.gif HTTP/1.1" 200 13783 "http://www.darwinday.org/" "Mozilla/4.0 (compatible; MSIE 6.0; Windows NT 5.1; SV1; .NET CLR 1.1.4322)"
63.230.22.115 - - [24/Jan/2006:12:20:00 -0500] "GET /NEWlang/newsviews/darlin.html HTTP/1.1" 200 21532 "-" "Java/1.4.1_04"
63.230.22.115 - - [24/Jan/2006:12:20:01 -0500] "GET /NEWlang/newsviews/essays.html HTTP/1.1" 200 7576 "-" "Java/1.4.1_04"
151.24.110.61 - - [24/Jan/2006:12:20:04 -0500] "GET /englishL/home/images/darwinages.gif HTTP/1.1" 200 50309 "http://www.darwinday.org/" "Mozilla/4.0 (compatible; MSIE 6.0; Windows NT 5.1; SV1; .NET CLR 1.1.4322)"
63.230.22.115 - - [24/Jan/2006:12:20:07 -0500] "GET /NEWlang/newsviews/index.html HTTP/1.1" 200 4893 "-" "Java/1.4.1_04"
151.24.110.61 - - [24/Jan/2006:12:20:07 -0500] "GET /images/trans.gif HTTP/1.1" 200 49 "http://www.darwinday.org/" "Mozilla/4.0 (compatible; MSIE 6.0; Windows NT 5.1; SV1; .NET CLR 1.1.4322)"
63.230.22.115 - - [24/Jan/2006:12:20:09 -0500] "GET /NEWlang/regemail/index.php HTTP/1.1" 200 6014 "-" "Java/1.4.1_04"
151.24.110.61 - - [24/Jan/2006:12:20:09 -0500] "GET /englishL/home/images/manymore.gif HTTP/1.1" 200 581 "http://www.darwinday.org/" "Mozilla/4.0 (compatible; MSIE 6.0; Windows NT 5.1; SV1; .NET CLR 1.1.4322)"
151.24.110.61 - - [24/Jan/2006:12:20:10 -0500] "GET /englishL/home/images/joinus.gif HTTP/1.1" 200 524 "http://www.darwinday.org/" "Mozilla/4.0 (compatible; MSIE 6.0; Windows NT 5.1; SV1; .NET CLR 1.1.4322)"
151.24.110.61 - - [24/Jan/2006:12:20:15 -0500] "GET /englishL/home/images/horse.evolution.jpg HTTP/1.1" 200 18576 "http://www.darwinday.org/" "Mozilla/4.0 (compatible; MSIE 6.0; Windows NT 5.1; SV1; .NET CLR 1.1.4322)"
63.230.22.115 - - [24/Jan/2006:12:20:16 -0500] "GET /NEWlang/regevent/index.php HTTP/1.1" 200 31674 "-" "Java/1.4.1_04"
63.230.22.115 - - [24/Jan/2006:12:20:24 -0500] "GET /NEWlang/register/index.php HTTP/1.1" 200 19965 "-" "Java/1.4.1_04"
63.230.22.115 - - [24/Jan/2006:12:20:30 -0500] "GET /spanishSA/aboutddc/advisory.html HTTP/1.1" 200 27375 "-" "Java/1.4.1_04"
63.230.22.115 - - [24/Jan/2006:12:20:31 -0500] "GET /spanishSA/aboutddc/index.html HTTP/1.1" 200 6563 "-" "Java/1.4.1_04"
68.124.237.34 - - [24/Jan/2006:12:20:39 -0500] "GET /englishL/home/2006.php HTTP/1.1" 200 98196 "http://www.darwinday.org/" "Mozilla/4.0 (compatible; MSIE 6.0; Windows NT 5.1; SV1; .NET CLR 1.1.4322)"
63.230.22.115 - - [24/Jan/2006:12:20:52 -0500] "GET /spanishSA/dispsupport/index.php HTTP/1.1" 200 137338 "-" "Java/1.4.1_04"
63.230.22.115 - - [24/Jan/2006:12:20:53 -0500] "GET /spanishSA/donate/index.html HTTP/1.1" 200 5618 "-" "Java/1.4.1_04"
63.230.22.115 - - [24/Jan/2006:12:20:54 -0500] "GET /spanishSA/events/index.html HTTP/1.1" 200 4605 "-" "Java/1.4.1_04"
63.230.22.115 - - [24/Jan/2006:12:20:55 -0500] "GET /spanishSA/evolution/index.html HTTP/1.1" 200 4600 "-" "Java/1.4.1_04"
64.12.116.203 - - [24/Jan/2006:12:21:00 -0500] "POST /englishL/regevent/index.php? HTTP/1.0" 302 31570 "http://www.darwinday.org/englishL/regevent/index.php" "Mozilla/4.0 (compatible; MSIE 6.0; AOL 8.0; Windows NT 5.0)"
64.12.116.65 - - [24/Jan/2006:12:21:01 -0500] "GET /englishL/regevent/thanks3.html? HTTP/1.0" 200 3179 "http://www.darwinday.org/englishL/regevent/index.php" "Mozilla/4.0 (compatible; MSIE 6.0; AOL 8.0; Windows NT 5.0)"
63.230.22.115 - - [24/Jan/2006:12:21:01 -0500] "GET /spanishSA/home/2002.html HTTP/1.1" 200 26399 "-" "Java/1.4.1_04"
64.12.116.203 - - [24/Jan/2006:12:21:03 -0500] "POST /englishL/regevent/index.php? HTTP/1.1" 302 31680 "http://www.darwinday.org/englishL/regevent/index.php" "Mozilla/4.0 (compatible; MSIE 6.0; AOL 8.0; Windows NT 5.0)"
64.12.116.203 - - [24/Jan/2006:12:21:04 -0500] "POST /englishL/regevent/index.php? HTTP/1.1" 302 31680 "http://www.darwinday.org/englishL/regevent/index.php" "Mozilla/4.0 (compatible; MSIE 6.0; AOL 8.0; Windows NT 5.0)"
64.12.116.65 - - [24/Jan/2006:12:21:05 -0500] "GET /englishL/regevent/thanks3.html? HTTP/1.0" 200 3179 "http://www.darwinday.org/englishL/regevent/index.php" "Mozilla/4.0 (compatible; MSIE 6.0; AOL 8.0; Windows NT 5.0)"
65.214.44.197 - - [24/Jan/2006:12:22:02 -0500] "GET /englishL/home/2004.html HTTP/1.0" 200 80150 "-" "Mozilla/2.0 (compatible; Ask Jeeves/Teoma; +http://sp.ask.com/docs/about/tech_crawling.html)"
65.214.44.199 - - [24/Jan/2006:12:22:36 -0500] "GET /englishL/home/2007.html HTTP/1.0" 200 4314 "-" "Mozilla/2.0 (compatible; Ask Jeeves/Teoma; +http://sp.ask.com/docs/about/tech_crawling.html)"
217.206.30.27 - - [24/Jan/2006:12:22:55 -0500] "GET /stylesheets/mainenglishL.css HTTP/1.0" 200 590 "http://www.darwinday.org/" "Mozilla/4.0 (compatible; MSIE 6.0; Windows NT 5.0)"
217.206.30.27 - - [24/Jan/2006:12:22:56 -0500] "GET /stylesheets/main.css HTTP/1.0" 200 658 "http://www.darwinday.org/" "Mozilla/4.0 (compatible; MSIE 6.0; Windows NT 5.0)"
217.206.30.27 - - [24/Jan/2006:12:22:56 -0500] "GET /images/topleftlogo.gif HTTP/1.0" 200 6907 "http://www.darwinday.org/" "Mozilla/4.0 (compatible; MSIE 6.0; Windows NT 5.0)"
217.206.30.27 - - [24/Jan/2006:12:22:56 -0500] "GET / HTTP/1.0" 200 25315 "http://www.simonyi.ox.ac.uk/dawkins/WorldOfDawkins-archive/News/events.shtml" "Mozilla/4.0 (compatible; MSIE 6.0; Windows NT 5.0)"
217.206.30.27 - - [24/Jan/2006:12:22:57 -0500] "GET /englishL/currarts.html HTTP/1.0" 200 5653 "http://www.darwinday.org/" "Mozilla/4.0 (compatible; MSIE 6.0; Windows NT 5.0)"
217.206.30.27 - - [24/Jan/2006:12:23:00 -0500] "GET /images/header.gif HTTP/1.0" 200 26756 "http://www.darwinday.org/" "Mozilla/4.0 (compatible; MSIE 6.0; Windows NT 5.0)"
217.206.30.27 - - [24/Jan/2006:12:23:01 -0500] "GET /englishL/images/titletrans.gif HTTP/1.0" 200 15588 "http://www.darwinday.org/" "Mozilla/4.0 (compatible; MSIE 6.0; Windows NT 5.0)"
217.206.30.27 - - [24/Jan/2006:12:23:01 -0500] "GET /englishL/images/navbar.gif HTTP/1.0" 200 2667 "http://www.darwinday.org/" "Mozilla/4.0 (compatible; MSIE 6.0; Windows NT 5.0)"
217.206.30.27 - - [24/Jan/2006:12:23:05 -0500] "GET /englishL/home/images/darwinages.gif HTTP/1.0" 200 44857 "http://www.darwinday.org/" "Mozilla/4.0 (compatible; MSIE 6.0; Windows NT 5.0)"
217.206.30.27 - - [24/Jan/2006:12:23:05 -0500] "GET /images/worldmaptransp.gif HTTP/1.0" 200 40475 "http://www.darwinday.org/" "Mozilla/4.0 (compatible; MSIE 6.0; Windows NT 5.0)"
65.214.44.197 - - [24/Jan/2006:12:23:34 -0500] "GET /englishL/home/2008.html HTTP/1.0" 200 3869 "-" "Mozilla/2.0 (compatible; Ask Jeeves/Teoma; +http://sp.ask.com/docs/about/tech_crawling.html)"
65.214.44.199 - - [24/Jan/2006:12:24:36 -0500] "GET /englishL/home/2003.html HTTP/1.0" 200 100585 "-" "Mozilla/2.0 (compatible; Ask Jeeves/Teoma; +http://sp.ask.com/docs/about/tech_crawling.html)"
65.214.44.197 - - [24/Jan/2006:12:27:05 -0500] "GET /englishL/home/2003.html HTTP/1.0" 200 100585 "-" "Mozilla/2.0 (compatible; Ask Jeeves/Teoma; +http://sp.ask.com/docs/about/tech_crawling.html)"
65.214.44.199 - - [24/Jan/2006:12:28:17 -0500] "GET /englishL/home/2002.html HTTP/1.0" 200 26407 "-" "Mozilla/2.0 (compatible; Ask Jeeves/Teoma; +http://sp.ask.com/docs/about/tech_crawling.html)"
65.214.44.197 - - [24/Jan/2006:12:28:19 -0500] "GET /englishL/home/2007.html HTTP/1.0" 200 4314 "-" "Mozilla/2.0 (compatible; Ask Jeeves/Teoma; +http://sp.ask.com/docs/about/tech_crawling.html)"
65.214.44.199 - - [24/Jan/2006:12:30:04 -0500] "GET /englishL/life/index.html HTTP/1.0" 200 9860 "-" "Mozilla/2.0 (compatible; Ask Jeeves/Teoma; +http://sp.ask.com/docs/about/tech_crawling.html)"
65.214.44.199 - - [24/Jan/2006:12:31:20 -0500] "GET /englishL/donate/index.html HTTP/1.0" 200 5626 "-" "Mozilla/2.0 (compatible; Ask Jeeves/Teoma; +http://sp.ask.com/docs/about/tech_crawling.html)"
65.214.44.197 - - [24/Jan/2006:12:32:02 -0500] "GET /englishL/life/index.html HTTP/1.0" 200 9860 "-" "Mozilla/2.0 (compatible; Ask Jeeves/Teoma; +http://sp.ask.com/docs/about/tech_crawling.html)"
65.214.44.199 - - [24/Jan/2006:12:32:31 -0500] "GET /englishL/events/index.html HTTP/1.0" 200 4612 "-" "Mozilla/2.0 (compatible; Ask Jeeves/Teoma; +http://sp.ask.com/docs/about/tech_crawling.html)"
65.214.44.197 - - [24/Jan/2006:12:32:53 -0500] "GET /englishL/home/2002.html HTTP/1.0" 200 26407 "-" "Mozilla/2.0 (compatible; Ask Jeeves/Teoma; +http://sp.ask.com/docs/about/tech_crawling.html)"
65.214.44.197 - - [24/Jan/2006:12:33:41 -0500] "GET /englishL/donate/index.html HTTP/1.0" 200 5626 "-" "Mozilla/2.0 (compatible; Ask Jeeves/Teoma; +http://sp.ask.com/docs/about/tech_crawling.html)"
65.214.44.199 - - [24/Jan/2006:12:33:52 -0500] "GET /englishL/newsviews/darlin.html HTTP/1.0" 200 21534 "-" "Mozilla/2.0 (compatible; Ask Jeeves/Teoma; +http://sp.ask.com/docs/about/tech_crawling.html)"
65.214.44.199 - - [24/Jan/2006:12:35:09 -0500] "GET /englishL/newsviews/index.html HTTP/1.0" 200 4903 "-" "Mozilla/2.0 (compatible; Ask Jeeves/Teoma; +http://sp.ask.com/docs/about/tech_crawling.html)"
146.201.138.204 - - [24/Jan/2006:12:35:09 -0500] "GET /stylesheets/mainenglishL.css HTTP/1.1" 200 590 "http://www.darwinday.org/" "Mozilla/4.0 (compatible; MSIE 6.0; Windows NT 5.1)"
146.201.138.204 - - [24/Jan/2006:12:35:09 -0500] "GET /stylesheets/main.css HTTP/1.1" 200 658 "http://www.darwinday.org/" "Mozilla/4.0 (compatible; MSIE 6.0; Windows NT 5.1)"
146.201.138.204 - - [24/Jan/2006:12:35:10 -0500] "GET / HTTP/1.1" 200 25315 "http://www.google.com/search?hl=en&q=darwin+day" "Mozilla/4.0 (compatible; MSIE 6.0; Windows NT 5.1)"
