146.201.138.204 - - [24/Jan/2006:12:35:11 -0500] "GET /englishL/currarts.html HTTP/1.1" 200 5653 "http://www.darwinday.org/" "Mozilla/4.0 (compatible; MSIE 6.0; Windows NT 5.1)"
146.201.138.204 - - [24/Jan/2006:12:35:12 -0500] "GET /images/topleftlogo.gif HTTP/1.1" 200 6907 "http://www.darwinday.org/" "Mozilla/4.0 (compatible; MSIE 6.0; Windows NT 5.1)"
146.201.138.204 - - [24/Jan/2006:12:35:13 -0500] "GET /images/header.gif HTTP/1.1" 200 26756 "http://www.darwinday.org/" "Mozilla/4.0 (compatible; MSIE 6.0; Windows NT 5.1)"
146.201.138.204 - - [24/Jan/2006:12:35:16 -0500] "GET /englishL/images/titletrans.gif HTTP/1.1" 200 15588 "http://www.darwinday.org/" "Mozilla/4.0 (compatible; MSIE 6.0; Windows NT 5.1)"
146.201.138.204 - - [24/Jan/2006:12:35:17 -0500] "GET /englishL/images/navbar.gif HTTP/1.1" 200 2667 "http://www.darwinday.org/" "Mozilla/4.0 (compatible; MSIE 6.0; Windows NT 5.1)"
146.201.138.204 - - [24/Jan/2006:12:35:20 -0500] "GET /englishL/home/images/darwinages.gif HTTP/1.1" 200 50309 "http://www.darwinday.org/" "Mozilla/4.0 (compatible; MSIE 6.0; Windows NT 5.1)"
146.201.138.204 - - [24/Jan/2006:12:35:21 -0500] "GET /images/dnahorizl.gif HTTP/1.1" 200 2130 "http://www.darwinday.org/" "Mozilla/4.0 (compatible; MSIE 6.0; Windows NT 5.1)"
146.201.138.204 - - [24/Jan/2006:12:35:21 -0500] "GET /images/arrow.gif HTTP/1.1" 200 112 "http://www.darwinday.org/" "Mozilla/4.0 (compatible; MSIE 6.0; Windows NT 5.1)"
146.201.138.204 - - [24/Jan/2006:12:35:21 -0500] "GET /images/dnahoriz.gif HTTP/1.1" 200 3391 "http://www.darwinday.org/" "Mozilla/4.0 (compatible; MSIE 6.0; Windows NT 5.1)"
146.201.138.204 - - [24/Jan/2006:12:35:22 -0500] "GET /images/dnahorizr.gif HTTP/1.1" 200 2104 "http://www.darwinday.org/" "Mozilla/4.0 (compatible; MSIE 6.0; Windows NT 5.1)"
66.255.49.152 - - [24/Jan/2006:12:35:24 -0500] "GET /stylesheets/mainenglishL.css HTTP/1.1" 200 590 "http://www.darwinday.org/" "Mozilla/5.0 (Macintosh; U; PPC Mac OS X; en) AppleWebKit/312.5.2 (KHTML, like Gecko) Safari/312.3.3"
66.255.49.152 - - [24/Jan/2006:12:35:24 -0500] "GET /stylesheets/main.css HTTP/1.1" 200 658 "http://www.darwinday.org/" "Mozilla/5.0 (Macintosh; U; PPC Mac OS X; en) AppleWebKit/312.5.2 (KHTML, like Gecko) Safari/312.3.3"
66.255.49.152 - - [24/Jan/2006:12:35:24 -0500] "GET /images/topleftlogo.gif HTTP/1.1" 200 6907 "http://www.darwinday.org/" "Mozilla/5.0 (Macintosh; U; PPC Mac OS X; en) AppleWebKit/312.5.2 (KHTML, like Gecko) Safari/312.3.3"
66.255.49.152 - - [24/Jan/2006:12:35:25 -0500] "GET /englishL/images/titletrans.gif HTTP/1.1" 200 15588 "http://www.darwinday.org/" "Mozilla/5.0 (Macintosh; U; PPC Mac OS X; en) AppleWebKit/312.5.2 (KHTML, like Gecko) Safari/312.3.3"
66.255.49.152 - - [24/Jan/2006:12:35:25 -0500] "GET / HTTP/1.1" 200 25315 "-" "Mozilla/5.0 (Macintosh; U; PPC Mac OS X; en) AppleWebKit/312.5.2 (KHTML, like Gecko) Safari/312.3.3"
66.255.49.152 - - [24/Jan/2006:12:35:26 -0500] "GET /images/header.gif HTTP/1.1" 200 26756 "http://www.darwinday.org/" "Mozilla/5.0 (Macintosh; U; PPC Mac OS X; en) AppleWebKit/312.5.2 (KHTML, like Gecko) Safari/312.3.3"
66.255.49.152 - - [24/Jan/2006:12:35:27 -0500] "GET /englishL/images/navbar.gif HTTP/1.1" 200 2667 "http://www.darwinday.org/" "Mozilla/5.0 (Macintosh; U; PPC Mac OS X; en) AppleWebKit/312.5.2 (KHTML, like Gecko) Safari/312.3.3"
146.201.138.204 - - [24/Jan/2006:12:35:28 -0500] "GET /englishL/home/images/lincoln.gif HTTP/1.1" 200 11057 "http://www.darwinday.org/" "Mozilla/4.0 (compatible; MSIE 6.0; Windows NT 5.1)"
66.255.49.152 - - [24/Jan/2006:12:35:28 -0500] "GET /englishL/currarts.html HTTP/1.1" 200 5653 "http://www.darwinday.org/" "Mozilla/5.0 (Macintosh; U; PPC Mac OS X; en) AppleWebKit/312.5.2 (KHTML, like Gecko) Safari/312.3.3"
66.255.49.152 - - [24/Jan/2006:12:35:28 -0500] "GET /englishL/home/images/lincoln.gif HTTP/1.1" 200 11057 "http://www.darwinday.org/" "Mozilla/5.0 (Macintosh; U; PPC Mac OS X; en) AppleWebKit/312.5.2 (KHTML, like Gecko) Safari/312.3.3"
66.255.49.152 - - [24/Jan/2006:12:35:30 -0500] "GET /englishL/home/images/darwin.gif HTTP/1.1" 200 13783 "http://www.darwinday.org/" "Mozilla/5.0 (Macintosh; U; PPC Mac OS X; en) AppleWebKit/312.5.2 (KHTML, like Gecko) Safari/312.3.3"
66.255.49.152 - - [24/Jan/2006:12:35:31 -0500] "GET /englishL/home/images/darwinages.gif HTTP/1.1" 200 50309 "http://www.darwinday.org/" "Mozilla/5.0 (Macintosh; U; PPC Mac OS X; en) AppleWebKit/312.5.2 (KHTML, like Gecko) Safari/312.3.3"
216.54.14.84 - - [24/Jan/2006:12:35:31 -0500] "GET / HTTP/1.0" 200 25315 "http://www.google.com/search?q=+Darwin&hl=en&lr=&start=10&sa=N" "Mozilla/4.0 (compatible; MSIE 6.0; Windows NT 5.1; SV1)"
216.54.14.84 - - [24/Jan/2006:12:35:32 -0500] "GET / HTTP/1.0" 200 25315 "http://www.google.com/search?q=+Darwin&hl=en&lr=&start=10&sa=N" "Mozilla/4.0 (compatible; MSIE 6.0; Windows NT 5.1; SV1)"
216.54.14.84 - - [24/Jan/2006:12:35:32 -0500] "GET /stylesheets/mainenglishL.css HTTP/1.0" 200 590 "http://www.darwinday.org/" "Mozilla/4.0 (compatible; MSIE 6.0; Windows NT 5.1; SV1)"
216.54.14.84 - - [24/Jan/2006:12:35:32 -0500] "GET /images/topleftlogo.gif HTTP/1.0" 200 6907 "http://www.darwinday.org/" "Mozilla/4.0 (compatible; MSIE 6.0; Windows NT 5.1; SV1)"
216.54.14.84 - - [24/Jan/2006:12:35:32 -0500] "GET /stylesheets/main.css HTTP/1.0" 200 658 "http://www.darwinday.org/" "Mozilla/4.0 (compatible; MSIE 6.0; Windows NT 5.1; SV1)"
216.54.14.84 - - [24/Jan/2006:12:35:33 -0500] "GET /images/header.gif HTTP/1.0" 200 26756 "http://www.darwinday.org/" "Mozilla/4.0 (compatible; MSIE 6.0; Windows NT 5.1; SV1)"
66.255.49.152 - - [24/Jan/2006:12:35:33 -0500] "GET /englishL/home/images/manymore.gif HTTP/1.1" 200 581 "http://www.darwinday.org/" "Mozilla/5.0 (Macintosh; U; PPC Mac OS X; en) AppleWebKit/312.5.2 (KHTML, like Gecko) Safari/312.3.3"
66.255.49.152 - - [24/Jan/2006:12:35:34 -0500] "GET /englishL/home/images/joinus.gif HTTP/1.1" 200 524 "http://www.darwinday.org/" "Mozilla/5.0 (Macintosh; U; PPC Mac OS X; en) AppleWebKit/312.5.2 (KHTML, like Gecko) Safari/312.3.3"
146.201.138.204 - - [24/Jan/2006:12:35:34 -0500] "GET /images/worldmaptransp.gif HTTP/1.1" 200 128893 "http://www.darwinday.org/" "Mozilla/4.0 (compatible; MSIE 6.0; Windows NT 5.1)"
146.201.138.204 - - [24/Jan/2006:12:35:35 -0500] "GET /englishL/home/images/darwin.gif HTTP/1.1" 200 13783 "http://www.darwinday.org/" "Mozilla/4.0 (compatible; MSIE 6.0; Windows NT 5.1)"
216.54.14.84 - - [24/Jan/2006:12:35:35 -0500] "GET / HTTP/1.0" 200 25315 "http://www.google.com/search?q=+Darwin&hl=en&lr=&start=10&sa=N" "Mozilla/4.0 (compatible; MSIE 6.0; Windows NT 5.1; SV1)"
66.255.49.152 - - [24/Jan/2006:12:35:36 -0500] "GET /englishL/home/images/beagle.gif HTTP/1.1" 200 37108 "http://www.darwinday.org/" "Mozilla/5.0 (Macintosh; U; PPC Mac OS X; en) AppleWebKit/312.5.2 (KHTML, like Gecko) Safari/312.3.3"
146.201.138.204 - - [24/Jan/2006:12:35:36 -0500] "GET /images/trans.gif HTTP/1.1" 200 49 "http://www.darwinday.org/" "Mozilla/4.0 (compatible; MSIE 6.0; Windows NT 5.1)"
146.201.138.204 - - [24/Jan/2006:12:35:36 -0500] "GET /englishL/home/images/manymore.gif HTTP/1.1" 200 581 "http://www.darwinday.org/" "Mozilla/4.0 (compatible; MSIE 6.0; Windows NT 5.1)"
146.201.138.204 - - [24/Jan/2006:12:35:36 -0500] "GET /englishL/home/images/joinus.gif HTTP/1.1" 200 524 "http://www.darwinday.org/" "Mozilla/4.0 (compatible; MSIE 6.0; Windows NT 5.1)"
66.255.49.152 - - [24/Jan/2006:12:35:36 -0500] "GET /englishL/home/images/horse.evolution.jpg HTTP/1.1" 200 29612 "http://www.darwinday.org/" "Mozilla/5.0 (Macintosh; U; PPC Mac OS X; en) AppleWebKit/312.5.2 (KHTML, like Gecko) Safari/312.3.3"
146.201.138.204 - - [24/Jan/2006:12:35:37 -0500] "GET /englishL/home/images/horse.evolution.jpg HTTP/1.1" 200 29612 "http://www.darwinday.org/" "Mozilla/4.0 (compatible; MSIE 6.0; Windows NT 5.1)"
146.201.138.204 - - [24/Jan/2006:12:35:37 -0500] "GET /images/DNAlogo.gif HTTP/1.1" 200 1370 "http://www.darwinday.org/englishL/currarts.html" "Mozilla/4.0 (compatible; MSIE 6.0; Windows NT 5.1)"
216.54.14.84 - - [24/Jan/2006:12:35:39 -0500] "GET /englishL/images/navbar.gif HTTP/1.0" 200 2667 "http://www.darwinday.org/" "Mozilla/4.0 (compatible; MSIE 6.0; Windows NT 5.1; SV1)"
66.255.49.152 - - [24/Jan/2006:12:35:41 -0500] "GET /images/worldmaptransp.gif HTTP/1.1" 200 128893 "http://www.darwinday.org/" "Mozilla/5.0 (Macintosh; U; PPC Mac OS X; en) AppleWebKit/312.5.2 (KHTML, like Gecko) Safari/312.3.3"
216.54.14.84 - - [24/Jan/2006:12:35:42 -0500] "GET /images/arrow.gif HTTP/1.0" 200 112 "http://www.darwinday.org/" "Mozilla/4.0 (compatible; MSIE 6.0; Windows NT 5.1; SV1)"
146.201.138.204 - - [24/Jan/2006:12:35:43 -0500] "GET /englishL/home/images/beagle.gif HTTP/1.1" 200 37108 "http://www.darwinday.org/" "Mozilla/4.0 (compatible; MSIE 6.0; Windows NT 5.1)"
216.54.14.84 - - [24/Jan/2006:12:35:43 -0500] "GET /englishL/images/titletrans.gif HTTP/1.0" 200 15588 "http://www.darwinday.org/" "Mozilla/4.0 (compatible; MSIE 6.0; Windows NT 5.1; SV1)"
216.54.14.84 - - [24/Jan/2006:12:35:45 -0500] "GET /englishL/currarts.html HTTP/1.0" 200 5653 "http://www.darwinday.org/" "Mozilla/4.0 (compatible; MSIE 6.0; Windows NT 5.1; SV1)"
216.54.14.84 - - [24/Jan/2006:12:35:46 -0500] "GET /images/dnahoriz.gif HTTP/1.0" 200 3391 "http://www.darwinday.org/" "Mozilla/4.0 (compatible; MSIE 6.0; Windows NT 5.1; SV1)"
216.54.14.84 - - [24/Jan/2006:12:35:46 -0500] "GET /images/dnahorizr.gif HTTP/1.0" 200 2104 "http://www.darwinday.org/" "Mozilla/4.0 (compatible; MSIE 6.0; Windows NT 5.1; SV1)"
216.54.14.84 - - [24/Jan/2006:12:35:46 -0500] "GET /images/worldmaptransp.gif HTTP/1.0" 200 128893 "http://www.darwinday.org/" "Mozilla/4.0 (compatible; MSIE 6.0; Windows NT 5.1; SV1)"
216.54.14.84 - - [24/Jan/2006:12:35:47 -0500] "GET /englishL/home/images/darwinages.gif HTTP/1.0" 200 50309 "http://www.darwinday.org/" "Mozilla/4.0 (compatible; MSIE 6.0; Windows NT 5.1; SV1)"
216.54.14.84 - - [24/Jan/2006:12:35:47 -0500] "GET /images/dnahorizl.gif HTTP/1.0" 200 2130 "http://www.darwinday.org/" "Mozilla/4.0 (compatible; MSIE 6.0; Windows NT 5.1; SV1)"
216.54.14.84 - - [24/Jan/2006:12:35:49 -0500] "GET /englishL/home/images/lincoln.gif HTTP/1.0" 200 11057 "http://www.darwinday.org/" "Mozilla/4.0 (compatible; MSIE 6.0; Windows NT 5.1; SV1)"
216.54.14.84 - - [24/Jan/2006:12:35:49 -0500] "GET /images/trans.gif HTTP/1.0" 200 49 "http://www.darwinday.org/" "Mozilla/4.0 (compatible; MSIE 6.0; Windows NT 5.1; SV1)"
216.54.14.84 - - [24/Jan/2006:12:35:50 -0500] "GET /englishL/home/images/manymore.gif HTTP/1.0" 200 581 "http://www.darwinday.org/" "Mozilla/4.0 (compatible; MSIE 6.0; Windows NT 5.1; SV1)"
216.54.14.84 - - [24/Jan/2006:12:35:50 -0500] "GET /englishL/home/images/joinus.gif HTTP/1.0" 200 524 "http://www.darwinday.org/" "Mozilla/4.0 (compatible; MSIE 6.0; Windows NT 5.1; SV1)"
216.54.14.84 - - [24/Jan/2006:12:35:50 -0500] "GET /englishL/home/images/darwin.gif HTTP/1.0" 200 13783 "http://www.darwinday.org/" "Mozilla/4.0 (compatible; MSIE 6.0; Windows NT 5.1; SV1)"
216.54.14.84 - - [24/Jan/2006:12:35:53 -0500] "GET /images/DNAlogo.gif HTTP/1.0" 200 1370 "http://www.darwinday.org/englishL/currarts.html" "Mozilla/4.0 (compatible; MSIE 6.0; Windows NT 5.1; SV1)"
216.54.14.84 - - [24/Jan/2006:12:35:56 -0500] "GET /englishL/home/images/horse.evolution.jpg HTTP/1.0" 200 29612 "http://www.darwinday.org/" "Mozilla/4.0 (compatible; MSIE 6.0; Windows NT 5.1; SV1)"
216.54.14.84 - - [24/Jan/2006:12:35:57 -0500] "GET /englishL/home/images/beagle.gif HTTP/1.0" 200 37108 "http://www.darwinday.org/" "Mozilla/4.0 (compatible; MSIE 6.0; Windows NT 5.1; SV1)"
65.214.44.199 - - [24/Jan/2006:12:36:19 -0500] "GET /englishL/evolution/index.html HTTP/1.0" 200 4606 "-" "Mozilla/2.0 (compatible; Ask Jeeves/Teoma; +http://sp.ask.com/docs/about/tech_crawling.html)"
216.54.14.84 - - [24/Jan/2006:12:36:19 -0500] "GET /stylesheets/mainenglishL.css HTTP/1.0" 304 - "-" "Mozilla/4.0 (compatible; MSIE 6.0; Windows NT 5.1; SV1)"
216.54.14.84 - - [24/Jan/2006:12:36:19 -0500] "GET /stylesheets/main.css HTTP/1.0" 304 - "-" "Mozilla/4.0 (compatible; MSIE 6.0; Windows NT 5.1; SV1)"
216.54.14.84 - - [24/Jan/2006:12:36:20 -0500] "GET /englishL/home/images/darwinages.gif HTTP/1.0" 304 - "-" "Mozilla/4.0 (compatible; MSIE 6.0; Windows NT 5.1; SV1)"
65.214.44.197 - - [24/Jan/2006:12:37:03 -0500] "GET /englishL/events/index.html HTTP/1.0" 200 4612 "-" "Mozilla/2.0 (compatible; Ask Jeeves/Teoma; +http://sp.ask.com/docs/about/tech_crawling.html)"
65.214.44.199 - - [24/Jan/2006:12:37:31 -0500] "GET /englishL/aboutddc/index.html HTTP/1.0" 200 6558 "-" "Mozilla/2.0 (compatible; Ask Jeeves/Teoma; +http://sp.ask.com/docs/about/tech_crawling.html)"
65.214.44.197 - - [24/Jan/2006:12:37:48 -0500] "GET /englishL/evolution/index.html HTTP/1.0" 200 4606 "-" "Mozilla/2.0 (compatible; Ask Jeeves/Teoma; +http://sp.ask.com/docs/about/tech_crawling.html)"
65.214.44.197 - - [24/Jan/2006:12:38:36 -0500] "GET /englishL/newsviews/index.html HTTP/1.0" 200 4903 "-" "Mozilla/2.0 (compatible; Ask Jeeves/Teoma; +http://sp.ask.com/docs/about/tech_crawling.html)"
65.214.44.199 - - [24/Jan/2006:12:38:46 -0500] "GET /englishL/newsviews/essays.html HTTP/1.0" 200 7578 "-" "Mozilla/2.0 (compatible; Ask Jeeves/Teoma; +http://sp.ask.com/docs/about/tech_crawling.html)"
65.214.44.197 - - [24/Jan/2006:12:39:21 -0500] "GET /englishL/newsviews/darlin.html HTTP/1.0" 200 21534 "-" "Mozilla/2.0 (compatible; Ask Jeeves/Teoma; +http://sp.ask.com/docs/about/tech_crawling.html)"
134.241.27.232 - - [24/Jan/2006:12:39:51 -0500] "GET /stylesheets/mainenglishL.css HTTP/1.1" 200 590 "http://www.darwinday.org/" "Mozilla/4.0 (compatible; MSIE 6.0; Windows NT 5.1; SV1; .NET CLR 1.1.4322)"
134.241.27.232 - - [24/Jan/2006:12:39:51 -0500] "GET /stylesheets/main.css HTTP/1.1" 200 658 "http://www.darwinday.org/" "Mozilla/4.0 (compatible; MSIE 6.0; Windows NT 5.1; SV1; .NET CLR 1.1.4322)"
134.241.27.232 - - [24/Jan/2006:12:39:51 -0500] "GET / HTTP/1.1" 200 25315 "http://www.google.com/search?hl=en&q=darwin+day&btnG=Google+Search" "Mozilla/4.0 (compatible; MSIE 6.0; Windows NT 5.1; SV1; .NET CLR 1.1.4322)"
134.241.27.232 - - [24/Jan/2006:12:39:51 -0500] "GET /englishL/currarts.html HTTP/1.1" 200 5653 "http://www.darwinday.org/" "Mozilla/4.0 (compatible; MSIE 6.0; Windows NT 5.1; SV1; .NET CLR 1.1.4322)"
134.241.27.232 - - [24/Jan/2006:12:39:52 -0500] "GET /images/topleftlogo.gif HTTP/1.1" 200 6907 "http://www.darwinday.org/" "Mozilla/4.0 (compatible; MSIE 6.0; Windows NT 5.1; SV1; .NET CLR 1.1.4322)"
134.241.27.232 - - [24/Jan/2006:12:40:00 -0500] "GET /images/header.gif HTTP/1.1" 200 26756 "http://www.darwinday.org/" "Mozilla/4.0 (compatible; MSIE 6.0; Windows NT 5.1; SV1; .NET CLR 1.1.4322)"
134.241.27.232 - - [24/Jan/2006:12:40:01 -0500] "GET /englishL/images/titletrans.gif HTTP/1.1" 200 15588 "http://www.darwinday.org/" "Mozilla/4.0 (compatible; MSIE 6.0; Windows NT 5.1; SV1; .NET CLR 1.1.4322)"
134.241.27.232 - - [24/Jan/2006:12:40:02 -0500] "GET /englishL/images/navbar.gif HTTP/1.1" 200 2667 "http://www.darwinday.org/" "Mozilla/4.0 (compatible; MSIE 6.0; Windows NT 5.1; SV1; .NET CLR 1.1.4322)"
134.241.27.232 - - [24/Jan/2006:12:40:04 -0500] "GET /images/worldmaptransp.gif HTTP/1.1" 200 128893 "http://www.darwinday.org/" "Mozilla/4.0 (compatible; MSIE 6.0; Windows NT 5.1; SV1; .NET CLR 1.1.4322)"
134.241.27.232 - - [24/Jan/2006:12:40:06 -0500] "GET /images/arrow.gif HTTP/1.1" 200 112 "http://www.darwinday.org/" "Mozilla/4.0 (compatible; MSIE 6.0; Windows NT 5.1; SV1; .NET CLR 1.1.4322)"
134.241.27.232 - - [24/Jan/2006:12:40:07 -0500] "GET /images/dnahorizl.gif HTTP/1.1" 200 2130 "http://www.darwinday.org/" "Mozilla/4.0 (compatible; MSIE 6.0; Windows NT 5.1; SV1; .NET CLR 1.1.4322)"
134.241.27.232 - - [24/Jan/2006:12:40:07 -0500] "GET /englishL/home/images/darwinages.gif HTTP/1.1" 200 50309 "http://www.darwinday.org/" "Mozilla/4.0 (compatible; MSIE 6.0; Windows NT 5.1; SV1; .NET CLR 1.1.4322)"
134.241.27.232 - - [24/Jan/2006:12:40:07 -0500] "GET /images/dnahoriz.gif HTTP/1.1" 200 3391 "http://www.darwinday.org/" "Mozilla/4.0 (compatible; MSIE 6.0; Windows NT 5.1; SV1; .NET CLR 1.1.4322)"
134.241.27.232 - - [24/Jan/2006:12:40:08 -0500] "GET /images/dnahorizr.gif HTTP/1.1" 200 2104 "http://www.darwinday.org/" "Mozilla/4.0 (compatible; MSIE 6.0; Windows NT 5.1; SV1; .NET CLR 1.1.4322)"
134.241.27.232 - - [24/Jan/2006:12:40:08 -0500] "GET /englishL/home/images/lincoln.gif HTTP/1.1" 200 11057 "http://www.darwinday.org/" "Mozilla/4.0 (compatible; MSIE 6.0; Windows NT 5.1; SV1; .NET CLR 1.1.4322)"
134.241.27.232 - - [24/Jan/2006:12:40:10 -0500] "GET /englishL/home/images/darwin.gif HTTP/1.1" 200 13783 "http://www.darwinday.org/" "Mozilla/4.0 (compatible; MSIE 6.0; Windows NT 5.1; SV1; .NET CLR 1.1.4322)"
134.241.27.232 - - [24/Jan/2006:12:40:10 -0500] "GET /englishL/home/images/beagle.gif HTTP/1.1" 200 37108 "http://www.darwinday.org/" "Mozilla/4.0 (compatible; MSIE 6.0; Windows NT 5.1; SV1; .NET CLR 1.1.4322)"
134.241.27.232 - - [24/Jan/2006:12:40:11 -0500] "GET /images/trans.gif HTTP/1.1" 200 49 "http://www.darwinday.org/" "Mozilla/4.0 (compatible; MSIE 6.0; Windows NT 5.1; SV1; .NET CLR 1.1.4322)"
134.241.27.232 - - [24/Jan/2006:12:40:11 -0500] "GET /englishL/home/images/joinus.gif HTTP/1.1" 200 524 "http://www.darwinday.org/" "Mozilla/4.0 (compatible; MSIE 6.0; Windows NT 5.1; SV1; .NET CLR 1.1.4322)"
134.241.27.232 - - [24/Jan/2006:12:40:11 -0500] "GET /englishL/home/images/manymore.gif HTTP/1.1" 200 581 "http://www.darwinday.org/" "Mozilla/4.0 (compatible; MSIE 6.0; Windows NT 5.1; SV1; .NET CLR 1.1.4322)"
134.241.27.232 - - [24/Jan/2006:12:40:12 -0500] "GET /englishL/home/images/horse.evolution.jpg HTTP/1.1" 200 29612 "http://www.darwinday.org/" "Mozilla/4.0 (compatible; MSIE 6.0; Windows NT 5.1; SV1; .NET CLR 1.1.4322)"
134.241.27.232 - - [24/Jan/2006:12:40:12 -0500] "GET /images/DNAlogo.gif HTTP/1.1" 200 1370 "http://www.darwinday.org/englishL/currarts.html" "Mozilla/4.0 (compatible; MSIE 6.0; Windows NT 5.1; SV1; .NET CLR 1.1.4322)"
65.214.44.199 - - [24/Jan/2006:12:40:16 -0500] "GET /englishL/aboutddc/advisory.html HTTP/1.0" 200 27384 "-" "Mozilla/2.0 (compatible; Ask Jeeves/Teoma; +http://sp.ask.com/docs/about/tech_crawling.html)"
65.214.44.197 - - [24/Jan/2006:12:42:03 -0500] "GET /englishL/newsviews/essays.html HTTP/1.0" 200 7578 "-" "Mozilla/2.0 (compatible; Ask Jeeves/Teoma; +http://sp.ask.com/docs/about/tech_crawling.html)"
65.214.44.197 - - [24/Jan/2006:12:42:47 -0500] "GET /englishL/aboutddc/index.html HTTP/1.0" 200 6558 "-" "Mozilla/2.0 (compatible; Ask Jeeves/Teoma; +http://sp.ask.com/docs/about/tech_crawling.html)"
64.88.86.3 - - [24/Jan/2006:12:43:20 -0500] "GET /englishL/life/beagle.html HTTP/1.0" 200 20574 "http://www.google.com/search?hl=en&lr=&q=who+charles+darwin%27s+family+had+a+similar+explanation" "Mozilla/4.0 (compatible; MSIE 6.0; Windows 98)"
64.88.86.3 - - [24/Jan/2006:12:43:23 -0500] "GET /stylesheets/main.css HTTP/1.0" 200 658 "http://www.darwinday.org/englishL/life/beagle.html" "Mozilla/4.0 (compatible; MSIE 6.0; Windows 98)"
64.88.86.3 - - [24/Jan/2006:12:43:23 -0500] "GET /images/topleftlogo.gif HTTP/1.0" 200 6907 "http://www.darwinday.org/englishL/life/beagle.html" "Mozilla/4.0 (compatible; MSIE 6.0; Windows 98)"
64.88.86.3 - - [24/Jan/2006:12:43:23 -0500] "GET /englishL/images/titletrans.gif HTTP/1.0" 200 15588 "http://www.darwinday.org/englishL/life/beagle.html" "Mozilla/4.0 (compatible; MSIE 6.0; Windows 98)"
64.88.86.3 - - [24/Jan/2006:12:43:23 -0500] "GET /englishL/images/navbar.gif HTTP/1.0" 200 2667 "http://www.darwinday.org/englishL/life/beagle.html" "Mozilla/4.0 (compatible; MSIE 6.0; Windows 98)"
64.88.86.3 - - [24/Jan/2006:12:43:24 -0500] "GET /englishL/life/images/beagle/beaglemap-t.gif HTTP/1.0" 200 17709 "http://www.darwinday.org/englishL/life/beagle.html" "Mozilla/4.0 (compatible; MSIE 6.0; Windows 98)"
64.88.86.3 - - [24/Jan/2006:12:43:24 -0500] "GET /englishL/life/images/beagle/beaglemapsa-t.gif HTTP/1.0" 200 15500 "http://www.darwinday.org/englishL/life/beagle.html" "Mozilla/4.0 (compatible; MSIE 6.0; Windows 98)"
64.88.86.3 - - [24/Jan/2006:12:43:24 -0500] "GET /englishL/life/images/beagle/beaglemapgal-t.gif HTTP/1.0" 200 7651 "http://www.darwinday.org/englishL/life/beagle.html" "Mozilla/4.0 (compatible; MSIE 6.0; Windows 98)"
64.88.86.3 - - [24/Jan/2006:12:43:25 -0500] "GET /englishL/life/images/beagle/galapagos-t.jpg HTTP/1.0" 200 21187 "http://www.darwinday.org/englishL/life/beagle.html" "Mozilla/4.0 (compatible; MSIE 6.0; Windows 98)"
64.88.86.3 - - [24/Jan/2006:12:43:25 -0500] "GET /englishL/life/images/beagle/tortoise-t.jpg HTTP/1.0" 200 41154 "http://www.darwinday.org/englishL/life/beagle.html" "Mozilla/4.0 (compatible; MSIE 6.0; Windows 98)"
64.88.86.3 - - [24/Jan/2006:12:43:25 -0500] "GET /englishL/life/images/beagle/iguana-t.jpg HTTP/1.0" 200 32130 "http://www.darwinday.org/englishL/life/beagle.html" "Mozilla/4.0 (compatible; MSIE 6.0; Windows 98)"
64.88.86.3 - - [24/Jan/2006:12:43:26 -0500] "GET /englishL/life/images/beagle/lizard-t.jpg HTTP/1.0" 200 28277 "http://www.darwinday.org/englishL/life/beagle.html" "Mozilla/4.0 (compatible; MSIE 6.0; Windows 98)"
64.88.86.3 - - [24/Jan/2006:12:43:26 -0500] "GET /englishL/life/images/beagle/finch-t.jpg HTTP/1.0" 200 41018 "http://www.darwinday.org/englishL/life/beagle.html" "Mozilla/4.0 (compatible; MSIE 6.0; Windows 98)"
64.88.86.3 - - [24/Jan/2006:12:43:27 -0500] "GET /images/header.gif HTTP/1.0" 200 26756 "http://www.darwinday.org/englishL/life/beagle.html" "Mozilla/4.0 (compatible; MSIE 6.0; Windows 98)"
64.88.86.3 - - [24/Jan/2006:12:43:27 -0500] "GET /images/worldmaptransp.gif HTTP/1.0" 200 128893 "http://www.darwinday.org/englishL/life/beagle.html" "Mozilla/4.0 (compatible; MSIE 6.0; Windows 98)"
64.88.86.3 - - [24/Jan/2006:12:43:28 -0500] "GET /englishL/life/images/beagle/nancy.jpg HTTP/1.0" 200 80351 "http://www.darwinday.org/englishL/life/beagle.html" "Mozilla/4.0 (compatible; MSIE 6.0; Windows 98)"
65.214.44.197 - - [24/Jan/2006:12:43:33 -0500] "GET /englishL/aboutddc/advisory.html HTTP/1.0" 200 27384 "-" "Mozilla/2.0 (compatible; Ask Jeeves/Teoma; +http://sp.ask.com/docs/about/tech_crawling.html)"
143.107.38.92 - - [24/Jan/2006:12:45:09 -0500] "GET /stylesheets/mainenglishL.css HTTP/1.1" 200 590 "http://www.darwinday.org/" "Mozilla/5.0 (Windows; U; Windows NT 5.1; en-US; rv:1.8) Gecko/20051111 Firefox/1.5"
143.107.38.92 - - [24/Jan/2006:12:45:12 -0500] "GET /stylesheets/main.css HTTP/1.1" 200 658 "http://www.darwinday.org/" "Mozilla/5.0 (Windows; U; Windows NT 5.1; en-US; rv:1.8) Gecko/20051111 Firefox/1.5"
143.107.38.92 - - [24/Jan/2006:12:45:12 -0500] "GET /images/topleftlogo.gif HTTP/1.1" 200 6907 "http://www.darwinday.org/" "Mozilla/5.0 (Windows; U; Windows NT 5.1; en-US; rv:1.8) Gecko/20051111 Firefox/1.5"
143.107.38.92 - - [24/Jan/2006:12:45:14 -0500] "GET / HTTP/1.1" 200 25315 "-" "Mozilla/5.0 (Windows; U; Windows NT 5.1; en-US; rv:1.8) Gecko/20051111 Firefox/1.5"
71.110.41.150 - - [24/Jan/2006:12:45:22 -0500] "GET /images/topleftlogo.gif HTTP/1.1" 200 6907 "http://66.102.7.104/search?q=cache:X4IQAf1Up1UJ:www.darwinday.org/+&hl=en" "Mozilla/4.0 (compatible; MSIE 6.0; Windows NT 5.1; SV1; .NET CLR 1.1.4322)"
71.110.41.150 - - [24/Jan/2006:12:45:22 -0500] "GET /stylesheets/main.css HTTP/1.1" 200 658 "http://66.102.7.104/search?q=cache:X4IQAf1Up1UJ:www.darwinday.org/+&hl=en" "Mozilla/4.0 (compatible; MSIE 6.0; Windows NT 5.1; SV1; .NET CLR 1.1.4322)"
143.107.38.92 - - [24/Jan/2006:12:45:22 -0500] "GET /images/header.gif HTTP/1.1" 200 26756 "http://www.darwinday.org/" "Mozilla/5.0 (Windows; U; Windows NT 5.1; en-US; rv:1.8) Gecko/20051111 Firefox/1.5"
71.110.41.150 - - [24/Jan/2006:12:45:24 -0500] "GET /images/header.gif HTTP/1.1" 200 26756 "http://66.102.7.104/search?q=cache:X4IQAf1Up1UJ:www.darwinday.org/+&hl=en" "Mozilla/4.0 (compatible; MSIE 6.0; Windows NT 5.1; SV1; .NET CLR 1.1.4322)"
71.110.41.150 - - [24/Jan/2006:12:45:25 -0500] "GET /englishL/currarts.html HTTP/1.1" 200 5653 "http://66.102.7.104/search?q=cache:X4IQAf1Up1UJ:www.darwinday.org/+&hl=en" "Mozilla/4.0 (compatible; MSIE 6.0; Windows NT 5.1; SV1; .NET CLR 1.1.4322)"
71.110.41.150 - - [24/Jan/2006:12:45:26 -0500] "GET /englishL/images/titletrans.gif HTTP/1.1" 200 15588 "http://66.102.7.104/search?q=cache:X4IQAf1Up1UJ:www.darwinday.org/+&hl=en" "Mozilla/4.0 (compatible; MSIE 6.0; Windows NT 5.1; SV1; .NET CLR 1.1.4322)"
71.110.41.150 - - [24/Jan/2006:12:45:28 -0500] "GET /englishL/images/navbar.gif HTTP/1.1" 200 2667 "http://66.102.7.104/search?q=cache:X4IQAf1Up1UJ:www.darwinday.org/+&hl=en" "Mozilla/4.0 (compatible; MSIE 6.0; Windows NT 5.1; SV1; .NET CLR 1.1.4322)"
143.107.38.92 - - [24/Jan/2006:12:45:33 -0500] "GET /englishL/currarts.html HTTP/1.1" 200 5653 "http://www.darwinday.org/" "Mozilla/5.0 (Windows; U; Windows NT 5.1; en-US; rv:1.8) Gecko/20051111 Firefox/1.5"
71.110.41.150 - - [24/Jan/2006:12:45:37 -0500] "GET /englishL/home/images/darwinages.gif HTTP/1.1" 200 50309 "http://66.102.7.104/search?q=cache:X4IQAf1Up1UJ:www.darwinday.org/+&hl=en" "Mozilla/4.0 (compatible; MSIE 6.0; Windows NT 5.1; SV1; .NET CLR 1.1.4322)"
71.110.41.150 - - [24/Jan/2006:12:45:39 -0500] "GET /images/arrow.gif HTTP/1.1" 200 112 "http://66.102.7.104/search?q=cache:X4IQAf1Up1UJ:www.darwinday.org/+&hl=en" "Mozilla/4.0 (compatible; MSIE 6.0; Windows NT 5.1; SV1; .NET CLR 1.1.4322)"
71.110.41.150 - - [24/Jan/2006:12:45:39 -0500] "GET /images/dnahorizl.gif HTTP/1.1" 200 2130 "http://66.102.7.104/search?q=cache:X4IQAf1Up1UJ:www.darwinday.org/+&hl=en" "Mozilla/4.0 (compatible; MSIE 6.0; Windows NT 5.1; SV1; .NET CLR 1.1.4322)"
71.110.41.150 - - [24/Jan/2006:12:45:40 -0500] "GET /images/dnahoriz.gif HTTP/1.1" 200 3391 "http://66.102.7.104/search?q=cache:X4IQAf1Up1UJ:www.darwinday.org/+&hl=en" "Mozilla/4.0 (compatible; MSIE 6.0; Windows NT 5.1; SV1; .NET CLR 1.1.4322)"
71.110.41.150 - - [24/Jan/2006:12:45:41 -0500] "GET /images/dnahorizr.gif HTTP/1.1" 200 2104 "http://66.102.7.104/search?q=cache:X4IQAf1Up1UJ:www.darwinday.org/+&hl=en" "Mozilla/4.0 (compatible; MSIE 6.0; Windows NT 5.1; SV1; .NET CLR 1.1.4322)"
143.107.38.92 - - [24/Jan/2006:12:45:41 -0500] "GET /englishL/images/titletrans.gif HTTP/1.1" 200 15588 "http://www.darwinday.org/" "Mozilla/5.0 (Windows; U; Windows NT 5.1; en-US; rv:1.8) Gecko/20051111 Firefox/1.5"
71.110.41.150 - - [24/Jan/2006:12:45:41 -0500] "GET /englishL/home/images/lincoln.gif HTTP/1.1" 200 11057 "http://66.102.7.104/search?q=cache:X4IQAf1Up1UJ:www.darwinday.org/+&hl=en" "Mozilla/4.0 (compatible; MSIE 6.0; Windows NT 5.1; SV1; .NET CLR 1.1.4322)"
71.110.41.150 - - [24/Jan/2006:12:45:42 -0500] "GET /englishL/home/images/darwin.gif HTTP/1.1" 200 13783 "http://66.102.7.104/search?q=cache:X4IQAf1Up1UJ:www.darwinday.org/+&hl=en" "Mozilla/4.0 (compatible; MSIE 6.0; Windows NT 5.1; SV1; .NET CLR 1.1.4322)"
71.110.41.150 - - [24/Jan/2006:12:45:44 -0500] "GET /images/worldmaptransp.gif HTTP/1.1" 200 128893 "http://66.102.7.104/search?q=cache:X4IQAf1Up1UJ:www.darwinday.org/+&hl=en" "Mozilla/4.0 (compatible; MSIE 6.0; Windows NT 5.1; SV1; .NET CLR 1.1.4322)"
71.110.41.150 - - [24/Jan/2006:12:45:45 -0500] "GET /images/trans.gif HTTP/1.1" 200 49 "http://66.102.7.104/search?q=cache:X4IQAf1Up1UJ:www.darwinday.org/+&hl=en" "Mozilla/4.0 (compatible; MSIE 6.0; Windows NT 5.1; SV1; .NET CLR 1.1.4322)"
71.110.41.150 - - [24/Jan/2006:12:45:45 -0500] "GET /englishL/home/images/manymore.gif HTTP/1.1" 200 581 "http://66.102.7.104/search?q=cache:X4IQAf1Up1UJ:www.darwinday.org/+&hl=en" "Mozilla/4.0 (compatible; MSIE 6.0; Windows NT 5.1; SV1; .NET CLR 1.1.4322)"
71.110.41.150 - - [24/Jan/2006:12:45:45 -0500] "GET /englishL/home/images/joinus.gif HTTP/1.1" 200 524 "http://66.102.7.104/search?q=cache:X4IQAf1Up1UJ:www.darwinday.org/+&hl=en" "Mozilla/4.0 (compatible; MSIE 6.0; Windows NT 5.1; SV1; .NET CLR 1.1.4322)"
71.110.41.150 - - [24/Jan/2006:12:45:45 -0500] "GET /englishL/home/images/beagle.gif HTTP/1.1" 200 37108 "http://66.102.7.104/search?q=cache:X4IQAf1Up1UJ:www.darwinday.org/+&hl=en" "Mozilla/4.0 (compatible; MSIE 6.0; Windows NT 5.1; SV1; .NET CLR 1.1.4322)"
71.110.41.150 - - [24/Jan/2006:12:45:47 -0500] "GET /englishL/home/images/horse.evolution.jpg HTTP/1.1" 200 29612 "http://66.102.7.104/search?q=cache:X4IQAf1Up1UJ:www.darwinday.org/+&hl=en" "Mozilla/4.0 (compatible; MSIE 6.0; Windows NT 5.1; SV1; .NET CLR 1.1.4322)"
71.110.41.150 - - [24/Jan/2006:12:45:47 -0500] "GET /images/DNAlogo.gif HTTP/1.1" 200 1370 "http://www.darwinday.org/englishL/currarts.html" "Mozilla/4.0 (compatible; MSIE 6.0; Windows NT 5.1; SV1; .NET CLR 1.1.4322)"
143.107.38.92 - - [24/Jan/2006:12:45:53 -0500] "GET /englishL/images/navbar.gif HTTP/1.1" 200 2667 "http://www.darwinday.org/" "Mozilla/5.0 (Windows; U; Windows NT 5.1; en-US; rv:1.8) Gecko/20051111 Firefox/1.5"
199.120.22.244 - - [24/Jan/2006:12:45:58 -0500] "GET /stylesheets/mainenglishL.css HTTP/1.1" 200 590 "http://www.darwinday.org/englishL/home/index.html" "Mozilla/4.0 (compatible; MSIE 6.0; Windows NT 5.1; SV1; .NET CLR 1.0.3705; .NET CLR 1.1.4322; Tablet PC 1.7)"
199.120.22.244 - - [24/Jan/2006:12:45:58 -0500] "GET /stylesheets/main.css HTTP/1.1" 200 658 "http://www.darwinday.org/englishL/home/index.html" "Mozilla/4.0 (compatible; MSIE 6.0; Windows NT 5.1; SV1; .NET CLR 1.0.3705; .NET CLR 1.1.4322; Tablet PC 1.7)"
199.120.22.244 - - [24/Jan/2006:12:45:58 -0500] "GET /images/topleftlogo.gif HTTP/1.1" 200 6907 "http://www.darwinday.org/englishL/home/index.html" "Mozilla/4.0 (compatible; MSIE 6.0; Windows NT 5.1; SV1; .NET CLR 1.0.3705; .NET CLR 1.1.4322; Tablet PC 1.7)"
199.120.22.244 - - [24/Jan/2006:12:45:59 -0500] "GET /englishL/home/index.html HTTP/1.1" 200 25693 "http://www.cofc.edu/%7Edillonr/DarwinWeekVI.html" "Mozilla/4.0 (compatible; MSIE 6.0; Windows NT 5.1; SV1; .NET CLR 1.0.3705; .NET CLR 1.1.4322; Tablet PC 1.7)"
199.120.22.244 - - [24/Jan/2006:12:45:59 -0500] "GET /englishL/currarts.html HTTP/1.1" 200 5653 "http://www.darwinday.org/englishL/home/index.html" "Mozilla/4.0 (compatible; MSIE 6.0; Windows NT 5.1; SV1; .NET CLR 1.0.3705; .NET CLR 1.1.4322; Tablet PC 1.7)"
199.120.22.244 - - [24/Jan/2006:12:46:00 -0500] "GET /images/header.gif HTTP/1.1" 200 26756 "http://www.darwinday.org/englishL/home/index.html" "Mozilla/4.0 (compatible; MSIE 6.0; Windows NT 5.1; SV1; .NET CLR 1.0.3705; .NET CLR 1.1.4322; Tablet PC 1.7)"
199.120.22.244 - - [24/Jan/2006:12:46:02 -0500] "GET /englishL/images/titletrans.gif HTTP/1.1" 200 15588 "http://www.darwinday.org/englishL/home/index.html" "Mozilla/4.0 (compatible; MSIE 6.0; Windows NT 5.1; SV1; .NET CLR 1.0.3705; .NET CLR 1.1.4322; Tablet PC 1.7)"
199.120.22.244 - - [24/Jan/2006:12:46:02 -0500] "GET /englishL/images/navbar.gif HTTP/1.1" 200 2667 "http://www.darwinday.org/englishL/home/index.html" "Mozilla/4.0 (compatible; MSIE 6.0; Windows NT 5.1; SV1; .NET CLR 1.0.3705; .NET CLR 1.1.4322; Tablet PC 1.7)"
65.201.62.90 - - [24/Jan/2006:12:46:06 -0500] "GET / HTTP/1.1" 200 12737 "http://search.yahoo.com/search?p=darwin+2006&ei=UTF-8&fr=ush-news&fl=0&x=wrt" "Mozilla/4.0 (compatible; MSIE 6.0; Windows NT 5.1; SV1; .NET CLR 1.1.4322)"
143.107.38.92 - - [24/Jan/2006:12:46:08 -0500] "GET /images/arrow.gif HTTP/1.1" 200 112 "http://www.darwinday.org/" "Mozilla/5.0 (Windows; U; Windows NT 5.1; en-US; rv:1.8) Gecko/20051111 Firefox/1.5"
143.107.38.92 - - [24/Jan/2006:12:46:09 -0500] "GET /images/dnahorizl.gif HTTP/1.1" 200 2130 "http://www.darwinday.org/" "Mozilla/5.0 (Windows; U; Windows NT 5.1; en-US; rv:1.8) Gecko/20051111 Firefox/1.5"
199.120.22.244 - - [24/Jan/2006:12:46:09 -0500] "GET /englishL/home/images/darwinages.gif HTTP/1.1" 200 50309 "http://www.darwinday.org/englishL/home/index.html" "Mozilla/4.0 (compatible; MSIE 6.0; Windows NT 5.1; SV1; .NET CLR 1.0.3705; .NET CLR 1.1.4322; Tablet PC 1.7)"
143.107.38.92 - - [24/Jan/2006:12:46:09 -0500] "GET /images/dnahoriz.gif HTTP/1.1" 200 3391 "http://www.darwinday.org/" "Mozilla/5.0 (Windows; U; Windows NT 5.1; en-US; rv:1.8) Gecko/20051111 Firefox/1.5"
143.107.38.92 - - [24/Jan/2006:12:46:09 -0500] "GET /images/dnahorizr.gif HTTP/1.1" 200 2104 "http://www.darwinday.org/" "Mozilla/5.0 (Windows; U; Windows NT 5.1; en-US; rv:1.8) Gecko/20051111 Firefox/1.5"
199.120.22.244 - - [24/Jan/2006:12:46:10 -0500] "GET /images/arrow.gif HTTP/1.1" 200 112 "http://www.darwinday.org/englishL/home/index.html" "Mozilla/4.0 (compatible; MSIE 6.0; Windows NT 5.1; SV1; .NET CLR 1.0.3705; .NET CLR 1.1.4322; Tablet PC 1.7)"
199.120.22.244 - - [24/Jan/2006:12:46:10 -0500] "GET /images/dnahoriz.gif HTTP/1.1" 200 3391 "http://www.darwinday.org/englishL/home/index.html" "Mozilla/4.0 (compatible; MSIE 6.0; Windows NT 5.1; SV1; .NET CLR 1.0.3705; .NET CLR 1.1.4322; Tablet PC 1.7)"
143.107.38.92 - - [24/Jan/2006:12:46:10 -0500] "GET /englishL/home/images/lincoln.gif HTTP/1.1" 200 11057 "http://www.darwinday.org/" "Mozilla/5.0 (Windows; U; Windows NT 5.1; en-US; rv:1.8) Gecko/20051111 Firefox/1.5"
199.120.22.244 - - [24/Jan/2006:12:46:10 -0500] "GET /images/dnahorizl.gif HTTP/1.1" 200 2130 "http://www.darwinday.org/englishL/home/index.html" "Mozilla/4.0 (compatible; MSIE 6.0; Windows NT 5.1; SV1; .NET CLR 1.0.3705; .NET CLR 1.1.4322; Tablet PC 1.7)"
199.120.22.244 - - [24/Jan/2006:12:46:10 -0500] "GET /images/dnahorizr.gif HTTP/1.1" 200 2104 "http://www.darwinday.org/englishL/home/index.html" "Mozilla/4.0 (compatible; MSIE 6.0; Windows NT 5.1; SV1; .NET CLR 1.0.3705; .NET CLR 1.1.4322; Tablet PC 1.7)"
199.120.22.244 - - [24/Jan/2006:12:46:11 -0500] "GET /englishL/home/images/lincoln.gif HTTP/1.1" 200 11057 "http://www.darwinday.org/englishL/home/index.html" "Mozilla/4.0 (compatible; MSIE 6.0; Windows NT 5.1; SV1; .NET CLR 1.0.3705; .NET CLR 1.1.4322; Tablet PC 1.7)"
199.120.22.244 - - [24/Jan/2006:12:46:12 -0500] "GET /englishL/home/images/darwin.gif HTTP/1.1" 200 13783 "http://www.darwinday.org/englishL/home/index.html" "Mozilla/4.0 (compatible; MSIE 6.0; Windows NT 5.1; SV1; .NET CLR 1.0.3705; .NET CLR 1.1.4322; Tablet PC 1.7)"
199.120.22.244 - - [24/Jan/2006:12:46:13 -0500] "GET /images/DNAlogo.gif HTTP/1.1" 200 1370 "http://www.darwinday.org/englishL/currarts.html" "Mozilla/4.0 (compatible; MSIE 6.0; Windows NT 5.1; SV1; .NET CLR 1.0.3705; .NET CLR 1.1.4322; Tablet PC 1.7)"
143.107.38.92 - - [24/Jan/2006:12:46:16 -0500] "GET /englishL/home/images/darwin.gif HTTP/1.1" 200 13783 "http://www.darwinday.org/" "Mozilla/5.0 (Windows; U; Windows NT 5.1; en-US; rv:1.8) Gecko/20051111 Firefox/1.5"
199.120.22.244 - - [24/Jan/2006:12:46:16 -0500] "GET /englishL/home/images/beagle.gif HTTP/1.1" 200 37108 "http://www.darwinday.org/englishL/home/index.html" "Mozilla/4.0 (compatible; MSIE 6.0; Windows NT 5.1; SV1; .NET CLR 1.0.3705; .NET CLR 1.1.4322; Tablet PC 1.7)"
199.120.22.244 - - [24/Jan/2006:12:46:18 -0500] "GET /images/trans.gif HTTP/1.1" 200 49 "http://www.darwinday.org/englishL/home/index.html" "Mozilla/4.0 (compatible; MSIE 6.0; Windows NT 5.1; SV1; .NET CLR 1.0.3705; .NET CLR 1.1.4322; Tablet PC 1.7)"
199.120.22.244 - - [24/Jan/2006:12:46:18 -0500] "GET /englishL/home/images/manymore.gif HTTP/1.1" 200 581 "http://www.darwinday.org/englishL/home/index.html" "Mozilla/4.0 (compatible; MSIE 6.0; Windows NT 5.1; SV1; .NET CLR 1.0.3705; .NET CLR 1.1.4322; Tablet PC 1.7)"
199.120.22.244 - - [24/Jan/2006:12:46:20 -0500] "GET /englishL/home/images/joinus.gif HTTP/1.1" 200 524 "http://www.darwinday.org/englishL/home/index.html" "Mozilla/4.0 (compatible; MSIE 6.0; Windows NT 5.1; SV1; .NET CLR 1.0.3705; .NET CLR 1.1.4322; Tablet PC 1.7)"
199.120.22.244 - - [24/Jan/2006:12:46:23 -0500] "GET /images/worldmaptransp.gif HTTP/1.1" 200 128893 "http://www.darwinday.org/englishL/home/index.html" "Mozilla/4.0 (compatible; MSIE 6.0; Windows NT 5.1; SV1; .NET CLR 1.0.3705; .NET CLR 1.1.4322; Tablet PC 1.7)"
143.107.38.92 - - [24/Jan/2006:12:46:24 -0500] "GET /images/DNAlogo.gif HTTP/1.1" 200 1370 "http://www.darwinday.org/englishL/currarts.html" "Mozilla/5.0 (Windows; U; Windows NT 5.1; en-US; rv:1.8) Gecko/20051111 Firefox/1.5"
143.107.38.92 - - [24/Jan/2006:12:46:24 -0500] "GET /images/trans.gif HTTP/1.1" 200 49 "http://www.darwinday.org/" "Mozilla/5.0 (Windows; U; Windows NT 5.1; en-US; rv:1.8) Gecko/20051111 Firefox/1.5"
199.120.22.244 - - [24/Jan/2006:12:46:24 -0500] "GET /englishL/home/images/horse.evolution.jpg HTTP/1.1" 200 29612 "http://www.darwinday.org/englishL/home/index.html" "Mozilla/4.0 (compatible; MSIE 6.0; Windows NT 5.1; SV1; .NET CLR 1.0.3705; .NET CLR 1.1.4322; Tablet PC 1.7)"
143.107.38.92 - - [24/Jan/2006:12:46:24 -0500] "GET /englishL/home/images/manymore.gif HTTP/1.1" 200 581 "http://www.darwinday.org/" "Mozilla/5.0 (Windows; U; Windows NT 5.1; en-US; rv:1.8) Gecko/20051111 Firefox/1.5"
207.20.25.100 - - [24/Jan/2006:12:46:41 -0500] "GET /englishL/life/emma.html HTTP/1.1" 200 12947 "http://images.google.com/imgres?imgurl=http://www.darwinday.org/englishL/life/images/emma.gif&imgrefurl=http://www.darwinday.org/englishL/life/emma.html&h=536&w=423&sz=176&tbnid=b2a1DHxK03B2UM:&tbnh=129&tbnw=101&hl=en&start=1&prev=/images%3Fq%3DCHARLES%2BDARWIN%2BMARRIED%255D%26svnum%3D10%26hl%3Den%26lr%3D%26client%3Dfirefox-a%26rls%3Dorg.mozilla:en-US:official_s%26sa%3DG" "Mozilla/5.0 (Macintosh; U; PPC Mac OS X Mach-O; en-US; rv:1.7.10) Gecko/20050716 Firefox/1.0.6"
207.20.25.100 - - [24/Jan/2006:12:46:48 -0500] "GET /englishL/life/images/emma.gif HTTP/1.1" 200 179774 "http://images.google.com/imgres?imgurl=http://www.darwinday.org/englishL/life/images/emma.gif&imgrefurl=http://www.darwinday.org/englishL/life/emma.html&h=536&w=423&sz=176&tbnid=b2a1DHxK03B2UM:&tbnh=129&tbnw=101&hl=en&prev=/images%3Fq%3DCHARLES%2BDARWIN%2BMARRIED%255D%26svnum%3D10%26hl%3Den%26lr%3D%26client%3Dfirefox-a%26rls%3Dorg.mozilla:en-US:official_s%26sa%3DG&frame=small" "Mozilla/5.0 (Macintosh; U; PPC Mac OS X Mach-O; en-US; rv:1.7.10) Gecko/20050716 Firefox/1.0.6"
207.20.25.100 - - [24/Jan/2006:12:47:00 -0500] "GET /englishL/life/images/emma.gif HTTP/1.1" 200 179774 "http://images.google.com/imgres?imgurl=http://www.darwinday.org/englishL/life/images/emma.gif&imgrefurl=http://www.darwinday.org/englishL/life/emma.html&h=536&w=423&sz=176&tbnid=b2a1DHxK03B2UM:&tbnh=129&tbnw=101&hl=en&prev=/images%3Fq%3DCHARLES%2BDARWIN%2BMARRIED%255D%26svnum%3D10%26hl%3Den%26lr%3D%26client%3Dfirefox-a%26rls%3Dorg.mozilla:en-US:official_s%26sa%3DG&frame=small" "Mozilla/5.0 (Macintosh; U; PPC Mac OS X Mach-O; en-US; rv:1.7.10) Gecko/20050716 Firefox/1.0.6"
143.107.38.92 - - [24/Jan/2006:12:47:00 -0500] "GET /englishL/home/images/beagle.gif HTTP/1.1" 200 37108 "http://www.darwinday.org/" "Mozilla/5.0 (Windows; U; Windows NT 5.1; en-US; rv:1.8) Gecko/20051111 Firefox/1.5"
207.20.25.100 - - [24/Jan/2006:12:47:01 -0500] "GET /favicon.ico HTTP/1.1" 404 3385 "-" "Mozilla/5.0 (Macintosh; U; PPC Mac OS X Mach-O; en-US; rv:1.7.10) Gecko/20050716 Firefox/1.0.6"
207.20.25.100 - - [24/Jan/2006:12:47:46 -0500] "GET /englishL/life/emma.html HTTP/1.1" 200 12947 "http://images.google.com/imgres?imgurl=http://www.darwinday.org/englishL/life/images/emma.gif&imgrefurl=http://www.darwinday.org/englishL/life/emma.html&h=536&w=423&sz=176&tbnid=b2a1DHxK03B2UM:&tbnh=129&tbnw=101&hl=en&start=1&prev=/images%3Fq%3DCHARLES%2BDARWIN%2BMARRIED%255D%26svnum%3D10%26hl%3Den%26lr%3D%26client%3Dfirefox-a%26rls%3Dorg.mozilla:en-US:official_s%26sa%3DG" "Mozilla/5.0 (Macintosh; U; PPC Mac OS X Mach-O; en-US; rv:1.7.10) Gecko/20050716 Firefox/1.0.6"
143.107.38.92 - - [24/Jan/2006:12:48:28 -0500] "GET /images/worldmaptransp.gif HTTP/1.1" 200 128893 "http://www.darwinday.org/" "Mozilla/5.0 (Windows; U; Windows NT 5.1; en-US; rv:1.8) Gecko/20051111 Firefox/1.5"
199.120.22.244 - - [24/Jan/2006:12:48:30 -0500] "GET /englishL/home/index.html HTTP/1.1" 304 - "http://www.cofc.edu/%7Edillonr/DarwinWeekVI.html" "Mozilla/4.0 (compatible; MSIE 6.0; Windows NT 5.1; SV1; .NET CLR 1.0.3705; .NET CLR 1.1.4322; Tablet PC 1.7)"
199.120.22.244 - - [24/Jan/2006:12:48:30 -0500] "GET /stylesheets/mainenglishL.css HTTP/1.1" 304 - "http://www.darwinday.org/englishL/home/index.html" "Mozilla/4.0 (compatible; MSIE 6.0; Windows NT 5.1; SV1; .NET CLR 1.0.3705; .NET CLR 1.1.4322; Tablet PC 1.7)"
199.120.22.244 - - [24/Jan/2006:12:48:30 -0500] "GET /images/topleftlogo.gif HTTP/1.1" 304 - "http://www.darwinday.org/englishL/home/index.html" "Mozilla/4.0 (compatible; MSIE 6.0; Windows NT 5.1; SV1; .NET CLR 1.0.3705; .NET CLR 1.1.4322; Tablet PC 1.7)"
199.120.22.244 - - [24/Jan/2006:12:48:30 -0500] "GET /images/header.gif HTTP/1.1" 304 - "http://www.darwinday.org/englishL/home/index.html" "Mozilla/4.0 (compatible; MSIE 6.0; Windows NT 5.1; SV1; .NET CLR 1.0.3705; .NET CLR 1.1.4322; Tablet PC 1.7)"
199.120.22.244 - - [24/Jan/2006:12:48:33 -0500] "GET /images/worldmaptransp.gif HTTP/1.1" 304 - "http://www.darwinday.org/englishL/home/index.html" "Mozilla/4.0 (compatible; MSIE 6.0; Windows NT 5.1; SV1; .NET CLR 1.0.3705; .NET CLR 1.1.4322; Tablet PC 1.7)"
199.120.22.244 - - [24/Jan/2006:12:48:33 -0500] "GET /englishL/images/titletrans.gif HTTP/1.1" 304 - "http://www.darwinday.org/englishL/home/index.html" "Mozilla/4.0 (compatible; MSIE 6.0; Windows NT 5.1; SV1; .NET CLR 1.0.3705; .NET CLR 1.1.4322; Tablet PC 1.7)"
199.120.22.244 - - [24/Jan/2006:12:48:33 -0500] "GET /stylesheets/main.css HTTP/1.1" 304 - "http://www.darwinday.org/englishL/home/index.html" "Mozilla/4.0 (compatible; MSIE 6.0; Windows NT 5.1; SV1; .NET CLR 1.0.3705; .NET CLR 1.1.4322; Tablet PC 1.7)"
199.120.22.244 - - [24/Jan/2006:12:48:33 -0500] "GET /englishL/images/navbar.gif HTTP/1.1" 304 - "http://www.darwinday.org/englishL/home/index.html" "Mozilla/4.0 (compatible; MSIE 6.0; Windows NT 5.1; SV1; .NET CLR 1.0.3705; .NET CLR 1.1.4322; Tablet PC 1.7)"
199.120.22.244 - - [24/Jan/2006:12:48:33 -0500] "GET /englishL/home/images/darwinages.gif HTTP/1.1" 304 - "http://www.darwinday.org/englishL/home/index.html" "Mozilla/4.0 (compatible; MSIE 6.0; Windows NT 5.1; SV1; .NET CLR 1.0.3705; .NET CLR 1.1.4322; Tablet PC 1.7)"
199.120.22.244 - - [24/Jan/2006:12:48:33 -0500] "GET /images/arrow.gif HTTP/1.1" 304 - "http://www.darwinday.org/englishL/home/index.html" "Mozilla/4.0 (compatible; MSIE 6.0; Windows NT 5.1; SV1; .NET CLR 1.0.3705; .NET CLR 1.1.4322; Tablet PC 1.7)"
199.120.22.244 - - [24/Jan/2006:12:48:33 -0500] "GET /images/dnahorizl.gif HTTP/1.1" 304 - "http://www.darwinday.org/englishL/home/index.html" "Mozilla/4.0 (compatible; MSIE 6.0; Windows NT 5.1; SV1; .NET CLR 1.0.3705; .NET CLR 1.1.4322; Tablet PC 1.7)"
199.120.22.244 - - [24/Jan/2006:12:48:34 -0500] "GET /images/dnahoriz.gif HTTP/1.1" 304 - "http://www.darwinday.org/englishL/home/index.html" "Mozilla/4.0 (compatible; MSIE 6.0; Windows NT 5.1; SV1; .NET CLR 1.0.3705; .NET CLR 1.1.4322; Tablet PC 1.7)"
199.120.22.244 - - [24/Jan/2006:12:48:34 -0500] "GET /images/dnahorizr.gif HTTP/1.1" 304 - "http://www.darwinday.org/englishL/home/index.html" "Mozilla/4.0 (compatible; MSIE 6.0; Windows NT 5.1; SV1; .NET CLR 1.0.3705; .NET CLR 1.1.4322; Tablet PC 1.7)"
199.120.22.244 - - [24/Jan/2006:12:48:34 -0500] "GET /englishL/home/images/lincoln.gif HTTP/1.1" 304 - "http://www.darwinday.org/englishL/home/index.html" "Mozilla/4.0 (compatible; MSIE 6.0; Windows NT 5.1; SV1; .NET CLR 1.0.3705; .NET CLR 1.1.4322; Tablet PC 1.7)"
199.120.22.244 - - [24/Jan/2006:12:48:34 -0500] "GET /englishL/home/images/darwin.gif HTTP/1.1" 304 - "http://www.darwinday.org/englishL/home/index.html" "Mozilla/4.0 (compatible; MSIE 6.0; Windows NT 5.1; SV1; .NET CLR 1.0.3705; .NET CLR 1.1.4322; Tablet PC 1.7)"
199.120.22.244 - - [24/Jan/2006:12:48:34 -0500] "GET /englishL/home/images/beagle.gif HTTP/1.1" 304 - "http://www.darwinday.org/englishL/home/index.html" "Mozilla/4.0 (compatible; MSIE 6.0; Windows NT 5.1; SV1; .NET CLR 1.0.3705; .NET CLR 1.1.4322; Tablet PC 1.7)"
199.120.22.244 - - [24/Jan/2006:12:48:34 -0500] "GET /images/trans.gif HTTP/1.1" 304 - "http://www.darwinday.org/englishL/home/index.html" "Mozilla/4.0 (compatible; MSIE 6.0; Windows NT 5.1; SV1; .NET CLR 1.0.3705; .NET CLR 1.1.4322; Tablet PC 1.7)"
199.120.22.244 - - [24/Jan/2006:12:48:34 -0500] "GET /englishL/home/images/manymore.gif HTTP/1.1" 304 - "http://www.darwinday.org/englishL/home/index.html" "Mozilla/4.0 (compatible; MSIE 6.0; Windows NT 5.1; SV1; .NET CLR 1.0.3705; .NET CLR 1.1.4322; Tablet PC 1.7)"
199.120.22.244 - - [24/Jan/2006:12:48:34 -0500] "GET /englishL/home/images/joinus.gif HTTP/1.1" 304 - "http://www.darwinday.org/englishL/home/index.html" "Mozilla/4.0 (compatible; MSIE 6.0; Windows NT 5.1; SV1; .NET CLR 1.0.3705; .NET CLR 1.1.4322; Tablet PC 1.7)"
199.120.22.244 - - [24/Jan/2006:12:48:35 -0500] "GET /englishL/home/images/horse.evolution.jpg HTTP/1.1" 304 - "http://www.darwinday.org/englishL/home/index.html" "Mozilla/4.0 (compatible; MSIE 6.0; Windows NT 5.1; SV1; .NET CLR 1.0.3705; .NET CLR 1.1.4322; Tablet PC 1.7)"
199.120.22.244 - - [24/Jan/2006:12:48:36 -0500] "GET /englishL/currarts.html HTTP/1.1" 304 - "http://www.darwinday.org/englishL/home/index.html" "Mozilla/4.0 (compatible; MSIE 6.0; Windows NT 5.1; SV1; .NET CLR 1.0.3705; .NET CLR 1.1.4322; Tablet PC 1.7)"
199.120.22.244 - - [24/Jan/2006:12:48:36 -0500] "GET /images/DNAlogo.gif HTTP/1.1" 304 - "http://www.darwinday.org/englishL/currarts.html" "Mozilla/4.0 (compatible; MSIE 6.0; Windows NT 5.1; SV1; .NET CLR 1.0.3705; .NET CLR 1.1.4322; Tablet PC 1.7)"
69.248.120.154 - - [24/Jan/2006:12:50:11 -0500] "GET /stylesheets/main.css HTTP/1.1" 200 658 "http://www.darwinday.org/englishL/dispsupport/index.php" "Mozilla/4.0 (compatible; MSIE 6.0; Windows NT 5.1; SV1)"
69.248.120.154 - - [24/Jan/2006:12:50:11 -0500] "GET /images/topleftlogo.gif HTTP/1.1" 200 6907 "http://www.darwinday.org/englishL/dispsupport/index.php" "Mozilla/4.0 (compatible; MSIE 6.0; Windows NT 5.1; SV1)"
69.248.120.154 - - [24/Jan/2006:12:50:12 -0500] "GET /images/header.gif HTTP/1.1" 200 26756 "http://www.darwinday.org/englishL/dispsupport/index.php" "Mozilla/4.0 (compatible; MSIE 6.0; Windows NT 5.1; SV1)"
69.248.120.154 - - [24/Jan/2006:12:50:15 -0500] "GET /englishL/dispsupport/index.php HTTP/1.1" 200 155456 "http://search.msn.com/spresults.aspx?q=NY+darwin++museum&FORM=QBPR" "Mozilla/4.0 (compatible; MSIE 6.0; Windows NT 5.1; SV1)"
69.248.120.154 - - [24/Jan/2006:12:50:15 -0500] "GET /images/worldmaptransp.gif HTTP/1.1" 200 59291 "http://www.darwinday.org/englishL/dispsupport/index.php" "Mozilla/4.0 (compatible; MSIE 6.0; Windows NT 5.1; SV1)"
143.107.38.92 - - [24/Jan/2006:12:51:05 -0500] "GET /englishL/home/images/darwinages.gif HTTP/1.1" 200 30257 "http://www.darwinday.org/" "Mozilla/5.0 (Windows; U; Windows NT 5.1; en-US; rv:1.8) Gecko/20051111 Firefox/1.5"
64.124.85.78 - - [24/Jan/2006:12:51:51 -0500] "GET /robots.txt HTTP/1.1" 404 3384 "-" "Mozilla/5.0 (compatible; BecomeBot/2.3; MSIE 6.0 compatible; +http://www.become.com/site_owners.html)"
24.6.154.174 - - [24/Jan/2006:12:53:50 -0500] "GET / HTTP/1.1" 200 25315 "-" "Mozilla/4.0 (compatible; MSIE 6.0; Windows NT 5.1; SV1; .NET CLR 1.1.4322)"
24.6.154.174 - - [24/Jan/2006:12:53:53 -0500] "GET /stylesheets/mainenglishL.css HTTP/1.1" 200 590 "http://www.darwinday.org/" "Mozilla/4.0 (compatible; MSIE 6.0; Windows NT 5.1; SV1; .NET CLR 1.1.4322)"
24.6.154.174 - - [24/Jan/2006:12:53:53 -0500] "GET /stylesheets/main.css HTTP/1.1" 200 658 "http://www.darwinday.org/" "Mozilla/4.0 (compatible; MSIE 6.0; Windows NT 5.1; SV1; .NET CLR 1.1.4322)"
24.6.154.174 - - [24/Jan/2006:12:53:53 -0500] "GET /images/topleftlogo.gif HTTP/1.1" 200 6907 "http://www.darwinday.org/" "Mozilla/4.0 (compatible; MSIE 6.0; Windows NT 5.1; SV1; .NET CLR 1.1.4322)"
24.6.154.174 - - [24/Jan/2006:12:53:54 -0500] "GET /englishL/currarts.html HTTP/1.1" 200 5653 "http://www.darwinday.org/" "Mozilla/4.0 (compatible; MSIE 6.0; Windows NT 5.1; SV1; .NET CLR 1.1.4322)"
24.6.154.174 - - [24/Jan/2006:12:53:56 -0500] "GET /images/header.gif HTTP/1.1" 200 26756 "http://www.darwinday.org/" "Mozilla/4.0 (compatible; MSIE 6.0; Windows NT 5.1; SV1; .NET CLR 1.1.4322)"
24.6.154.174 - - [24/Jan/2006:12:54:00 -0500] "GET /englishL/images/titletrans.gif HTTP/1.1" 200 15588 "http://www.darwinday.org/" "Mozilla/4.0 (compatible; MSIE 6.0; Windows NT 5.1; SV1; .NET CLR 1.1.4322)"
24.6.154.174 - - [24/Jan/2006:12:54:03 -0500] "GET /englishL/images/navbar.gif HTTP/1.1" 200 2667 "http://www.darwinday.org/" "Mozilla/4.0 (compatible; MSIE 6.0; Windows NT 5.1; SV1; .NET CLR 1.1.4322)"
24.183.190.87 - - [24/Jan/2006:12:54:09 -0500] "GET /stylesheets/mainenglishL.css HTTP/1.1" 200 590 "http://www.darwinday.org/" "Mozilla/4.0 (compatible; MSIE 6.0; Windows NT 5.1; SV1; .NET CLR 1.1.4322)"
24.183.190.87 - - [24/Jan/2006:12:54:09 -0500] "GET /stylesheets/main.css HTTP/1.1" 200 658 "http://www.darwinday.org/" "Mozilla/4.0 (compatible; MSIE 6.0; Windows NT 5.1; SV1; .NET CLR 1.1.4322)"
24.183.190.87 - - [24/Jan/2006:12:54:09 -0500] "GET /images/topleftlogo.gif HTTP/1.1" 200 6907 "http://www.darwinday.org/" "Mozilla/4.0 (compatible; MSIE 6.0; Windows NT 5.1; SV1; .NET CLR 1.1.4322)"
24.183.190.87 - - [24/Jan/2006:12:54:11 -0500] "GET /images/header.gif HTTP/1.1" 200 26756 "http://www.darwinday.org/" "Mozilla/4.0 (compatible; MSIE 6.0; Windows NT 5.1; SV1; .NET CLR 1.1.4322)"
24.6.154.174 - - [24/Jan/2006:12:54:13 -0500] "GET /images/worldmaptransp.gif HTTP/1.1" 200 128893 "http://www.darwinday.org/" "Mozilla/4.0 (compatible; MSIE 6.0; Windows NT 5.1; SV1; .NET CLR 1.1.4322)"
24.183.190.87 - - [24/Jan/2006:12:54:15 -0500] "GET /images/worldmaptransp.gif HTTP/1.1" 200 128893 "http://www.darwinday.org/" "Mozilla/4.0 (compatible; MSIE 6.0; Windows NT 5.1; SV1; .NET CLR 1.1.4322)"
24.183.190.87 - - [24/Jan/2006:12:54:16 -0500] "GET /englishL/images/titletrans.gif HTTP/1.1" 200 15588 "http://www.darwinday.org/" "Mozilla/4.0 (compatible; MSIE 6.0; Windows NT 5.1; SV1; .NET CLR 1.1.4322)"
24.183.190.87 - - [24/Jan/2006:12:54:16 -0500] "GET /englishL/images/navbar.gif HTTP/1.1" 200 2667 "http://www.darwinday.org/" "Mozilla/4.0 (compatible; MSIE 6.0; Windows NT 5.1; SV1; .NET CLR 1.1.4322)"
