213.67.177.229 - - [24/Jan/2006:13:51:54 -0500] "GET /images/dnahorizl.gif HTTP/1.1" 200 2130 "http://www.darwinday.org/" "Mozilla/4.0 (compatible; MSIE 6.0; Windows NT 5.1; SV1; i-NavFourF)"
213.67.177.229 - - [24/Jan/2006:13:51:55 -0500] "GET /images/dnahoriz.gif HTTP/1.1" 200 3391 "http://www.darwinday.org/" "Mozilla/4.0 (compatible; MSIE 6.0; Windows NT 5.1; SV1; i-NavFourF)"
213.67.177.229 - - [24/Jan/2006:13:51:55 -0500] "GET /images/dnahorizr.gif HTTP/1.1" 200 2104 "http://www.darwinday.org/" "Mozilla/4.0 (compatible; MSIE 6.0; Windows NT 5.1; SV1; i-NavFourF)"
213.67.177.229 - - [24/Jan/2006:13:51:55 -0500] "GET /englishL/home/images/lincoln.gif HTTP/1.1" 200 11057 "http://www.darwinday.org/" "Mozilla/4.0 (compatible; MSIE 6.0; Windows NT 5.1; SV1; i-NavFourF)"
213.67.177.229 - - [24/Jan/2006:13:51:56 -0500] "GET /englishL/home/images/darwin.gif HTTP/1.1" 200 13783 "http://www.darwinday.org/" "Mozilla/4.0 (compatible; MSIE 6.0; Windows NT 5.1; SV1; i-NavFourF)"
213.67.177.229 - - [24/Jan/2006:13:51:56 -0500] "GET /images/worldmaptransp.gif HTTP/1.1" 200 128893 "http://www.darwinday.org/" "Mozilla/4.0 (compatible; MSIE 6.0; Windows NT 5.1; SV1; i-NavFourF)"
213.67.177.229 - - [24/Jan/2006:13:51:57 -0500] "GET /images/trans.gif HTTP/1.1" 200 49 "http://www.darwinday.org/" "Mozilla/4.0 (compatible; MSIE 6.0; Windows NT 5.1; SV1; i-NavFourF)"
213.67.177.229 - - [24/Jan/2006:13:51:58 -0500] "GET /englishL/home/images/manymore.gif HTTP/1.1" 200 581 "http://www.darwinday.org/" "Mozilla/4.0 (compatible; MSIE 6.0; Windows NT 5.1; SV1; i-NavFourF)"
213.67.177.229 - - [24/Jan/2006:13:51:58 -0500] "GET /englishL/home/images/beagle.gif HTTP/1.1" 200 37108 "http://www.darwinday.org/" "Mozilla/4.0 (compatible; MSIE 6.0; Windows NT 5.1; SV1; i-NavFourF)"
213.67.177.229 - - [24/Jan/2006:13:51:58 -0500] "GET /englishL/home/images/joinus.gif HTTP/1.1" 200 524 "http://www.darwinday.org/" "Mozilla/4.0 (compatible; MSIE 6.0; Windows NT 5.1; SV1; i-NavFourF)"
213.67.177.229 - - [24/Jan/2006:13:51:59 -0500] "GET /englishL/home/images/horse.evolution.jpg HTTP/1.1" 200 29612 "http://www.darwinday.org/" "Mozilla/4.0 (compatible; MSIE 6.0; Windows NT 5.1; SV1; i-NavFourF)"
213.67.177.229 - - [24/Jan/2006:13:52:00 -0500] "GET /images/DNAlogo.gif HTTP/1.1" 200 1370 "http://www.darwinday.org/englishL/currarts.html" "Mozilla/4.0 (compatible; MSIE 6.0; Windows NT 5.1; SV1; i-NavFourF)"
194.224.199.51 - - [24/Jan/2006:13:52:20 -0500] "GET /englishL/donate/index.html HTTP/1.1" 200 5626 "http://www.darwinday.org/" "noxtrumbot/1.0 (crawler@noxtrum.com)"
68.163.49.149 - - [24/Jan/2006:13:52:59 -0500] "GET /englishL/events/index.html HTTP/1.1" 200 4612 "http://www.darwinday.org/" "Mozilla/4.0 (compatible; MSIE 6.0; Windows NT 5.1; SV1; .NET CLR 1.1.4322)"
68.163.49.149 - - [24/Jan/2006:13:52:59 -0500] "GET /images/goldball.gif HTTP/1.1" 200 332 "http://www.darwinday.org/englishL/events/index.html" "Mozilla/4.0 (compatible; MSIE 6.0; Windows NT 5.1; SV1; .NET CLR 1.1.4322)"
68.163.49.149 - - [24/Jan/2006:13:53:05 -0500] "GET /englishL/home/2006.php HTTP/1.1" 200 259879 "http://www.darwinday.org/englishL/events/index.html" "Mozilla/4.0 (compatible; MSIE 6.0; Windows NT 5.1; SV1; .NET CLR 1.1.4322)"
194.224.199.51 - - [24/Jan/2006:13:53:21 -0500] "GET /englishL/home/2002.html HTTP/1.1" 200 26407 "http://www.darwinday.org/" "noxtrumbot/1.0 (crawler@noxtrum.com)"
72.161.96.103 - - [24/Jan/2006:13:54:04 -0500] "GET /stylesheets/main.css HTTP/1.1" 200 658 "http://www.darwinday.org/englishL/dispsupport/index.php" "Mozilla/5.0 (Windows; U; Windows NT 5.1; en-US; rv:1.7.5) Gecko/20051012 Netscape/8.0.4"
72.161.96.103 - - [24/Jan/2006:13:54:04 -0500] "GET /images/topleftlogo.gif HTTP/1.1" 200 6907 "http://www.darwinday.org/englishL/dispsupport/index.php" "Mozilla/5.0 (Windows; U; Windows NT 5.1; en-US; rv:1.7.5) Gecko/20051012 Netscape/8.0.4"
72.161.96.103 - - [24/Jan/2006:13:54:05 -0500] "GET /images/header.gif HTTP/1.1" 200 26756 "http://www.darwinday.org/englishL/dispsupport/index.php" "Mozilla/5.0 (Windows; U; Windows NT 5.1; en-US; rv:1.7.5) Gecko/20051012 Netscape/8.0.4"
72.161.96.103 - - [24/Jan/2006:13:54:08 -0500] "GET /images/worldmaptransp.gif HTTP/1.1" 200 128893 "http://www.darwinday.org/englishL/dispsupport/index.php" "Mozilla/5.0 (Windows; U; Windows NT 5.1; en-US; rv:1.7.5) Gecko/20051012 Netscape/8.0.4"
72.161.96.103 - - [24/Jan/2006:13:54:08 -0500] "GET /englishL/images/titletrans.gif HTTP/1.1" 200 15588 "http://www.darwinday.org/englishL/dispsupport/index.php" "Mozilla/5.0 (Windows; U; Windows NT 5.1; en-US; rv:1.7.5) Gecko/20051012 Netscape/8.0.4"
72.161.96.103 - - [24/Jan/2006:13:54:09 -0500] "GET /images/navbar.gif HTTP/1.1" 200 2667 "http://www.darwinday.org/englishL/dispsupport/index.php" "Mozilla/5.0 (Windows; U; Windows NT 5.1; en-US; rv:1.7.5) Gecko/20051012 Netscape/8.0.4"
72.161.96.103 - - [24/Jan/2006:13:54:12 -0500] "GET /englishL/dispsupport/index.php HTTP/1.1" 200 428666 "http://www.google.com/search?hl=en&lr=&rls=com.netscape%3Aen-US&q=gail+hannigan+grand+junction+colorado&btnG=Search" "Mozilla/5.0 (Windows; U; Windows NT 5.1; en-US; rv:1.7.5) Gecko/20051012 Netscape/8.0.4"
66.93.33.22 - - [24/Jan/2006:13:54:12 -0500] "GET / HTTP/1.1" 200 25315 "-" "Mozilla/4.0 (compatible; MSIE 6.0; Windows NT 5.1; SV1; .NET CLR 1.1.4322; .NET CLR 2.0.50727)"
66.93.33.22 - - [24/Jan/2006:13:54:12 -0500] "GET /stylesheets/mainenglishL.css HTTP/1.1" 200 590 "http://www.darwinday.org/" "Mozilla/4.0 (compatible; MSIE 6.0; Windows NT 5.1; SV1; .NET CLR 1.1.4322; .NET CLR 2.0.50727)"
66.93.33.22 - - [24/Jan/2006:13:54:12 -0500] "GET /stylesheets/main.css HTTP/1.1" 200 658 "http://www.darwinday.org/" "Mozilla/4.0 (compatible; MSIE 6.0; Windows NT 5.1; SV1; .NET CLR 1.1.4322; .NET CLR 2.0.50727)"
66.93.33.22 - - [24/Jan/2006:13:54:13 -0500] "GET /images/topleftlogo.gif HTTP/1.1" 200 6907 "http://www.darwinday.org/" "Mozilla/4.0 (compatible; MSIE 6.0; Windows NT 5.1; SV1; .NET CLR 1.1.4322; .NET CLR 2.0.50727)"
66.93.33.22 - - [24/Jan/2006:13:54:13 -0500] "GET /englishL/currarts.html HTTP/1.1" 200 5653 "http://www.darwinday.org/" "Mozilla/4.0 (compatible; MSIE 6.0; Windows NT 5.1; SV1; .NET CLR 1.1.4322; .NET CLR 2.0.50727)"
72.161.96.103 - - [24/Jan/2006:13:54:13 -0500] "GET /favicon.ico HTTP/1.1" 404 3385 "-" "Mozilla/5.0 (Windows; U; Windows NT 5.1; en-US; rv:1.7.5) Gecko/20051012 Netscape/8.0.4"
66.93.33.22 - - [24/Jan/2006:13:54:13 -0500] "GET /images/header.gif HTTP/1.1" 200 26756 "http://www.darwinday.org/" "Mozilla/4.0 (compatible; MSIE 6.0; Windows NT 5.1; SV1; .NET CLR 1.1.4322; .NET CLR 2.0.50727)"
66.93.33.22 - - [24/Jan/2006:13:54:14 -0500] "GET /images/worldmaptransp.gif HTTP/1.1" 200 128893 "http://www.darwinday.org/" "Mozilla/4.0 (compatible; MSIE 6.0; Windows NT 5.1; SV1; .NET CLR 1.1.4322; .NET CLR 2.0.50727)"
66.93.33.22 - - [24/Jan/2006:13:54:14 -0500] "GET /englishL/images/titletrans.gif HTTP/1.1" 200 15588 "http://www.darwinday.org/" "Mozilla/4.0 (compatible; MSIE 6.0; Windows NT 5.1; SV1; .NET CLR 1.1.4322; .NET CLR 2.0.50727)"
66.93.33.22 - - [24/Jan/2006:13:54:14 -0500] "GET /englishL/images/navbar.gif HTTP/1.1" 200 2667 "http://www.darwinday.org/" "Mozilla/4.0 (compatible; MSIE 6.0; Windows NT 5.1; SV1; .NET CLR 1.1.4322; .NET CLR 2.0.50727)"
66.93.33.22 - - [24/Jan/2006:13:54:15 -0500] "GET /images/arrow.gif HTTP/1.1" 200 112 "http://www.darwinday.org/" "Mozilla/4.0 (compatible; MSIE 6.0; Windows NT 5.1; SV1; .NET CLR 1.1.4322; .NET CLR 2.0.50727)"
66.93.33.22 - - [24/Jan/2006:13:54:15 -0500] "GET /images/dnahorizl.gif HTTP/1.1" 200 2130 "http://www.darwinday.org/" "Mozilla/4.0 (compatible; MSIE 6.0; Windows NT 5.1; SV1; .NET CLR 1.1.4322; .NET CLR 2.0.50727)"
66.93.33.22 - - [24/Jan/2006:13:54:15 -0500] "GET /images/dnahoriz.gif HTTP/1.1" 200 3391 "http://www.darwinday.org/" "Mozilla/4.0 (compatible; MSIE 6.0; Windows NT 5.1; SV1; .NET CLR 1.1.4322; .NET CLR 2.0.50727)"
66.93.33.22 - - [24/Jan/2006:13:54:15 -0500] "GET /englishL/home/images/darwinages.gif HTTP/1.1" 200 50309 "http://www.darwinday.org/" "Mozilla/4.0 (compatible; MSIE 6.0; Windows NT 5.1; SV1; .NET CLR 1.1.4322; .NET CLR 2.0.50727)"
66.93.33.22 - - [24/Jan/2006:13:54:15 -0500] "GET /images/dnahorizr.gif HTTP/1.1" 200 2104 "http://www.darwinday.org/" "Mozilla/4.0 (compatible; MSIE 6.0; Windows NT 5.1; SV1; .NET CLR 1.1.4322; .NET CLR 2.0.50727)"
66.93.33.22 - - [24/Jan/2006:13:54:15 -0500] "GET /englishL/home/images/lincoln.gif HTTP/1.1" 200 11057 "http://www.darwinday.org/" "Mozilla/4.0 (compatible; MSIE 6.0; Windows NT 5.1; SV1; .NET CLR 1.1.4322; .NET CLR 2.0.50727)"
66.93.33.22 - - [24/Jan/2006:13:54:15 -0500] "GET /englishL/home/images/darwin.gif HTTP/1.1" 200 13783 "http://www.darwinday.org/" "Mozilla/4.0 (compatible; MSIE 6.0; Windows NT 5.1; SV1; .NET CLR 1.1.4322; .NET CLR 2.0.50727)"
66.93.33.22 - - [24/Jan/2006:13:54:16 -0500] "GET /images/trans.gif HTTP/1.1" 200 49 "http://www.darwinday.org/" "Mozilla/4.0 (compatible; MSIE 6.0; Windows NT 5.1; SV1; .NET CLR 1.1.4322; .NET CLR 2.0.50727)"
66.93.33.22 - - [24/Jan/2006:13:54:16 -0500] "GET /englishL/home/images/manymore.gif HTTP/1.1" 200 581 "http://www.darwinday.org/" "Mozilla/4.0 (compatible; MSIE 6.0; Windows NT 5.1; SV1; .NET CLR 1.1.4322; .NET CLR 2.0.50727)"
66.93.33.22 - - [24/Jan/2006:13:54:16 -0500] "GET /englishL/home/images/joinus.gif HTTP/1.1" 200 524 "http://www.darwinday.org/" "Mozilla/4.0 (compatible; MSIE 6.0; Windows NT 5.1; SV1; .NET CLR 1.1.4322; .NET CLR 2.0.50727)"
66.93.33.22 - - [24/Jan/2006:13:54:16 -0500] "GET /englishL/home/images/beagle.gif HTTP/1.1" 200 37108 "http://www.darwinday.org/" "Mozilla/4.0 (compatible; MSIE 6.0; Windows NT 5.1; SV1; .NET CLR 1.1.4322; .NET CLR 2.0.50727)"
66.93.33.22 - - [24/Jan/2006:13:54:16 -0500] "GET /englishL/home/images/horse.evolution.jpg HTTP/1.1" 200 29612 "http://www.darwinday.org/" "Mozilla/4.0 (compatible; MSIE 6.0; Windows NT 5.1; SV1; .NET CLR 1.1.4322; .NET CLR 2.0.50727)"
66.93.33.22 - - [24/Jan/2006:13:54:16 -0500] "GET /images/DNAlogo.gif HTTP/1.1" 200 1370 "http://www.darwinday.org/englishL/currarts.html" "Mozilla/4.0 (compatible; MSIE 6.0; Windows NT 5.1; SV1; .NET CLR 1.1.4322; .NET CLR 2.0.50727)"
66.93.33.22 - - [24/Jan/2006:13:54:17 -0500] "GET /favicon.ico HTTP/1.1" 404 3385 "-" "-"
194.224.199.51 - - [24/Jan/2006:13:54:23 -0500] "GET /englishL/home/2003.html HTTP/1.1" 200 100585 "http://www.darwinday.org/" "noxtrumbot/1.0 (crawler@noxtrum.com)"
24.123.17.226 - - [24/Jan/2006:13:54:54 -0500] "GET /englishL/home/images/darwinages.gif HTTP/1.0" 200 50309 "http://drervin.com/" "Mozilla/4.0 (compatible; MSIE 6.0; Windows NT 5.1; SV1)"
149.168.64.102 - - [24/Jan/2006:13:54:59 -0500] "GET /favicon.ico HTTP/1.1" 404 3385 "-" "Mozilla/5.0 (Macintosh; U; PPC Mac OS X Mach-O; en-US; rv:1.4) Gecko/20030624 Netscape/7.1"
149.168.64.102 - - [24/Jan/2006:13:54:59 -0500] "GET /stylesheets/mainenglishL.css HTTP/1.1" 200 590 "http://www.darwinday.org/" "Mozilla/5.0 (Macintosh; U; PPC Mac OS X Mach-O; en-US; rv:1.4) Gecko/20030624 Netscape/7.1"
149.168.64.102 - - [24/Jan/2006:13:54:59 -0500] "GET / HTTP/1.1" 200 25315 "-" "Mozilla/5.0 (Macintosh; U; PPC Mac OS X Mach-O; en-US; rv:1.4) Gecko/20030624 Netscape/7.1"
149.168.64.102 - - [24/Jan/2006:13:55:00 -0500] "GET /stylesheets/main.css HTTP/1.1" 200 658 "http://www.darwinday.org/" "Mozilla/5.0 (Macintosh; U; PPC Mac OS X Mach-O; en-US; rv:1.4) Gecko/20030624 Netscape/7.1"
149.168.64.102 - - [24/Jan/2006:13:55:00 -0500] "GET /images/topleftlogo.gif HTTP/1.1" 200 6907 "http://www.darwinday.org/" "Mozilla/5.0 (Macintosh; U; PPC Mac OS X Mach-O; en-US; rv:1.4) Gecko/20030624 Netscape/7.1"
149.168.64.102 - - [24/Jan/2006:13:55:00 -0500] "GET /images/header.gif HTTP/1.1" 200 26756 "http://www.darwinday.org/" "Mozilla/5.0 (Macintosh; U; PPC Mac OS X Mach-O; en-US; rv:1.4) Gecko/20030624 Netscape/7.1"
149.168.64.102 - - [24/Jan/2006:13:55:00 -0500] "GET /englishL/images/titletrans.gif HTTP/1.1" 200 15588 "http://www.darwinday.org/" "Mozilla/5.0 (Macintosh; U; PPC Mac OS X Mach-O; en-US; rv:1.4) Gecko/20030624 Netscape/7.1"
149.168.64.102 - - [24/Jan/2006:13:55:00 -0500] "GET /images/worldmaptransp.gif HTTP/1.1" 200 128893 "http://www.darwinday.org/" "Mozilla/5.0 (Macintosh; U; PPC Mac OS X Mach-O; en-US; rv:1.4) Gecko/20030624 Netscape/7.1"
149.168.64.102 - - [24/Jan/2006:13:55:01 -0500] "GET /englishL/images/navbar.gif HTTP/1.1" 200 2667 "http://www.darwinday.org/" "Mozilla/5.0 (Macintosh; U; PPC Mac OS X Mach-O; en-US; rv:1.4) Gecko/20030624 Netscape/7.1"
149.168.64.102 - - [24/Jan/2006:13:55:01 -0500] "GET /englishL/home/images/darwinages.gif HTTP/1.1" 200 50309 "http://www.darwinday.org/" "Mozilla/5.0 (Macintosh; U; PPC Mac OS X Mach-O; en-US; rv:1.4) Gecko/20030624 Netscape/7.1"
149.168.64.102 - - [24/Jan/2006:13:55:01 -0500] "GET /images/arrow.gif HTTP/1.1" 200 112 "http://www.darwinday.org/" "Mozilla/5.0 (Macintosh; U; PPC Mac OS X Mach-O; en-US; rv:1.4) Gecko/20030624 Netscape/7.1"
149.168.64.102 - - [24/Jan/2006:13:55:01 -0500] "GET /images/dnahorizl.gif HTTP/1.1" 200 2130 "http://www.darwinday.org/" "Mozilla/5.0 (Macintosh; U; PPC Mac OS X Mach-O; en-US; rv:1.4) Gecko/20030624 Netscape/7.1"
149.168.64.102 - - [24/Jan/2006:13:55:01 -0500] "GET /images/dnahoriz.gif HTTP/1.1" 200 3391 "http://www.darwinday.org/" "Mozilla/5.0 (Macintosh; U; PPC Mac OS X Mach-O; en-US; rv:1.4) Gecko/20030624 Netscape/7.1"
149.168.64.102 - - [24/Jan/2006:13:55:01 -0500] "GET /images/dnahorizr.gif HTTP/1.1" 200 2104 "http://www.darwinday.org/" "Mozilla/5.0 (Macintosh; U; PPC Mac OS X Mach-O; en-US; rv:1.4) Gecko/20030624 Netscape/7.1"
149.168.64.102 - - [24/Jan/2006:13:55:01 -0500] "GET /englishL/currarts.html HTTP/1.1" 200 5653 "http://www.darwinday.org/" "Mozilla/5.0 (Macintosh; U; PPC Mac OS X Mach-O; en-US; rv:1.4) Gecko/20030624 Netscape/7.1"
149.168.64.102 - - [24/Jan/2006:13:55:02 -0500] "GET /englishL/home/images/lincoln.gif HTTP/1.1" 200 11057 "http://www.darwinday.org/" "Mozilla/5.0 (Macintosh; U; PPC Mac OS X Mach-O; en-US; rv:1.4) Gecko/20030624 Netscape/7.1"
149.168.64.102 - - [24/Jan/2006:13:55:02 -0500] "GET /englishL/home/images/darwin.gif HTTP/1.1" 200 13783 "http://www.darwinday.org/" "Mozilla/5.0 (Macintosh; U; PPC Mac OS X Mach-O; en-US; rv:1.4) Gecko/20030624 Netscape/7.1"
149.168.64.102 - - [24/Jan/2006:13:55:02 -0500] "GET /englishL/home/images/beagle.gif HTTP/1.1" 200 37108 "http://www.darwinday.org/" "Mozilla/5.0 (Macintosh; U; PPC Mac OS X Mach-O; en-US; rv:1.4) Gecko/20030624 Netscape/7.1"
149.168.64.102 - - [24/Jan/2006:13:55:02 -0500] "GET /images/trans.gif HTTP/1.1" 200 49 "http://www.darwinday.org/" "Mozilla/5.0 (Macintosh; U; PPC Mac OS X Mach-O; en-US; rv:1.4) Gecko/20030624 Netscape/7.1"
149.168.64.102 - - [24/Jan/2006:13:55:02 -0500] "GET /englishL/home/images/manymore.gif HTTP/1.1" 200 581 "http://www.darwinday.org/" "Mozilla/5.0 (Macintosh; U; PPC Mac OS X Mach-O; en-US; rv:1.4) Gecko/20030624 Netscape/7.1"
149.168.64.102 - - [24/Jan/2006:13:55:02 -0500] "GET /englishL/home/images/joinus.gif HTTP/1.1" 200 524 "http://www.darwinday.org/" "Mozilla/5.0 (Macintosh; U; PPC Mac OS X Mach-O; en-US; rv:1.4) Gecko/20030624 Netscape/7.1"
149.168.64.102 - - [24/Jan/2006:13:55:02 -0500] "GET /englishL/home/images/horse.evolution.jpg HTTP/1.1" 200 29612 "http://www.darwinday.org/" "Mozilla/5.0 (Macintosh; U; PPC Mac OS X Mach-O; en-US; rv:1.4) Gecko/20030624 Netscape/7.1"
149.168.64.102 - - [24/Jan/2006:13:55:02 -0500] "GET /images/DNAlogo.gif HTTP/1.1" 200 1370 "http://www.darwinday.org/englishL/currarts.html" "Mozilla/5.0 (Macintosh; U; PPC Mac OS X Mach-O; en-US; rv:1.4) Gecko/20030624 Netscape/7.1"
130.184.232.24 - - [24/Jan/2006:13:55:03 -0500] "GET /education/2002Workshop-criticalthinking.pdf HTTP/1.1" 404 3417 "http://www.austhink.org/critical/pages/teaching.html" "Mozilla/4.0 (compatible; MSIE 6.0; Windows NT 5.1; SV1)"
130.184.232.24 - - [24/Jan/2006:13:55:04 -0500] "GET /education/images/topleftlogo.gif HTTP/1.1" 404 3406 "http://www.darwinday.org/education/2002Workshop-criticalthinking.pdf" "Mozilla/4.0 (compatible; MSIE 6.0; Windows NT 5.1; SV1)"
130.184.232.24 - - [24/Jan/2006:13:55:04 -0500] "GET /education/images/header.gif HTTP/1.1" 404 3401 "http://www.darwinday.org/education/2002Workshop-criticalthinking.pdf" "Mozilla/4.0 (compatible; MSIE 6.0; Windows NT 5.1; SV1)"
130.184.232.24 - - [24/Jan/2006:13:55:04 -0500] "GET /stylesheets/main.css HTTP/1.1" 200 658 "http://www.darwinday.org/education/2002Workshop-criticalthinking.pdf" "Mozilla/4.0 (compatible; MSIE 6.0; Windows NT 5.1; SV1)"
130.184.232.24 - - [24/Jan/2006:13:55:04 -0500] "GET /education/englishL/images/titletrans.gif HTTP/1.1" 404 3414 "http://www.darwinday.org/education/2002Workshop-criticalthinking.pdf" "Mozilla/4.0 (compatible; MSIE 6.0; Windows NT 5.1; SV1)"
130.184.232.24 - - [24/Jan/2006:13:55:04 -0500] "GET /education/images/worldmaptransp.gif HTTP/1.1" 404 3409 "http://www.darwinday.org/education/2002Workshop-criticalthinking.pdf" "Mozilla/4.0 (compatible; MSIE 6.0; Windows NT 5.1; SV1)"
130.184.232.24 - - [24/Jan/2006:13:55:04 -0500] "GET /education/englishL/images/navbar.gif HTTP/1.1" 404 3410 "http://www.darwinday.org/education/2002Workshop-criticalthinking.pdf" "Mozilla/4.0 (compatible; MSIE 6.0; Windows NT 5.1; SV1)"
84.222.114.186 - - [24/Jan/2006:13:55:13 -0500] "GET /stylesheets/mainenglishL.css HTTP/1.1" 200 590 "http://www.darwinday.org/" "Mozilla/5.0 (Macintosh; U; PPC Mac OS X Mach-O; it-IT; rv:1.7.12) Gecko/20050919 Firefox/1.0.7"
84.222.114.186 - - [24/Jan/2006:13:55:14 -0500] "GET / HTTP/1.1" 200 25315 "-" "Mozilla/5.0 (Macintosh; U; PPC Mac OS X Mach-O; it-IT; rv:1.7.12) Gecko/20050919 Firefox/1.0.7"
84.222.114.186 - - [24/Jan/2006:13:55:14 -0500] "GET /stylesheets/main.css HTTP/1.1" 200 658 "http://www.darwinday.org/" "Mozilla/5.0 (Macintosh; U; PPC Mac OS X Mach-O; it-IT; rv:1.7.12) Gecko/20050919 Firefox/1.0.7"
84.222.114.186 - - [24/Jan/2006:13:55:14 -0500] "GET /images/topleftlogo.gif HTTP/1.1" 200 6907 "http://www.darwinday.org/" "Mozilla/5.0 (Macintosh; U; PPC Mac OS X Mach-O; it-IT; rv:1.7.12) Gecko/20050919 Firefox/1.0.7"
84.222.114.186 - - [24/Jan/2006:13:55:15 -0500] "GET /images/header.gif HTTP/1.1" 200 26756 "http://www.darwinday.org/" "Mozilla/5.0 (Macintosh; U; PPC Mac OS X Mach-O; it-IT; rv:1.7.12) Gecko/20050919 Firefox/1.0.7"
84.222.114.186 - - [24/Jan/2006:13:55:18 -0500] "GET /englishL/images/titletrans.gif HTTP/1.1" 200 15588 "http://www.darwinday.org/" "Mozilla/5.0 (Macintosh; U; PPC Mac OS X Mach-O; it-IT; rv:1.7.12) Gecko/20050919 Firefox/1.0.7"
84.222.114.186 - - [24/Jan/2006:13:55:19 -0500] "GET /englishL/images/navbar.gif HTTP/1.1" 200 2667 "http://www.darwinday.org/" "Mozilla/5.0 (Macintosh; U; PPC Mac OS X Mach-O; it-IT; rv:1.7.12) Gecko/20050919 Firefox/1.0.7"
195.122.215.151 - - [24/Jan/2006:13:55:20 -0500] "GET /englishL/home/images/darwinages.gif HTTP/1.1" 304 - "http://drervin.com/" "Mozilla/4.0 (compatible; MSIE 6.0; Windows NT 5.1; Maxthon; .NET CLR 1.1.4322; FDM)"
68.163.49.149 - - [24/Jan/2006:13:55:22 -0500] "GET /stylesheets/main.css HTTP/1.1" 304 - "http://www.darwinday.org/englishL/home/2006.php" "Mozilla/4.0 (compatible; MSIE 6.0; Windows NT 5.1; SV1; .NET CLR 1.1.4322)"
68.163.49.149 - - [24/Jan/2006:13:55:22 -0500] "GET /images/topleftlogo.gif HTTP/1.1" 304 - "http://www.darwinday.org/englishL/home/2006.php" "Mozilla/4.0 (compatible; MSIE 6.0; Windows NT 5.1; SV1; .NET CLR 1.1.4322)"
68.163.49.149 - - [24/Jan/2006:13:55:22 -0500] "GET /images/header.gif HTTP/1.1" 304 - "http://www.darwinday.org/englishL/home/2006.php" "Mozilla/4.0 (compatible; MSIE 6.0; Windows NT 5.1; SV1; .NET CLR 1.1.4322)"
68.163.49.149 - - [24/Jan/2006:13:55:22 -0500] "GET /images/worldmaptransp.gif HTTP/1.1" 304 - "http://www.darwinday.org/englishL/home/2006.php" "Mozilla/4.0 (compatible; MSIE 6.0; Windows NT 5.1; SV1; .NET CLR 1.1.4322)"
68.163.49.149 - - [24/Jan/2006:13:55:22 -0500] "GET /englishL/images/titletrans.gif HTTP/1.1" 304 - "http://www.darwinday.org/englishL/home/2006.php" "Mozilla/4.0 (compatible; MSIE 6.0; Windows NT 5.1; SV1; .NET CLR 1.1.4322)"
68.163.49.149 - - [24/Jan/2006:13:55:22 -0500] "GET /englishL/images/navbar.gif HTTP/1.1" 304 - "http://www.darwinday.org/englishL/home/2006.php" "Mozilla/4.0 (compatible; MSIE 6.0; Windows NT 5.1; SV1; .NET CLR 1.1.4322)"
194.224.199.51 - - [24/Jan/2006:13:55:22 -0500] "GET /englishL/home/2004.html HTTP/1.1" 200 80150 "http://www.darwinday.org/" "noxtrumbot/1.0 (crawler@noxtrum.com)"
68.163.49.149 - - [24/Jan/2006:13:55:23 -0500] "GET /englishL/home/2006.php HTTP/1.1" 200 259879 "http://www.darwinday.org/englishL/events/index.html" "Mozilla/4.0 (compatible; MSIE 6.0; Windows NT 5.1; SV1; .NET CLR 1.1.4322)"
68.163.49.149 - - [24/Jan/2006:13:55:23 -0500] "GET /stylesheets/mainenglishL.css HTTP/1.1" 304 - "http://www.darwinday.org/englishL/home/2006.php" "Mozilla/4.0 (compatible; MSIE 6.0; Windows NT 5.1; SV1; .NET CLR 1.1.4322)"
195.122.215.151 - - [24/Jan/2006:13:55:24 -0500] "GET /englishL/home/images/darwinages.gif HTTP/1.1" 304 - "http://drervin.com/" "Mozilla/4.0 (compatible; MSIE 6.0; Windows NT 5.1; Maxthon; .NET CLR 1.1.4322; FDM)"
149.168.64.102 - - [24/Jan/2006:13:55:26 -0500] "GET /englishL/home/2006.php HTTP/1.1" 200 259879 "http://www.darwinday.org/" "Mozilla/5.0 (Macintosh; U; PPC Mac OS X Mach-O; en-US; rv:1.4) Gecko/20030624 Netscape/7.1"
84.222.114.186 - - [24/Jan/2006:13:55:26 -0500] "GET /images/worldmaptransp.gif HTTP/1.1" 200 128893 "http://www.darwinday.org/" "Mozilla/5.0 (Macintosh; U; PPC Mac OS X Mach-O; it-IT; rv:1.7.12) Gecko/20050919 Firefox/1.0.7"
84.222.114.186 - - [24/Jan/2006:13:55:26 -0500] "GET /englishL/home/images/darwinages.gif HTTP/1.1" 200 50309 "http://www.darwinday.org/" "Mozilla/5.0 (Macintosh; U; PPC Mac OS X Mach-O; it-IT; rv:1.7.12) Gecko/20050919 Firefox/1.0.7"
84.222.114.186 - - [24/Jan/2006:13:55:30 -0500] "GET /images/dnahorizl.gif HTTP/1.1" 200 2130 "http://www.darwinday.org/" "Mozilla/5.0 (Macintosh; U; PPC Mac OS X Mach-O; it-IT; rv:1.7.12) Gecko/20050919 Firefox/1.0.7"
84.222.114.186 - - [24/Jan/2006:13:55:31 -0500] "GET /images/dnahoriz.gif HTTP/1.1" 200 3391 "http://www.darwinday.org/" "Mozilla/5.0 (Macintosh; U; PPC Mac OS X Mach-O; it-IT; rv:1.7.12) Gecko/20050919 Firefox/1.0.7"
84.222.114.186 - - [24/Jan/2006:13:55:32 -0500] "GET /images/arrow.gif HTTP/1.1" 200 112 "http://www.darwinday.org/" "Mozilla/5.0 (Macintosh; U; PPC Mac OS X Mach-O; it-IT; rv:1.7.12) Gecko/20050919 Firefox/1.0.7"
84.222.114.186 - - [24/Jan/2006:13:55:33 -0500] "GET /englishL/currarts.html HTTP/1.1" 200 5653 "http://www.darwinday.org/" "Mozilla/5.0 (Macintosh; U; PPC Mac OS X Mach-O; it-IT; rv:1.7.12) Gecko/20050919 Firefox/1.0.7"
84.222.114.186 - - [24/Jan/2006:13:55:34 -0500] "GET /englishL/home/images/lincoln.gif HTTP/1.1" 200 11057 "http://www.darwinday.org/" "Mozilla/5.0 (Macintosh; U; PPC Mac OS X Mach-O; it-IT; rv:1.7.12) Gecko/20050919 Firefox/1.0.7"
84.222.114.186 - - [24/Jan/2006:13:55:37 -0500] "GET /englishL/home/images/darwin.gif HTTP/1.1" 200 13783 "http://www.darwinday.org/" "Mozilla/5.0 (Macintosh; U; PPC Mac OS X Mach-O; it-IT; rv:1.7.12) Gecko/20050919 Firefox/1.0.7"
84.222.114.186 - - [24/Jan/2006:13:55:41 -0500] "GET /images/dnahorizr.gif HTTP/1.1" 200 2104 "http://www.darwinday.org/" "Mozilla/5.0 (Macintosh; U; PPC Mac OS X Mach-O; it-IT; rv:1.7.12) Gecko/20050919 Firefox/1.0.7"
84.222.114.186 - - [24/Jan/2006:13:55:42 -0500] "GET /images/trans.gif HTTP/1.1" 200 49 "http://www.darwinday.org/" "Mozilla/5.0 (Macintosh; U; PPC Mac OS X Mach-O; it-IT; rv:1.7.12) Gecko/20050919 Firefox/1.0.7"
84.222.114.186 - - [24/Jan/2006:13:55:42 -0500] "GET /englishL/home/images/beagle.gif HTTP/1.1" 200 37108 "http://www.darwinday.org/" "Mozilla/5.0 (Macintosh; U; PPC Mac OS X Mach-O; it-IT; rv:1.7.12) Gecko/20050919 Firefox/1.0.7"
84.222.114.186 - - [24/Jan/2006:13:55:42 -0500] "GET /englishL/home/images/manymore.gif HTTP/1.1" 200 581 "http://www.darwinday.org/" "Mozilla/5.0 (Macintosh; U; PPC Mac OS X Mach-O; it-IT; rv:1.7.12) Gecko/20050919 Firefox/1.0.7"
84.222.114.186 - - [24/Jan/2006:13:55:43 -0500] "GET /englishL/home/images/joinus.gif HTTP/1.1" 200 524 "http://www.darwinday.org/" "Mozilla/5.0 (Macintosh; U; PPC Mac OS X Mach-O; it-IT; rv:1.7.12) Gecko/20050919 Firefox/1.0.7"
84.222.114.186 - - [24/Jan/2006:13:55:44 -0500] "GET /englishL/home/images/horse.evolution.jpg HTTP/1.1" 200 29612 "http://www.darwinday.org/" "Mozilla/5.0 (Macintosh; U; PPC Mac OS X Mach-O; it-IT; rv:1.7.12) Gecko/20050919 Firefox/1.0.7"
84.222.114.186 - - [24/Jan/2006:13:55:44 -0500] "GET /images/DNAlogo.gif HTTP/1.1" 200 1370 "http://www.darwinday.org/englishL/currarts.html" "Mozilla/5.0 (Macintosh; U; PPC Mac OS X Mach-O; it-IT; rv:1.7.12) Gecko/20050919 Firefox/1.0.7"
84.222.114.186 - - [24/Jan/2006:13:55:47 -0500] "GET /favicon.ico HTTP/1.1" 404 3385 "-" "Mozilla/5.0 (Macintosh; U; PPC Mac OS X Mach-O; it-IT; rv:1.7.12) Gecko/20050919 Firefox/1.0.7"
84.222.114.186 - - [24/Jan/2006:13:55:47 -0500] "GET /favicon.ico HTTP/1.1" 404 3385 "-" "Mozilla/5.0 (Macintosh; U; PPC Mac OS X Mach-O; it-IT; rv:1.7.12) Gecko/20050919 Firefox/1.0.7"
195.122.215.151 - - [24/Jan/2006:13:55:56 -0500] "GET /englishL/home/images/darwinages.gif HTTP/1.1" 304 - "http://drervin.com/" "Mozilla/4.0 (compatible; MSIE 6.0; Windows NT 5.1; Maxthon; .NET CLR 1.1.4322; FDM)"
68.163.49.149 - - [24/Jan/2006:13:56:11 -0500] "GET /englishL/events/index.html HTTP/1.1" 304 - "http://www.darwinday.org/" "Mozilla/4.0 (compatible; MSIE 6.0; Windows NT 5.1; SV1; .NET CLR 1.1.4322)"
68.163.49.149 - - [24/Jan/2006:13:56:11 -0500] "GET /images/goldball.gif HTTP/1.1" 304 - "http://www.darwinday.org/englishL/events/index.html" "Mozilla/4.0 (compatible; MSIE 6.0; Windows NT 5.1; SV1; .NET CLR 1.1.4322)"
68.163.49.149 - - [24/Jan/2006:13:56:12 -0500] "GET / HTTP/1.1" 304 - "-" "Mozilla/4.0 (compatible; MSIE 6.0; Windows NT 5.1; SV1; .NET CLR 1.1.4322)"
68.163.49.149 - - [24/Jan/2006:13:56:12 -0500] "GET /englishL/home/images/darwinages.gif HTTP/1.1" 304 - "http://www.darwinday.org/" "Mozilla/4.0 (compatible; MSIE 6.0; Windows NT 5.1; SV1; .NET CLR 1.1.4322)"
68.163.49.149 - - [24/Jan/2006:13:56:12 -0500] "GET /englishL/currarts.html HTTP/1.1" 304 - "http://www.darwinday.org/" "Mozilla/4.0 (compatible; MSIE 6.0; Windows NT 5.1; SV1; .NET CLR 1.1.4322)"
68.163.49.149 - - [24/Jan/2006:13:56:12 -0500] "GET /images/arrow.gif HTTP/1.1" 304 - "http://www.darwinday.org/" "Mozilla/4.0 (compatible; MSIE 6.0; Windows NT 5.1; SV1; .NET CLR 1.1.4322)"
68.163.49.149 - - [24/Jan/2006:13:56:12 -0500] "GET /images/dnahorizl.gif HTTP/1.1" 304 - "http://www.darwinday.org/" "Mozilla/4.0 (compatible; MSIE 6.0; Windows NT 5.1; SV1; .NET CLR 1.1.4322)"
68.163.49.149 - - [24/Jan/2006:13:56:12 -0500] "GET /images/dnahoriz.gif HTTP/1.1" 304 - "http://www.darwinday.org/" "Mozilla/4.0 (compatible; MSIE 6.0; Windows NT 5.1; SV1; .NET CLR 1.1.4322)"
68.163.49.149 - - [24/Jan/2006:13:56:12 -0500] "GET /englishL/home/images/lincoln.gif HTTP/1.1" 304 - "http://www.darwinday.org/" "Mozilla/4.0 (compatible; MSIE 6.0; Windows NT 5.1; SV1; .NET CLR 1.1.4322)"
68.163.49.149 - - [24/Jan/2006:13:56:12 -0500] "GET /images/dnahorizr.gif HTTP/1.1" 304 - "http://www.darwinday.org/" "Mozilla/4.0 (compatible; MSIE 6.0; Windows NT 5.1; SV1; .NET CLR 1.1.4322)"
68.163.49.149 - - [24/Jan/2006:13:56:12 -0500] "GET /englishL/home/images/darwin.gif HTTP/1.1" 304 - "http://www.darwinday.org/" "Mozilla/4.0 (compatible; MSIE 6.0; Windows NT 5.1; SV1; .NET CLR 1.1.4322)"
68.163.49.149 - - [24/Jan/2006:13:56:12 -0500] "GET /englishL/home/images/beagle.gif HTTP/1.1" 304 - "http://www.darwinday.org/" "Mozilla/4.0 (compatible; MSIE 6.0; Windows NT 5.1; SV1; .NET CLR 1.1.4322)"
68.163.49.149 - - [24/Jan/2006:13:56:12 -0500] "GET /englishL/home/images/manymore.gif HTTP/1.1" 304 - "http://www.darwinday.org/" "Mozilla/4.0 (compatible; MSIE 6.0; Windows NT 5.1; SV1; .NET CLR 1.1.4322)"
68.163.49.149 - - [24/Jan/2006:13:56:12 -0500] "GET /englishL/home/images/joinus.gif HTTP/1.1" 304 - "http://www.darwinday.org/" "Mozilla/4.0 (compatible; MSIE 6.0; Windows NT 5.1; SV1; .NET CLR 1.1.4322)"
68.163.49.149 - - [24/Jan/2006:13:56:12 -0500] "GET /englishL/home/images/horse.evolution.jpg HTTP/1.1" 304 - "http://www.darwinday.org/" "Mozilla/4.0 (compatible; MSIE 6.0; Windows NT 5.1; SV1; .NET CLR 1.1.4322)"
68.163.49.149 - - [24/Jan/2006:13:56:12 -0500] "GET /images/trans.gif HTTP/1.1" 304 - "http://www.darwinday.org/" "Mozilla/4.0 (compatible; MSIE 6.0; Windows NT 5.1; SV1; .NET CLR 1.1.4322)"
68.163.49.149 - - [24/Jan/2006:13:56:12 -0500] "GET /images/DNAlogo.gif HTTP/1.1" 304 - "http://www.darwinday.org/englishL/currarts.html" "Mozilla/4.0 (compatible; MSIE 6.0; Windows NT 5.1; SV1; .NET CLR 1.1.4322)"
194.224.199.51 - - [24/Jan/2006:13:56:28 -0500] "GET /englishL/home/2005.php HTTP/1.1" 200 362406 "http://www.darwinday.org/" "noxtrumbot/1.0 (crawler@noxtrum.com)"
194.224.199.51 - - [24/Jan/2006:13:57:28 -0500] "GET /englishL/home/2006.php HTTP/1.1" 200 259879 "http://www.darwinday.org/" "noxtrumbot/1.0 (crawler@noxtrum.com)"
84.222.114.186 - - [24/Jan/2006:13:57:56 -0500] "GET /englishL/home/2006.php HTTP/1.1" 200 259879 "http://www.darwinday.org/" "Mozilla/5.0 (Macintosh; U; PPC Mac OS X Mach-O; it-IT; rv:1.7.12) Gecko/20050919 Firefox/1.0.7"
84.222.114.186 - - [24/Jan/2006:13:57:59 -0500] "GET /favicon.ico HTTP/1.1" 404 3385 "-" "Mozilla/5.0 (Macintosh; U; PPC Mac OS X Mach-O; it-IT; rv:1.7.12) Gecko/20050919 Firefox/1.0.7"
213.67.177.229 - - [24/Jan/2006:13:58:15 -0500] "GET /stylesheets/mainenglishL.css HTTP/1.1" 200 590 "http://www.darwinday.org/" "Mozilla/4.0 (compatible; MSIE 6.0; Windows NT 5.1; SV1; i-NavFourF)"
213.67.177.229 - - [24/Jan/2006:13:58:15 -0500] "GET / HTTP/1.1" 200 25315 "-" "Mozilla/4.0 (compatible; MSIE 6.0; Windows NT 5.1; SV1; i-NavFourF)"
213.67.177.229 - - [24/Jan/2006:13:58:15 -0500] "GET /stylesheets/main.css HTTP/1.1" 200 658 "http://www.darwinday.org/" "Mozilla/4.0 (compatible; MSIE 6.0; Windows NT 5.1; SV1; i-NavFourF)"
213.67.177.229 - - [24/Jan/2006:13:58:15 -0500] "GET /images/topleftlogo.gif HTTP/1.1" 200 6907 "http://www.darwinday.org/" "Mozilla/4.0 (compatible; MSIE 6.0; Windows NT 5.1; SV1; i-NavFourF)"
213.67.177.229 - - [24/Jan/2006:13:58:16 -0500] "GET /images/header.gif HTTP/1.1" 200 26756 "http://www.darwinday.org/" "Mozilla/4.0 (compatible; MSIE 6.0; Windows NT 5.1; SV1; i-NavFourF)"
213.67.177.229 - - [24/Jan/2006:13:58:18 -0500] "GET /englishL/currarts.html HTTP/1.1" 200 5653 "http://www.darwinday.org/" "Mozilla/4.0 (compatible; MSIE 6.0; Windows NT 5.1; SV1; i-NavFourF)"
213.67.177.229 - - [24/Jan/2006:13:58:18 -0500] "GET /englishL/images/titletrans.gif HTTP/1.1" 200 15588 "http://www.darwinday.org/" "Mozilla/4.0 (compatible; MSIE 6.0; Windows NT 5.1; SV1; i-NavFourF)"
213.67.177.229 - - [24/Jan/2006:13:58:20 -0500] "GET /englishL/images/navbar.gif HTTP/1.1" 200 2667 "http://www.darwinday.org/" "Mozilla/4.0 (compatible; MSIE 6.0; Windows NT 5.1; SV1; i-NavFourF)"
194.224.199.51 - - [24/Jan/2006:13:58:22 -0500] "GET /englishL/home/2007.html HTTP/1.1" 200 4314 "http://www.darwinday.org/" "noxtrumbot/1.0 (crawler@noxtrum.com)"
213.67.177.229 - - [24/Jan/2006:13:58:22 -0500] "GET /englishL/home/images/darwinages.gif HTTP/1.1" 200 50309 "http://www.darwinday.org/" "Mozilla/4.0 (compatible; MSIE 6.0; Windows NT 5.1; SV1; i-NavFourF)"
213.67.177.229 - - [24/Jan/2006:13:58:23 -0500] "GET /images/arrow.gif HTTP/1.1" 200 112 "http://www.darwinday.org/" "Mozilla/4.0 (compatible; MSIE 6.0; Windows NT 5.1; SV1; i-NavFourF)"
213.67.177.229 - - [24/Jan/2006:13:58:23 -0500] "GET /images/dnahorizl.gif HTTP/1.1" 200 2130 "http://www.darwinday.org/" "Mozilla/4.0 (compatible; MSIE 6.0; Windows NT 5.1; SV1; i-NavFourF)"
213.67.177.229 - - [24/Jan/2006:13:58:24 -0500] "GET /images/worldmaptransp.gif HTTP/1.1" 200 128893 "http://www.darwinday.org/" "Mozilla/4.0 (compatible; MSIE 6.0; Windows NT 5.1; SV1; i-NavFourF)"
213.67.177.229 - - [24/Jan/2006:13:58:24 -0500] "GET /images/dnahoriz.gif HTTP/1.1" 200 3391 "http://www.darwinday.org/" "Mozilla/4.0 (compatible; MSIE 6.0; Windows NT 5.1; SV1; i-NavFourF)"
213.67.177.229 - - [24/Jan/2006:13:58:24 -0500] "GET /images/dnahorizr.gif HTTP/1.1" 200 2104 "http://www.darwinday.org/" "Mozilla/4.0 (compatible; MSIE 6.0; Windows NT 5.1; SV1; i-NavFourF)"
213.67.177.229 - - [24/Jan/2006:13:58:24 -0500] "GET /englishL/home/images/lincoln.gif HTTP/1.1" 200 11057 "http://www.darwinday.org/" "Mozilla/4.0 (compatible; MSIE 6.0; Windows NT 5.1; SV1; i-NavFourF)"
213.67.177.229 - - [24/Jan/2006:13:58:25 -0500] "GET /englishL/home/images/darwin.gif HTTP/1.1" 200 13783 "http://www.darwinday.org/" "Mozilla/4.0 (compatible; MSIE 6.0; Windows NT 5.1; SV1; i-NavFourF)"
213.67.177.229 - - [24/Jan/2006:13:58:26 -0500] "GET /images/trans.gif HTTP/1.1" 200 49 "http://www.darwinday.org/" "Mozilla/4.0 (compatible; MSIE 6.0; Windows NT 5.1; SV1; i-NavFourF)"
213.67.177.229 - - [24/Jan/2006:13:58:27 -0500] "GET /englishL/home/images/manymore.gif HTTP/1.1" 200 581 "http://www.darwinday.org/" "Mozilla/4.0 (compatible; MSIE 6.0; Windows NT 5.1; SV1; i-NavFourF)"
213.67.177.229 - - [24/Jan/2006:13:58:27 -0500] "GET /englishL/home/images/beagle.gif HTTP/1.1" 200 37108 "http://www.darwinday.org/" "Mozilla/4.0 (compatible; MSIE 6.0; Windows NT 5.1; SV1; i-NavFourF)"
213.67.177.229 - - [24/Jan/2006:13:58:27 -0500] "GET /englishL/home/images/joinus.gif HTTP/1.1" 200 524 "http://www.darwinday.org/" "Mozilla/4.0 (compatible; MSIE 6.0; Windows NT 5.1; SV1; i-NavFourF)"
213.67.177.229 - - [24/Jan/2006:13:58:28 -0500] "GET /images/DNAlogo.gif HTTP/1.1" 200 1370 "http://www.darwinday.org/englishL/currarts.html" "Mozilla/4.0 (compatible; MSIE 6.0; Windows NT 5.1; SV1; i-NavFourF)"
213.67.177.229 - - [24/Jan/2006:13:58:29 -0500] "GET /englishL/home/images/horse.evolution.jpg HTTP/1.1" 200 29612 "http://www.darwinday.org/" "Mozilla/4.0 (compatible; MSIE 6.0; Windows NT 5.1; SV1; i-NavFourF)"
82.130.100.111 - - [24/Jan/2006:13:58:50 -0500] "GET /stylesheets/main.css HTTP/1.1" 200 658 "http://www.darwinday.org/englishL/home/2006.php" "Mozilla/4.0 (compatible; MSIE 6.0; Windows NT 5.0; .NET CLR 1.1.4322)"
82.130.100.111 - - [24/Jan/2006:13:58:50 -0500] "GET /images/topleftlogo.gif HTTP/1.1" 200 6907 "http://www.darwinday.org/englishL/home/2006.php" "Mozilla/4.0 (compatible; MSIE 6.0; Windows NT 5.0; .NET CLR 1.1.4322)"
82.130.100.111 - - [24/Jan/2006:13:58:52 -0500] "GET /images/header.gif HTTP/1.1" 200 26756 "http://www.darwinday.org/englishL/home/2006.php" "Mozilla/4.0 (compatible; MSIE 6.0; Windows NT 5.0; .NET CLR 1.1.4322)"
143.107.38.92 - - [24/Jan/2006:13:58:52 -0500] "GET /englishL/life/index.html HTTP/1.1" 200 9860 "http://www.darwinday.org/" "Mozilla/5.0 (Windows; U; Windows NT 5.1; en-US; rv:1.8) Gecko/20051111 Firefox/1.5"
82.130.100.111 - - [24/Jan/2006:13:58:54 -0500] "GET /englishL/home/2006.php HTTP/1.1" 200 259879 "http://www.uaar.it/uaar/darwin_day/2006/" "Mozilla/4.0 (compatible; MSIE 6.0; Windows NT 5.0; .NET CLR 1.1.4322)"
143.107.38.92 - - [24/Jan/2006:13:58:54 -0500] "GET /images/goldball.gif HTTP/1.1" 200 332 "http://www.darwinday.org/englishL/life/index.html" "Mozilla/5.0 (Windows; U; Windows NT 5.1; en-US; rv:1.8) Gecko/20051111 Firefox/1.5"
82.130.100.111 - - [24/Jan/2006:13:58:55 -0500] "GET /englishL/images/titletrans.gif HTTP/1.1" 200 15588 "http://www.darwinday.org/englishL/home/2006.php" "Mozilla/4.0 (compatible; MSIE 6.0; Windows NT 5.0; .NET CLR 1.1.4322)"
82.130.100.111 - - [24/Jan/2006:13:58:56 -0500] "GET /englishL/images/navbar.gif HTTP/1.1" 200 2667 "http://www.darwinday.org/englishL/home/2006.php" "Mozilla/4.0 (compatible; MSIE 6.0; Windows NT 5.0; .NET CLR 1.1.4322)"
82.130.100.111 - - [24/Jan/2006:13:58:56 -0500] "GET /stylesheets/mainenglishL.css HTTP/1.1" 200 590 "http://www.darwinday.org/englishL/home/2006.php" "Mozilla/4.0 (compatible; MSIE 6.0; Windows NT 5.0; .NET CLR 1.1.4322)"
82.130.100.111 - - [24/Jan/2006:13:58:57 -0500] "GET /images/worldmaptransp.gif HTTP/1.1" 200 128893 "http://www.darwinday.org/englishL/home/2006.php" "Mozilla/4.0 (compatible; MSIE 6.0; Windows NT 5.0; .NET CLR 1.1.4322)"
143.107.38.92 - - [24/Jan/2006:13:59:01 -0500] "GET /englishL/life/downhouse.html HTTP/1.1" 200 20176 "http://www.darwinday.org/englishL/life/index.html" "Mozilla/5.0 (Windows; U; Windows NT 5.1; en-US; rv:1.8) Gecko/20051111 Firefox/1.5"
143.107.38.92 - - [24/Jan/2006:13:59:03 -0500] "GET /englishL/life/images/downhousefront-t.jpg HTTP/1.1" 200 31813 "http://www.darwinday.org/englishL/life/downhouse.html" "Mozilla/5.0 (Windows; U; Windows NT 5.1; en-US; rv:1.8) Gecko/20051111 Firefox/1.5"
143.107.38.92 - - [24/Jan/2006:13:59:04 -0500] "GET /englishL/life/images/downhouseback-t.jpg HTTP/1.1" 200 33209 "http://www.darwinday.org/englishL/life/downhouse.html" "Mozilla/5.0 (Windows; U; Windows NT 5.1; en-US; rv:1.8) Gecko/20051111 Firefox/1.5"
143.107.38.92 - - [24/Jan/2006:13:59:04 -0500] "GET /englishL/life/images/downgarden-t.jpg HTTP/1.1" 200 33115 "http://www.darwinday.org/englishL/life/downhouse.html" "Mozilla/5.0 (Windows; U; Windows NT 5.1; en-US; rv:1.8) Gecko/20051111 Firefox/1.5"
143.107.38.92 - - [24/Jan/2006:13:59:05 -0500] "GET /englishL/life/images/downgreenhouse-t.jpg HTTP/1.1" 200 34020 "http://www.darwinday.org/englishL/life/downhouse.html" "Mozilla/5.0 (Windows; U; Windows NT 5.1; en-US; rv:1.8) Gecko/20051111 Firefox/1.5"
143.107.38.92 - - [24/Jan/2006:13:59:06 -0500] "GET /englishL/life/images/downhouseproperty.jpg HTTP/1.1" 200 31640 "http://www.darwinday.org/englishL/life/downhouse.html" "Mozilla/5.0 (Windows; U; Windows NT 5.1; en-US; rv:1.8) Gecko/20051111 Firefox/1.5"
143.107.38.92 - - [24/Jan/2006:13:59:06 -0500] "GET /englishL/life/images/downhousebrick-t.jpg HTTP/1.1" 200 25230 "http://www.darwinday.org/englishL/life/downhouse.html" "Mozilla/5.0 (Windows; U; Windows NT 5.1; en-US; rv:1.8) Gecko/20051111 Firefox/1.5"
143.107.38.92 - - [24/Jan/2006:13:59:07 -0500] "GET /englishL/life/images/downhouseplan-t.jpg HTTP/1.1" 200 29581 "http://www.darwinday.org/englishL/life/downhouse.html" "Mozilla/5.0 (Windows; U; Windows NT 5.1; en-US; rv:1.8) Gecko/20051111 Firefox/1.5"
143.107.38.92 - - [24/Jan/2006:13:59:09 -0500] "GET /englishL/life/images/downdrawingroom-t.jpg HTTP/1.1" 200 39782 "http://www.darwinday.org/englishL/life/downhouse.html" "Mozilla/5.0 (Windows; U; Windows NT 5.1; en-US; rv:1.8) Gecko/20051111 Firefox/1.5"
143.107.38.92 - - [24/Jan/2006:13:59:10 -0500] "GET /englishL/life/images/study-t.jpg HTTP/1.1" 200 37613 "http://www.darwinday.org/englishL/life/downhouse.html" "Mozilla/5.0 (Windows; U; Windows NT 5.1; en-US; rv:1.8) Gecko/20051111 Firefox/1.5"
143.107.38.92 - - [24/Jan/2006:13:59:11 -0500] "GET /englishL/life/images/downpiano-t.jpg HTTP/1.1" 200 26476 "http://www.darwinday.org/englishL/life/downhouse.html" "Mozilla/5.0 (Windows; U; Windows NT 5.1; en-US; rv:1.8) Gecko/20051111 Firefox/1.5"
143.107.38.92 - - [24/Jan/2006:13:59:11 -0500] "GET /englishL/life/images/downdining-t.jpg HTTP/1.1" 200 29295 "http://www.darwinday.org/englishL/life/downhouse.html" "Mozilla/5.0 (Windows; U; Windows NT 5.1; en-US; rv:1.8) Gecko/20051111 Firefox/1.5"
143.107.38.92 - - [24/Jan/2006:13:59:15 -0500] "GET /englishL/life/images/downhouseplan2-t.jpg HTTP/1.1" 200 33925 "http://www.darwinday.org/englishL/life/downhouse.html" "Mozilla/5.0 (Windows; U; Windows NT 5.1; en-US; rv:1.8) Gecko/20051111 Firefox/1.5"
194.224.199.51 - - [24/Jan/2006:13:59:22 -0500] "GET /englishL/home/2008.html HTTP/1.1" 200 3869 "http://www.darwinday.org/" "noxtrumbot/1.0 (crawler@noxtrum.com)"
86.128.190.20 - - [24/Jan/2006:13:59:36 -0500] "GET /stylesheets/mainenglishL.css HTTP/1.1" 200 590 "http://www.darwinday.org/" "Mozilla/4.0 (compatible; MSIE 6.0; Windows NT 5.1; SV1; .NET CLR 1.1.4322)"
86.128.190.20 - - [24/Jan/2006:13:59:36 -0500] "GET / HTTP/1.1" 200 25315 "http://www.simonyi.ox.ac.uk/dawkins/WorldOfDawkins-archive/News/events.shtml" "Mozilla/4.0 (compatible; MSIE 6.0; Windows NT 5.1; SV1; .NET CLR 1.1.4322)"
86.128.190.20 - - [24/Jan/2006:13:59:36 -0500] "GET /stylesheets/main.css HTTP/1.1" 200 658 "http://www.darwinday.org/" "Mozilla/4.0 (compatible; MSIE 6.0; Windows NT 5.1; SV1; .NET CLR 1.1.4322)"
86.128.190.20 - - [24/Jan/2006:13:59:36 -0500] "GET /images/topleftlogo.gif HTTP/1.1" 200 6907 "http://www.darwinday.org/" "Mozilla/4.0 (compatible; MSIE 6.0; Windows NT 5.1; SV1; .NET CLR 1.1.4322)"
86.128.190.20 - - [24/Jan/2006:13:59:36 -0500] "GET /englishL/currarts.html HTTP/1.1" 200 5653 "http://www.darwinday.org/" "Mozilla/4.0 (compatible; MSIE 6.0; Windows NT 5.1; SV1; .NET CLR 1.1.4322)"
86.128.190.20 - - [24/Jan/2006:13:59:37 -0500] "GET /images/header.gif HTTP/1.1" 200 26756 "http://www.darwinday.org/" "Mozilla/4.0 (compatible; MSIE 6.0; Windows NT 5.1; SV1; .NET CLR 1.1.4322)"
86.128.190.20 - - [24/Jan/2006:13:59:37 -0500] "GET /englishL/images/titletrans.gif HTTP/1.1" 200 15588 "http://www.darwinday.org/" "Mozilla/4.0 (compatible; MSIE 6.0; Windows NT 5.1; SV1; .NET CLR 1.1.4322)"
86.128.190.20 - - [24/Jan/2006:13:59:37 -0500] "GET /englishL/images/navbar.gif HTTP/1.1" 200 2667 "http://www.darwinday.org/" "Mozilla/4.0 (compatible; MSIE 6.0; Windows NT 5.1; SV1; .NET CLR 1.1.4322)"
86.128.190.20 - - [24/Jan/2006:13:59:37 -0500] "GET /images/worldmaptransp.gif HTTP/1.1" 200 128893 "http://www.darwinday.org/" "Mozilla/4.0 (compatible; MSIE 6.0; Windows NT 5.1; SV1; .NET CLR 1.1.4322)"
86.128.190.20 - - [24/Jan/2006:13:59:38 -0500] "GET /englishL/home/images/darwinages.gif HTTP/1.1" 200 50309 "http://www.darwinday.org/" "Mozilla/4.0 (compatible; MSIE 6.0; Windows NT 5.1; SV1; .NET CLR 1.1.4322)"
86.128.190.20 - - [24/Jan/2006:13:59:38 -0500] "GET /images/arrow.gif HTTP/1.1" 200 112 "http://www.darwinday.org/" "Mozilla/4.0 (compatible; MSIE 6.0; Windows NT 5.1; SV1; .NET CLR 1.1.4322)"
86.128.190.20 - - [24/Jan/2006:13:59:38 -0500] "GET /images/dnahorizl.gif HTTP/1.1" 200 2130 "http://www.darwinday.org/" "Mozilla/4.0 (compatible; MSIE 6.0; Windows NT 5.1; SV1; .NET CLR 1.1.4322)"
86.128.190.20 - - [24/Jan/2006:13:59:38 -0500] "GET /images/dnahoriz.gif HTTP/1.1" 200 3391 "http://www.darwinday.org/" "Mozilla/4.0 (compatible; MSIE 6.0; Windows NT 5.1; SV1; .NET CLR 1.1.4322)"
86.128.190.20 - - [24/Jan/2006:13:59:38 -0500] "GET /images/dnahorizr.gif HTTP/1.1" 200 2104 "http://www.darwinday.org/" "Mozilla/4.0 (compatible; MSIE 6.0; Windows NT 5.1; SV1; .NET CLR 1.1.4322)"
86.128.190.20 - - [24/Jan/2006:13:59:39 -0500] "GET /englishL/home/images/lincoln.gif HTTP/1.1" 200 11057 "http://www.darwinday.org/" "Mozilla/4.0 (compatible; MSIE 6.0; Windows NT 5.1; SV1; .NET CLR 1.1.4322)"
86.128.190.20 - - [24/Jan/2006:13:59:39 -0500] "GET /englishL/home/images/darwin.gif HTTP/1.1" 200 13783 "http://www.darwinday.org/" "Mozilla/4.0 (compatible; MSIE 6.0; Windows NT 5.1; SV1; .NET CLR 1.1.4322)"
86.128.190.20 - - [24/Jan/2006:13:59:39 -0500] "GET /englishL/home/images/beagle.gif HTTP/1.1" 200 37108 "http://www.darwinday.org/" "Mozilla/4.0 (compatible; MSIE 6.0; Windows NT 5.1; SV1; .NET CLR 1.1.4322)"
86.128.190.20 - - [24/Jan/2006:13:59:39 -0500] "GET /images/trans.gif HTTP/1.1" 200 49 "http://www.darwinday.org/" "Mozilla/4.0 (compatible; MSIE 6.0; Windows NT 5.1; SV1; .NET CLR 1.1.4322)"
86.128.190.20 - - [24/Jan/2006:13:59:39 -0500] "GET /englishL/home/images/manymore.gif HTTP/1.1" 200 581 "http://www.darwinday.org/" "Mozilla/4.0 (compatible; MSIE 6.0; Windows NT 5.1; SV1; .NET CLR 1.1.4322)"
86.128.190.20 - - [24/Jan/2006:13:59:39 -0500] "GET /englishL/home/images/joinus.gif HTTP/1.1" 200 524 "http://www.darwinday.org/" "Mozilla/4.0 (compatible; MSIE 6.0; Windows NT 5.1; SV1; .NET CLR 1.1.4322)"
86.128.190.20 - - [24/Jan/2006:13:59:39 -0500] "GET /englishL/home/images/horse.evolution.jpg HTTP/1.1" 200 29612 "http://www.darwinday.org/" "Mozilla/4.0 (compatible; MSIE 6.0; Windows NT 5.1; SV1; .NET CLR 1.1.4322)"
86.128.190.20 - - [24/Jan/2006:13:59:39 -0500] "GET /images/DNAlogo.gif HTTP/1.1" 200 1370 "http://www.darwinday.org/englishL/currarts.html" "Mozilla/4.0 (compatible; MSIE 6.0; Windows NT 5.1; SV1; .NET CLR 1.1.4322)"
143.107.38.92 - - [24/Jan/2006:13:59:45 -0500] "GET /englishL/life/images/study.jpg HTTP/1.1" 200 113093 "http://www.darwinday.org/englishL/life/downhouse.html" "Mozilla/5.0 (Windows; U; Windows NT 5.1; en-US; rv:1.8) Gecko/20051111 Firefox/1.5"
82.130.100.111 - - [24/Jan/2006:13:59:47 -0500] "GET /englishL/events/index.html HTTP/1.1" 200 4612 "http://www.darwinday.org/englishL/home/2006.php" "Mozilla/4.0 (compatible; MSIE 6.0; Windows NT 5.0; .NET CLR 1.1.4322)"
82.130.100.111 - - [24/Jan/2006:13:59:47 -0500] "GET /images/goldball.gif HTTP/1.1" 200 332 "http://www.darwinday.org/englishL/events/index.html" "Mozilla/4.0 (compatible; MSIE 6.0; Windows NT 5.0; .NET CLR 1.1.4322)"
143.107.38.92 - - [24/Jan/2006:13:59:52 -0500] "GET /englishL/life/london.html HTTP/1.1" 200 6084 "http://www.darwinday.org/englishL/life/index.html" "Mozilla/5.0 (Windows; U; Windows NT 5.1; en-US; rv:1.8) Gecko/20051111 Firefox/1.5"
82.130.100.111 - - [24/Jan/2006:13:59:54 -0500] "GET /englishL/home/2006.php HTTP/1.1" 200 259879 "http://www.darwinday.org/englishL/events/index.html" "Mozilla/4.0 (compatible; MSIE 6.0; Windows NT 5.0; .NET CLR 1.1.4322)"
67.35.138.7 - - [24/Jan/2006:14:00:16 -0500] "GET / HTTP/1.1" 200 25315 "http://www.google.com/search?hl=en&lr=&q=darwin+day&btnG=Search" "Mozilla/5.0 (Windows; U; Windows NT 5.1; en-US; rv:1.4) Gecko/20030624 Netscape/7.1 (ax)"
67.35.138.7 - - [24/Jan/2006:14:00:19 -0500] "GET / HTTP/1.1" 206 5390 "http://www.google.com/search?hl=en&lr=&q=darwin+day&btnG=Search" "Mozilla/5.0 (Windows; U; Windows NT 5.1; en-US; rv:1.4) Gecko/20030624 Netscape/7.1 (ax)"
67.35.138.7 - - [24/Jan/2006:14:00:20 -0500] "GET /favicon.ico HTTP/1.1" 404 3385 "-" "Mozilla/5.0 (Windows; U; Windows NT 5.1; en-US; rv:1.4) Gecko/20030624 Netscape/7.1 (ax)"
67.35.138.7 - - [24/Jan/2006:14:00:20 -0500] "GET /stylesheets/mainenglishL.css HTTP/1.1" 200 590 "http://www.darwinday.org/" "Mozilla/5.0 (Windows; U; Windows NT 5.1; en-US; rv:1.4) Gecko/20030624 Netscape/7.1 (ax)"
67.35.138.7 - - [24/Jan/2006:14:00:20 -0500] "GET /stylesheets/main.css HTTP/1.1" 200 658 "http://www.darwinday.org/" "Mozilla/5.0 (Windows; U; Windows NT 5.1; en-US; rv:1.4) Gecko/20030624 Netscape/7.1 (ax)"
67.35.138.7 - - [24/Jan/2006:14:00:20 -0500] "GET /images/topleftlogo.gif HTTP/1.1" 200 6907 "http://www.darwinday.org/" "Mozilla/5.0 (Windows; U; Windows NT 5.1; en-US; rv:1.4) Gecko/20030624 Netscape/7.1 (ax)"
86.128.190.20 - - [24/Jan/2006:14:00:21 -0500] "GET /englishL/regevent/index.php HTTP/1.1" 200 31680 "http://www.darwinday.org/" "Mozilla/4.0 (compatible; MSIE 6.0; Windows NT 5.1; SV1; .NET CLR 1.1.4322)"
67.35.138.7 - - [24/Jan/2006:14:00:22 -0500] "GET /images/header.gif HTTP/1.1" 200 26756 "http://www.darwinday.org/" "Mozilla/5.0 (Windows; U; Windows NT 5.1; en-US; rv:1.4) Gecko/20030624 Netscape/7.1 (ax)"
67.35.138.7 - - [24/Jan/2006:14:00:22 -0500] "GET /englishL/images/titletrans.gif HTTP/1.1" 200 15588 "http://www.darwinday.org/" "Mozilla/5.0 (Windows; U; Windows NT 5.1; en-US; rv:1.4) Gecko/20030624 Netscape/7.1 (ax)"
194.224.199.51 - - [24/Jan/2006:14:00:23 -0500] "GET /englishL/home/2009.html HTTP/1.1" 200 4495 "http://www.darwinday.org/" "noxtrumbot/1.0 (crawler@noxtrum.com)"
67.35.138.7 - - [24/Jan/2006:14:00:23 -0500] "GET /englishL/images/navbar.gif HTTP/1.1" 200 2667 "http://www.darwinday.org/" "Mozilla/5.0 (Windows; U; Windows NT 5.1; en-US; rv:1.4) Gecko/20030624 Netscape/7.1 (ax)"
67.35.138.7 - - [24/Jan/2006:14:00:24 -0500] "GET /images/worldmaptransp.gif HTTP/1.1" 200 128893 "http://www.darwinday.org/" "Mozilla/5.0 (Windows; U; Windows NT 5.1; en-US; rv:1.4) Gecko/20030624 Netscape/7.1 (ax)"
67.35.138.7 - - [24/Jan/2006:14:00:25 -0500] "GET /englishL/home/images/darwinages.gif HTTP/1.1" 200 50309 "http://www.darwinday.org/" "Mozilla/5.0 (Windows; U; Windows NT 5.1; en-US; rv:1.4) Gecko/20030624 Netscape/7.1 (ax)"
67.35.138.7 - - [24/Jan/2006:14:00:26 -0500] "GET /images/arrow.gif HTTP/1.1" 200 112 "http://www.darwinday.org/" "Mozilla/5.0 (Windows; U; Windows NT 5.1; en-US; rv:1.4) Gecko/20030624 Netscape/7.1 (ax)"
67.35.138.7 - - [24/Jan/2006:14:00:26 -0500] "GET /images/dnahorizl.gif HTTP/1.1" 200 2130 "http://www.darwinday.org/" "Mozilla/5.0 (Windows; U; Windows NT 5.1; en-US; rv:1.4) Gecko/20030624 Netscape/7.1 (ax)"
67.35.138.7 - - [24/Jan/2006:14:00:26 -0500] "GET /images/dnahoriz.gif HTTP/1.1" 200 3391 "http://www.darwinday.org/" "Mozilla/5.0 (Windows; U; Windows NT 5.1; en-US; rv:1.4) Gecko/20030624 Netscape/7.1 (ax)"
67.35.138.7 - - [24/Jan/2006:14:00:26 -0500] "GET /images/dnahorizr.gif HTTP/1.1" 200 2104 "http://www.darwinday.org/" "Mozilla/5.0 (Windows; U; Windows NT 5.1; en-US; rv:1.4) Gecko/20030624 Netscape/7.1 (ax)"
67.35.138.7 - - [24/Jan/2006:14:00:26 -0500] "GET /englishL/currarts.html HTTP/1.1" 200 5653 "http://www.darwinday.org/" "Mozilla/5.0 (Windows; U; Windows NT 5.1; en-US; rv:1.4) Gecko/20030624 Netscape/7.1 (ax)"
67.35.138.7 - - [24/Jan/2006:14:00:26 -0500] "GET /englishL/home/images/lincoln.gif HTTP/1.1" 200 11057 "http://www.darwinday.org/" "Mozilla/5.0 (Windows; U; Windows NT 5.1; en-US; rv:1.4) Gecko/20030624 Netscape/7.1 (ax)"
67.35.138.7 - - [24/Jan/2006:14:00:27 -0500] "GET /englishL/home/images/darwin.gif HTTP/1.1" 200 13783 "http://www.darwinday.org/" "Mozilla/5.0 (Windows; U; Windows NT 5.1; en-US; rv:1.4) Gecko/20030624 Netscape/7.1 (ax)"
67.35.138.7 - - [24/Jan/2006:14:00:28 -0500] "GET /englishL/home/images/beagle.gif HTTP/1.1" 200 37108 "http://www.darwinday.org/" "Mozilla/5.0 (Windows; U; Windows NT 5.1; en-US; rv:1.4) Gecko/20030624 Netscape/7.1 (ax)"
67.35.138.7 - - [24/Jan/2006:14:00:28 -0500] "GET /images/trans.gif HTTP/1.1" 200 49 "http://www.darwinday.org/" "Mozilla/5.0 (Windows; U; Windows NT 5.1; en-US; rv:1.4) Gecko/20030624 Netscape/7.1 (ax)"
