200.141.237.228 - - [27/Jan/2006:14:48:51 -0500] "GET /englishL/home/images/horse.evolution.jpg HTTP/1.0" 200 29612 "http://www.darwinday.org/" "Mozilla/4.0 (compatible; MSIE 6.0; Windows 98; .NET CLR 1.1.4322)"
128.149.22.45 - - [27/Jan/2006:14:49:01 -0500] "GET /favicon.ico HTTP/1.1" 404 3385 "http://www.darwinday.org/englishL/home/2006.php" "Mozilla/4.0 (compatible; MSIE 6.0; Mac_PowerPC Mac OS X; en) Opera 8.51"
200.141.237.228 - - [27/Jan/2006:14:49:02 -0500] "GET /englishL/newsviews/index.html HTTP/1.0" 200 4903 "http://www.darwinday.org/" "Mozilla/4.0 (compatible; MSIE 6.0; Windows 98; .NET CLR 1.1.4322)"
200.141.237.228 - - [27/Jan/2006:14:49:03 -0500] "GET /images/goldball.gif HTTP/1.0" 200 332 "http://www.darwinday.org/englishL/newsviews/index.html" "Mozilla/4.0 (compatible; MSIE 6.0; Windows 98; .NET CLR 1.1.4322)"
210.150.10.92 - - [27/Jan/2006:14:49:06 -0500] "GET /spanishSA/aboutddc/index.html HTTP/1.1" 200 6563 "-" "ichiro/2.0 (http://help.goo.ne.jp/door/crawler.html)"
66.160.159.221 - - [27/Jan/2006:14:49:09 -0500] "GET /englishL/life/emma.html HTTP/1.0" 200 12947 "-" "Mozilla/4.0 (compatible; MSIE 6.0; Windows NT 5.0; .NET CLR 1.1.4322)"
216.56.2.62 - - [27/Jan/2006:14:49:12 -0500] "GET /englishL/home/index.html HTTP/1.1" 200 25693 "http://www.darwinday.org/" "Mozilla/5.0 (Windows; U; Windows NT 5.1; en-US; rv:1.7.10) Gecko/20050716 Firefox/1.0.6"
216.56.2.62 - - [27/Jan/2006:14:49:13 -0500] "GET /favicon.ico HTTP/1.1" 404 3385 "-" "Mozilla/5.0 (Windows; U; Windows NT 5.1; en-US; rv:1.7.10) Gecko/20050716 Firefox/1.0.6"
200.141.237.228 - - [27/Jan/2006:14:49:29 -0500] "GET /englishL/newsviews/essays.html HTTP/1.0" 200 7578 "http://www.darwinday.org/englishL/newsviews/index.html" "Mozilla/4.0 (compatible; MSIE 6.0; Windows 98; .NET CLR 1.1.4322)"
208.45.229.3 - - [27/Jan/2006:14:49:49 -0500] "GET /englishL/life/beagle.html HTTP/1.1" 200 20574 "http://images.google.com/imgres?imgurl=http://www.darwinday.org/englishL/life/images/beagle/beaglemapgal-t.gif&imgrefurl=http://www.darwinday.org/englishL/life/beagle.html&h=226&w=300&sz=8&tbnid=RS7z_-9uCvhQRM:&tbnh=83&tbnw=111&hl=en&start=20&prev=/images%3Fq%3Dplants%2Band%2Banimals%2Bdarwin%2B%26svnum%3D10%26hl%3Den%26lr%3D" "Mozilla/4.0 (compatible; MSIE 6.0; Windows NT 5.1; SV1)"
208.45.229.3 - - [27/Jan/2006:14:49:49 -0500] "GET /stylesheets/main.css HTTP/1.1" 200 658 "http://www.darwinday.org/englishL/life/beagle.html" "Mozilla/4.0 (compatible; MSIE 6.0; Windows NT 5.1; SV1)"
208.45.229.3 - - [27/Jan/2006:14:49:49 -0500] "GET /images/topleftlogo.gif HTTP/1.1" 200 6907 "http://www.darwinday.org/englishL/life/beagle.html" "Mozilla/4.0 (compatible; MSIE 6.0; Windows NT 5.1; SV1)"
208.45.229.3 - - [27/Jan/2006:14:49:49 -0500] "GET /images/header.gif HTTP/1.1" 200 26756 "http://www.darwinday.org/englishL/life/beagle.html" "Mozilla/4.0 (compatible; MSIE 6.0; Windows NT 5.1; SV1)"
208.45.229.3 - - [27/Jan/2006:14:49:50 -0500] "GET /englishL/images/titletrans.gif HTTP/1.1" 200 15588 "http://www.darwinday.org/englishL/life/beagle.html" "Mozilla/4.0 (compatible; MSIE 6.0; Windows NT 5.1; SV1)"
208.45.229.3 - - [27/Jan/2006:14:49:50 -0500] "GET /englishL/images/navbar.gif HTTP/1.1" 200 2667 "http://www.darwinday.org/englishL/life/beagle.html" "Mozilla/4.0 (compatible; MSIE 6.0; Windows NT 5.1; SV1)"
208.45.229.3 - - [27/Jan/2006:14:49:50 -0500] "GET /englishL/life/images/beagle/beaglemap-t.gif HTTP/1.1" 200 17709 "http://www.darwinday.org/englishL/life/beagle.html" "Mozilla/4.0 (compatible; MSIE 6.0; Windows NT 5.1; SV1)"
208.45.229.3 - - [27/Jan/2006:14:49:50 -0500] "GET /englishL/life/images/beagle/beaglemapgal-t.gif HTTP/1.1" 200 7651 "http://images.google.com/imgres?imgurl=http://www.darwinday.org/englishL/life/images/beagle/beaglemapgal-t.gif&imgrefurl=http://www.darwinday.org/englishL/life/beagle.html&h=226&w=300&sz=8&tbnid=RS7z_-9uCvhQRM:&tbnh=83&tbnw=111&hl=en&prev=/images%3Fq%3Dplants%2Band%2Banimals%2Bdarwin%2B%26svnum%3D10%26hl%3Den%26lr%3D&frame=small" "Mozilla/4.0 (compatible; MSIE 6.0; Windows NT 5.1; SV1)"
208.45.229.3 - - [27/Jan/2006:14:49:54 -0500] "GET /englishL/life/images/beagle/beaglemap-t.gif HTTP/1.1" 200 17709 "http://www.darwinday.org/englishL/life/beagle.html" "Mozilla/4.0 (compatible; MSIE 6.0; Windows NT 5.1; SV1)"
208.45.229.3 - - [27/Jan/2006:14:49:54 -0500] "GET /englishL/life/images/beagle/beaglemapsa-t.gif HTTP/1.1" 200 15500 "http://www.darwinday.org/englishL/life/beagle.html" "Mozilla/4.0 (compatible; MSIE 6.0; Windows NT 5.1; SV1)"
208.45.229.3 - - [27/Jan/2006:14:49:54 -0500] "GET /englishL/life/images/beagle/galapagos-t.jpg HTTP/1.1" 200 21187 "http://www.darwinday.org/englishL/life/beagle.html" "Mozilla/4.0 (compatible; MSIE 6.0; Windows NT 5.1; SV1)"
208.45.229.3 - - [27/Jan/2006:14:49:54 -0500] "GET /images/worldmaptransp.gif HTTP/1.1" 200 128893 "http://www.darwinday.org/englishL/life/beagle.html" "Mozilla/4.0 (compatible; MSIE 6.0; Windows NT 5.1; SV1)"
208.45.229.3 - - [27/Jan/2006:14:49:54 -0500] "GET /englishL/life/images/beagle/iguana-t.jpg HTTP/1.1" 200 32130 "http://www.darwinday.org/englishL/life/beagle.html" "Mozilla/4.0 (compatible; MSIE 6.0; Windows NT 5.1; SV1)"
216.56.2.62 - - [27/Jan/2006:14:49:57 -0500] "GET /englishL/life/beagle.html HTTP/1.1" 200 20574 "-" "Mozilla/5.0 (Windows; U; Windows NT 5.1; en-US; rv:1.7.10) Gecko/20050716 Firefox/1.0.6"
216.56.2.62 - - [27/Jan/2006:14:49:57 -0500] "GET /englishL/life/images/beagle/beaglemapsa-t.gif HTTP/1.1" 200 15500 "http://www.darwinday.org/englishL/life/beagle.html" "Mozilla/5.0 (Windows; U; Windows NT 5.1; en-US; rv:1.7.10) Gecko/20050716 Firefox/1.0.6"
216.56.2.62 - - [27/Jan/2006:14:49:57 -0500] "GET /englishL/life/images/beagle/beaglemapgal-t.gif HTTP/1.1" 200 7651 "http://www.darwinday.org/englishL/life/beagle.html" "Mozilla/5.0 (Windows; U; Windows NT 5.1; en-US; rv:1.7.10) Gecko/20050716 Firefox/1.0.6"
216.56.2.62 - - [27/Jan/2006:14:49:57 -0500] "GET /englishL/life/images/beagle/beaglemap-t.gif HTTP/1.1" 200 17709 "http://www.darwinday.org/englishL/life/beagle.html" "Mozilla/5.0 (Windows; U; Windows NT 5.1; en-US; rv:1.7.10) Gecko/20050716 Firefox/1.0.6"
216.56.2.62 - - [27/Jan/2006:14:49:58 -0500] "GET /englishL/life/images/beagle/galapagos-t.jpg HTTP/1.1" 200 21187 "http://www.darwinday.org/englishL/life/beagle.html" "Mozilla/5.0 (Windows; U; Windows NT 5.1; en-US; rv:1.7.10) Gecko/20050716 Firefox/1.0.6"
216.56.2.62 - - [27/Jan/2006:14:49:58 -0500] "GET /englishL/life/images/beagle/tortoise-t.jpg HTTP/1.1" 200 41154 "http://www.darwinday.org/englishL/life/beagle.html" "Mozilla/5.0 (Windows; U; Windows NT 5.1; en-US; rv:1.7.10) Gecko/20050716 Firefox/1.0.6"
216.56.2.62 - - [27/Jan/2006:14:49:58 -0500] "GET /englishL/life/images/beagle/iguana-t.jpg HTTP/1.1" 200 32130 "http://www.darwinday.org/englishL/life/beagle.html" "Mozilla/5.0 (Windows; U; Windows NT 5.1; en-US; rv:1.7.10) Gecko/20050716 Firefox/1.0.6"
163.119.179.195 - - [27/Jan/2006:14:49:58 -0500] "GET /englishL/home/images/darwinages.gif HTTP/1.1" 200 50309 "http://drervin.com/" "Mozilla/4.0 (compatible; MSIE 6.0; Windows NT 5.1; SV1; .NET CLR 1.1.4322)"
216.56.2.62 - - [27/Jan/2006:14:49:59 -0500] "GET /englishL/life/images/beagle/finch-t.jpg HTTP/1.1" 200 41018 "http://www.darwinday.org/englishL/life/beagle.html" "Mozilla/5.0 (Windows; U; Windows NT 5.1; en-US; rv:1.7.10) Gecko/20050716 Firefox/1.0.6"
216.56.2.62 - - [27/Jan/2006:14:49:59 -0500] "GET /englishL/life/images/beagle/lizard-t.jpg HTTP/1.1" 200 28277 "http://www.darwinday.org/englishL/life/beagle.html" "Mozilla/5.0 (Windows; U; Windows NT 5.1; en-US; rv:1.7.10) Gecko/20050716 Firefox/1.0.6"
216.56.2.62 - - [27/Jan/2006:14:50:00 -0500] "GET /englishL/life/images/beagle/nancy.jpg HTTP/1.1" 200 80351 "http://www.darwinday.org/englishL/life/beagle.html" "Mozilla/5.0 (Windows; U; Windows NT 5.1; en-US; rv:1.7.10) Gecko/20050716 Firefox/1.0.6"
216.56.2.62 - - [27/Jan/2006:14:50:00 -0500] "GET /favicon.ico HTTP/1.1" 404 3385 "-" "Mozilla/5.0 (Windows; U; Windows NT 5.1; en-US; rv:1.7.10) Gecko/20050716 Firefox/1.0.6"
210.150.10.92 - - [27/Jan/2006:14:50:09 -0500] "GET /spanishSA/regemail/index.php HTTP/1.1" 200 6009 "-" "ichiro/2.0 (http://help.goo.ne.jp/door/crawler.html)"
200.141.237.228 - - [27/Jan/2006:14:50:09 -0500] "GET /englishL/events/index.html HTTP/1.0" 200 4612 "http://www.darwinday.org/englishL/newsviews/index.html" "Mozilla/4.0 (compatible; MSIE 6.0; Windows 98; .NET CLR 1.1.4322)"
147.96.51.119 - - [27/Jan/2006:14:50:14 -0500] "GET /stylesheets/mainenglishL.css HTTP/1.1" 200 590 "http://www.darwinday.org/" "Mozilla/4.0 (compatible; MSIE 6.0; Windows NT 5.1; SV1)"
147.96.51.119 - - [27/Jan/2006:14:50:15 -0500] "GET /stylesheets/main.css HTTP/1.1" 200 658 "http://www.darwinday.org/" "Mozilla/4.0 (compatible; MSIE 6.0; Windows NT 5.1; SV1)"
147.96.51.119 - - [27/Jan/2006:14:50:15 -0500] "GET /images/topleftlogo.gif HTTP/1.1" 200 6907 "http://www.darwinday.org/" "Mozilla/4.0 (compatible; MSIE 6.0; Windows NT 5.1; SV1)"
147.96.51.119 - - [27/Jan/2006:14:50:15 -0500] "GET / HTTP/1.1" 200 25315 "http://www.sindioses.org/principal.html" "Mozilla/4.0 (compatible; MSIE 6.0; Windows NT 5.1; SV1)"
147.96.51.119 - - [27/Jan/2006:14:50:15 -0500] "GET /englishL/currarts.html HTTP/1.1" 200 5653 "http://www.darwinday.org/" "Mozilla/4.0 (compatible; MSIE 6.0; Windows NT 5.1; SV1)"
147.96.51.119 - - [27/Jan/2006:14:50:15 -0500] "GET /images/header.gif HTTP/1.1" 200 26756 "http://www.darwinday.org/" "Mozilla/4.0 (compatible; MSIE 6.0; Windows NT 5.1; SV1)"
147.96.51.119 - - [27/Jan/2006:14:50:15 -0500] "GET /englishL/images/titletrans.gif HTTP/1.1" 200 15588 "http://www.darwinday.org/" "Mozilla/4.0 (compatible; MSIE 6.0; Windows NT 5.1; SV1)"
147.96.51.119 - - [27/Jan/2006:14:50:15 -0500] "GET /englishL/images/navbar.gif HTTP/1.1" 200 2667 "http://www.darwinday.org/" "Mozilla/4.0 (compatible; MSIE 6.0; Windows NT 5.1; SV1)"
147.96.51.119 - - [27/Jan/2006:14:50:16 -0500] "GET /englishL/home/images/darwinages.gif HTTP/1.1" 200 50309 "http://www.darwinday.org/" "Mozilla/4.0 (compatible; MSIE 6.0; Windows NT 5.1; SV1)"
147.96.51.119 - - [27/Jan/2006:14:50:16 -0500] "GET /images/arrow.gif HTTP/1.1" 200 112 "http://www.darwinday.org/" "Mozilla/4.0 (compatible; MSIE 6.0; Windows NT 5.1; SV1)"
147.96.51.119 - - [27/Jan/2006:14:50:16 -0500] "GET /images/dnahorizl.gif HTTP/1.1" 200 2130 "http://www.darwinday.org/" "Mozilla/4.0 (compatible; MSIE 6.0; Windows NT 5.1; SV1)"
147.96.51.119 - - [27/Jan/2006:14:50:16 -0500] "GET /images/dnahoriz.gif HTTP/1.1" 200 3391 "http://www.darwinday.org/" "Mozilla/4.0 (compatible; MSIE 6.0; Windows NT 5.1; SV1)"
147.96.51.119 - - [27/Jan/2006:14:50:17 -0500] "GET /images/dnahorizr.gif HTTP/1.1" 200 2104 "http://www.darwinday.org/" "Mozilla/4.0 (compatible; MSIE 6.0; Windows NT 5.1; SV1)"
147.96.51.119 - - [27/Jan/2006:14:50:17 -0500] "GET /englishL/home/images/lincoln.gif HTTP/1.1" 200 11057 "http://www.darwinday.org/" "Mozilla/4.0 (compatible; MSIE 6.0; Windows NT 5.1; SV1)"
147.96.51.119 - - [27/Jan/2006:14:50:17 -0500] "GET /englishL/home/images/darwin.gif HTTP/1.1" 200 13783 "http://www.darwinday.org/" "Mozilla/4.0 (compatible; MSIE 6.0; Windows NT 5.1; SV1)"
147.96.51.119 - - [27/Jan/2006:14:50:17 -0500] "GET /englishL/home/images/beagle.gif HTTP/1.1" 200 37108 "http://www.darwinday.org/" "Mozilla/4.0 (compatible; MSIE 6.0; Windows NT 5.1; SV1)"
147.96.51.119 - - [27/Jan/2006:14:50:17 -0500] "GET /images/trans.gif HTTP/1.1" 200 49 "http://www.darwinday.org/" "Mozilla/4.0 (compatible; MSIE 6.0; Windows NT 5.1; SV1)"
147.96.51.119 - - [27/Jan/2006:14:50:17 -0500] "GET /englishL/home/images/manymore.gif HTTP/1.1" 200 581 "http://www.darwinday.org/" "Mozilla/4.0 (compatible; MSIE 6.0; Windows NT 5.1; SV1)"
147.96.51.119 - - [27/Jan/2006:14:50:17 -0500] "GET /images/worldmaptransp.gif HTTP/1.1" 200 128893 "http://www.darwinday.org/" "Mozilla/4.0 (compatible; MSIE 6.0; Windows NT 5.1; SV1)"
147.96.51.119 - - [27/Jan/2006:14:50:17 -0500] "GET /englishL/home/images/joinus.gif HTTP/1.1" 200 524 "http://www.darwinday.org/" "Mozilla/4.0 (compatible; MSIE 6.0; Windows NT 5.1; SV1)"
147.96.51.119 - - [27/Jan/2006:14:50:17 -0500] "GET /englishL/home/images/horse.evolution.jpg HTTP/1.1" 200 29612 "http://www.darwinday.org/" "Mozilla/4.0 (compatible; MSIE 6.0; Windows NT 5.1; SV1)"
147.96.51.119 - - [27/Jan/2006:14:50:18 -0500] "GET /images/DNAlogo.gif HTTP/1.1" 200 1370 "http://www.darwinday.org/englishL/currarts.html" "Mozilla/4.0 (compatible; MSIE 6.0; Windows NT 5.1; SV1)"
200.141.237.228 - - [27/Jan/2006:14:50:26 -0500] "GET /englishL/home/2006.php HTTP/1.0" 200 297720 "http://www.darwinday.org/englishL/events/index.html" "Mozilla/4.0 (compatible; MSIE 6.0; Windows 98; .NET CLR 1.1.4322)"
65.54.188.55 - - [27/Jan/2006:14:50:48 -0500] "GET /bookshelf/dinos.html HTTP/1.0" 404 3382 "-" "msnbot/1.0 (+http://search.msn.com/msnbot.htm)"
216.56.2.62 - - [27/Jan/2006:14:50:52 -0500] "GET /favicon.ico HTTP/1.1" 404 3385 "-" "Mozilla/5.0 (Windows; U; Windows NT 5.1; en-US; rv:1.7.10) Gecko/20050716 Firefox/1.0.6"
216.56.2.62 - - [27/Jan/2006:14:50:53 -0500] "GET /favicon.ico HTTP/1.1" 404 3385 "-" "Mozilla/5.0 (Windows; U; Windows NT 5.1; en-US; rv:1.7.10) Gecko/20050716 Firefox/1.0.6"
210.150.10.92 - - [27/Jan/2006:14:51:12 -0500] "GET /spanishSA/register/index.php HTTP/1.1" 200 19964 "-" "ichiro/2.0 (http://help.goo.ne.jp/door/crawler.html)"
198.74.20.77 - - [27/Jan/2006:14:51:19 -0500] "GET / HTTP/1.0" 200 25315 "http://www.darwin.ws/day/" "Mozilla/4.0 (compatible; MSIE 6.0; Windows NT 5.1; SV1; .NET CLR 1.1.4322)"
198.74.20.77 - - [27/Jan/2006:14:51:19 -0500] "GET /stylesheets/main.css HTTP/1.0" 200 658 "http://www.darwinday.org/" "Mozilla/4.0 (compatible; MSIE 6.0; Windows NT 5.1; SV1; .NET CLR 1.1.4322)"
198.74.20.77 - - [27/Jan/2006:14:51:19 -0500] "GET /images/topleftlogo.gif HTTP/1.0" 200 6907 "http://www.darwinday.org/" "Mozilla/4.0 (compatible; MSIE 6.0; Windows NT 5.1; SV1; .NET CLR 1.1.4322)"
198.74.20.77 - - [27/Jan/2006:14:51:19 -0500] "GET /stylesheets/mainenglishL.css HTTP/1.0" 200 590 "http://www.darwinday.org/" "Mozilla/4.0 (compatible; MSIE 6.0; Windows NT 5.1; SV1; .NET CLR 1.1.4322)"
198.74.20.77 - - [27/Jan/2006:14:51:19 -0500] "GET /englishL/images/titletrans.gif HTTP/1.0" 200 15588 "http://www.darwinday.org/" "Mozilla/4.0 (compatible; MSIE 6.0; Windows NT 5.1; SV1; .NET CLR 1.1.4322)"
198.74.20.77 - - [27/Jan/2006:14:51:19 -0500] "GET /englishL/currarts.html HTTP/1.0" 200 5653 "http://www.darwinday.org/" "Mozilla/4.0 (compatible; MSIE 6.0; Windows NT 5.1; SV1; .NET CLR 1.1.4322)"
198.74.20.77 - - [27/Jan/2006:14:51:19 -0500] "GET /images/header.gif HTTP/1.0" 200 26756 "http://www.darwinday.org/" "Mozilla/4.0 (compatible; MSIE 6.0; Windows NT 5.1; SV1; .NET CLR 1.1.4322)"
198.74.20.77 - - [27/Jan/2006:14:51:20 -0500] "GET /englishL/images/navbar.gif HTTP/1.0" 200 2667 "http://www.darwinday.org/" "Mozilla/4.0 (compatible; MSIE 6.0; Windows NT 5.1; SV1; .NET CLR 1.1.4322)"
198.74.20.77 - - [27/Jan/2006:14:51:20 -0500] "GET /images/arrow.gif HTTP/1.0" 200 112 "http://www.darwinday.org/" "Mozilla/4.0 (compatible; MSIE 6.0; Windows NT 5.1; SV1; .NET CLR 1.1.4322)"
198.74.20.77 - - [27/Jan/2006:14:51:20 -0500] "GET /images/dnahorizl.gif HTTP/1.0" 200 2130 "http://www.darwinday.org/" "Mozilla/4.0 (compatible; MSIE 6.0; Windows NT 5.1; SV1; .NET CLR 1.1.4322)"
198.74.20.77 - - [27/Jan/2006:14:51:20 -0500] "GET /images/worldmaptransp.gif HTTP/1.0" 200 128893 "http://www.darwinday.org/" "Mozilla/4.0 (compatible; MSIE 6.0; Windows NT 5.1; SV1; .NET CLR 1.1.4322)"
198.74.20.77 - - [27/Jan/2006:14:51:20 -0500] "GET /images/dnahoriz.gif HTTP/1.0" 200 3391 "http://www.darwinday.org/" "Mozilla/4.0 (compatible; MSIE 6.0; Windows NT 5.1; SV1; .NET CLR 1.1.4322)"
198.74.20.77 - - [27/Jan/2006:14:51:20 -0500] "GET /images/dnahorizr.gif HTTP/1.0" 200 2104 "http://www.darwinday.org/" "Mozilla/4.0 (compatible; MSIE 6.0; Windows NT 5.1; SV1; .NET CLR 1.1.4322)"
198.74.20.77 - - [27/Jan/2006:14:51:21 -0500] "GET /englishL/home/images/lincoln.gif HTTP/1.0" 200 11057 "http://www.darwinday.org/" "Mozilla/4.0 (compatible; MSIE 6.0; Windows NT 5.1; SV1; .NET CLR 1.1.4322)"
198.74.20.77 - - [27/Jan/2006:14:51:21 -0500] "GET /englishL/home/images/darwin.gif HTTP/1.0" 200 13783 "http://www.darwinday.org/" "Mozilla/4.0 (compatible; MSIE 6.0; Windows NT 5.1; SV1; .NET CLR 1.1.4322)"
198.74.20.77 - - [27/Jan/2006:14:51:21 -0500] "GET /englishL/home/images/beagle.gif HTTP/1.0" 200 37108 "http://www.darwinday.org/" "Mozilla/4.0 (compatible; MSIE 6.0; Windows NT 5.1; SV1; .NET CLR 1.1.4322)"
198.74.20.77 - - [27/Jan/2006:14:51:21 -0500] "GET /englishL/home/images/darwinages.gif HTTP/1.0" 200 50309 "http://www.darwinday.org/" "Mozilla/4.0 (compatible; MSIE 6.0; Windows NT 5.1; SV1; .NET CLR 1.1.4322)"
198.74.20.77 - - [27/Jan/2006:14:51:21 -0500] "GET /englishL/home/images/manymore.gif HTTP/1.0" 200 581 "http://www.darwinday.org/" "Mozilla/4.0 (compatible; MSIE 6.0; Windows NT 5.1; SV1; .NET CLR 1.1.4322)"
198.74.20.77 - - [27/Jan/2006:14:51:21 -0500] "GET /images/trans.gif HTTP/1.0" 200 49 "http://www.darwinday.org/" "Mozilla/4.0 (compatible; MSIE 6.0; Windows NT 5.1; SV1; .NET CLR 1.1.4322)"
198.74.20.77 - - [27/Jan/2006:14:51:21 -0500] "GET /englishL/home/images/joinus.gif HTTP/1.0" 200 524 "http://www.darwinday.org/" "Mozilla/4.0 (compatible; MSIE 6.0; Windows NT 5.1; SV1; .NET CLR 1.1.4322)"
198.74.20.77 - - [27/Jan/2006:14:51:22 -0500] "GET /images/DNAlogo.gif HTTP/1.0" 200 1370 "http://www.darwinday.org/englishL/currarts.html" "Mozilla/4.0 (compatible; MSIE 6.0; Windows NT 5.1; SV1; .NET CLR 1.1.4322)"
198.74.20.77 - - [27/Jan/2006:14:51:22 -0500] "GET /englishL/home/images/horse.evolution.jpg HTTP/1.0" 200 29612 "http://www.darwinday.org/" "Mozilla/4.0 (compatible; MSIE 6.0; Windows NT 5.1; SV1; .NET CLR 1.1.4322)"
198.74.20.77 - - [27/Jan/2006:14:51:57 -0500] "GET /englishL/evolution/index.html HTTP/1.0" 200 4606 "http://www.darwinday.org/" "Mozilla/4.0 (compatible; MSIE 6.0; Windows NT 5.1; SV1; .NET CLR 1.1.4322)"
198.74.20.77 - - [27/Jan/2006:14:51:57 -0500] "GET /images/goldball.gif HTTP/1.0" 200 332 "http://www.darwinday.org/englishL/evolution/index.html" "Mozilla/4.0 (compatible; MSIE 6.0; Windows NT 5.1; SV1; .NET CLR 1.1.4322)"
198.74.20.77 - - [27/Jan/2006:14:51:57 -0500] "GET /images/dnagraphic.jpg HTTP/1.0" 200 25020 "http://www.darwinday.org/englishL/evolution/index.html" "Mozilla/4.0 (compatible; MSIE 6.0; Windows NT 5.1; SV1; .NET CLR 1.1.4322)"
198.74.20.77 - - [27/Jan/2006:14:52:02 -0500] "GET /englishL/evolution/theory.html HTTP/1.0" 200 9412 "http://www.darwinday.org/englishL/evolution/index.html" "Mozilla/4.0 (compatible; MSIE 6.0; Windows NT 5.1; SV1; .NET CLR 1.1.4322)"
210.150.10.92 - - [27/Jan/2006:14:52:15 -0500] "GET /spanishSA/regevent/index.php HTTP/1.1" 200 31675 "-" "ichiro/2.0 (http://help.goo.ne.jp/door/crawler.html)"
210.150.10.92 - - [27/Jan/2006:14:53:17 -0500] "GET /spanishSA/donate/index.html HTTP/1.1" 200 5618 "-" "ichiro/2.0 (http://help.goo.ne.jp/door/crawler.html)"
65.220.0.130 - - [27/Jan/2006:14:53:35 -0500] "GET /stylesheets/main.css HTTP/1.1" 200 658 "http://www.darwinday.org/englishL/home/2006.php" "Mozilla/4.0 (compatible; MSIE 6.0; Windows NT 5.1; SV1)"
65.220.0.130 - - [27/Jan/2006:14:53:35 -0500] "GET /images/topleftlogo.gif HTTP/1.1" 200 6907 "http://www.darwinday.org/englishL/home/2006.php" "Mozilla/4.0 (compatible; MSIE 6.0; Windows NT 5.1; SV1)"
65.220.0.130 - - [27/Jan/2006:14:53:36 -0500] "GET /englishL/home/2006.php HTTP/1.1" 200 298570 "http://www.skepdic.com/recent.html" "Mozilla/4.0 (compatible; MSIE 6.0; Windows NT 5.1; SV1)"
65.220.0.130 - - [27/Jan/2006:14:53:37 -0500] "GET /images/header.gif HTTP/1.1" 200 26756 "http://www.darwinday.org/englishL/home/2006.php" "Mozilla/4.0 (compatible; MSIE 6.0; Windows NT 5.1; SV1)"
72.29.233.188 - - [27/Jan/2006:14:53:37 -0500] "GET / HTTP/1.1" 200 25315 "-" "IE/6.0"
65.220.0.130 - - [27/Jan/2006:14:53:37 -0500] "GET /englishL/images/titletrans.gif HTTP/1.1" 200 15588 "http://www.darwinday.org/englishL/home/2006.php" "Mozilla/4.0 (compatible; MSIE 6.0; Windows NT 5.1; SV1)"
65.220.0.130 - - [27/Jan/2006:14:53:37 -0500] "GET /englishL/images/navbar.gif HTTP/1.1" 200 2667 "http://www.darwinday.org/englishL/home/2006.php" "Mozilla/4.0 (compatible; MSIE 6.0; Windows NT 5.1; SV1)"
65.220.0.130 - - [27/Jan/2006:14:53:37 -0500] "GET /stylesheets/mainenglishL.css HTTP/1.1" 200 590 "http://www.darwinday.org/englishL/home/2006.php" "Mozilla/4.0 (compatible; MSIE 6.0; Windows NT 5.1; SV1)"
65.220.0.130 - - [27/Jan/2006:14:53:38 -0500] "GET /images/worldmaptransp.gif HTTP/1.1" 200 128893 "http://www.darwinday.org/englishL/home/2006.php" "Mozilla/4.0 (compatible; MSIE 6.0; Windows NT 5.1; SV1)"
210.150.10.92 - - [27/Jan/2006:14:54:21 -0500] "GET /spanishSA/home/2002.html HTTP/1.1" 200 26399 "-" "ichiro/2.0 (http://help.goo.ne.jp/door/crawler.html)"
208.45.229.3 - - [27/Jan/2006:14:54:52 -0500] "GET /images/worldmaptransp.gif HTTP/1.1" 200 92267 "http://www.darwinday.org/englishL/life/beagle.html" "Mozilla/4.0 (compatible; MSIE 6.0; Windows NT 5.1; SV1)"
71.80.157.99 - - [27/Jan/2006:14:55:08 -0500] "GET / HTTP/1.1" 304 - "-" "Mozilla/4.0 (compatible; MSIE 6.0; Windows 98)"
71.80.157.99 - - [27/Jan/2006:14:55:09 -0500] "GET /stylesheets/mainenglishL.css HTTP/1.1" 304 - "http://www.darwinday.org/" "Mozilla/4.0 (compatible; MSIE 6.0; Windows 98)"
71.80.157.99 - - [27/Jan/2006:14:55:09 -0500] "GET /englishL/home/images/darwinages.gif HTTP/1.1" 304 - "http://www.darwinday.org/" "Mozilla/4.0 (compatible; MSIE 6.0; Windows 98)"
71.80.157.99 - - [27/Jan/2006:14:55:09 -0500] "GET /stylesheets/main.css HTTP/1.1" 304 - "http://www.darwinday.org/" "Mozilla/4.0 (compatible; MSIE 6.0; Windows 98)"
71.80.157.99 - - [27/Jan/2006:14:55:09 -0500] "GET /images/topleftlogo.gif HTTP/1.1" 304 - "http://www.darwinday.org/" "Mozilla/4.0 (compatible; MSIE 6.0; Windows 98)"
71.80.157.99 - - [27/Jan/2006:14:55:09 -0500] "GET /images/header.gif HTTP/1.1" 304 - "http://www.darwinday.org/" "Mozilla/4.0 (compatible; MSIE 6.0; Windows 98)"
71.80.157.99 - - [27/Jan/2006:14:55:09 -0500] "GET /images/worldmaptransp.gif HTTP/1.1" 304 - "http://www.darwinday.org/" "Mozilla/4.0 (compatible; MSIE 6.0; Windows 98)"
71.80.157.99 - - [27/Jan/2006:14:55:09 -0500] "GET /englishL/images/titletrans.gif HTTP/1.1" 304 - "http://www.darwinday.org/" "Mozilla/4.0 (compatible; MSIE 6.0; Windows 98)"
71.80.157.99 - - [27/Jan/2006:14:55:09 -0500] "GET /englishL/images/navbar.gif HTTP/1.1" 304 - "http://www.darwinday.org/" "Mozilla/4.0 (compatible; MSIE 6.0; Windows 98)"
71.80.157.99 - - [27/Jan/2006:14:55:09 -0500] "GET /images/dnahorizl.gif HTTP/1.1" 304 - "http://www.darwinday.org/" "Mozilla/4.0 (compatible; MSIE 6.0; Windows 98)"
71.80.157.99 - - [27/Jan/2006:14:55:09 -0500] "GET /images/arrow.gif HTTP/1.1" 304 - "http://www.darwinday.org/" "Mozilla/4.0 (compatible; MSIE 6.0; Windows 98)"
71.80.157.99 - - [27/Jan/2006:14:55:09 -0500] "GET /images/dnahoriz.gif HTTP/1.1" 304 - "http://www.darwinday.org/" "Mozilla/4.0 (compatible; MSIE 6.0; Windows 98)"
71.80.157.99 - - [27/Jan/2006:14:55:09 -0500] "GET /images/dnahorizr.gif HTTP/1.1" 304 - "http://www.darwinday.org/" "Mozilla/4.0 (compatible; MSIE 6.0; Windows 98)"
71.80.157.99 - - [27/Jan/2006:14:55:09 -0500] "GET /englishL/home/images/lincoln.gif HTTP/1.1" 304 - "http://www.darwinday.org/" "Mozilla/4.0 (compatible; MSIE 6.0; Windows 98)"
71.80.157.99 - - [27/Jan/2006:14:55:09 -0500] "GET /englishL/home/images/darwin.gif HTTP/1.1" 304 - "http://www.darwinday.org/" "Mozilla/4.0 (compatible; MSIE 6.0; Windows 98)"
71.80.157.99 - - [27/Jan/2006:14:55:09 -0500] "GET /englishL/home/images/beagle.gif HTTP/1.1" 304 - "http://www.darwinday.org/" "Mozilla/4.0 (compatible; MSIE 6.0; Windows 98)"
71.80.157.99 - - [27/Jan/2006:14:55:09 -0500] "GET /englishL/currarts.html HTTP/1.1" 304 - "http://www.darwinday.org/" "Mozilla/4.0 (compatible; MSIE 6.0; Windows 98)"
71.80.157.99 - - [27/Jan/2006:14:55:09 -0500] "GET /images/trans.gif HTTP/1.1" 304 - "http://www.darwinday.org/" "Mozilla/4.0 (compatible; MSIE 6.0; Windows 98)"
71.80.157.99 - - [27/Jan/2006:14:55:09 -0500] "GET /englishL/home/images/manymore.gif HTTP/1.1" 304 - "http://www.darwinday.org/" "Mozilla/4.0 (compatible; MSIE 6.0; Windows 98)"
71.80.157.99 - - [27/Jan/2006:14:55:09 -0500] "GET /englishL/home/images/joinus.gif HTTP/1.1" 304 - "http://www.darwinday.org/" "Mozilla/4.0 (compatible; MSIE 6.0; Windows 98)"
71.80.157.99 - - [27/Jan/2006:14:55:09 -0500] "GET /englishL/home/images/horse.evolution.jpg HTTP/1.1" 304 - "http://www.darwinday.org/" "Mozilla/4.0 (compatible; MSIE 6.0; Windows 98)"
71.80.157.99 - - [27/Jan/2006:14:55:12 -0500] "GET /images/DNAlogo.gif HTTP/1.1" 304 - "http://www.darwinday.org/englishL/currarts.html" "Mozilla/4.0 (compatible; MSIE 6.0; Windows 98)"
210.150.10.92 - - [27/Jan/2006:14:55:24 -0500] "GET /spanishSA/home/2003.html HTTP/1.1" 200 100577 "-" "ichiro/2.0 (http://help.goo.ne.jp/door/crawler.html)"
210.150.10.92 - - [27/Jan/2006:14:56:29 -0500] "GET /spanishSA/home/2004.html HTTP/1.1" 200 80143 "-" "ichiro/2.0 (http://help.goo.ne.jp/door/crawler.html)"
198.74.20.77 - - [27/Jan/2006:14:56:53 -0500] "GET /images/topleftlogo.gif HTTP/1.0" 304 - "http://www.blogger.com/blog-preview.g" "Mozilla/4.0 (compatible; MSIE 6.0; Windows NT 5.1; SV1; .NET CLR 1.1.4322)"
68.37.165.60 - - [27/Jan/2006:14:57:28 -0500] "GET / HTTP/1.1" 200 25315 "-" "Mozilla/4.0 (compatible; MSIE 6.0; Windows NT 5.1; .NET CLR 1.1.4322; SpamBlockerUtility 4.7.1)"
68.37.165.60 - - [27/Jan/2006:14:57:28 -0500] "GET /stylesheets/mainenglishL.css HTTP/1.1" 200 590 "http://www.darwinday.org/" "Mozilla/4.0 (compatible; MSIE 6.0; Windows NT 5.1; .NET CLR 1.1.4322; SpamBlockerUtility 4.7.1)"
68.37.165.60 - - [27/Jan/2006:14:57:28 -0500] "GET /stylesheets/main.css HTTP/1.1" 200 658 "http://www.darwinday.org/" "Mozilla/4.0 (compatible; MSIE 6.0; Windows NT 5.1; .NET CLR 1.1.4322; SpamBlockerUtility 4.7.1)"
68.37.165.60 - - [27/Jan/2006:14:57:28 -0500] "GET /images/topleftlogo.gif HTTP/1.1" 200 6907 "http://www.darwinday.org/" "Mozilla/4.0 (compatible; MSIE 6.0; Windows NT 5.1; .NET CLR 1.1.4322; SpamBlockerUtility 4.7.1)"
68.37.165.60 - - [27/Jan/2006:14:57:28 -0500] "GET /englishL/currarts.html HTTP/1.1" 200 5653 "http://www.darwinday.org/" "Mozilla/4.0 (compatible; MSIE 6.0; Windows NT 5.1; .NET CLR 1.1.4322; SpamBlockerUtility 4.7.1)"
68.37.165.60 - - [27/Jan/2006:14:57:29 -0500] "GET /images/header.gif HTTP/1.1" 200 26756 "http://www.darwinday.org/" "Mozilla/4.0 (compatible; MSIE 6.0; Windows NT 5.1; .NET CLR 1.1.4322; SpamBlockerUtility 4.7.1)"
68.37.165.60 - - [27/Jan/2006:14:57:29 -0500] "GET /englishL/images/navbar.gif HTTP/1.1" 200 2667 "http://www.darwinday.org/" "Mozilla/4.0 (compatible; MSIE 6.0; Windows NT 5.1; .NET CLR 1.1.4322; SpamBlockerUtility 4.7.1)"
68.37.165.60 - - [27/Jan/2006:14:57:29 -0500] "GET /englishL/home/images/darwinages.gif HTTP/1.1" 200 50309 "http://www.darwinday.org/" "Mozilla/4.0 (compatible; MSIE 6.0; Windows NT 5.1; .NET CLR 1.1.4322; SpamBlockerUtility 4.7.1)"
68.37.165.60 - - [27/Jan/2006:14:57:29 -0500] "GET /englishL/images/titletrans.gif HTTP/1.1" 200 15588 "http://www.darwinday.org/" "Mozilla/4.0 (compatible; MSIE 6.0; Windows NT 5.1; .NET CLR 1.1.4322; SpamBlockerUtility 4.7.1)"
68.37.165.60 - - [27/Jan/2006:14:57:29 -0500] "GET /images/worldmaptransp.gif HTTP/1.1" 200 128893 "http://www.darwinday.org/" "Mozilla/4.0 (compatible; MSIE 6.0; Windows NT 5.1; .NET CLR 1.1.4322; SpamBlockerUtility 4.7.1)"
68.37.165.60 - - [27/Jan/2006:14:57:29 -0500] "GET /images/dnahorizl.gif HTTP/1.1" 200 2130 "http://www.darwinday.org/" "Mozilla/4.0 (compatible; MSIE 6.0; Windows NT 5.1; .NET CLR 1.1.4322; SpamBlockerUtility 4.7.1)"
68.37.165.60 - - [27/Jan/2006:14:57:29 -0500] "GET /images/dnahoriz.gif HTTP/1.1" 200 3391 "http://www.darwinday.org/" "Mozilla/4.0 (compatible; MSIE 6.0; Windows NT 5.1; .NET CLR 1.1.4322; SpamBlockerUtility 4.7.1)"
68.37.165.60 - - [27/Jan/2006:14:57:29 -0500] "GET /images/dnahorizr.gif HTTP/1.1" 200 2104 "http://www.darwinday.org/" "Mozilla/4.0 (compatible; MSIE 6.0; Windows NT 5.1; .NET CLR 1.1.4322; SpamBlockerUtility 4.7.1)"
68.37.165.60 - - [27/Jan/2006:14:57:29 -0500] "GET /images/arrow.gif HTTP/1.1" 200 112 "http://www.darwinday.org/" "Mozilla/4.0 (compatible; MSIE 6.0; Windows NT 5.1; .NET CLR 1.1.4322; SpamBlockerUtility 4.7.1)"
68.37.165.60 - - [27/Jan/2006:14:57:29 -0500] "GET /englishL/home/images/lincoln.gif HTTP/1.1" 200 11057 "http://www.darwinday.org/" "Mozilla/4.0 (compatible; MSIE 6.0; Windows NT 5.1; .NET CLR 1.1.4322; SpamBlockerUtility 4.7.1)"
68.37.165.60 - - [27/Jan/2006:14:57:29 -0500] "GET /englishL/home/images/darwin.gif HTTP/1.1" 200 13783 "http://www.darwinday.org/" "Mozilla/4.0 (compatible; MSIE 6.0; Windows NT 5.1; .NET CLR 1.1.4322; SpamBlockerUtility 4.7.1)"
68.37.165.60 - - [27/Jan/2006:14:57:29 -0500] "GET /englishL/home/images/beagle.gif HTTP/1.1" 200 37108 "http://www.darwinday.org/" "Mozilla/4.0 (compatible; MSIE 6.0; Windows NT 5.1; .NET CLR 1.1.4322; SpamBlockerUtility 4.7.1)"
68.37.165.60 - - [27/Jan/2006:14:57:29 -0500] "GET /images/trans.gif HTTP/1.1" 200 49 "http://www.darwinday.org/" "Mozilla/4.0 (compatible; MSIE 6.0; Windows NT 5.1; .NET CLR 1.1.4322; SpamBlockerUtility 4.7.1)"
68.37.165.60 - - [27/Jan/2006:14:57:29 -0500] "GET /englishL/home/images/joinus.gif HTTP/1.1" 200 524 "http://www.darwinday.org/" "Mozilla/4.0 (compatible; MSIE 6.0; Windows NT 5.1; .NET CLR 1.1.4322; SpamBlockerUtility 4.7.1)"
68.37.165.60 - - [27/Jan/2006:14:57:29 -0500] "GET /englishL/home/images/horse.evolution.jpg HTTP/1.1" 200 29612 "http://www.darwinday.org/" "Mozilla/4.0 (compatible; MSIE 6.0; Windows NT 5.1; .NET CLR 1.1.4322; SpamBlockerUtility 4.7.1)"
68.37.165.60 - - [27/Jan/2006:14:57:29 -0500] "GET /englishL/home/images/manymore.gif HTTP/1.1" 200 581 "http://www.darwinday.org/" "Mozilla/4.0 (compatible; MSIE 6.0; Windows NT 5.1; .NET CLR 1.1.4322; SpamBlockerUtility 4.7.1)"
68.37.165.60 - - [27/Jan/2006:14:57:29 -0500] "GET /images/DNAlogo.gif HTTP/1.1" 200 1370 "http://www.darwinday.org/englishL/currarts.html" "Mozilla/4.0 (compatible; MSIE 6.0; Windows NT 5.1; .NET CLR 1.1.4322; SpamBlockerUtility 4.7.1)"
68.37.165.60 - - [27/Jan/2006:14:58:15 -0500] "GET /englishL/regevent/index.php HTTP/1.1" 200 31680 "http://www.darwinday.org/" "Mozilla/4.0 (compatible; MSIE 6.0; Windows NT 5.1; .NET CLR 1.1.4322; SpamBlockerUtility 4.7.1)"
210.150.10.92 - - [27/Jan/2006:14:59:37 -0500] "GET /spanishSA/home/2005.php HTTP/1.1" 200 185677 "-" "ichiro/2.0 (http://help.goo.ne.jp/door/crawler.html)"
72.29.233.188 - - [27/Jan/2006:14:59:49 -0500] "GET / HTTP/1.1" 200 25315 "-" "IE/6.0"
72.20.212.121 - - [27/Jan/2006:15:00:06 -0500] "GET / HTTP/1.1" 200 25315 "http://www.nsta.org/main/calendar/event_detail.php?event_ID=4226" "Mozilla/4.0 (compatible; MSIE 6.0; Windows NT 5.1; SV1; .NET CLR 1.0.3705; .NET CLR 1.1.4322)"
72.20.212.121 - - [27/Jan/2006:15:00:06 -0500] "GET /stylesheets/mainenglishL.css HTTP/1.1" 200 590 "http://www.darwinday.org/" "Mozilla/4.0 (compatible; MSIE 6.0; Windows NT 5.1; SV1; .NET CLR 1.0.3705; .NET CLR 1.1.4322)"
72.20.212.121 - - [27/Jan/2006:15:00:06 -0500] "GET /stylesheets/main.css HTTP/1.1" 200 658 "http://www.darwinday.org/" "Mozilla/4.0 (compatible; MSIE 6.0; Windows NT 5.1; SV1; .NET CLR 1.0.3705; .NET CLR 1.1.4322)"
72.20.212.121 - - [27/Jan/2006:15:00:06 -0500] "GET /images/topleftlogo.gif HTTP/1.1" 200 6907 "http://www.darwinday.org/" "Mozilla/4.0 (compatible; MSIE 6.0; Windows NT 5.1; SV1; .NET CLR 1.0.3705; .NET CLR 1.1.4322)"
72.20.212.121 - - [27/Jan/2006:15:00:06 -0500] "GET /englishL/currarts.html HTTP/1.1" 200 5653 "http://www.darwinday.org/" "Mozilla/4.0 (compatible; MSIE 6.0; Windows NT 5.1; SV1; .NET CLR 1.0.3705; .NET CLR 1.1.4322)"
72.20.212.121 - - [27/Jan/2006:15:00:07 -0500] "GET /images/header.gif HTTP/1.1" 200 26756 "http://www.darwinday.org/" "Mozilla/4.0 (compatible; MSIE 6.0; Windows NT 5.1; SV1; .NET CLR 1.0.3705; .NET CLR 1.1.4322)"
72.20.212.121 - - [27/Jan/2006:15:00:07 -0500] "GET /englishL/images/titletrans.gif HTTP/1.1" 200 15588 "http://www.darwinday.org/" "Mozilla/4.0 (compatible; MSIE 6.0; Windows NT 5.1; SV1; .NET CLR 1.0.3705; .NET CLR 1.1.4322)"
72.20.212.121 - - [27/Jan/2006:15:00:07 -0500] "GET /englishL/images/navbar.gif HTTP/1.1" 200 2667 "http://www.darwinday.org/" "Mozilla/4.0 (compatible; MSIE 6.0; Windows NT 5.1; SV1; .NET CLR 1.0.3705; .NET CLR 1.1.4322)"
72.20.212.121 - - [27/Jan/2006:15:00:07 -0500] "GET /images/worldmaptransp.gif HTTP/1.1" 200 128893 "http://www.darwinday.org/" "Mozilla/4.0 (compatible; MSIE 6.0; Windows NT 5.1; SV1; .NET CLR 1.0.3705; .NET CLR 1.1.4322)"
72.20.212.121 - - [27/Jan/2006:15:00:07 -0500] "GET /images/arrow.gif HTTP/1.1" 200 112 "http://www.darwinday.org/" "Mozilla/4.0 (compatible; MSIE 6.0; Windows NT 5.1; SV1; .NET CLR 1.0.3705; .NET CLR 1.1.4322)"
72.20.212.121 - - [27/Jan/2006:15:00:07 -0500] "GET /images/dnahorizl.gif HTTP/1.1" 200 2130 "http://www.darwinday.org/" "Mozilla/4.0 (compatible; MSIE 6.0; Windows NT 5.1; SV1; .NET CLR 1.0.3705; .NET CLR 1.1.4322)"
72.20.212.121 - - [27/Jan/2006:15:00:07 -0500] "GET /images/dnahoriz.gif HTTP/1.1" 200 3391 "http://www.darwinday.org/" "Mozilla/4.0 (compatible; MSIE 6.0; Windows NT 5.1; SV1; .NET CLR 1.0.3705; .NET CLR 1.1.4322)"
72.20.212.121 - - [27/Jan/2006:15:00:07 -0500] "GET /englishL/home/images/darwinages.gif HTTP/1.1" 200 50309 "http://www.darwinday.org/" "Mozilla/4.0 (compatible; MSIE 6.0; Windows NT 5.1; SV1; .NET CLR 1.0.3705; .NET CLR 1.1.4322)"
72.20.212.121 - - [27/Jan/2006:15:00:07 -0500] "GET /images/dnahorizr.gif HTTP/1.1" 200 2104 "http://www.darwinday.org/" "Mozilla/4.0 (compatible; MSIE 6.0; Windows NT 5.1; SV1; .NET CLR 1.0.3705; .NET CLR 1.1.4322)"
72.20.212.121 - - [27/Jan/2006:15:00:07 -0500] "GET /englishL/home/images/darwin.gif HTTP/1.1" 200 13783 "http://www.darwinday.org/" "Mozilla/4.0 (compatible; MSIE 6.0; Windows NT 5.1; SV1; .NET CLR 1.0.3705; .NET CLR 1.1.4322)"
72.20.212.121 - - [27/Jan/2006:15:00:07 -0500] "GET /englishL/home/images/lincoln.gif HTTP/1.1" 200 11057 "http://www.darwinday.org/" "Mozilla/4.0 (compatible; MSIE 6.0; Windows NT 5.1; SV1; .NET CLR 1.0.3705; .NET CLR 1.1.4322)"
72.20.212.121 - - [27/Jan/2006:15:00:08 -0500] "GET /englishL/home/images/beagle.gif HTTP/1.1" 200 37108 "http://www.darwinday.org/" "Mozilla/4.0 (compatible; MSIE 6.0; Windows NT 5.1; SV1; .NET CLR 1.0.3705; .NET CLR 1.1.4322)"
72.20.212.121 - - [27/Jan/2006:15:00:08 -0500] "GET /images/trans.gif HTTP/1.1" 200 49 "http://www.darwinday.org/" "Mozilla/4.0 (compatible; MSIE 6.0; Windows NT 5.1; SV1; .NET CLR 1.0.3705; .NET CLR 1.1.4322)"
72.20.212.121 - - [27/Jan/2006:15:00:08 -0500] "GET /englishL/home/images/manymore.gif HTTP/1.1" 200 581 "http://www.darwinday.org/" "Mozilla/4.0 (compatible; MSIE 6.0; Windows NT 5.1; SV1; .NET CLR 1.0.3705; .NET CLR 1.1.4322)"
72.20.212.121 - - [27/Jan/2006:15:00:08 -0500] "GET /englishL/home/images/joinus.gif HTTP/1.1" 200 524 "http://www.darwinday.org/" "Mozilla/4.0 (compatible; MSIE 6.0; Windows NT 5.1; SV1; .NET CLR 1.0.3705; .NET CLR 1.1.4322)"
72.20.212.121 - - [27/Jan/2006:15:00:08 -0500] "GET /englishL/home/images/horse.evolution.jpg HTTP/1.1" 200 29612 "http://www.darwinday.org/" "Mozilla/4.0 (compatible; MSIE 6.0; Windows NT 5.1; SV1; .NET CLR 1.0.3705; .NET CLR 1.1.4322)"
72.20.212.121 - - [27/Jan/2006:15:00:08 -0500] "GET /images/DNAlogo.gif HTTP/1.1" 200 1370 "http://www.darwinday.org/englishL/currarts.html" "Mozilla/4.0 (compatible; MSIE 6.0; Windows NT 5.1; SV1; .NET CLR 1.0.3705; .NET CLR 1.1.4322)"
147.96.51.119 - - [27/Jan/2006:15:00:09 -0500] "GET / HTTP/1.1" 304 - "http://www.sindioses.org/principal.html" "Mozilla/4.0 (compatible; MSIE 6.0; Windows NT 5.1; SV1)"
147.96.51.119 - - [27/Jan/2006:15:00:09 -0500] "GET /stylesheets/mainenglishL.css HTTP/1.1" 304 - "http://www.darwinday.org/" "Mozilla/4.0 (compatible; MSIE 6.0; Windows NT 5.1; SV1)"
147.96.51.119 - - [27/Jan/2006:15:00:10 -0500] "GET /stylesheets/main.css HTTP/1.1" 304 - "http://www.darwinday.org/" "Mozilla/4.0 (compatible; MSIE 6.0; Windows NT 5.1; SV1)"
147.96.51.119 - - [27/Jan/2006:15:00:10 -0500] "GET /images/topleftlogo.gif HTTP/1.1" 304 - "http://www.darwinday.org/" "Mozilla/4.0 (compatible; MSIE 6.0; Windows NT 5.1; SV1)"
147.96.51.119 - - [27/Jan/2006:15:00:10 -0500] "GET /englishL/currarts.html HTTP/1.1" 304 - "http://www.darwinday.org/" "Mozilla/4.0 (compatible; MSIE 6.0; Windows NT 5.1; SV1)"
147.96.51.119 - - [27/Jan/2006:15:00:10 -0500] "GET /images/header.gif HTTP/1.1" 304 - "http://www.darwinday.org/" "Mozilla/4.0 (compatible; MSIE 6.0; Windows NT 5.1; SV1)"
147.96.51.119 - - [27/Jan/2006:15:00:10 -0500] "GET /images/worldmaptransp.gif HTTP/1.1" 304 - "http://www.darwinday.org/" "Mozilla/4.0 (compatible; MSIE 6.0; Windows NT 5.1; SV1)"
147.96.51.119 - - [27/Jan/2006:15:00:10 -0500] "GET /englishL/images/titletrans.gif HTTP/1.1" 304 - "http://www.darwinday.org/" "Mozilla/4.0 (compatible; MSIE 6.0; Windows NT 5.1; SV1)"
147.96.51.119 - - [27/Jan/2006:15:00:10 -0500] "GET /englishL/images/navbar.gif HTTP/1.1" 304 - "http://www.darwinday.org/" "Mozilla/4.0 (compatible; MSIE 6.0; Windows NT 5.1; SV1)"
147.96.51.119 - - [27/Jan/2006:15:00:10 -0500] "GET /englishL/home/images/darwinages.gif HTTP/1.1" 304 - "http://www.darwinday.org/" "Mozilla/4.0 (compatible; MSIE 6.0; Windows NT 5.1; SV1)"
147.96.51.119 - - [27/Jan/2006:15:00:10 -0500] "GET /images/arrow.gif HTTP/1.1" 304 - "http://www.darwinday.org/" "Mozilla/4.0 (compatible; MSIE 6.0; Windows NT 5.1; SV1)"
147.96.51.119 - - [27/Jan/2006:15:00:10 -0500] "GET /images/dnahorizl.gif HTTP/1.1" 304 - "http://www.darwinday.org/" "Mozilla/4.0 (compatible; MSIE 6.0; Windows NT 5.1; SV1)"
147.96.51.119 - - [27/Jan/2006:15:00:10 -0500] "GET /images/dnahoriz.gif HTTP/1.1" 304 - "http://www.darwinday.org/" "Mozilla/4.0 (compatible; MSIE 6.0; Windows NT 5.1; SV1)"
147.96.51.119 - - [27/Jan/2006:15:00:10 -0500] "GET /images/dnahorizr.gif HTTP/1.1" 304 - "http://www.darwinday.org/" "Mozilla/4.0 (compatible; MSIE 6.0; Windows NT 5.1; SV1)"
147.96.51.119 - - [27/Jan/2006:15:00:10 -0500] "GET /englishL/home/images/lincoln.gif HTTP/1.1" 304 - "http://www.darwinday.org/" "Mozilla/4.0 (compatible; MSIE 6.0; Windows NT 5.1; SV1)"
147.96.51.119 - - [27/Jan/2006:15:00:10 -0500] "GET /englishL/home/images/darwin.gif HTTP/1.1" 304 - "http://www.darwinday.org/" "Mozilla/4.0 (compatible; MSIE 6.0; Windows NT 5.1; SV1)"
147.96.51.119 - - [27/Jan/2006:15:00:10 -0500] "GET /englishL/home/images/beagle.gif HTTP/1.1" 304 - "http://www.darwinday.org/" "Mozilla/4.0 (compatible; MSIE 6.0; Windows NT 5.1; SV1)"
147.96.51.119 - - [27/Jan/2006:15:00:10 -0500] "GET /images/trans.gif HTTP/1.1" 304 - "http://www.darwinday.org/" "Mozilla/4.0 (compatible; MSIE 6.0; Windows NT 5.1; SV1)"
147.96.51.119 - - [27/Jan/2006:15:00:11 -0500] "GET /englishL/home/images/manymore.gif HTTP/1.1" 304 - "http://www.darwinday.org/" "Mozilla/4.0 (compatible; MSIE 6.0; Windows NT 5.1; SV1)"
147.96.51.119 - - [27/Jan/2006:15:00:11 -0500] "GET /englishL/home/images/joinus.gif HTTP/1.1" 304 - "http://www.darwinday.org/" "Mozilla/4.0 (compatible; MSIE 6.0; Windows NT 5.1; SV1)"
147.96.51.119 - - [27/Jan/2006:15:00:11 -0500] "GET /englishL/home/images/horse.evolution.jpg HTTP/1.1" 304 - "http://www.darwinday.org/" "Mozilla/4.0 (compatible; MSIE 6.0; Windows NT 5.1; SV1)"
147.96.51.119 - - [27/Jan/2006:15:00:11 -0500] "GET /images/DNAlogo.gif HTTP/1.1" 304 - "http://www.darwinday.org/englishL/currarts.html" "Mozilla/4.0 (compatible; MSIE 6.0; Windows NT 5.1; SV1)"
72.20.212.121 - - [27/Jan/2006:15:00:38 -0500] "GET /favicon.ico HTTP/1.1" 404 3385 "-" "Mozilla/4.0 (compatible; MSIE 6.0; Windows NT 5.1; SV1; .NET CLR 1.0.3705; .NET CLR 1.1.4322)"
72.20.212.121 - - [27/Jan/2006:15:01:04 -0500] "GET /englishL/regemail/index.php HTTP/1.1" 200 6017 "http://www.darwinday.org/" "Mozilla/4.0 (compatible; MSIE 6.0; Windows NT 5.1; SV1; .NET CLR 1.0.3705; .NET CLR 1.1.4322)"
204.34.247.11 - - [27/Jan/2006:15:01:15 -0500] "GET / HTTP/1.0" 200 25315 "http://mamma.com/Mamma?qtype=0&query=celebration+of+the+day" "Mozilla/4.0 (compatible; MSIE 6.0; Windows NT 5.1; .NET CLR 1.1.4322)"
204.34.247.11 - - [27/Jan/2006:15:01:15 -0500] "GET /stylesheets/mainenglishL.css HTTP/1.0" 200 590 "http://www.darwinday.org/" "Mozilla/4.0 (compatible; MSIE 6.0; Windows NT 5.1; .NET CLR 1.1.4322)"
204.34.247.11 - - [27/Jan/2006:15:01:15 -0500] "GET /stylesheets/main.css HTTP/1.0" 200 658 "http://www.darwinday.org/" "Mozilla/4.0 (compatible; MSIE 6.0; Windows NT 5.1; .NET CLR 1.1.4322)"
204.34.247.11 - - [27/Jan/2006:15:01:15 -0500] "GET /images/topleftlogo.gif HTTP/1.0" 200 6907 "http://www.darwinday.org/" "Mozilla/4.0 (compatible; MSIE 6.0; Windows NT 5.1; .NET CLR 1.1.4322)"
204.34.247.11 - - [27/Jan/2006:15:01:15 -0500] "GET /englishL/currarts.html HTTP/1.0" 200 5653 "http://www.darwinday.org/" "Mozilla/4.0 (compatible; MSIE 6.0; Windows NT 5.1; .NET CLR 1.1.4322)"
204.34.247.11 - - [27/Jan/2006:15:01:15 -0500] "GET /images/header.gif HTTP/1.0" 200 26756 "http://www.darwinday.org/" "Mozilla/4.0 (compatible; MSIE 6.0; Windows NT 5.1; .NET CLR 1.1.4322)"
204.34.247.11 - - [27/Jan/2006:15:01:17 -0500] "GET /images/worldmaptransp.gif HTTP/1.0" 200 128893 "http://www.darwinday.org/" "Mozilla/4.0 (compatible; MSIE 6.0; Windows NT 5.1; .NET CLR 1.1.4322)"
204.34.247.11 - - [27/Jan/2006:15:01:19 -0500] "GET /englishL/images/navbar.gif HTTP/1.0" 200 2667 "http://www.darwinday.org/" "Mozilla/4.0 (compatible; MSIE 6.0; Windows NT 5.1; .NET CLR 1.1.4322)"
204.34.247.11 - - [27/Jan/2006:15:01:26 -0500] "GET /englishL/home/images/darwinages.gif HTTP/1.0" 200 50309 "http://www.darwinday.org/" "Mozilla/4.0 (compatible; MSIE 6.0; Windows NT 5.1; .NET CLR 1.1.4322)"
204.34.247.11 - - [27/Jan/2006:15:01:27 -0500] "GET /images/arrow.gif HTTP/1.0" 200 112 "http://www.darwinday.org/" "Mozilla/4.0 (compatible; MSIE 6.0; Windows NT 5.1; .NET CLR 1.1.4322)"
204.34.247.11 - - [27/Jan/2006:15:01:27 -0500] "GET /images/dnahorizl.gif HTTP/1.0" 200 2130 "http://www.darwinday.org/" "Mozilla/4.0 (compatible; MSIE 6.0; Windows NT 5.1; .NET CLR 1.1.4322)"
204.34.247.11 - - [27/Jan/2006:15:01:27 -0500] "GET /images/dnahoriz.gif HTTP/1.0" 200 3391 "http://www.darwinday.org/" "Mozilla/4.0 (compatible; MSIE 6.0; Windows NT 5.1; .NET CLR 1.1.4322)"
204.34.247.11 - - [27/Jan/2006:15:01:27 -0500] "GET /images/dnahorizr.gif HTTP/1.0" 200 2104 "http://www.darwinday.org/" "Mozilla/4.0 (compatible; MSIE 6.0; Windows NT 5.1; .NET CLR 1.1.4322)"
204.34.247.11 - - [27/Jan/2006:15:01:27 -0500] "GET /englishL/home/images/lincoln.gif HTTP/1.0" 200 11057 "http://www.darwinday.org/" "Mozilla/4.0 (compatible; MSIE 6.0; Windows NT 5.1; .NET CLR 1.1.4322)"
204.34.247.11 - - [27/Jan/2006:15:01:27 -0500] "GET /englishL/home/images/darwin.gif HTTP/1.0" 200 13783 "http://www.darwinday.org/" "Mozilla/4.0 (compatible; MSIE 6.0; Windows NT 5.1; .NET CLR 1.1.4322)"
204.34.247.11 - - [27/Jan/2006:15:01:27 -0500] "GET /englishL/home/images/beagle.gif HTTP/1.0" 200 37108 "http://www.darwinday.org/" "Mozilla/4.0 (compatible; MSIE 6.0; Windows NT 5.1; .NET CLR 1.1.4322)"
204.34.247.11 - - [27/Jan/2006:15:01:30 -0500] "GET /englishL/home/images/joinus.gif HTTP/1.0" 200 524 "http://www.darwinday.org/" "Mozilla/4.0 (compatible; MSIE 6.0; Windows NT 5.1; .NET CLR 1.1.4322)"
204.34.247.11 - - [27/Jan/2006:15:01:30 -0500] "GET /englishL/home/images/horse.evolution.jpg HTTP/1.0" 200 29612 "http://www.darwinday.org/" "Mozilla/4.0 (compatible; MSIE 6.0; Windows NT 5.1; .NET CLR 1.1.4322)"
204.34.247.11 - - [27/Jan/2006:15:01:30 -0500] "GET /images/DNAlogo.gif HTTP/1.0" 200 1370 "http://www.darwinday.org/englishL/currarts.html" "Mozilla/4.0 (compatible; MSIE 6.0; Windows NT 5.1; .NET CLR 1.1.4322)"
204.34.247.11 - - [27/Jan/2006:15:01:30 -0500] "GET /englishL/images/titletrans.gif HTTP/1.0" 200 15588 "http://www.darwinday.org/" "Mozilla/4.0 (compatible; MSIE 6.0; Windows NT 5.1; .NET CLR 1.1.4322)"
204.34.247.11 - - [27/Jan/2006:15:01:31 -0500] "GET /images/trans.gif HTTP/1.0" 200 49 "http://www.darwinday.org/" "Mozilla/4.0 (compatible; MSIE 6.0; Windows NT 5.1; .NET CLR 1.1.4322)"
204.34.247.11 - - [27/Jan/2006:15:01:31 -0500] "GET /englishL/home/images/manymore.gif HTTP/1.0" 200 581 "http://www.darwinday.org/" "Mozilla/4.0 (compatible; MSIE 6.0; Windows NT 5.1; .NET CLR 1.1.4322)"
72.20.212.121 - - [27/Jan/2006:15:01:41 -0500] "POST /englishL/regemail/index.php? HTTP/1.1" 302 6017 "http://www.darwinday.org/englishL/regemail/index.php" "Mozilla/4.0 (compatible; MSIE 6.0; Windows NT 5.1; SV1; .NET CLR 1.0.3705; .NET CLR 1.1.4322)"
72.20.212.121 - - [27/Jan/2006:15:01:41 -0500] "GET /englishL/home/index.html? HTTP/1.1" 200 25693 "http://www.darwinday.org/englishL/regemail/index.php" "Mozilla/4.0 (compatible; MSIE 6.0; Windows NT 5.1; SV1; .NET CLR 1.0.3705; .NET CLR 1.1.4322)"
72.20.212.121 - - [27/Jan/2006:15:01:51 -0500] "GET /englishL/home/2006.php HTTP/1.1" 200 298570 "http://www.darwinday.org/englishL/home/index.html?" "Mozilla/4.0 (compatible; MSIE 6.0; Windows NT 5.1; SV1; .NET CLR 1.0.3705; .NET CLR 1.1.4322)"
210.150.10.92 - - [27/Jan/2006:15:02:42 -0500] "GET /spanishSA/home/2006.php HTTP/1.1" 200 184081 "-" "ichiro/2.0 (http://help.goo.ne.jp/door/crawler.html)"
195.93.21.65 - - [27/Jan/2006:15:04:01 -0500] "GET /englishL/home/2006.php HTTP/1.0" 200 297720 "http://www.darwinday.org/" "Mozilla/4.0 (compatible; MSIE 6.0; AOL 9.0; Windows NT 5.1; FunWebProducts; SV1; .NET CLR 1.1.4322)"
72.29.233.185 - - [27/Jan/2006:15:04:33 -0500] "GET / HTTP/1.1" 200 25315 "-" "IE/6.0"
210.150.10.92 - - [27/Jan/2006:15:04:45 -0500] "GET /spanishSA/home/2007.html HTTP/1.1" 200 4306 "-" "ichiro/2.0 (http://help.goo.ne.jp/door/crawler.html)"
62.15.213.135 - - [27/Jan/2006:15:04:53 -0500] "GET /englishL/home/images/darwinages.gif HTTP/1.1" 200 50309 "http://drervin.com/" "Mozilla/5.0 (Windows; U; Windows NT 5.1; en-US; rv:1.8) Gecko/20051111 Firefox/1.5"
210.150.10.92 - - [27/Jan/2006:15:05:48 -0500] "GET /spanishSA/home/images/iowa_proc.gif HTTP/1.1" 200 91998 "-" "ichiro/2.0 (http://help.goo.ne.jp/door/crawler.html)"
210.150.10.92 - - [27/Jan/2006:15:06:52 -0500] "GET /spanishSA/home/images/iowa_proc-t.gif HTTP/1.1" 200 9193 "-" "ichiro/2.0 (http://help.goo.ne.jp/door/crawler.html)"
210.150.10.92 - - [27/Jan/2006:15:07:54 -0500] "GET /spanishSA/home/2008.html HTTP/1.1" 200 3861 "-" "ichiro/2.0 (http://help.goo.ne.jp/door/crawler.html)"
210.150.10.92 - - [27/Jan/2006:15:08:57 -0500] "GET /spanishSA/home/2009.html HTTP/1.1" 200 4487 "-" "ichiro/2.0 (http://help.goo.ne.jp/door/crawler.html)"
213.67.177.229 - - [27/Jan/2006:15:09:06 -0500] "GET /stylesheets/mainenglishL.css HTTP/1.1" 200 590 "http://www.darwinday.org/" "Mozilla/4.0 (compatible; MSIE 6.0; Windows NT 5.1; SV1; i-NavFourF)"
213.67.177.229 - - [27/Jan/2006:15:09:06 -0500] "GET / HTTP/1.1" 200 25315 "-" "Mozilla/4.0 (compatible; MSIE 6.0; Windows NT 5.1; SV1; i-NavFourF)"
213.67.177.229 - - [27/Jan/2006:15:09:06 -0500] "GET /stylesheets/main.css HTTP/1.1" 200 658 "http://www.darwinday.org/" "Mozilla/4.0 (compatible; MSIE 6.0; Windows NT 5.1; SV1; i-NavFourF)"
213.67.177.229 - - [27/Jan/2006:15:09:06 -0500] "GET /images/topleftlogo.gif HTTP/1.1" 200 6907 "http://www.darwinday.org/" "Mozilla/4.0 (compatible; MSIE 6.0; Windows NT 5.1; SV1; i-NavFourF)"
82.38.53.87 - - [27/Jan/2006:15:09:06 -0500] "GET /stylesheets/mainenglishL.css HTTP/1.1" 200 590 "http://www.darwinday.org/" "Mozilla/4.0 (compatible; MSIE 6.0; Windows NT 5.1; .NET CLR 1.1.4322)"
82.38.53.87 - - [27/Jan/2006:15:09:06 -0500] "GET / HTTP/1.1" 200 25315 "http://www.simonyi.ox.ac.uk/dawkins/WorldOfDawkins-archive/News/events.shtml" "Mozilla/4.0 (compatible; MSIE 6.0; Windows NT 5.1; .NET CLR 1.1.4322)"
82.38.53.87 - - [27/Jan/2006:15:09:06 -0500] "GET /stylesheets/main.css HTTP/1.1" 200 658 "http://www.darwinday.org/" "Mozilla/4.0 (compatible; MSIE 6.0; Windows NT 5.1; .NET CLR 1.1.4322)"
213.67.177.229 - - [27/Jan/2006:15:09:07 -0500] "GET /englishL/currarts.html HTTP/1.1" 200 5653 "http://www.darwinday.org/" "Mozilla/4.0 (compatible; MSIE 6.0; Windows NT 5.1; SV1; i-NavFourF)"
82.38.53.87 - - [27/Jan/2006:15:09:07 -0500] "GET /images/topleftlogo.gif HTTP/1.1" 200 6907 "http://www.darwinday.org/" "Mozilla/4.0 (compatible; MSIE 6.0; Windows NT 5.1; .NET CLR 1.1.4322)"
82.38.53.87 - - [27/Jan/2006:15:09:07 -0500] "GET /englishL/currarts.html HTTP/1.1" 200 5653 "http://www.darwinday.org/" "Mozilla/4.0 (compatible; MSIE 6.0; Windows NT 5.1; .NET CLR 1.1.4322)"
82.38.53.87 - - [27/Jan/2006:15:09:08 -0500] "GET /images/header.gif HTTP/1.1" 200 26756 "http://www.darwinday.org/" "Mozilla/4.0 (compatible; MSIE 6.0; Windows NT 5.1; .NET CLR 1.1.4322)"
213.67.177.229 - - [27/Jan/2006:15:09:08 -0500] "GET /images/header.gif HTTP/1.1" 200 26756 "http://www.darwinday.org/" "Mozilla/4.0 (compatible; MSIE 6.0; Windows NT 5.1; SV1; i-NavFourF)"
82.38.53.87 - - [27/Jan/2006:15:09:08 -0500] "GET /englishL/images/titletrans.gif HTTP/1.1" 200 15588 "http://www.darwinday.org/" "Mozilla/4.0 (compatible; MSIE 6.0; Windows NT 5.1; .NET CLR 1.1.4322)"
213.67.177.229 - - [27/Jan/2006:15:09:09 -0500] "GET /englishL/images/titletrans.gif HTTP/1.1" 200 15588 "http://www.darwinday.org/" "Mozilla/4.0 (compatible; MSIE 6.0; Windows NT 5.1; SV1; i-NavFourF)"
82.38.53.87 - - [27/Jan/2006:15:09:09 -0500] "GET /englishL/images/navbar.gif HTTP/1.1" 200 2667 "http://www.darwinday.org/" "Mozilla/4.0 (compatible; MSIE 6.0; Windows NT 5.1; .NET CLR 1.1.4322)"
213.67.177.229 - - [27/Jan/2006:15:09:10 -0500] "GET /englishL/images/navbar.gif HTTP/1.1" 200 2667 "http://www.darwinday.org/" "Mozilla/4.0 (compatible; MSIE 6.0; Windows NT 5.1; SV1; i-NavFourF)"
