209.209.194.162 - - [27/Jan/2006:17:57:46 -0500] "GET / HTTP/1.1" 200 25315 "http://www.evolvefish.com/fish/stickers-ss2.html" "Mozilla/5.0 (Windows; U; Windows NT 5.1; en-US; rv:1.7.5) Gecko/20041107 Firefox/1.0"
209.209.194.162 - - [27/Jan/2006:17:57:46 -0500] "GET /stylesheets/main.css HTTP/1.1" 200 658 "http://www.darwinday.org/" "Mozilla/5.0 (Windows; U; Windows NT 5.1; en-US; rv:1.7.5) Gecko/20041107 Firefox/1.0"
209.209.194.162 - - [27/Jan/2006:17:57:46 -0500] "GET /images/topleftlogo.gif HTTP/1.1" 200 6907 "http://www.darwinday.org/" "Mozilla/5.0 (Windows; U; Windows NT 5.1; en-US; rv:1.7.5) Gecko/20041107 Firefox/1.0"
209.209.194.162 - - [27/Jan/2006:17:57:46 -0500] "GET /images/header.gif HTTP/1.1" 200 26756 "http://www.darwinday.org/" "Mozilla/5.0 (Windows; U; Windows NT 5.1; en-US; rv:1.7.5) Gecko/20041107 Firefox/1.0"
209.209.194.162 - - [27/Jan/2006:17:57:46 -0500] "GET /englishL/images/titletrans.gif HTTP/1.1" 200 15588 "http://www.darwinday.org/" "Mozilla/5.0 (Windows; U; Windows NT 5.1; en-US; rv:1.7.5) Gecko/20041107 Firefox/1.0"
209.209.194.162 - - [27/Jan/2006:17:57:47 -0500] "GET /images/worldmaptransp.gif HTTP/1.1" 200 128893 "http://www.darwinday.org/" "Mozilla/5.0 (Windows; U; Windows NT 5.1; en-US; rv:1.7.5) Gecko/20041107 Firefox/1.0"
209.209.194.162 - - [27/Jan/2006:17:57:47 -0500] "GET /englishL/images/navbar.gif HTTP/1.1" 200 2667 "http://www.darwinday.org/" "Mozilla/5.0 (Windows; U; Windows NT 5.1; en-US; rv:1.7.5) Gecko/20041107 Firefox/1.0"
209.209.194.162 - - [27/Jan/2006:17:57:47 -0500] "GET /englishL/home/images/darwinages.gif HTTP/1.1" 200 50309 "http://www.darwinday.org/" "Mozilla/5.0 (Windows; U; Windows NT 5.1; en-US; rv:1.7.5) Gecko/20041107 Firefox/1.0"
209.209.194.162 - - [27/Jan/2006:17:57:47 -0500] "GET /images/arrow.gif HTTP/1.1" 200 112 "http://www.darwinday.org/" "Mozilla/5.0 (Windows; U; Windows NT 5.1; en-US; rv:1.7.5) Gecko/20041107 Firefox/1.0"
209.209.194.162 - - [27/Jan/2006:17:57:47 -0500] "GET /images/dnahorizl.gif HTTP/1.1" 200 2130 "http://www.darwinday.org/" "Mozilla/5.0 (Windows; U; Windows NT 5.1; en-US; rv:1.7.5) Gecko/20041107 Firefox/1.0"
209.209.194.162 - - [27/Jan/2006:17:57:47 -0500] "GET /images/dnahoriz.gif HTTP/1.1" 200 3391 "http://www.darwinday.org/" "Mozilla/5.0 (Windows; U; Windows NT 5.1; en-US; rv:1.7.5) Gecko/20041107 Firefox/1.0"
209.209.194.162 - - [27/Jan/2006:17:57:47 -0500] "GET /images/dnahorizr.gif HTTP/1.1" 200 2104 "http://www.darwinday.org/" "Mozilla/5.0 (Windows; U; Windows NT 5.1; en-US; rv:1.7.5) Gecko/20041107 Firefox/1.0"
209.209.194.162 - - [27/Jan/2006:17:57:48 -0500] "GET /englishL/currarts.html HTTP/1.1" 200 5653 "http://www.darwinday.org/" "Mozilla/5.0 (Windows; U; Windows NT 5.1; en-US; rv:1.7.5) Gecko/20041107 Firefox/1.0"
209.209.194.162 - - [27/Jan/2006:17:57:48 -0500] "GET /englishL/home/images/lincoln.gif HTTP/1.1" 200 11057 "http://www.darwinday.org/" "Mozilla/5.0 (Windows; U; Windows NT 5.1; en-US; rv:1.7.5) Gecko/20041107 Firefox/1.0"
209.209.194.162 - - [27/Jan/2006:17:57:48 -0500] "GET /englishL/home/images/darwin.gif HTTP/1.1" 200 13783 "http://www.darwinday.org/" "Mozilla/5.0 (Windows; U; Windows NT 5.1; en-US; rv:1.7.5) Gecko/20041107 Firefox/1.0"
209.209.194.162 - - [27/Jan/2006:17:57:48 -0500] "GET /englishL/home/images/beagle.gif HTTP/1.1" 200 37108 "http://www.darwinday.org/" "Mozilla/5.0 (Windows; U; Windows NT 5.1; en-US; rv:1.7.5) Gecko/20041107 Firefox/1.0"
209.209.194.162 - - [27/Jan/2006:17:57:48 -0500] "GET /images/trans.gif HTTP/1.1" 200 49 "http://www.darwinday.org/" "Mozilla/5.0 (Windows; U; Windows NT 5.1; en-US; rv:1.7.5) Gecko/20041107 Firefox/1.0"
209.209.194.162 - - [27/Jan/2006:17:57:48 -0500] "GET /englishL/home/images/manymore.gif HTTP/1.1" 200 581 "http://www.darwinday.org/" "Mozilla/5.0 (Windows; U; Windows NT 5.1; en-US; rv:1.7.5) Gecko/20041107 Firefox/1.0"
209.209.194.162 - - [27/Jan/2006:17:57:48 -0500] "GET /englishL/home/images/joinus.gif HTTP/1.1" 200 524 "http://www.darwinday.org/" "Mozilla/5.0 (Windows; U; Windows NT 5.1; en-US; rv:1.7.5) Gecko/20041107 Firefox/1.0"
209.209.194.162 - - [27/Jan/2006:17:57:48 -0500] "GET /images/DNAlogo.gif HTTP/1.1" 200 1370 "http://www.darwinday.org/englishL/currarts.html" "Mozilla/5.0 (Windows; U; Windows NT 5.1; en-US; rv:1.7.5) Gecko/20041107 Firefox/1.0"
209.209.194.162 - - [27/Jan/2006:17:57:48 -0500] "GET /favicon.ico HTTP/1.1" 404 3385 "-" "Mozilla/5.0 (Windows; U; Windows NT 5.1; en-US; rv:1.7.5) Gecko/20041107 Firefox/1.0"
209.209.194.162 - - [27/Jan/2006:17:57:49 -0500] "GET /englishL/home/images/horse.evolution.jpg HTTP/1.1" 200 29612 "http://www.darwinday.org/" "Mozilla/5.0 (Windows; U; Windows NT 5.1; en-US; rv:1.7.5) Gecko/20041107 Firefox/1.0"
209.209.194.162 - - [27/Jan/2006:17:57:49 -0500] "GET /favicon.ico HTTP/1.1" 404 3385 "-" "Mozilla/5.0 (Windows; U; Windows NT 5.1; en-US; rv:1.7.5) Gecko/20041107 Firefox/1.0"
210.150.10.92 - - [27/Jan/2006:17:58:00 -0500] "GET /spanishSA/life/images/downpiano-t.jpg HTTP/1.1" 200 26476 "-" "ichiro/2.0 (http://help.goo.ne.jp/door/crawler.html)"
84.222.115.172 - - [27/Jan/2006:17:58:50 -0500] "GET /stylesheets/mainenglishL.css HTTP/1.1" 200 590 "http://www.darwinday.org/" "Mozilla/5.0 (Macintosh; U; PPC Mac OS X Mach-O; it-IT; rv:1.7.12) Gecko/20050919 Firefox/1.0.7"
84.222.115.172 - - [27/Jan/2006:17:58:51 -0500] "GET /stylesheets/main.css HTTP/1.1" 200 658 "http://www.darwinday.org/" "Mozilla/5.0 (Macintosh; U; PPC Mac OS X Mach-O; it-IT; rv:1.7.12) Gecko/20050919 Firefox/1.0.7"
84.222.115.172 - - [27/Jan/2006:17:58:51 -0500] "GET / HTTP/1.1" 200 25315 "-" "Mozilla/5.0 (Macintosh; U; PPC Mac OS X Mach-O; it-IT; rv:1.7.12) Gecko/20050919 Firefox/1.0.7"
84.222.115.172 - - [27/Jan/2006:17:58:51 -0500] "GET /images/topleftlogo.gif HTTP/1.1" 200 6907 "http://www.darwinday.org/" "Mozilla/5.0 (Macintosh; U; PPC Mac OS X Mach-O; it-IT; rv:1.7.12) Gecko/20050919 Firefox/1.0.7"
84.222.115.172 - - [27/Jan/2006:17:58:51 -0500] "GET /images/header.gif HTTP/1.1" 200 26756 "http://www.darwinday.org/" "Mozilla/5.0 (Macintosh; U; PPC Mac OS X Mach-O; it-IT; rv:1.7.12) Gecko/20050919 Firefox/1.0.7"
84.222.115.172 - - [27/Jan/2006:17:58:52 -0500] "GET /englishL/images/titletrans.gif HTTP/1.1" 200 15588 "http://www.darwinday.org/" "Mozilla/5.0 (Macintosh; U; PPC Mac OS X Mach-O; it-IT; rv:1.7.12) Gecko/20050919 Firefox/1.0.7"
84.222.115.172 - - [27/Jan/2006:17:58:52 -0500] "GET /images/worldmaptransp.gif HTTP/1.1" 200 128893 "http://www.darwinday.org/" "Mozilla/5.0 (Macintosh; U; PPC Mac OS X Mach-O; it-IT; rv:1.7.12) Gecko/20050919 Firefox/1.0.7"
84.222.115.172 - - [27/Jan/2006:17:58:52 -0500] "GET /englishL/images/navbar.gif HTTP/1.1" 200 2667 "http://www.darwinday.org/" "Mozilla/5.0 (Macintosh; U; PPC Mac OS X Mach-O; it-IT; rv:1.7.12) Gecko/20050919 Firefox/1.0.7"
84.222.115.172 - - [27/Jan/2006:17:58:52 -0500] "GET /englishL/home/images/darwinages.gif HTTP/1.1" 200 50309 "http://www.darwinday.org/" "Mozilla/5.0 (Macintosh; U; PPC Mac OS X Mach-O; it-IT; rv:1.7.12) Gecko/20050919 Firefox/1.0.7"
84.222.115.172 - - [27/Jan/2006:17:58:52 -0500] "GET /images/arrow.gif HTTP/1.1" 200 112 "http://www.darwinday.org/" "Mozilla/5.0 (Macintosh; U; PPC Mac OS X Mach-O; it-IT; rv:1.7.12) Gecko/20050919 Firefox/1.0.7"
84.222.115.172 - - [27/Jan/2006:17:58:52 -0500] "GET /images/dnahorizl.gif HTTP/1.1" 200 2130 "http://www.darwinday.org/" "Mozilla/5.0 (Macintosh; U; PPC Mac OS X Mach-O; it-IT; rv:1.7.12) Gecko/20050919 Firefox/1.0.7"
84.222.115.172 - - [27/Jan/2006:17:58:52 -0500] "GET /images/dnahoriz.gif HTTP/1.1" 200 3391 "http://www.darwinday.org/" "Mozilla/5.0 (Macintosh; U; PPC Mac OS X Mach-O; it-IT; rv:1.7.12) Gecko/20050919 Firefox/1.0.7"
84.222.115.172 - - [27/Jan/2006:17:58:53 -0500] "GET /images/dnahorizr.gif HTTP/1.1" 200 2104 "http://www.darwinday.org/" "Mozilla/5.0 (Macintosh; U; PPC Mac OS X Mach-O; it-IT; rv:1.7.12) Gecko/20050919 Firefox/1.0.7"
84.222.115.172 - - [27/Jan/2006:17:58:53 -0500] "GET /englishL/currarts.html HTTP/1.1" 200 5653 "http://www.darwinday.org/" "Mozilla/5.0 (Macintosh; U; PPC Mac OS X Mach-O; it-IT; rv:1.7.12) Gecko/20050919 Firefox/1.0.7"
84.222.115.172 - - [27/Jan/2006:17:58:53 -0500] "GET /englishL/home/images/lincoln.gif HTTP/1.1" 200 11057 "http://www.darwinday.org/" "Mozilla/5.0 (Macintosh; U; PPC Mac OS X Mach-O; it-IT; rv:1.7.12) Gecko/20050919 Firefox/1.0.7"
84.222.115.172 - - [27/Jan/2006:17:58:53 -0500] "GET /englishL/home/images/darwin.gif HTTP/1.1" 200 13783 "http://www.darwinday.org/" "Mozilla/5.0 (Macintosh; U; PPC Mac OS X Mach-O; it-IT; rv:1.7.12) Gecko/20050919 Firefox/1.0.7"
84.222.115.172 - - [27/Jan/2006:17:58:54 -0500] "GET /images/trans.gif HTTP/1.1" 200 49 "http://www.darwinday.org/" "Mozilla/5.0 (Macintosh; U; PPC Mac OS X Mach-O; it-IT; rv:1.7.12) Gecko/20050919 Firefox/1.0.7"
84.222.115.172 - - [27/Jan/2006:17:58:54 -0500] "GET /englishL/home/images/beagle.gif HTTP/1.1" 200 37108 "http://www.darwinday.org/" "Mozilla/5.0 (Macintosh; U; PPC Mac OS X Mach-O; it-IT; rv:1.7.12) Gecko/20050919 Firefox/1.0.7"
84.222.115.172 - - [27/Jan/2006:17:58:54 -0500] "GET /englishL/home/images/manymore.gif HTTP/1.1" 200 581 "http://www.darwinday.org/" "Mozilla/5.0 (Macintosh; U; PPC Mac OS X Mach-O; it-IT; rv:1.7.12) Gecko/20050919 Firefox/1.0.7"
84.222.115.172 - - [27/Jan/2006:17:58:54 -0500] "GET /englishL/home/images/joinus.gif HTTP/1.1" 200 524 "http://www.darwinday.org/" "Mozilla/5.0 (Macintosh; U; PPC Mac OS X Mach-O; it-IT; rv:1.7.12) Gecko/20050919 Firefox/1.0.7"
84.222.115.172 - - [27/Jan/2006:17:58:54 -0500] "GET /englishL/home/images/horse.evolution.jpg HTTP/1.1" 200 29612 "http://www.darwinday.org/" "Mozilla/5.0 (Macintosh; U; PPC Mac OS X Mach-O; it-IT; rv:1.7.12) Gecko/20050919 Firefox/1.0.7"
84.222.115.172 - - [27/Jan/2006:17:58:54 -0500] "GET /images/DNAlogo.gif HTTP/1.1" 200 1370 "http://www.darwinday.org/englishL/currarts.html" "Mozilla/5.0 (Macintosh; U; PPC Mac OS X Mach-O; it-IT; rv:1.7.12) Gecko/20050919 Firefox/1.0.7"
84.222.115.172 - - [27/Jan/2006:17:58:55 -0500] "GET /favicon.ico HTTP/1.1" 404 3385 "-" "Mozilla/5.0 (Macintosh; U; PPC Mac OS X Mach-O; it-IT; rv:1.7.12) Gecko/20050919 Firefox/1.0.7"
84.222.115.172 - - [27/Jan/2006:17:58:56 -0500] "GET /favicon.ico HTTP/1.1" 404 3385 "-" "Mozilla/5.0 (Macintosh; U; PPC Mac OS X Mach-O; it-IT; rv:1.7.12) Gecko/20050919 Firefox/1.0.7"
210.150.10.92 - - [27/Jan/2006:17:59:03 -0500] "GET /spanishSA/life/images/study.jpg HTTP/1.1" 200 113093 "-" "ichiro/2.0 (http://help.goo.ne.jp/door/crawler.html)"
84.222.115.172 - - [27/Jan/2006:17:59:18 -0500] "GET /englishL/home/2006.php HTTP/1.1" 200 300853 "http://www.darwinday.org/" "Mozilla/5.0 (Macintosh; U; PPC Mac OS X Mach-O; it-IT; rv:1.7.12) Gecko/20050919 Firefox/1.0.7"
84.222.115.172 - - [27/Jan/2006:17:59:26 -0500] "GET /favicon.ico HTTP/1.1" 404 3385 "-" "Mozilla/5.0 (Macintosh; U; PPC Mac OS X Mach-O; it-IT; rv:1.7.12) Gecko/20050919 Firefox/1.0.7"
210.150.10.92 - - [27/Jan/2006:18:00:06 -0500] "GET /spanishSA/life/images/study-t.jpg HTTP/1.1" 200 37613 "-" "ichiro/2.0 (http://help.goo.ne.jp/door/crawler.html)"
210.150.10.92 - - [27/Jan/2006:18:01:10 -0500] "GET /spanishSA/life/images/downdining.jpg HTTP/1.1" 200 90902 "-" "ichiro/2.0 (http://help.goo.ne.jp/door/crawler.html)"
210.150.10.92 - - [27/Jan/2006:18:02:13 -0500] "GET /spanishSA/life/images/downdining-t.jpg HTTP/1.1" 200 29295 "-" "ichiro/2.0 (http://help.goo.ne.jp/door/crawler.html)"
68.198.105.187 - - [27/Jan/2006:18:02:17 -0500] "GET /stylesheets/mainenglishL.css HTTP/1.1" 200 590 "http://www.darwinday.org/" "Mozilla/5.0 (Macintosh; U; PPC Mac OS X Mach-O; en-US; rv:1.8) Gecko/20051111 Firefox/1.5"
68.198.105.187 - - [27/Jan/2006:18:02:17 -0500] "GET /stylesheets/main.css HTTP/1.1" 200 658 "http://www.darwinday.org/" "Mozilla/5.0 (Macintosh; U; PPC Mac OS X Mach-O; en-US; rv:1.8) Gecko/20051111 Firefox/1.5"
68.198.105.187 - - [27/Jan/2006:18:02:17 -0500] "GET /images/topleftlogo.gif HTTP/1.1" 200 6907 "http://www.darwinday.org/" "Mozilla/5.0 (Macintosh; U; PPC Mac OS X Mach-O; en-US; rv:1.8) Gecko/20051111 Firefox/1.5"
68.198.105.187 - - [27/Jan/2006:18:02:17 -0500] "GET / HTTP/1.1" 200 25315 "http://www.google.com/search?hl=en&q=feb+12+darwin+day&btnG=Google+Search" "Mozilla/5.0 (Macintosh; U; PPC Mac OS X Mach-O; en-US; rv:1.8) Gecko/20051111 Firefox/1.5"
68.198.105.187 - - [27/Jan/2006:18:02:17 -0500] "GET /images/header.gif HTTP/1.1" 200 26756 "http://www.darwinday.org/" "Mozilla/5.0 (Macintosh; U; PPC Mac OS X Mach-O; en-US; rv:1.8) Gecko/20051111 Firefox/1.5"
68.198.105.187 - - [27/Jan/2006:18:02:17 -0500] "GET /englishL/currarts.html HTTP/1.1" 200 5653 "http://www.darwinday.org/" "Mozilla/5.0 (Macintosh; U; PPC Mac OS X Mach-O; en-US; rv:1.8) Gecko/20051111 Firefox/1.5"
68.198.105.187 - - [27/Jan/2006:18:02:17 -0500] "GET /englishL/images/titletrans.gif HTTP/1.1" 200 15588 "http://www.darwinday.org/" "Mozilla/5.0 (Macintosh; U; PPC Mac OS X Mach-O; en-US; rv:1.8) Gecko/20051111 Firefox/1.5"
68.198.105.187 - - [27/Jan/2006:18:02:17 -0500] "GET /englishL/images/navbar.gif HTTP/1.1" 200 2667 "http://www.darwinday.org/" "Mozilla/5.0 (Macintosh; U; PPC Mac OS X Mach-O; en-US; rv:1.8) Gecko/20051111 Firefox/1.5"
68.198.105.187 - - [27/Jan/2006:18:02:17 -0500] "GET /images/worldmaptransp.gif HTTP/1.1" 200 128893 "http://www.darwinday.org/" "Mozilla/5.0 (Macintosh; U; PPC Mac OS X Mach-O; en-US; rv:1.8) Gecko/20051111 Firefox/1.5"
68.198.105.187 - - [27/Jan/2006:18:02:18 -0500] "GET /images/arrow.gif HTTP/1.1" 200 112 "http://www.darwinday.org/" "Mozilla/5.0 (Macintosh; U; PPC Mac OS X Mach-O; en-US; rv:1.8) Gecko/20051111 Firefox/1.5"
68.198.105.187 - - [27/Jan/2006:18:02:18 -0500] "GET /images/dnahorizl.gif HTTP/1.1" 200 2130 "http://www.darwinday.org/" "Mozilla/5.0 (Macintosh; U; PPC Mac OS X Mach-O; en-US; rv:1.8) Gecko/20051111 Firefox/1.5"
68.198.105.187 - - [27/Jan/2006:18:02:18 -0500] "GET /englishL/home/images/darwinages.gif HTTP/1.1" 200 50309 "http://www.darwinday.org/" "Mozilla/5.0 (Macintosh; U; PPC Mac OS X Mach-O; en-US; rv:1.8) Gecko/20051111 Firefox/1.5"
68.198.105.187 - - [27/Jan/2006:18:02:18 -0500] "GET /images/dnahoriz.gif HTTP/1.1" 200 3391 "http://www.darwinday.org/" "Mozilla/5.0 (Macintosh; U; PPC Mac OS X Mach-O; en-US; rv:1.8) Gecko/20051111 Firefox/1.5"
68.198.105.187 - - [27/Jan/2006:18:02:18 -0500] "GET /images/dnahorizr.gif HTTP/1.1" 200 2104 "http://www.darwinday.org/" "Mozilla/5.0 (Macintosh; U; PPC Mac OS X Mach-O; en-US; rv:1.8) Gecko/20051111 Firefox/1.5"
68.198.105.187 - - [27/Jan/2006:18:02:18 -0500] "GET /englishL/home/images/lincoln.gif HTTP/1.1" 200 11057 "http://www.darwinday.org/" "Mozilla/5.0 (Macintosh; U; PPC Mac OS X Mach-O; en-US; rv:1.8) Gecko/20051111 Firefox/1.5"
68.198.105.187 - - [27/Jan/2006:18:02:18 -0500] "GET /englishL/home/images/darwin.gif HTTP/1.1" 200 13783 "http://www.darwinday.org/" "Mozilla/5.0 (Macintosh; U; PPC Mac OS X Mach-O; en-US; rv:1.8) Gecko/20051111 Firefox/1.5"
68.198.105.187 - - [27/Jan/2006:18:02:18 -0500] "GET /englishL/home/images/beagle.gif HTTP/1.1" 200 37108 "http://www.darwinday.org/" "Mozilla/5.0 (Macintosh; U; PPC Mac OS X Mach-O; en-US; rv:1.8) Gecko/20051111 Firefox/1.5"
68.198.105.187 - - [27/Jan/2006:18:02:18 -0500] "GET /images/trans.gif HTTP/1.1" 200 49 "http://www.darwinday.org/" "Mozilla/5.0 (Macintosh; U; PPC Mac OS X Mach-O; en-US; rv:1.8) Gecko/20051111 Firefox/1.5"
68.198.105.187 - - [27/Jan/2006:18:02:18 -0500] "GET /englishL/home/images/manymore.gif HTTP/1.1" 200 581 "http://www.darwinday.org/" "Mozilla/5.0 (Macintosh; U; PPC Mac OS X Mach-O; en-US; rv:1.8) Gecko/20051111 Firefox/1.5"
68.198.105.187 - - [27/Jan/2006:18:02:18 -0500] "GET /englishL/home/images/joinus.gif HTTP/1.1" 200 524 "http://www.darwinday.org/" "Mozilla/5.0 (Macintosh; U; PPC Mac OS X Mach-O; en-US; rv:1.8) Gecko/20051111 Firefox/1.5"
68.198.105.187 - - [27/Jan/2006:18:02:18 -0500] "GET /englishL/home/images/horse.evolution.jpg HTTP/1.1" 200 29612 "http://www.darwinday.org/" "Mozilla/5.0 (Macintosh; U; PPC Mac OS X Mach-O; en-US; rv:1.8) Gecko/20051111 Firefox/1.5"
68.198.105.187 - - [27/Jan/2006:18:02:18 -0500] "GET /images/DNAlogo.gif HTTP/1.1" 200 1370 "http://www.darwinday.org/englishL/currarts.html" "Mozilla/5.0 (Macintosh; U; PPC Mac OS X Mach-O; en-US; rv:1.8) Gecko/20051111 Firefox/1.5"
68.198.105.187 - - [27/Jan/2006:18:02:18 -0500] "GET /favicon.ico HTTP/1.1" 404 3385 "-" "Mozilla/5.0 (Macintosh; U; PPC Mac OS X Mach-O; en-US; rv:1.8) Gecko/20051111 Firefox/1.5"
210.150.10.92 - - [27/Jan/2006:18:03:16 -0500] "GET /spanishSA/life/images/downhouseplan2.jpg HTTP/1.1" 200 79885 "-" "ichiro/2.0 (http://help.goo.ne.jp/door/crawler.html)"
210.150.10.92 - - [27/Jan/2006:18:04:20 -0500] "GET /spanishSA/life/images/downhouseplan2-t.jpg HTTP/1.1" 200 33925 "-" "ichiro/2.0 (http://help.goo.ne.jp/door/crawler.html)"
210.150.10.92 - - [27/Jan/2006:18:05:22 -0500] "GET /spanishSA/life/paternal.html HTTP/1.1" 200 3106 "-" "ichiro/2.0 (http://help.goo.ne.jp/door/crawler.html)"
210.150.10.92 - - [27/Jan/2006:18:06:25 -0500] "GET /spanishSA/life/maternal.html HTTP/1.1" 200 9358 "-" "ichiro/2.0 (http://help.goo.ne.jp/door/crawler.html)"
210.150.10.92 - - [27/Jan/2006:18:07:28 -0500] "GET /spanishSA/life/images/family/josiah.jpg HTTP/1.1" 200 21468 "-" "ichiro/2.0 (http://help.goo.ne.jp/door/crawler.html)"
210.150.10.92 - - [27/Jan/2006:18:08:32 -0500] "GET /spanishSA/life/images/family/josiah2-t.jpg HTTP/1.1" 200 21401 "-" "ichiro/2.0 (http://help.goo.ne.jp/door/crawler.html)"
86.136.28.176 - - [27/Jan/2006:18:08:55 -0500] "GET /englishL/home/images/darwinages.gif HTTP/1.1" 200 50309 "http://drervin.com/" "Mozilla/4.0 (compatible; MSIE 6.0; Windows NT 5.1; SV1; FunWebProducts)"
210.150.10.92 - - [27/Jan/2006:18:09:34 -0500] "GET /spanishSA/life/images/family/sarah-t.jpg HTTP/1.1" 200 22191 "-" "ichiro/2.0 (http://help.goo.ne.jp/door/crawler.html)"
210.150.10.92 - - [27/Jan/2006:18:10:37 -0500] "GET /spanishSA/life/images/family/sarah-josiah.jpg HTTP/1.1" 200 28518 "-" "ichiro/2.0 (http://help.goo.ne.jp/door/crawler.html)"
210.150.10.92 - - [27/Jan/2006:18:11:40 -0500] "GET /spanishSA/life/parents.html HTTP/1.1" 200 7208 "-" "ichiro/2.0 (http://help.goo.ne.jp/door/crawler.html)"
66.249.66.99 - - [27/Jan/2006:18:11:41 -0500] "GET / HTTP/1.1" 200 25315 "-" "Googlebot/2.1 (+http://www.google.com/bot.html)"
210.150.10.92 - - [27/Jan/2006:18:12:44 -0500] "GET /spanishSA/life/images/family/robert-t.jpg HTTP/1.1" 200 25046 "-" "ichiro/2.0 (http://help.goo.ne.jp/door/crawler.html)"
210.150.10.92 - - [27/Jan/2006:18:13:46 -0500] "GET /spanishSA/life/images/mountold.jpg HTTP/1.1" 200 9960 "-" "ichiro/2.0 (http://help.goo.ne.jp/door/crawler.html)"
210.150.10.92 - - [27/Jan/2006:18:14:48 -0500] "GET /spanishSA/life/siblings.html HTTP/1.1" 200 7741 "-" "ichiro/2.0 (http://help.goo.ne.jp/door/crawler.html)"
207.200.116.134 - - [27/Jan/2006:18:15:42 -0500] "GET / HTTP/1.0" 200 25315 "-" "Mozilla/4.0 (compatible; MSIE 6.0; AOL 9.0; Windows 98; .NET CLR 1.1.4322)"
207.200.116.130 - - [27/Jan/2006:18:15:42 -0500] "GET /stylesheets/mainenglishL.css HTTP/1.0" 200 590 "http://darwinday.org/" "Mozilla/4.0 (compatible; MSIE 6.0; AOL 9.0; Windows 98; .NET CLR 1.1.4322)"
207.200.116.69 - - [27/Jan/2006:18:15:43 -0500] "GET /images/topleftlogo.gif HTTP/1.0" 200 6907 "http://darwinday.org/" "Mozilla/4.0 (compatible; MSIE 6.0; AOL 9.0; Windows 98; .NET CLR 1.1.4322)"
207.200.116.135 - - [27/Jan/2006:18:15:44 -0500] "GET /images/header.gif HTTP/1.0" 200 26756 "http://darwinday.org/" "Mozilla/4.0 (compatible; MSIE 6.0; AOL 9.0; Windows 98; .NET CLR 1.1.4322)"
207.200.116.132 - - [27/Jan/2006:18:15:44 -0500] "GET /englishL/images/titletrans.gif HTTP/1.0" 200 15588 "http://darwinday.org/" "Mozilla/4.0 (compatible; MSIE 6.0; AOL 9.0; Windows 98; .NET CLR 1.1.4322)"
207.200.116.203 - - [27/Jan/2006:18:15:44 -0500] "GET /englishL/images/navbar.gif HTTP/1.0" 200 2667 "http://darwinday.org/" "Mozilla/4.0 (compatible; MSIE 6.0; AOL 9.0; Windows 98; .NET CLR 1.1.4322)"
207.200.116.7 - - [27/Jan/2006:18:15:44 -0500] "GET /images/worldmaptransp.gif HTTP/1.0" 200 128893 "http://darwinday.org/" "Mozilla/4.0 (compatible; MSIE 6.0; AOL 9.0; Windows 98; .NET CLR 1.1.4322)"
207.200.116.71 - - [27/Jan/2006:18:15:44 -0500] "GET /englishL/home/images/darwinages.gif HTTP/1.0" 200 50309 "http://darwinday.org/" "Mozilla/4.0 (compatible; MSIE 6.0; AOL 9.0; Windows 98; .NET CLR 1.1.4322)"
207.200.116.203 - - [27/Jan/2006:18:15:44 -0500] "GET /images/dnahoriz.gif HTTP/1.1" 200 3391 "http://darwinday.org/" "Mozilla/4.0 (compatible; MSIE 6.0; AOL 9.0; Windows 98; .NET CLR 1.1.4322)"
207.200.116.66 - - [27/Jan/2006:18:15:44 -0500] "GET /images/arrow.gif HTTP/1.0" 200 112 "http://darwinday.org/" "Mozilla/4.0 (compatible; MSIE 6.0; AOL 9.0; Windows 98; .NET CLR 1.1.4322)"
207.200.116.136 - - [27/Jan/2006:18:15:44 -0500] "GET /images/dnahorizl.gif HTTP/1.0" 200 2130 "http://darwinday.org/" "Mozilla/4.0 (compatible; MSIE 6.0; AOL 9.0; Windows 98; .NET CLR 1.1.4322)"
207.200.116.197 - - [27/Jan/2006:18:15:44 -0500] "GET /images/dnahorizr.gif HTTP/1.0" 200 2104 "http://darwinday.org/" "Mozilla/4.0 (compatible; MSIE 6.0; AOL 9.0; Windows 98; .NET CLR 1.1.4322)"
207.200.116.130 - - [27/Jan/2006:18:15:45 -0500] "GET /englishL/currarts.html HTTP/1.1" 200 5653 "http://darwinday.org/" "Mozilla/4.0 (compatible; MSIE 6.0; AOL 9.0; Windows 98; .NET CLR 1.1.4322)"
207.200.116.139 - - [27/Jan/2006:18:15:45 -0500] "GET /englishL/home/images/lincoln.gif HTTP/1.0" 200 11057 "http://darwinday.org/" "Mozilla/4.0 (compatible; MSIE 6.0; AOL 9.0; Windows 98; .NET CLR 1.1.4322)"
207.200.116.6 - - [27/Jan/2006:18:15:45 -0500] "GET /englishL/home/images/darwin.gif HTTP/1.0" 200 13783 "http://darwinday.org/" "Mozilla/4.0 (compatible; MSIE 6.0; AOL 9.0; Windows 98; .NET CLR 1.1.4322)"
207.200.116.138 - - [27/Jan/2006:18:15:45 -0500] "GET /englishL/home/images/manymore.gif HTTP/1.0" 200 581 "http://darwinday.org/" "Mozilla/4.0 (compatible; MSIE 6.0; AOL 9.0; Windows 98; .NET CLR 1.1.4322)"
207.200.116.13 - - [27/Jan/2006:18:15:45 -0500] "GET /images/trans.gif HTTP/1.0" 200 49 "http://darwinday.org/" "Mozilla/4.0 (compatible; MSIE 6.0; AOL 9.0; Windows 98; .NET CLR 1.1.4322)"
207.200.116.9 - - [27/Jan/2006:18:15:45 -0500] "GET /englishL/home/images/beagle.gif HTTP/1.0" 200 37108 "http://darwinday.org/" "Mozilla/4.0 (compatible; MSIE 6.0; AOL 9.0; Windows 98; .NET CLR 1.1.4322)"
207.200.116.5 - - [27/Jan/2006:18:15:45 -0500] "GET /englishL/home/images/joinus.gif HTTP/1.0" 200 524 "http://darwinday.org/" "Mozilla/4.0 (compatible; MSIE 6.0; AOL 9.0; Windows 98; .NET CLR 1.1.4322)"
207.200.116.199 - - [27/Jan/2006:18:15:46 -0500] "GET /englishL/home/images/horse.evolution.jpg HTTP/1.0" 200 29612 "http://darwinday.org/" "Mozilla/4.0 (compatible; MSIE 6.0; AOL 9.0; Windows 98; .NET CLR 1.1.4322)"
207.200.116.130 - - [27/Jan/2006:18:15:46 -0500] "GET /images/DNAlogo.gif HTTP/1.1" 200 1370 "http://darwinday.org/englishL/currarts.html" "Mozilla/4.0 (compatible; MSIE 6.0; AOL 9.0; Windows 98; .NET CLR 1.1.4322)"
210.150.10.92 - - [27/Jan/2006:18:15:52 -0500] "GET /spanishSA/life/emma.html HTTP/1.1" 200 12940 "-" "ichiro/2.0 (http://help.goo.ne.jp/door/crawler.html)"
210.150.10.92 - - [27/Jan/2006:18:17:12 -0500] "GET /spanishSA/life/images/emma.gif HTTP/1.1" 200 179774 "-" "ichiro/2.0 (http://help.goo.ne.jp/door/crawler.html)"
207.200.116.69 - - [27/Jan/2006:18:17:41 -0500] "GET /englishL/aboutddc/index.html HTTP/1.1" 200 6558 "http://darwinday.org/" "Mozilla/4.0 (compatible; MSIE 6.0; AOL 9.0; Windows 98; .NET CLR 1.1.4322)"
207.200.116.13 - - [27/Jan/2006:18:17:42 -0500] "GET /images/goldball.gif HTTP/1.1" 200 332 "http://darwinday.org/englishL/aboutddc/index.html" "Mozilla/4.0 (compatible; MSIE 6.0; AOL 9.0; Windows 98; .NET CLR 1.1.4322)"
207.200.116.139 - - [27/Jan/2006:18:17:45 -0500] "GET /englishL/aboutddc/mission.html HTTP/1.1" 200 5157 "http://darwinday.org/englishL/aboutddc/index.html" "Mozilla/4.0 (compatible; MSIE 6.0; AOL 9.0; Windows 98; .NET CLR 1.1.4322)"
210.150.10.92 - - [27/Jan/2006:18:18:16 -0500] "GET /spanishSA/life/images/emma-t.gif HTTP/1.1" 200 27756 "-" "ichiro/2.0 (http://help.goo.ne.jp/door/crawler.html)"
194.125.178.118 - - [27/Jan/2006:18:18:40 -0500] "GET /stylesheets/mainenglishL.css HTTP/1.1" 200 590 "http://www.darwinday.org/" "Mozilla/4.0 (compatible; MSIE 6.0; Windows NT 5.1; .NET CLR 1.1.4322)"
194.125.178.118 - - [27/Jan/2006:18:18:40 -0500] "GET /images/topleftlogo.gif HTTP/1.1" 200 6907 "http://www.darwinday.org/" "Mozilla/4.0 (compatible; MSIE 6.0; Windows NT 5.1; .NET CLR 1.1.4322)"
194.125.178.118 - - [27/Jan/2006:18:18:40 -0500] "GET / HTTP/1.1" 200 25315 "-" "Mozilla/4.0 (compatible; MSIE 6.0; Windows NT 5.1; .NET CLR 1.1.4322)"
194.125.178.118 - - [27/Jan/2006:18:18:48 -0500] "GET /stylesheets/main.css HTTP/1.1" 200 658 "http://www.darwinday.org/" "Mozilla/4.0 (compatible; MSIE 6.0; Windows NT 5.1; .NET CLR 1.1.4322)"
194.125.178.118 - - [27/Jan/2006:18:18:56 -0500] "GET /images/header.gif HTTP/1.1" 200 26756 "http://www.darwinday.org/" "Mozilla/4.0 (compatible; MSIE 6.0; Windows NT 5.1; .NET CLR 1.1.4322)"
194.125.178.118 - - [27/Jan/2006:18:19:06 -0500] "GET /englishL/currarts.html HTTP/1.1" 200 5653 "http://www.darwinday.org/" "Mozilla/4.0 (compatible; MSIE 6.0; Windows NT 5.1; .NET CLR 1.1.4322)"
68.254.180.17 - - [27/Jan/2006:18:19:11 -0500] "GET /englishL/life/index.html HTTP/1.0" 304 - "-" "Mozilla/4.0 (compatible; MSIE 5.5; Windows NT 5.0) Fetch API Request"
210.150.10.92 - - [27/Jan/2006:18:19:20 -0500] "GET /spanishSA/life/children.html HTTP/1.1" 200 13673 "-" "ichiro/2.0 (http://help.goo.ne.jp/door/crawler.html)"
194.125.178.118 - - [27/Jan/2006:18:19:20 -0500] "GET /images/worldmaptransp.gif HTTP/1.1" 200 78435 "http://www.darwinday.org/" "Mozilla/4.0 (compatible; MSIE 6.0; Windows NT 5.1; .NET CLR 1.1.4322)"
194.125.178.118 - - [27/Jan/2006:18:20:08 -0500] "GET /images/worldmaptransp.gif HTTP/1.1" 206 67978 "http://www.darwinday.org/englishL/home/2006.php" "Mozilla/4.0 (compatible; MSIE 6.0; Windows NT 5.1; .NET CLR 1.1.4322)"
194.125.178.118 - - [27/Jan/2006:18:20:13 -0500] "GET /englishL/images/titletrans.gif HTTP/1.1" 200 15588 "http://www.darwinday.org/englishL/home/2006.php" "Mozilla/4.0 (compatible; MSIE 6.0; Windows NT 5.1; .NET CLR 1.1.4322)"
194.125.178.118 - - [27/Jan/2006:18:20:18 -0500] "GET /englishL/images/navbar.gif HTTP/1.1" 200 2667 "http://www.darwinday.org/englishL/home/2006.php" "Mozilla/4.0 (compatible; MSIE 6.0; Windows NT 5.1; .NET CLR 1.1.4322)"
210.150.10.92 - - [27/Jan/2006:18:20:22 -0500] "GET /spanishSA/life/images/family/william49-t.jpg HTTP/1.1" 200 27982 "-" "ichiro/2.0 (http://help.goo.ne.jp/door/crawler.html)"
194.125.178.118 - - [27/Jan/2006:18:20:42 -0500] "GET /englishL/home/2006.php HTTP/1.1" 200 286064 "http://www.darwinday.org/" "Mozilla/4.0 (compatible; MSIE 6.0; Windows NT 5.1; .NET CLR 1.1.4322)"
194.125.178.118 - - [27/Jan/2006:18:20:45 -0500] "GET / HTTP/1.1" 304 - "-" "Mozilla/4.0 (compatible; MSIE 6.0; Windows NT 5.1; .NET CLR 1.1.4322)"
194.125.178.118 - - [27/Jan/2006:18:20:47 -0500] "GET /stylesheets/mainenglishL.css HTTP/1.1" 304 - "http://www.darwinday.org/" "Mozilla/4.0 (compatible; MSIE 6.0; Windows NT 5.1; .NET CLR 1.1.4322)"
194.125.178.118 - - [27/Jan/2006:18:20:51 -0500] "GET /images/topleftlogo.gif HTTP/1.1" 304 - "http://www.darwinday.org/" "Mozilla/4.0 (compatible; MSIE 6.0; Windows NT 5.1; .NET CLR 1.1.4322)"
194.125.178.118 - - [27/Jan/2006:18:20:51 -0500] "GET /stylesheets/main.css HTTP/1.1" 304 - "http://www.darwinday.org/" "Mozilla/4.0 (compatible; MSIE 6.0; Windows NT 5.1; .NET CLR 1.1.4322)"
194.125.178.118 - - [27/Jan/2006:18:20:54 -0500] "GET /images/header.gif HTTP/1.1" 304 - "http://www.darwinday.org/" "Mozilla/4.0 (compatible; MSIE 6.0; Windows NT 5.1; .NET CLR 1.1.4322)"
194.125.178.118 - - [27/Jan/2006:18:20:54 -0500] "GET /images/worldmaptransp.gif HTTP/1.1" 304 - "http://www.darwinday.org/" "Mozilla/4.0 (compatible; MSIE 6.0; Windows NT 5.1; .NET CLR 1.1.4322)"
194.125.178.118 - - [27/Jan/2006:18:20:56 -0500] "GET /englishL/currarts.html HTTP/1.1" 206 214 "http://www.darwinday.org/" "Mozilla/4.0 (compatible; MSIE 6.0; Windows NT 5.1; .NET CLR 1.1.4322)"
194.125.178.118 - - [27/Jan/2006:18:20:56 -0500] "GET /images/arrow.gif HTTP/1.1" 200 112 "http://www.darwinday.org/" "Mozilla/4.0 (compatible; MSIE 6.0; Windows NT 5.1; .NET CLR 1.1.4322)"
194.125.178.118 - - [27/Jan/2006:18:20:58 -0500] "GET /images/dnahorizl.gif HTTP/1.1" 200 2130 "http://www.darwinday.org/" "Mozilla/4.0 (compatible; MSIE 6.0; Windows NT 5.1; .NET CLR 1.1.4322)"
194.125.178.118 - - [27/Jan/2006:18:20:59 -0500] "GET /images/dnahoriz.gif HTTP/1.1" 200 3391 "http://www.darwinday.org/" "Mozilla/4.0 (compatible; MSIE 6.0; Windows NT 5.1; .NET CLR 1.1.4322)"
207.200.116.8 - - [27/Jan/2006:18:21:00 -0500] "GET /englishL/home/images/darwin.gif HTTP/1.1" 304 - "-" "Moozilla"
207.200.116.139 - - [27/Jan/2006:18:21:00 -0500] "GET /englishL/home/images/lincoln.gif HTTP/1.1" 304 - "-" "Moozilla"
68.254.180.128 - - [27/Jan/2006:18:21:00 -0500] "GET /englishL/life/index.html HTTP/1.0" 304 - "-" "Mozilla/4.0 (compatible; MSIE 5.5; Windows NT 5.0) Fetch API Request"
194.125.178.118 - - [27/Jan/2006:18:21:01 -0500] "GET /images/dnahorizr.gif HTTP/1.1" 200 2104 "http://www.darwinday.org/" "Mozilla/4.0 (compatible; MSIE 6.0; Windows NT 5.1; .NET CLR 1.1.4322)"
194.125.178.118 - - [27/Jan/2006:18:21:03 -0500] "GET /englishL/home/images/lincoln.gif HTTP/1.1" 200 11057 "http://www.darwinday.org/" "Mozilla/4.0 (compatible; MSIE 6.0; Windows NT 5.1; .NET CLR 1.1.4322)"
194.125.178.118 - - [27/Jan/2006:18:21:05 -0500] "GET /englishL/home/images/darwinages.gif HTTP/1.1" 200 50309 "http://www.darwinday.org/" "Mozilla/4.0 (compatible; MSIE 6.0; Windows NT 5.1; .NET CLR 1.1.4322)"
194.125.178.118 - - [27/Jan/2006:18:21:15 -0500] "GET /englishL/home/images/darwin.gif HTTP/1.1" 200 13783 "http://www.darwinday.org/" "Mozilla/4.0 (compatible; MSIE 6.0; Windows NT 5.1; .NET CLR 1.1.4322)"
68.254.180.173 - - [27/Jan/2006:18:21:16 -0500] "GET /englishL/life/index.html HTTP/1.0" 304 - "-" "Mozilla/4.0 (compatible; MSIE 5.5; Windows NT 5.0) Fetch API Request"
194.125.178.118 - - [27/Jan/2006:18:21:20 -0500] "GET /images/trans.gif HTTP/1.1" 200 49 "http://www.darwinday.org/" "Mozilla/4.0 (compatible; MSIE 6.0; Windows NT 5.1; .NET CLR 1.1.4322)"
194.125.178.118 - - [27/Jan/2006:18:21:21 -0500] "GET /englishL/home/images/beagle.gif HTTP/1.1" 200 37108 "http://www.darwinday.org/" "Mozilla/4.0 (compatible; MSIE 6.0; Windows NT 5.1; .NET CLR 1.1.4322)"
194.125.178.118 - - [27/Jan/2006:18:21:22 -0500] "GET /englishL/home/images/manymore.gif HTTP/1.1" 200 581 "http://www.darwinday.org/" "Mozilla/4.0 (compatible; MSIE 6.0; Windows NT 5.1; .NET CLR 1.1.4322)"
194.125.178.118 - - [27/Jan/2006:18:21:25 -0500] "GET /englishL/home/images/joinus.gif HTTP/1.1" 200 524 "http://www.darwinday.org/" "Mozilla/4.0 (compatible; MSIE 6.0; Windows NT 5.1; .NET CLR 1.1.4322)"
194.125.178.118 - - [27/Jan/2006:18:21:25 -0500] "GET /images/DNAlogo.gif HTTP/1.1" 200 1370 "http://www.darwinday.org/englishL/currarts.html" "Mozilla/4.0 (compatible; MSIE 6.0; Windows NT 5.1; .NET CLR 1.1.4322)"
210.150.10.92 - - [27/Jan/2006:18:21:26 -0500] "GET /spanishSA/life/images/family/william-t.jpg HTTP/1.1" 200 20679 "-" "ichiro/2.0 (http://help.goo.ne.jp/door/crawler.html)"
194.125.178.118 - - [27/Jan/2006:18:21:28 -0500] "GET /englishL/home/images/horse.evolution.jpg HTTP/1.1" 200 29612 "http://www.darwinday.org/" "Mozilla/4.0 (compatible; MSIE 6.0; Windows NT 5.1; .NET CLR 1.1.4322)"
192.25.139.8 - - [27/Jan/2006:18:21:33 -0500] "GET /englishL/life/index.html HTTP/1.0" 304 - "-" "Mozilla/4.0 (compatible; MSIE 5.5; Windows NT 5.0) Fetch API Request"
194.125.178.118 - - [27/Jan/2006:18:22:02 -0500] "GET /englishL/home/2006.php HTTP/1.1" 200 300853 "http://www.darwinday.org/" "Mozilla/4.0 (compatible; MSIE 6.0; Windows NT 5.1; .NET CLR 1.1.4322)"
66.108.255.116 - - [27/Jan/2006:18:22:26 -0500] "GET /favicon.ico HTTP/1.1" 404 3385 "-" "Mozilla/5.0 (Macintosh; U; PPC Mac OS X Mach-O; en-US; rv:1.7.2) Gecko/20040804 Netscape/7.2"
66.108.255.116 - - [27/Jan/2006:18:22:26 -0500] "GET /englishL/life/college.html HTTP/1.1" 200 16900 "http://www.google.com/search?q=Darwin%27s+beetles&hl=xx-elmer&lr=&safe=off&start=10&sa=N" "Mozilla/5.0 (Macintosh; U; PPC Mac OS X Mach-O; en-US; rv:1.7.2) Gecko/20040804 Netscape/7.2"
66.108.255.116 - - [27/Jan/2006:18:22:26 -0500] "GET /stylesheets/main.css HTTP/1.1" 200 658 "http://www.darwinday.org/englishL/life/college.html" "Mozilla/5.0 (Macintosh; U; PPC Mac OS X Mach-O; en-US; rv:1.7.2) Gecko/20040804 Netscape/7.2"
66.108.255.116 - - [27/Jan/2006:18:22:26 -0500] "GET /images/topleftlogo.gif HTTP/1.1" 200 6907 "http://www.darwinday.org/englishL/life/college.html" "Mozilla/5.0 (Macintosh; U; PPC Mac OS X Mach-O; en-US; rv:1.7.2) Gecko/20040804 Netscape/7.2"
66.108.255.116 - - [27/Jan/2006:18:22:27 -0500] "GET /images/worldmaptransp.gif HTTP/1.1" 200 128893 "http://www.darwinday.org/englishL/life/college.html" "Mozilla/5.0 (Macintosh; U; PPC Mac OS X Mach-O; en-US; rv:1.7.2) Gecko/20040804 Netscape/7.2"
66.108.255.116 - - [27/Jan/2006:18:22:27 -0500] "GET /englishL/images/titletrans.gif HTTP/1.1" 200 15588 "http://www.darwinday.org/englishL/life/college.html" "Mozilla/5.0 (Macintosh; U; PPC Mac OS X Mach-O; en-US; rv:1.7.2) Gecko/20040804 Netscape/7.2"
66.108.255.116 - - [27/Jan/2006:18:22:27 -0500] "GET /englishL/images/navbar.gif HTTP/1.1" 200 2667 "http://www.darwinday.org/englishL/life/college.html" "Mozilla/5.0 (Macintosh; U; PPC Mac OS X Mach-O; en-US; rv:1.7.2) Gecko/20040804 Netscape/7.2"
66.108.255.116 - - [27/Jan/2006:18:22:27 -0500] "GET /images/header.gif HTTP/1.1" 200 26756 "http://www.darwinday.org/englishL/life/college.html" "Mozilla/5.0 (Macintosh; U; PPC Mac OS X Mach-O; en-US; rv:1.7.2) Gecko/20040804 Netscape/7.2"
66.108.255.116 - - [27/Jan/2006:18:22:27 -0500] "GET /englishL/life/images/edinburgh.jpg HTTP/1.1" 200 161189 "http://www.darwinday.org/englishL/life/college.html" "Mozilla/5.0 (Macintosh; U; PPC Mac OS X Mach-O; en-US; rv:1.7.2) Gecko/20040804 Netscape/7.2"
66.108.255.116 - - [27/Jan/2006:18:22:27 -0500] "GET /englishL/life/images/christscollegequad.jpg HTTP/1.1" 200 116705 "http://www.darwinday.org/englishL/life/college.html" "Mozilla/5.0 (Macintosh; U; PPC Mac OS X Mach-O; en-US; rv:1.7.2) Gecko/20040804 Netscape/7.2"
66.108.255.116 - - [27/Jan/2006:18:22:28 -0500] "GET /englishL/life/images/christscollege.jpg HTTP/1.1" 200 246126 "http://www.darwinday.org/englishL/life/college.html" "Mozilla/5.0 (Macintosh; U; PPC Mac OS X Mach-O; en-US; rv:1.7.2) Gecko/20040804 Netscape/7.2"
210.150.10.92 - - [27/Jan/2006:18:22:29 -0500] "GET /spanishSA/life/images/family/anne-t.jpg HTTP/1.1" 200 33680 "-" "ichiro/2.0 (http://help.goo.ne.jp/door/crawler.html)"
72.29.233.165 - - [27/Jan/2006:18:22:36 -0500] "GET /robots.txt HTTP/1.1" 404 3384 "-" "Mozilla 4.0"
210.150.10.92 - - [27/Jan/2006:18:23:31 -0500] "GET /spanishSA/life/images/family/henrietta49-t.jpg HTTP/1.1" 200 35806 "-" "ichiro/2.0 (http://help.goo.ne.jp/door/crawler.html)"
68.254.180.34 - - [27/Jan/2006:18:24:28 -0500] "GET /englishL/life/index.html HTTP/1.0" 304 - "-" "Mozilla/4.0 (compatible; MSIE 5.5; Windows NT 5.0) Fetch API Request"
210.150.10.92 - - [27/Jan/2006:18:24:35 -0500] "GET /spanishSA/life/images/family/henrietta51-t.jpg HTTP/1.1" 200 26405 "-" "ichiro/2.0 (http://help.goo.ne.jp/door/crawler.html)"
194.125.178.118 - - [27/Jan/2006:18:25:02 -0500] "GET / HTTP/1.1" 304 - "-" "Mozilla/4.0 (compatible; MSIE 6.0; Windows NT 5.1; .NET CLR 1.1.4322)"
194.125.178.118 - - [27/Jan/2006:18:25:04 -0500] "GET /stylesheets/mainenglishL.css HTTP/1.1" 304 - "http://www.darwinday.org/" "Mozilla/4.0 (compatible; MSIE 6.0; Windows NT 5.1; .NET CLR 1.1.4322)"
194.125.178.118 - - [27/Jan/2006:18:25:06 -0500] "GET /stylesheets/main.css HTTP/1.1" 304 - "http://www.darwinday.org/" "Mozilla/4.0 (compatible; MSIE 6.0; Windows NT 5.1; .NET CLR 1.1.4322)"
194.125.178.118 - - [27/Jan/2006:18:25:06 -0500] "GET /images/topleftlogo.gif HTTP/1.1" 304 - "http://www.darwinday.org/" "Mozilla/4.0 (compatible; MSIE 6.0; Windows NT 5.1; .NET CLR 1.1.4322)"
194.125.178.118 - - [27/Jan/2006:18:25:07 -0500] "GET /images/worldmaptransp.gif HTTP/1.1" 304 - "http://www.darwinday.org/" "Mozilla/4.0 (compatible; MSIE 6.0; Windows NT 5.1; .NET CLR 1.1.4322)"
194.125.178.118 - - [27/Jan/2006:18:25:08 -0500] "GET /englishL/currarts.html HTTP/1.1" 304 - "http://www.darwinday.org/" "Mozilla/4.0 (compatible; MSIE 6.0; Windows NT 5.1; .NET CLR 1.1.4322)"
194.125.178.118 - - [27/Jan/2006:18:25:09 -0500] "GET /images/header.gif HTTP/1.1" 304 - "http://www.darwinday.org/" "Mozilla/4.0 (compatible; MSIE 6.0; Windows NT 5.1; .NET CLR 1.1.4322)"
194.125.178.118 - - [27/Jan/2006:18:25:09 -0500] "GET /englishL/images/titletrans.gif HTTP/1.1" 304 - "http://www.darwinday.org/" "Mozilla/4.0 (compatible; MSIE 6.0; Windows NT 5.1; .NET CLR 1.1.4322)"
194.125.178.118 - - [27/Jan/2006:18:25:11 -0500] "GET /englishL/images/navbar.gif HTTP/1.1" 304 - "http://www.darwinday.org/" "Mozilla/4.0 (compatible; MSIE 6.0; Windows NT 5.1; .NET CLR 1.1.4322)"
194.125.178.118 - - [27/Jan/2006:18:25:11 -0500] "GET /englishL/home/images/darwinages.gif HTTP/1.1" 304 - "http://www.darwinday.org/" "Mozilla/4.0 (compatible; MSIE 6.0; Windows NT 5.1; .NET CLR 1.1.4322)"
194.125.178.118 - - [27/Jan/2006:18:25:13 -0500] "GET /images/arrow.gif HTTP/1.1" 304 - "http://www.darwinday.org/" "Mozilla/4.0 (compatible; MSIE 6.0; Windows NT 5.1; .NET CLR 1.1.4322)"
194.125.178.118 - - [27/Jan/2006:18:25:14 -0500] "GET /images/dnahorizl.gif HTTP/1.1" 304 - "http://www.darwinday.org/" "Mozilla/4.0 (compatible; MSIE 6.0; Windows NT 5.1; .NET CLR 1.1.4322)"
194.125.178.118 - - [27/Jan/2006:18:25:17 -0500] "GET /images/dnahoriz.gif HTTP/1.1" 304 - "http://www.darwinday.org/" "Mozilla/4.0 (compatible; MSIE 6.0; Windows NT 5.1; .NET CLR 1.1.4322)"
194.125.178.118 - - [27/Jan/2006:18:25:17 -0500] "GET /images/dnahorizr.gif HTTP/1.1" 304 - "http://www.darwinday.org/" "Mozilla/4.0 (compatible; MSIE 6.0; Windows NT 5.1; .NET CLR 1.1.4322)"
194.125.178.118 - - [27/Jan/2006:18:25:20 -0500] "GET /englishL/home/images/lincoln.gif HTTP/1.1" 304 - "http://www.darwinday.org/" "Mozilla/4.0 (compatible; MSIE 6.0; Windows NT 5.1; .NET CLR 1.1.4322)"
194.125.178.118 - - [27/Jan/2006:18:25:20 -0500] "GET /englishL/home/images/darwin.gif HTTP/1.1" 304 - "http://www.darwinday.org/" "Mozilla/4.0 (compatible; MSIE 6.0; Windows NT 5.1; .NET CLR 1.1.4322)"
194.125.178.118 - - [27/Jan/2006:18:25:22 -0500] "GET /englishL/home/images/beagle.gif HTTP/1.1" 304 - "http://www.darwinday.org/" "Mozilla/4.0 (compatible; MSIE 6.0; Windows NT 5.1; .NET CLR 1.1.4322)"
194.125.178.118 - - [27/Jan/2006:18:25:22 -0500] "GET /images/trans.gif HTTP/1.1" 304 - "http://www.darwinday.org/" "Mozilla/4.0 (compatible; MSIE 6.0; Windows NT 5.1; .NET CLR 1.1.4322)"
194.125.178.118 - - [27/Jan/2006:18:25:24 -0500] "GET /englishL/home/images/manymore.gif HTTP/1.1" 304 - "http://www.darwinday.org/" "Mozilla/4.0 (compatible; MSIE 6.0; Windows NT 5.1; .NET CLR 1.1.4322)"
194.125.178.118 - - [27/Jan/2006:18:25:24 -0500] "GET /englishL/home/images/joinus.gif HTTP/1.1" 304 - "http://www.darwinday.org/" "Mozilla/4.0 (compatible; MSIE 6.0; Windows NT 5.1; .NET CLR 1.1.4322)"
194.125.178.118 - - [27/Jan/2006:18:25:25 -0500] "GET /englishL/home/images/horse.evolution.jpg HTTP/1.1" 304 - "http://www.darwinday.org/" "Mozilla/4.0 (compatible; MSIE 6.0; Windows NT 5.1; .NET CLR 1.1.4322)"
194.125.178.118 - - [27/Jan/2006:18:25:25 -0500] "GET /images/DNAlogo.gif HTTP/1.1" 304 - "http://www.darwinday.org/englishL/currarts.html" "Mozilla/4.0 (compatible; MSIE 6.0; Windows NT 5.1; .NET CLR 1.1.4322)"
210.150.10.92 - - [27/Jan/2006:18:25:37 -0500] "GET /spanishSA/life/images/family/henrietta-brown-t.jpg HTTP/1.1" 200 22218 "-" "ichiro/2.0 (http://help.goo.ne.jp/door/crawler.html)"
82.50.129.151 - - [27/Jan/2006:18:26:02 -0500] "GET /stylesheets/mainenglishL.css HTTP/1.1" 200 590 "http://www.darwinday.org/" "Mozilla/5.0 (Windows; U; Windows NT 5.1; en-US; rv:1.8) Gecko/20051111 Firefox/1.5"
82.50.129.151 - - [27/Jan/2006:18:26:03 -0500] "GET / HTTP/1.1" 200 25315 "-" "Mozilla/5.0 (Windows; U; Windows NT 5.1; en-US; rv:1.8) Gecko/20051111 Firefox/1.5"
82.50.129.151 - - [27/Jan/2006:18:26:06 -0500] "GET /stylesheets/main.css HTTP/1.1" 200 658 "http://www.darwinday.org/" "Mozilla/5.0 (Windows; U; Windows NT 5.1; en-US; rv:1.8) Gecko/20051111 Firefox/1.5"
82.50.129.151 - - [27/Jan/2006:18:26:07 -0500] "GET /images/topleftlogo.gif HTTP/1.1" 200 6907 "http://www.darwinday.org/" "Mozilla/5.0 (Windows; U; Windows NT 5.1; en-US; rv:1.8) Gecko/20051111 Firefox/1.5"
82.50.129.151 - - [27/Jan/2006:18:26:07 -0500] "GET /images/header.gif HTTP/1.1" 200 26756 "http://www.darwinday.org/" "Mozilla/5.0 (Windows; U; Windows NT 5.1; en-US; rv:1.8) Gecko/20051111 Firefox/1.5"
82.50.129.151 - - [27/Jan/2006:18:26:08 -0500] "GET /englishL/currarts.html HTTP/1.1" 200 5653 "http://www.darwinday.org/" "Mozilla/5.0 (Windows; U; Windows NT 5.1; en-US; rv:1.8) Gecko/20051111 Firefox/1.5"
82.50.129.151 - - [27/Jan/2006:18:26:09 -0500] "GET /englishL/images/titletrans.gif HTTP/1.1" 200 15588 "http://www.darwinday.org/" "Mozilla/5.0 (Windows; U; Windows NT 5.1; en-US; rv:1.8) Gecko/20051111 Firefox/1.5"
82.50.129.151 - - [27/Jan/2006:18:26:10 -0500] "GET /englishL/images/navbar.gif HTTP/1.1" 200 2667 "http://www.darwinday.org/" "Mozilla/5.0 (Windows; U; Windows NT 5.1; en-US; rv:1.8) Gecko/20051111 Firefox/1.5"
82.50.129.151 - - [27/Jan/2006:18:26:12 -0500] "GET /images/worldmaptransp.gif HTTP/1.1" 200 128893 "http://www.darwinday.org/" "Mozilla/5.0 (Windows; U; Windows NT 5.1; en-US; rv:1.8) Gecko/20051111 Firefox/1.5"
82.50.129.151 - - [27/Jan/2006:18:26:12 -0500] "GET /englishL/home/images/darwinages.gif HTTP/1.1" 200 50309 "http://www.darwinday.org/" "Mozilla/5.0 (Windows; U; Windows NT 5.1; en-US; rv:1.8) Gecko/20051111 Firefox/1.5"
82.50.129.151 - - [27/Jan/2006:18:26:13 -0500] "GET /images/arrow.gif HTTP/1.1" 200 112 "http://www.darwinday.org/" "Mozilla/5.0 (Windows; U; Windows NT 5.1; en-US; rv:1.8) Gecko/20051111 Firefox/1.5"
82.50.129.151 - - [27/Jan/2006:18:26:13 -0500] "GET /images/dnahorizl.gif HTTP/1.1" 200 2130 "http://www.darwinday.org/" "Mozilla/5.0 (Windows; U; Windows NT 5.1; en-US; rv:1.8) Gecko/20051111 Firefox/1.5"
82.50.129.151 - - [27/Jan/2006:18:26:13 -0500] "GET /images/dnahoriz.gif HTTP/1.1" 200 3391 "http://www.darwinday.org/" "Mozilla/5.0 (Windows; U; Windows NT 5.1; en-US; rv:1.8) Gecko/20051111 Firefox/1.5"
82.50.129.151 - - [27/Jan/2006:18:26:14 -0500] "GET /images/dnahorizr.gif HTTP/1.1" 200 2104 "http://www.darwinday.org/" "Mozilla/5.0 (Windows; U; Windows NT 5.1; en-US; rv:1.8) Gecko/20051111 Firefox/1.5"
82.50.129.151 - - [27/Jan/2006:18:26:14 -0500] "GET /englishL/home/images/lincoln.gif HTTP/1.1" 200 11057 "http://www.darwinday.org/" "Mozilla/5.0 (Windows; U; Windows NT 5.1; en-US; rv:1.8) Gecko/20051111 Firefox/1.5"
82.50.129.151 - - [27/Jan/2006:18:26:14 -0500] "GET /englishL/home/images/darwin.gif HTTP/1.1" 200 13783 "http://www.darwinday.org/" "Mozilla/5.0 (Windows; U; Windows NT 5.1; en-US; rv:1.8) Gecko/20051111 Firefox/1.5"
82.50.129.151 - - [27/Jan/2006:18:26:15 -0500] "GET /images/trans.gif HTTP/1.1" 200 49 "http://www.darwinday.org/" "Mozilla/5.0 (Windows; U; Windows NT 5.1; en-US; rv:1.8) Gecko/20051111 Firefox/1.5"
82.50.129.151 - - [27/Jan/2006:18:26:15 -0500] "GET /englishL/home/images/manymore.gif HTTP/1.1" 200 581 "http://www.darwinday.org/" "Mozilla/5.0 (Windows; U; Windows NT 5.1; en-US; rv:1.8) Gecko/20051111 Firefox/1.5"
82.50.129.151 - - [27/Jan/2006:18:26:15 -0500] "GET /englishL/home/images/beagle.gif HTTP/1.1" 200 37108 "http://www.darwinday.org/" "Mozilla/5.0 (Windows; U; Windows NT 5.1; en-US; rv:1.8) Gecko/20051111 Firefox/1.5"
82.50.129.151 - - [27/Jan/2006:18:26:16 -0500] "GET /englishL/home/images/joinus.gif HTTP/1.1" 200 524 "http://www.darwinday.org/" "Mozilla/5.0 (Windows; U; Windows NT 5.1; en-US; rv:1.8) Gecko/20051111 Firefox/1.5"
82.50.129.151 - - [27/Jan/2006:18:26:16 -0500] "GET /images/DNAlogo.gif HTTP/1.1" 200 1370 "http://www.darwinday.org/englishL/currarts.html" "Mozilla/5.0 (Windows; U; Windows NT 5.1; en-US; rv:1.8) Gecko/20051111 Firefox/1.5"
82.50.129.151 - - [27/Jan/2006:18:26:17 -0500] "GET /englishL/home/images/horse.evolution.jpg HTTP/1.1" 200 29612 "http://www.darwinday.org/" "Mozilla/5.0 (Windows; U; Windows NT 5.1; en-US; rv:1.8) Gecko/20051111 Firefox/1.5"
82.50.129.151 - - [27/Jan/2006:18:26:18 -0500] "GET /favicon.ico HTTP/1.1" 404 3385 "-" "Mozilla/5.0 (Windows; U; Windows NT 5.1; en-US; rv:1.8) Gecko/20051111 Firefox/1.5"
82.50.129.151 - - [27/Jan/2006:18:26:18 -0500] "GET /favicon.ico HTTP/1.1" 404 3385 "-" "Mozilla/5.0 (Windows; U; Windows NT 5.1; en-US; rv:1.8) Gecko/20051111 Firefox/1.5"
210.150.10.92 - - [27/Jan/2006:18:26:39 -0500] "GET /spanishSA/life/images/family/henrietta-emma-t.jpg HTTP/1.1" 200 19540 "-" "ichiro/2.0 (http://help.goo.ne.jp/door/crawler.html)"
210.150.10.92 - - [27/Jan/2006:18:27:43 -0500] "GET /spanishSA/life/images/family/george-t.jpg HTTP/1.1" 200 28664 "-" "ichiro/2.0 (http://help.goo.ne.jp/door/crawler.html)"
210.150.10.92 - - [27/Jan/2006:18:28:46 -0500] "GET /spanishSA/life/images/family/sirgeorge-t.jpg HTTP/1.1" 200 21838 "-" "ichiro/2.0 (http://help.goo.ne.jp/door/crawler.html)"
68.254.180.10 - - [27/Jan/2006:18:29:20 -0500] "GET /englishL/life/index.html HTTP/1.0" 304 - "-" "Mozilla/4.0 (compatible; MSIE 5.5; Windows NT 5.0) Fetch API Request"
210.150.10.92 - - [27/Jan/2006:18:29:49 -0500] "GET /spanishSA/life/images/family/elizabeth-darwin-t.jpg HTTP/1.1" 200 18932 "-" "ichiro/2.0 (http://help.goo.ne.jp/door/crawler.html)"
210.150.10.92 - - [27/Jan/2006:18:30:51 -0500] "GET /spanishSA/life/images/family/elizabeth-brown-t.jpg HTTP/1.1" 200 24876 "-" "ichiro/2.0 (http://help.goo.ne.jp/door/crawler.html)"
68.254.180.162 - - [27/Jan/2006:18:30:56 -0500] "GET /englishL/life/index.html HTTP/1.0" 304 - "-" "Mozilla/4.0 (compatible; MSIE 5.5; Windows NT 5.0) Fetch API Request"
210.150.10.92 - - [27/Jan/2006:18:31:54 -0500] "GET /spanishSA/life/images/family/elizabeth-t.jpg HTTP/1.1" 200 23782 "-" "ichiro/2.0 (http://help.goo.ne.jp/door/crawler.html)"
210.150.10.92 - - [27/Jan/2006:18:32:58 -0500] "GET /spanishSA/life/images/family/sirfrancis-t.jpg HTTP/1.1" 200 23752 "-" "ichiro/2.0 (http://help.goo.ne.jp/door/crawler.html)"
210.150.10.92 - - [27/Jan/2006:18:34:00 -0500] "GET /spanishSA/life/images/family/emmaleonard-t.jpg HTTP/1.1" 200 30318 "-" "ichiro/2.0 (http://help.goo.ne.jp/door/crawler.html)"
82.50.129.151 - - [27/Jan/2006:18:34:06 -0500] "GET /favicon.ico HTTP/1.1" 404 3385 "-" "Mozilla/5.0 (Windows; U; Windows NT 5.1; en-US; rv:1.8) Gecko/20051111 Firefox/1.5"
210.150.10.92 - - [27/Jan/2006:18:35:04 -0500] "GET /spanishSA/life/images/family/leoonard-t.jpg HTTP/1.1" 200 22160 "-" "ichiro/2.0 (http://help.goo.ne.jp/door/crawler.html)"
210.150.10.92 - - [27/Jan/2006:18:36:07 -0500] "GET /spanishSA/life/images/family/sirhorace-t.jpg HTTP/1.1" 200 23757 "-" "ichiro/2.0 (http://help.goo.ne.jp/door/crawler.html)"
66.108.255.116 - - [27/Jan/2006:18:37:02 -0500] "GET /englishL/life/informal.html HTTP/1.1" 200 13801 "http://www.google.com/search?hl=xx-elmer&safe=off&q=darwins+beetles&btnG=Seawch" "Mozilla/5.0 (Macintosh; U; PPC Mac OS X Mach-O; en-US; rv:1.7.2) Gecko/20040804 Netscape/7.2"
210.150.10.92 - - [27/Jan/2006:18:37:09 -0500] "GET /spanishSA/life/images/family/emmacharles-t.jpg HTTP/1.1" 200 21327 "-" "ichiro/2.0 (http://help.goo.ne.jp/door/crawler.html)"
210.150.10.92 - - [27/Jan/2006:18:38:12 -0500] "GET /spanishSA/evolution/theory.html HTTP/1.1" 200 9403 "-" "ichiro/2.0 (http://help.goo.ne.jp/door/crawler.html)"
210.150.10.92 - - [27/Jan/2006:18:39:16 -0500] "GET /spanishSA/evolution/inheritance.html HTTP/1.1" 200 4622 "-" "ichiro/2.0 (http://help.goo.ne.jp/door/crawler.html)"
210.150.10.92 - - [27/Jan/2006:18:40:18 -0500] "GET /spanishSA/evolution/dna.html HTTP/1.1" 200 7083 "-" "ichiro/2.0 (http://help.goo.ne.jp/door/crawler.html)"
210.150.10.92 - - [27/Jan/2006:18:41:21 -0500] "GET /spanishSA/newsviews/evolution.html HTTP/1.1" 200 9559 "-" "ichiro/2.0 (http://help.goo.ne.jp/door/crawler.html)"
210.150.10.92 - - [27/Jan/2006:18:42:24 -0500] "GET /spanishSA/newsviews/images/plantsfix.jpg HTTP/1.1" 200 16227 "-" "ichiro/2.0 (http://help.goo.ne.jp/door/crawler.html)"
192.12.12.215 - - [27/Jan/2006:18:43:05 -0500] "GET / HTTP/1.1" 200 25315 "-" "Mozilla/5.0 (Windows; U; Windows NT 5.1; en-US; rv:1.7.8) Gecko/20050511 Firefox/1.0.4"
192.12.12.215 - - [27/Jan/2006:18:43:05 -0500] "GET /stylesheets/mainenglishL.css HTTP/1.1" 200 590 "http://www.darwinday.org/" "Mozilla/5.0 (Windows; U; Windows NT 5.1; en-US; rv:1.7.8) Gecko/20050511 Firefox/1.0.4"
192.12.12.215 - - [27/Jan/2006:18:43:05 -0500] "GET /stylesheets/main.css HTTP/1.1" 200 658 "http://www.darwinday.org/" "Mozilla/5.0 (Windows; U; Windows NT 5.1; en-US; rv:1.7.8) Gecko/20050511 Firefox/1.0.4"
192.12.12.215 - - [27/Jan/2006:18:43:06 -0500] "GET /images/topleftlogo.gif HTTP/1.1" 200 6907 "http://www.darwinday.org/" "Mozilla/5.0 (Windows; U; Windows NT 5.1; en-US; rv:1.7.8) Gecko/20050511 Firefox/1.0.4"
192.12.12.215 - - [27/Jan/2006:18:43:07 -0500] "GET /images/header.gif HTTP/1.1" 200 26756 "http://www.darwinday.org/" "Mozilla/5.0 (Windows; U; Windows NT 5.1; en-US; rv:1.7.8) Gecko/20050511 Firefox/1.0.4"
192.12.12.215 - - [27/Jan/2006:18:43:07 -0500] "GET /englishL/images/titletrans.gif HTTP/1.1" 200 15588 "http://www.darwinday.org/" "Mozilla/5.0 (Windows; U; Windows NT 5.1; en-US; rv:1.7.8) Gecko/20050511 Firefox/1.0.4"
