68.52.49.222 - - [27/Jan/2006:16:15:55 -0500] "GET /images/dnahorizr.gif HTTP/1.1" 200 2104 "http://www.darwinday.org/" "Mozilla/4.0 (compatible; MSIE 6.0; Windows 98; Win 9x 4.90; SpamBlockerUtility 4.6.1)"
68.52.49.222 - - [27/Jan/2006:16:15:55 -0500] "GET /englishL/home/images/lincoln.gif HTTP/1.1" 200 11057 "http://www.darwinday.org/" "Mozilla/4.0 (compatible; MSIE 6.0; Windows 98; Win 9x 4.90; SpamBlockerUtility 4.6.1)"
68.52.49.222 - - [27/Jan/2006:16:15:55 -0500] "GET /englishL/home/images/darwin.gif HTTP/1.1" 200 13783 "http://www.darwinday.org/" "Mozilla/4.0 (compatible; MSIE 6.0; Windows 98; Win 9x 4.90; SpamBlockerUtility 4.6.1)"
68.52.49.222 - - [27/Jan/2006:16:15:55 -0500] "GET /englishL/home/images/darwinages.gif HTTP/1.1" 200 50309 "http://www.darwinday.org/" "Mozilla/4.0 (compatible; MSIE 6.0; Windows 98; Win 9x 4.90; SpamBlockerUtility 4.6.1)"
68.52.49.222 - - [27/Jan/2006:16:15:55 -0500] "GET /englishL/home/images/beagle.gif HTTP/1.1" 200 37108 "http://www.darwinday.org/" "Mozilla/4.0 (compatible; MSIE 6.0; Windows 98; Win 9x 4.90; SpamBlockerUtility 4.6.1)"
68.52.49.222 - - [27/Jan/2006:16:15:56 -0500] "GET /images/trans.gif HTTP/1.1" 200 49 "http://www.darwinday.org/" "Mozilla/4.0 (compatible; MSIE 6.0; Windows 98; Win 9x 4.90; SpamBlockerUtility 4.6.1)"
68.52.49.222 - - [27/Jan/2006:16:15:56 -0500] "GET /englishL/home/images/manymore.gif HTTP/1.1" 200 581 "http://www.darwinday.org/" "Mozilla/4.0 (compatible; MSIE 6.0; Windows 98; Win 9x 4.90; SpamBlockerUtility 4.6.1)"
68.52.49.222 - - [27/Jan/2006:16:15:56 -0500] "GET /images/DNAlogo.gif HTTP/1.1" 200 1370 "http://www.darwinday.org/englishL/currarts.html" "Mozilla/4.0 (compatible; MSIE 6.0; Windows 98; Win 9x 4.90; SpamBlockerUtility 4.6.1)"
68.52.49.222 - - [27/Jan/2006:16:15:56 -0500] "GET /englishL/home/images/joinus.gif HTTP/1.1" 200 524 "http://www.darwinday.org/" "Mozilla/4.0 (compatible; MSIE 6.0; Windows 98; Win 9x 4.90; SpamBlockerUtility 4.6.1)"
68.52.49.222 - - [27/Jan/2006:16:15:56 -0500] "GET /englishL/home/images/horse.evolution.jpg HTTP/1.1" 200 29612 "http://www.darwinday.org/" "Mozilla/4.0 (compatible; MSIE 6.0; Windows 98; Win 9x 4.90; SpamBlockerUtility 4.6.1)"
210.150.10.92 - - [27/Jan/2006:16:16:22 -0500] "GET /spanishSA/life/images/casestreet-t.jpg HTTP/1.1" 200 26366 "-" "ichiro/2.0 (http://help.goo.ne.jp/door/crawler.html)"
152.2.14.230 - - [27/Jan/2006:16:16:31 -0500] "GET / HTTP/1.1" 200 25315 "http://www.google.com/search?q=darwins+birthday&sourceid=mozilla-search&start=0&start=0&ie=utf-8&oe=utf-8&client=firefox-a&rls=org.mozilla:en-US:official" "Mozilla/5.0 (Windows; U; Windows NT 5.1; en-US; rv:1.7.12) Gecko/20050915 Firefox/1.0.7 (ax)"
198.116.72.153 - - [27/Jan/2006:16:17:14 -0500] "GET /stylesheets/mainenglishL.css HTTP/1.1" 200 590 "http://www.darwinday.org/" "Mozilla/4.0 (compatible; MSIE 6.0; Windows NT 5.1; SV1; .NET CLR 1.0.3705; .NET CLR 1.1.4322)"
198.116.72.153 - - [27/Jan/2006:16:17:15 -0500] "GET / HTTP/1.1" 200 25315 "http://www.google.com/search?hl=en&q=charles+darwin+day" "Mozilla/4.0 (compatible; MSIE 6.0; Windows NT 5.1; SV1; .NET CLR 1.0.3705; .NET CLR 1.1.4322)"
198.116.72.153 - - [27/Jan/2006:16:17:15 -0500] "GET /stylesheets/main.css HTTP/1.1" 200 658 "http://www.darwinday.org/" "Mozilla/4.0 (compatible; MSIE 6.0; Windows NT 5.1; SV1; .NET CLR 1.0.3705; .NET CLR 1.1.4322)"
198.116.72.153 - - [27/Jan/2006:16:17:15 -0500] "GET /images/topleftlogo.gif HTTP/1.1" 200 6907 "http://www.darwinday.org/" "Mozilla/4.0 (compatible; MSIE 6.0; Windows NT 5.1; SV1; .NET CLR 1.0.3705; .NET CLR 1.1.4322)"
198.116.72.153 - - [27/Jan/2006:16:17:15 -0500] "GET /englishL/currarts.html HTTP/1.1" 200 5653 "http://www.darwinday.org/" "Mozilla/4.0 (compatible; MSIE 6.0; Windows NT 5.1; SV1; .NET CLR 1.0.3705; .NET CLR 1.1.4322)"
198.116.72.153 - - [27/Jan/2006:16:17:16 -0500] "GET /images/header.gif HTTP/1.1" 200 26756 "http://www.darwinday.org/" "Mozilla/4.0 (compatible; MSIE 6.0; Windows NT 5.1; SV1; .NET CLR 1.0.3705; .NET CLR 1.1.4322)"
198.116.72.153 - - [27/Jan/2006:16:17:17 -0500] "GET /englishL/images/titletrans.gif HTTP/1.1" 200 15588 "http://www.darwinday.org/" "Mozilla/4.0 (compatible; MSIE 6.0; Windows NT 5.1; SV1; .NET CLR 1.0.3705; .NET CLR 1.1.4322)"
198.116.72.153 - - [27/Jan/2006:16:17:18 -0500] "GET /englishL/images/navbar.gif HTTP/1.1" 200 2667 "http://www.darwinday.org/" "Mozilla/4.0 (compatible; MSIE 6.0; Windows NT 5.1; SV1; .NET CLR 1.0.3705; .NET CLR 1.1.4322)"
198.116.72.153 - - [27/Jan/2006:16:17:19 -0500] "GET /englishL/home/images/darwinages.gif HTTP/1.1" 200 50309 "http://www.darwinday.org/" "Mozilla/4.0 (compatible; MSIE 6.0; Windows NT 5.1; SV1; .NET CLR 1.0.3705; .NET CLR 1.1.4322)"
198.116.72.153 - - [27/Jan/2006:16:17:20 -0500] "GET /images/arrow.gif HTTP/1.1" 200 112 "http://www.darwinday.org/" "Mozilla/4.0 (compatible; MSIE 6.0; Windows NT 5.1; SV1; .NET CLR 1.0.3705; .NET CLR 1.1.4322)"
198.116.72.153 - - [27/Jan/2006:16:17:20 -0500] "GET /images/dnahorizl.gif HTTP/1.1" 200 2130 "http://www.darwinday.org/" "Mozilla/4.0 (compatible; MSIE 6.0; Windows NT 5.1; SV1; .NET CLR 1.0.3705; .NET CLR 1.1.4322)"
198.116.72.153 - - [27/Jan/2006:16:17:21 -0500] "GET /images/dnahoriz.gif HTTP/1.1" 200 3391 "http://www.darwinday.org/" "Mozilla/4.0 (compatible; MSIE 6.0; Windows NT 5.1; SV1; .NET CLR 1.0.3705; .NET CLR 1.1.4322)"
198.116.72.153 - - [27/Jan/2006:16:17:21 -0500] "GET /images/dnahorizr.gif HTTP/1.1" 200 2104 "http://www.darwinday.org/" "Mozilla/4.0 (compatible; MSIE 6.0; Windows NT 5.1; SV1; .NET CLR 1.0.3705; .NET CLR 1.1.4322)"
198.116.72.153 - - [27/Jan/2006:16:17:21 -0500] "GET /englishL/home/images/lincoln.gif HTTP/1.1" 200 11057 "http://www.darwinday.org/" "Mozilla/4.0 (compatible; MSIE 6.0; Windows NT 5.1; SV1; .NET CLR 1.0.3705; .NET CLR 1.1.4322)"
198.116.72.153 - - [27/Jan/2006:16:17:22 -0500] "GET /englishL/home/images/darwin.gif HTTP/1.1" 200 13783 "http://www.darwinday.org/" "Mozilla/4.0 (compatible; MSIE 6.0; Windows NT 5.1; SV1; .NET CLR 1.0.3705; .NET CLR 1.1.4322)"
198.116.72.153 - - [27/Jan/2006:16:17:22 -0500] "GET /images/worldmaptransp.gif HTTP/1.1" 200 128893 "http://www.darwinday.org/" "Mozilla/4.0 (compatible; MSIE 6.0; Windows NT 5.1; SV1; .NET CLR 1.0.3705; .NET CLR 1.1.4322)"
198.116.72.153 - - [27/Jan/2006:16:17:23 -0500] "GET /images/trans.gif HTTP/1.1" 200 49 "http://www.darwinday.org/" "Mozilla/4.0 (compatible; MSIE 6.0; Windows NT 5.1; SV1; .NET CLR 1.0.3705; .NET CLR 1.1.4322)"
198.116.72.153 - - [27/Jan/2006:16:17:23 -0500] "GET /englishL/home/images/manymore.gif HTTP/1.1" 200 581 "http://www.darwinday.org/" "Mozilla/4.0 (compatible; MSIE 6.0; Windows NT 5.1; SV1; .NET CLR 1.0.3705; .NET CLR 1.1.4322)"
198.116.72.153 - - [27/Jan/2006:16:17:23 -0500] "GET /englishL/home/images/beagle.gif HTTP/1.1" 200 37108 "http://www.darwinday.org/" "Mozilla/4.0 (compatible; MSIE 6.0; Windows NT 5.1; SV1; .NET CLR 1.0.3705; .NET CLR 1.1.4322)"
198.116.72.153 - - [27/Jan/2006:16:17:24 -0500] "GET /englishL/home/images/joinus.gif HTTP/1.1" 200 524 "http://www.darwinday.org/" "Mozilla/4.0 (compatible; MSIE 6.0; Windows NT 5.1; SV1; .NET CLR 1.0.3705; .NET CLR 1.1.4322)"
198.116.72.153 - - [27/Jan/2006:16:17:24 -0500] "GET /images/DNAlogo.gif HTTP/1.1" 200 1370 "http://www.darwinday.org/englishL/currarts.html" "Mozilla/4.0 (compatible; MSIE 6.0; Windows NT 5.1; SV1; .NET CLR 1.0.3705; .NET CLR 1.1.4322)"
198.116.72.153 - - [27/Jan/2006:16:17:25 -0500] "GET /englishL/home/images/horse.evolution.jpg HTTP/1.1" 200 29612 "http://www.darwinday.org/" "Mozilla/4.0 (compatible; MSIE 6.0; Windows NT 5.1; SV1; .NET CLR 1.0.3705; .NET CLR 1.1.4322)"
210.150.10.92 - - [27/Jan/2006:16:17:25 -0500] "GET /spanishSA/life/images/casesschoolfront.jpg HTTP/1.1" 200 63512 "-" "ichiro/2.0 (http://help.goo.ne.jp/door/crawler.html)"
198.116.72.153 - - [27/Jan/2006:16:18:02 -0500] "GET /englishL/home/2006.php HTTP/1.1" 200 300853 "http://www.darwinday.org/" "Mozilla/4.0 (compatible; MSIE 6.0; Windows NT 5.1; SV1; .NET CLR 1.0.3705; .NET CLR 1.1.4322)"
147.4.89.54 - - [27/Jan/2006:16:18:25 -0500] "GET /stylesheets/main.css HTTP/1.1" 200 658 "http://www.darwinday.org/englishL/home/2006.php" "Mozilla/4.0 (compatible; MSIE 6.0; Windows NT 5.1)"
147.4.89.54 - - [27/Jan/2006:16:18:25 -0500] "GET /images/topleftlogo.gif HTTP/1.1" 200 6907 "http://www.darwinday.org/englishL/home/2006.php" "Mozilla/4.0 (compatible; MSIE 6.0; Windows NT 5.1)"
147.4.89.54 - - [27/Jan/2006:16:18:25 -0500] "GET /images/header.gif HTTP/1.1" 200 26756 "http://www.darwinday.org/englishL/home/2006.php" "Mozilla/4.0 (compatible; MSIE 6.0; Windows NT 5.1)"
147.4.89.54 - - [27/Jan/2006:16:18:25 -0500] "GET /englishL/home/2006.php HTTP/1.1" 200 300853 "http://www.google.com/search?hl=en&q=hofstra+darwin" "Mozilla/4.0 (compatible; MSIE 6.0; Windows NT 5.1)"
147.4.89.54 - - [27/Jan/2006:16:18:25 -0500] "GET /images/worldmaptransp.gif HTTP/1.1" 200 128893 "http://www.darwinday.org/englishL/home/2006.php" "Mozilla/4.0 (compatible; MSIE 6.0; Windows NT 5.1)"
147.4.89.54 - - [27/Jan/2006:16:18:25 -0500] "GET /englishL/images/titletrans.gif HTTP/1.1" 200 15588 "http://www.darwinday.org/englishL/home/2006.php" "Mozilla/4.0 (compatible; MSIE 6.0; Windows NT 5.1)"
147.4.89.54 - - [27/Jan/2006:16:18:25 -0500] "GET /englishL/images/navbar.gif HTTP/1.1" 200 2667 "http://www.darwinday.org/englishL/home/2006.php" "Mozilla/4.0 (compatible; MSIE 6.0; Windows NT 5.1)"
147.4.89.54 - - [27/Jan/2006:16:18:26 -0500] "GET /stylesheets/mainenglishL.css HTTP/1.1" 200 590 "http://www.darwinday.org/englishL/home/2006.php" "Mozilla/4.0 (compatible; MSIE 6.0; Windows NT 5.1)"
210.150.10.92 - - [27/Jan/2006:16:18:28 -0500] "GET /spanishSA/life/images/casesschoolfront-t.jpg HTTP/1.1" 200 27478 "-" "ichiro/2.0 (http://help.goo.ne.jp/door/crawler.html)"
72.29.233.188 - - [27/Jan/2006:16:19:05 -0500] "GET / HTTP/1.1" 200 25315 "-" "IE/6.0"
210.150.10.92 - - [27/Jan/2006:16:19:32 -0500] "GET /spanishSA/life/images/caseschoolback.jpg HTTP/1.1" 200 74995 "-" "ichiro/2.0 (http://help.goo.ne.jp/door/crawler.html)"
195.70.35.179 - - [27/Jan/2006:16:20:14 -0500] "GET / HTTP/1.1" 200 12658 "-" "KummHttp/1.1 (compatible; KummClient; Linux rulez)"
159.37.7.119 - - [27/Jan/2006:16:20:23 -0500] "GET /images/topleftlogo.gif HTTP/1.0" 304 - "http://moosofderision.blogspot.com/" "Mozilla/4.0 (compatible; MSIE 6.0; Windows NT 5.1; SV1; .NET CLR 1.1.4322)"
210.150.10.92 - - [27/Jan/2006:16:20:37 -0500] "GET /spanishSA/life/images/caseschoolback-t.jpg HTTP/1.1" 200 30209 "-" "ichiro/2.0 (http://help.goo.ne.jp/door/crawler.html)"
65.214.44.44 - - [27/Jan/2006:16:21:32 -0500] "GET /NEWlang/aboutddc/organization.html HTTP/1.0" 200 4041 "-" "Mozilla/2.0 (compatible; Ask Jeeves/Teoma; +http://sp.ask.com/docs/about/tech_crawling.html)"
210.150.10.92 - - [27/Jan/2006:16:21:41 -0500] "GET /spanishSA/life/images/butlersschool.jpg HTTP/1.1" 200 61735 "-" "ichiro/2.0 (http://help.goo.ne.jp/door/crawler.html)"
210.150.10.92 - - [27/Jan/2006:16:22:43 -0500] "GET /spanishSA/life/images/butlersschool-t.jpg HTTP/1.1" 200 29137 "-" "ichiro/2.0 (http://help.goo.ne.jp/door/crawler.html)"
210.150.10.92 - - [27/Jan/2006:16:23:47 -0500] "GET /spanishSA/life/images/butlerbeams.jpg HTTP/1.1" 200 72860 "-" "ichiro/2.0 (http://help.goo.ne.jp/door/crawler.html)"
210.150.10.92 - - [27/Jan/2006:16:24:52 -0500] "GET /spanishSA/life/images/butlerbeams-t.jpg HTTP/1.1" 200 24783 "-" "ichiro/2.0 (http://help.goo.ne.jp/door/crawler.html)"
165.95.7.52 - - [27/Jan/2006:16:25:19 -0500] "GET /stylesheets/mainenglishL.css HTTP/1.1" 200 590 "http://www.darwinday.org/" "Mozilla/5.0 (Macintosh; U; PPC Mac OS X Mach-O; en-US; rv:1.8.0.1) Gecko/20060111 Firefox/1.5.0.1"
165.95.7.52 - - [27/Jan/2006:16:25:19 -0500] "GET / HTTP/1.1" 200 25315 "-" "Mozilla/5.0 (Macintosh; U; PPC Mac OS X Mach-O; en-US; rv:1.8.0.1) Gecko/20060111 Firefox/1.5.0.1"
165.95.7.52 - - [27/Jan/2006:16:25:19 -0500] "GET /stylesheets/main.css HTTP/1.1" 200 658 "http://www.darwinday.org/" "Mozilla/5.0 (Macintosh; U; PPC Mac OS X Mach-O; en-US; rv:1.8.0.1) Gecko/20060111 Firefox/1.5.0.1"
165.95.7.52 - - [27/Jan/2006:16:25:19 -0500] "GET /images/topleftlogo.gif HTTP/1.1" 200 6907 "http://www.darwinday.org/" "Mozilla/5.0 (Macintosh; U; PPC Mac OS X Mach-O; en-US; rv:1.8.0.1) Gecko/20060111 Firefox/1.5.0.1"
165.95.7.52 - - [27/Jan/2006:16:25:19 -0500] "GET /englishL/currarts.html HTTP/1.1" 200 5653 "http://www.darwinday.org/" "Mozilla/5.0 (Macintosh; U; PPC Mac OS X Mach-O; en-US; rv:1.8.0.1) Gecko/20060111 Firefox/1.5.0.1"
165.95.7.52 - - [27/Jan/2006:16:25:19 -0500] "GET /images/header.gif HTTP/1.1" 200 26756 "http://www.darwinday.org/" "Mozilla/5.0 (Macintosh; U; PPC Mac OS X Mach-O; en-US; rv:1.8.0.1) Gecko/20060111 Firefox/1.5.0.1"
165.95.7.52 - - [27/Jan/2006:16:25:19 -0500] "GET /images/worldmaptransp.gif HTTP/1.1" 200 128893 "http://www.darwinday.org/" "Mozilla/5.0 (Macintosh; U; PPC Mac OS X Mach-O; en-US; rv:1.8.0.1) Gecko/20060111 Firefox/1.5.0.1"
165.95.7.52 - - [27/Jan/2006:16:25:19 -0500] "GET /englishL/images/titletrans.gif HTTP/1.1" 200 15588 "http://www.darwinday.org/" "Mozilla/5.0 (Macintosh; U; PPC Mac OS X Mach-O; en-US; rv:1.8.0.1) Gecko/20060111 Firefox/1.5.0.1"
165.95.7.52 - - [27/Jan/2006:16:25:20 -0500] "GET /englishL/images/navbar.gif HTTP/1.1" 200 2667 "http://www.darwinday.org/" "Mozilla/5.0 (Macintosh; U; PPC Mac OS X Mach-O; en-US; rv:1.8.0.1) Gecko/20060111 Firefox/1.5.0.1"
165.95.7.52 - - [27/Jan/2006:16:25:20 -0500] "GET /englishL/home/images/darwinages.gif HTTP/1.1" 200 50309 "http://www.darwinday.org/" "Mozilla/5.0 (Macintosh; U; PPC Mac OS X Mach-O; en-US; rv:1.8.0.1) Gecko/20060111 Firefox/1.5.0.1"
165.95.7.52 - - [27/Jan/2006:16:25:20 -0500] "GET /images/arrow.gif HTTP/1.1" 200 112 "http://www.darwinday.org/" "Mozilla/5.0 (Macintosh; U; PPC Mac OS X Mach-O; en-US; rv:1.8.0.1) Gecko/20060111 Firefox/1.5.0.1"
165.95.7.52 - - [27/Jan/2006:16:25:20 -0500] "GET /images/dnahorizl.gif HTTP/1.1" 200 2130 "http://www.darwinday.org/" "Mozilla/5.0 (Macintosh; U; PPC Mac OS X Mach-O; en-US; rv:1.8.0.1) Gecko/20060111 Firefox/1.5.0.1"
165.95.7.52 - - [27/Jan/2006:16:25:20 -0500] "GET /images/dnahoriz.gif HTTP/1.1" 200 3391 "http://www.darwinday.org/" "Mozilla/5.0 (Macintosh; U; PPC Mac OS X Mach-O; en-US; rv:1.8.0.1) Gecko/20060111 Firefox/1.5.0.1"
165.95.7.52 - - [27/Jan/2006:16:25:20 -0500] "GET /images/dnahorizr.gif HTTP/1.1" 200 2104 "http://www.darwinday.org/" "Mozilla/5.0 (Macintosh; U; PPC Mac OS X Mach-O; en-US; rv:1.8.0.1) Gecko/20060111 Firefox/1.5.0.1"
165.95.7.52 - - [27/Jan/2006:16:25:20 -0500] "GET /englishL/home/images/lincoln.gif HTTP/1.1" 200 11057 "http://www.darwinday.org/" "Mozilla/5.0 (Macintosh; U; PPC Mac OS X Mach-O; en-US; rv:1.8.0.1) Gecko/20060111 Firefox/1.5.0.1"
165.95.7.52 - - [27/Jan/2006:16:25:20 -0500] "GET /englishL/home/images/darwin.gif HTTP/1.1" 200 13783 "http://www.darwinday.org/" "Mozilla/5.0 (Macintosh; U; PPC Mac OS X Mach-O; en-US; rv:1.8.0.1) Gecko/20060111 Firefox/1.5.0.1"
165.95.7.52 - - [27/Jan/2006:16:25:20 -0500] "GET /englishL/home/images/beagle.gif HTTP/1.1" 200 37108 "http://www.darwinday.org/" "Mozilla/5.0 (Macintosh; U; PPC Mac OS X Mach-O; en-US; rv:1.8.0.1) Gecko/20060111 Firefox/1.5.0.1"
165.95.7.52 - - [27/Jan/2006:16:25:20 -0500] "GET /images/trans.gif HTTP/1.1" 200 49 "http://www.darwinday.org/" "Mozilla/5.0 (Macintosh; U; PPC Mac OS X Mach-O; en-US; rv:1.8.0.1) Gecko/20060111 Firefox/1.5.0.1"
165.95.7.52 - - [27/Jan/2006:16:25:20 -0500] "GET /englishL/home/images/manymore.gif HTTP/1.1" 200 581 "http://www.darwinday.org/" "Mozilla/5.0 (Macintosh; U; PPC Mac OS X Mach-O; en-US; rv:1.8.0.1) Gecko/20060111 Firefox/1.5.0.1"
165.95.7.52 - - [27/Jan/2006:16:25:20 -0500] "GET /englishL/home/images/joinus.gif HTTP/1.1" 200 524 "http://www.darwinday.org/" "Mozilla/5.0 (Macintosh; U; PPC Mac OS X Mach-O; en-US; rv:1.8.0.1) Gecko/20060111 Firefox/1.5.0.1"
165.95.7.52 - - [27/Jan/2006:16:25:20 -0500] "GET /englishL/home/images/horse.evolution.jpg HTTP/1.1" 200 29612 "http://www.darwinday.org/" "Mozilla/5.0 (Macintosh; U; PPC Mac OS X Mach-O; en-US; rv:1.8.0.1) Gecko/20060111 Firefox/1.5.0.1"
165.95.7.52 - - [27/Jan/2006:16:25:20 -0500] "GET /images/DNAlogo.gif HTTP/1.1" 200 1370 "http://www.darwinday.org/englishL/currarts.html" "Mozilla/5.0 (Macintosh; U; PPC Mac OS X Mach-O; en-US; rv:1.8.0.1) Gecko/20060111 Firefox/1.5.0.1"
165.95.7.52 - - [27/Jan/2006:16:25:21 -0500] "GET /favicon.ico HTTP/1.1" 404 3385 "-" "Mozilla/5.0 (Macintosh; U; PPC Mac OS X Mach-O; en-US; rv:1.8.0.1) Gecko/20060111 Firefox/1.5.0.1"
201.217.184.44 - - [27/Jan/2006:16:25:21 -0500] "GET / HTTP/1.1" 304 - "-" "Mozilla/4.0 (compatible; MSIE 6.0; Windows NT 5.1; SV1; .NET CLR 1.1.4322; InfoPath.1)"
201.217.184.44 - - [27/Jan/2006:16:25:23 -0500] "GET /stylesheets/mainenglishL.css HTTP/1.1" 304 - "http://darwinday.org/" "Mozilla/4.0 (compatible; MSIE 6.0; Windows NT 5.1; SV1; .NET CLR 1.1.4322; InfoPath.1)"
201.217.184.44 - - [27/Jan/2006:16:25:26 -0500] "GET /stylesheets/main.css HTTP/1.1" 304 - "http://darwinday.org/" "Mozilla/4.0 (compatible; MSIE 6.0; Windows NT 5.1; SV1; .NET CLR 1.1.4322; InfoPath.1)"
201.217.184.44 - - [27/Jan/2006:16:25:29 -0500] "GET /englishL/images/titletrans.gif HTTP/1.1" 304 - "http://darwinday.org/" "Mozilla/4.0 (compatible; MSIE 6.0; Windows NT 5.1; SV1; .NET CLR 1.1.4322; InfoPath.1)"
201.217.184.44 - - [27/Jan/2006:16:25:31 -0500] "GET /englishL/currarts.html HTTP/1.1" 304 - "http://darwinday.org/" "Mozilla/4.0 (compatible; MSIE 6.0; Windows NT 5.1; SV1; .NET CLR 1.1.4322; InfoPath.1)"
201.217.184.44 - - [27/Jan/2006:16:25:31 -0500] "GET /englishL/images/navbar.gif HTTP/1.1" 304 - "http://darwinday.org/" "Mozilla/4.0 (compatible; MSIE 6.0; Windows NT 5.1; SV1; .NET CLR 1.1.4322; InfoPath.1)"
201.217.184.44 - - [27/Jan/2006:16:25:33 -0500] "GET /englishL/home/images/darwinages.gif HTTP/1.1" 304 - "http://darwinday.org/" "Mozilla/4.0 (compatible; MSIE 6.0; Windows NT 5.1; SV1; .NET CLR 1.1.4322; InfoPath.1)"
201.217.184.44 - - [27/Jan/2006:16:25:33 -0500] "GET /englishL/home/images/lincoln.gif HTTP/1.1" 304 - "http://darwinday.org/" "Mozilla/4.0 (compatible; MSIE 6.0; Windows NT 5.1; SV1; .NET CLR 1.1.4322; InfoPath.1)"
201.217.184.44 - - [27/Jan/2006:16:25:36 -0500] "GET /englishL/home/images/darwin.gif HTTP/1.1" 304 - "http://darwinday.org/" "Mozilla/4.0 (compatible; MSIE 6.0; Windows NT 5.1; SV1; .NET CLR 1.1.4322; InfoPath.1)"
201.217.184.44 - - [27/Jan/2006:16:25:36 -0500] "GET /englishL/home/images/beagle.gif HTTP/1.1" 304 - "http://darwinday.org/" "Mozilla/4.0 (compatible; MSIE 6.0; Windows NT 5.1; SV1; .NET CLR 1.1.4322; InfoPath.1)"
201.217.184.44 - - [27/Jan/2006:16:25:38 -0500] "GET /englishL/home/images/manymore.gif HTTP/1.1" 304 - "http://darwinday.org/" "Mozilla/4.0 (compatible; MSIE 6.0; Windows NT 5.1; SV1; .NET CLR 1.1.4322; InfoPath.1)"
201.217.184.44 - - [27/Jan/2006:16:25:38 -0500] "GET /englishL/home/images/joinus.gif HTTP/1.1" 304 - "http://darwinday.org/" "Mozilla/4.0 (compatible; MSIE 6.0; Windows NT 5.1; SV1; .NET CLR 1.1.4322; InfoPath.1)"
201.217.184.44 - - [27/Jan/2006:16:25:41 -0500] "GET /englishL/home/images/horse.evolution.jpg HTTP/1.1" 304 - "http://darwinday.org/" "Mozilla/4.0 (compatible; MSIE 6.0; Windows NT 5.1; SV1; .NET CLR 1.1.4322; InfoPath.1)"
201.217.184.44 - - [27/Jan/2006:16:25:44 -0500] "GET /chooselang/index.html HTTP/1.1" 304 - "http://darwinday.org/" "Mozilla/4.0 (compatible; MSIE 6.0; Windows NT 5.1; SV1; .NET CLR 1.1.4322; InfoPath.1)"
201.217.184.44 - - [27/Jan/2006:16:25:52 -0500] "GET /spanishSA/home/index.html HTTP/1.1" 304 - "http://darwinday.org/chooselang/index.html" "Mozilla/4.0 (compatible; MSIE 6.0; Windows NT 5.1; SV1; .NET CLR 1.1.4322; InfoPath.1)"
201.217.184.44 - - [27/Jan/2006:16:25:55 -0500] "GET /stylesheets/mainspanishSA.css HTTP/1.1" 304 - "http://darwinday.org/spanishSA/home/index.html" "Mozilla/4.0 (compatible; MSIE 6.0; Windows NT 5.1; SV1; .NET CLR 1.1.4322; InfoPath.1)"
159.37.7.119 - - [27/Jan/2006:16:25:56 -0500] "GET /images/topleftlogo.gif HTTP/1.0" 304 - "http://moosofderision.blogspot.com/" "Mozilla/4.0 (compatible; MSIE 6.0; Windows NT 5.1; SV1; .NET CLR 1.1.4322)"
210.150.10.92 - - [27/Jan/2006:16:25:56 -0500] "GET /spanishSA/life/images/butlerbeams2.jpg HTTP/1.1" 200 73853 "-" "ichiro/2.0 (http://help.goo.ne.jp/door/crawler.html)"
201.217.184.44 - - [27/Jan/2006:16:25:57 -0500] "GET /spanishSA/images/titletrans.gif HTTP/1.1" 304 - "http://darwinday.org/spanishSA/home/index.html" "Mozilla/4.0 (compatible; MSIE 6.0; Windows NT 5.1; SV1; .NET CLR 1.1.4322; InfoPath.1)"
201.217.184.44 - - [27/Jan/2006:16:26:00 -0500] "GET /spanishSA/currarts.html HTTP/1.1" 304 - "http://darwinday.org/spanishSA/home/index.html" "Mozilla/4.0 (compatible; MSIE 6.0; Windows NT 5.1; SV1; .NET CLR 1.1.4322; InfoPath.1)"
201.217.184.44 - - [27/Jan/2006:16:26:00 -0500] "GET /spanishSA/images/navbar.gif HTTP/1.1" 304 - "http://darwinday.org/spanishSA/home/index.html" "Mozilla/4.0 (compatible; MSIE 6.0; Windows NT 5.1; SV1; .NET CLR 1.1.4322; InfoPath.1)"
201.217.184.44 - - [27/Jan/2006:16:26:02 -0500] "GET /spanishSA/home/images/darwinages.gif HTTP/1.1" 304 - "http://darwinday.org/spanishSA/home/index.html" "Mozilla/4.0 (compatible; MSIE 6.0; Windows NT 5.1; SV1; .NET CLR 1.1.4322; InfoPath.1)"
201.217.184.44 - - [27/Jan/2006:16:26:02 -0500] "GET /spanishSA/home/images/lincoln.gif HTTP/1.1" 304 - "http://darwinday.org/spanishSA/home/index.html" "Mozilla/4.0 (compatible; MSIE 6.0; Windows NT 5.1; SV1; .NET CLR 1.1.4322; InfoPath.1)"
165.95.7.52 - - [27/Jan/2006:16:26:29 -0500] "GET /englishL/register/index.php HTTP/1.1" 200 19970 "http://www.darwinday.org/" "Mozilla/5.0 (Macintosh; U; PPC Mac OS X Mach-O; en-US; rv:1.8.0.1) Gecko/20060111 Firefox/1.5.0.1"
24.215.195.108 - - [27/Jan/2006:16:26:32 -0500] "GET / HTTP/1.1" 200 25315 "http://www.google.com/search?hl=en&lr=&q=darwin+day&btnG=Search" "Mozilla/5.0 (Windows; U; Windows NT 5.1; en-US; rv:1.7.12) Gecko/20050915"
24.215.195.108 - - [27/Jan/2006:16:26:35 -0500] "GET /stylesheets/mainenglishL.css HTTP/1.1" 200 590 "http://www.darwinday.org/" "Mozilla/5.0 (Windows; U; Windows NT 5.1; en-US; rv:1.7.12) Gecko/20050915"
24.215.195.108 - - [27/Jan/2006:16:26:35 -0500] "GET /stylesheets/main.css HTTP/1.1" 200 658 "http://www.darwinday.org/" "Mozilla/5.0 (Windows; U; Windows NT 5.1; en-US; rv:1.7.12) Gecko/20050915"
24.215.195.108 - - [27/Jan/2006:16:26:35 -0500] "GET /images/topleftlogo.gif HTTP/1.1" 200 6907 "http://www.darwinday.org/" "Mozilla/5.0 (Windows; U; Windows NT 5.1; en-US; rv:1.7.12) Gecko/20050915"
24.215.195.108 - - [27/Jan/2006:16:26:35 -0500] "GET /images/header.gif HTTP/1.1" 200 26756 "http://www.darwinday.org/" "Mozilla/5.0 (Windows; U; Windows NT 5.1; en-US; rv:1.7.12) Gecko/20050915"
24.215.195.108 - - [27/Jan/2006:16:26:35 -0500] "GET /englishL/images/titletrans.gif HTTP/1.1" 200 15588 "http://www.darwinday.org/" "Mozilla/5.0 (Windows; U; Windows NT 5.1; en-US; rv:1.7.12) Gecko/20050915"
24.215.195.108 - - [27/Jan/2006:16:26:35 -0500] "GET /englishL/images/navbar.gif HTTP/1.1" 200 2667 "http://www.darwinday.org/" "Mozilla/5.0 (Windows; U; Windows NT 5.1; en-US; rv:1.7.12) Gecko/20050915"
24.215.195.108 - - [27/Jan/2006:16:26:36 -0500] "GET /englishL/home/images/darwinages.gif HTTP/1.1" 200 50309 "http://www.darwinday.org/" "Mozilla/5.0 (Windows; U; Windows NT 5.1; en-US; rv:1.7.12) Gecko/20050915"
24.215.195.108 - - [27/Jan/2006:16:26:36 -0500] "GET /images/arrow.gif HTTP/1.1" 200 112 "http://www.darwinday.org/" "Mozilla/5.0 (Windows; U; Windows NT 5.1; en-US; rv:1.7.12) Gecko/20050915"
24.215.195.108 - - [27/Jan/2006:16:26:36 -0500] "GET /images/dnahorizl.gif HTTP/1.1" 200 2130 "http://www.darwinday.org/" "Mozilla/5.0 (Windows; U; Windows NT 5.1; en-US; rv:1.7.12) Gecko/20050915"
24.215.195.108 - - [27/Jan/2006:16:26:36 -0500] "GET /images/dnahoriz.gif HTTP/1.1" 200 3391 "http://www.darwinday.org/" "Mozilla/5.0 (Windows; U; Windows NT 5.1; en-US; rv:1.7.12) Gecko/20050915"
24.215.195.108 - - [27/Jan/2006:16:26:36 -0500] "GET /images/worldmaptransp.gif HTTP/1.1" 200 128893 "http://www.darwinday.org/" "Mozilla/5.0 (Windows; U; Windows NT 5.1; en-US; rv:1.7.12) Gecko/20050915"
24.215.195.108 - - [27/Jan/2006:16:26:36 -0500] "GET /images/dnahorizr.gif HTTP/1.1" 200 2104 "http://www.darwinday.org/" "Mozilla/5.0 (Windows; U; Windows NT 5.1; en-US; rv:1.7.12) Gecko/20050915"
24.215.195.108 - - [27/Jan/2006:16:26:36 -0500] "GET /englishL/currarts.html HTTP/1.1" 200 5653 "http://www.darwinday.org/" "Mozilla/5.0 (Windows; U; Windows NT 5.1; en-US; rv:1.7.12) Gecko/20050915"
24.215.195.108 - - [27/Jan/2006:16:26:36 -0500] "GET /englishL/home/images/lincoln.gif HTTP/1.1" 200 11057 "http://www.darwinday.org/" "Mozilla/5.0 (Windows; U; Windows NT 5.1; en-US; rv:1.7.12) Gecko/20050915"
24.215.195.108 - - [27/Jan/2006:16:26:36 -0500] "GET /englishL/home/images/darwin.gif HTTP/1.1" 200 13783 "http://www.darwinday.org/" "Mozilla/5.0 (Windows; U; Windows NT 5.1; en-US; rv:1.7.12) Gecko/20050915"
24.215.195.108 - - [27/Jan/2006:16:26:36 -0500] "GET /englishL/home/images/beagle.gif HTTP/1.1" 200 37108 "http://www.darwinday.org/" "Mozilla/5.0 (Windows; U; Windows NT 5.1; en-US; rv:1.7.12) Gecko/20050915"
24.215.195.108 - - [27/Jan/2006:16:26:36 -0500] "GET /images/trans.gif HTTP/1.1" 200 49 "http://www.darwinday.org/" "Mozilla/5.0 (Windows; U; Windows NT 5.1; en-US; rv:1.7.12) Gecko/20050915"
24.215.195.108 - - [27/Jan/2006:16:26:36 -0500] "GET /englishL/home/images/manymore.gif HTTP/1.1" 200 581 "http://www.darwinday.org/" "Mozilla/5.0 (Windows; U; Windows NT 5.1; en-US; rv:1.7.12) Gecko/20050915"
24.215.195.108 - - [27/Jan/2006:16:26:36 -0500] "GET /englishL/home/images/joinus.gif HTTP/1.1" 200 524 "http://www.darwinday.org/" "Mozilla/5.0 (Windows; U; Windows NT 5.1; en-US; rv:1.7.12) Gecko/20050915"
24.215.195.108 - - [27/Jan/2006:16:26:36 -0500] "GET /englishL/home/images/horse.evolution.jpg HTTP/1.1" 200 29612 "http://www.darwinday.org/" "Mozilla/5.0 (Windows; U; Windows NT 5.1; en-US; rv:1.7.12) Gecko/20050915"
24.215.195.108 - - [27/Jan/2006:16:26:36 -0500] "GET /images/DNAlogo.gif HTTP/1.1" 200 1370 "http://www.darwinday.org/englishL/currarts.html" "Mozilla/5.0 (Windows; U; Windows NT 5.1; en-US; rv:1.7.12) Gecko/20050915"
72.29.233.188 - - [27/Jan/2006:16:26:57 -0500] "GET / HTTP/1.1" 200 25315 "-" "IE/6.0"
210.150.10.92 - - [27/Jan/2006:16:26:59 -0500] "GET /spanishSA/life/images/butlerbeams2-t.jpg HTTP/1.1" 200 29943 "-" "ichiro/2.0 (http://help.goo.ne.jp/door/crawler.html)"
201.217.187.142 - - [27/Jan/2006:16:27:29 -0500] "GET / HTTP/1.1" 304 - "-" "Mozilla/4.0 (compatible; MSIE 6.0; Windows NT 5.1; SV1; .NET CLR 1.1.4322; InfoPath.1)"
201.217.187.142 - - [27/Jan/2006:16:27:31 -0500] "GET /stylesheets/mainenglishL.css HTTP/1.1" 304 - "http://darwinday.org/" "Mozilla/4.0 (compatible; MSIE 6.0; Windows NT 5.1; SV1; .NET CLR 1.1.4322; InfoPath.1)"
201.217.187.142 - - [27/Jan/2006:16:27:34 -0500] "GET /stylesheets/main.css HTTP/1.1" 304 - "http://darwinday.org/" "Mozilla/4.0 (compatible; MSIE 6.0; Windows NT 5.1; SV1; .NET CLR 1.1.4322; InfoPath.1)"
201.217.187.142 - - [27/Jan/2006:16:27:36 -0500] "GET /englishL/images/titletrans.gif HTTP/1.1" 304 - "http://darwinday.org/" "Mozilla/4.0 (compatible; MSIE 6.0; Windows NT 5.1; SV1; .NET CLR 1.1.4322; InfoPath.1)"
201.217.187.142 - - [27/Jan/2006:16:27:39 -0500] "GET /englishL/currarts.html HTTP/1.1" 304 - "http://darwinday.org/" "Mozilla/4.0 (compatible; MSIE 6.0; Windows NT 5.1; SV1; .NET CLR 1.1.4322; InfoPath.1)"
201.217.187.142 - - [27/Jan/2006:16:27:39 -0500] "GET /englishL/images/navbar.gif HTTP/1.1" 304 - "http://darwinday.org/" "Mozilla/4.0 (compatible; MSIE 6.0; Windows NT 5.1; SV1; .NET CLR 1.1.4322; InfoPath.1)"
201.217.187.142 - - [27/Jan/2006:16:27:41 -0500] "GET /englishL/home/images/darwinages.gif HTTP/1.1" 304 - "http://darwinday.org/" "Mozilla/4.0 (compatible; MSIE 6.0; Windows NT 5.1; SV1; .NET CLR 1.1.4322; InfoPath.1)"
201.217.187.142 - - [27/Jan/2006:16:27:41 -0500] "GET /englishL/home/images/lincoln.gif HTTP/1.1" 304 - "http://darwinday.org/" "Mozilla/4.0 (compatible; MSIE 6.0; Windows NT 5.1; SV1; .NET CLR 1.1.4322; InfoPath.1)"
201.217.187.142 - - [27/Jan/2006:16:27:44 -0500] "GET /englishL/home/images/darwin.gif HTTP/1.1" 304 - "http://darwinday.org/" "Mozilla/4.0 (compatible; MSIE 6.0; Windows NT 5.1; SV1; .NET CLR 1.1.4322; InfoPath.1)"
201.217.187.142 - - [27/Jan/2006:16:27:44 -0500] "GET /englishL/home/images/beagle.gif HTTP/1.1" 304 - "http://darwinday.org/" "Mozilla/4.0 (compatible; MSIE 6.0; Windows NT 5.1; SV1; .NET CLR 1.1.4322; InfoPath.1)"
210.150.10.92 - - [27/Jan/2006:16:28:05 -0500] "GET /spanishSA/life/images/darwinlib.jpg HTTP/1.1" 200 140796 "-" "ichiro/2.0 (http://help.goo.ne.jp/door/crawler.html)"
24.215.195.108 - - [27/Jan/2006:16:28:40 -0500] "GET /englishL/evolution/index.html HTTP/1.1" 200 4606 "http://www.darwinday.org/" "Mozilla/5.0 (Windows; U; Windows NT 5.1; en-US; rv:1.7.12) Gecko/20050915"
24.215.195.108 - - [27/Jan/2006:16:28:41 -0500] "GET /images/goldball.gif HTTP/1.1" 200 332 "http://www.darwinday.org/englishL/evolution/index.html" "Mozilla/5.0 (Windows; U; Windows NT 5.1; en-US; rv:1.7.12) Gecko/20050915"
24.215.195.108 - - [27/Jan/2006:16:28:41 -0500] "GET /images/dnagraphic.jpg HTTP/1.1" 200 25020 "http://www.darwinday.org/englishL/evolution/index.html" "Mozilla/5.0 (Windows; U; Windows NT 5.1; en-US; rv:1.7.12) Gecko/20050915"
24.215.195.108 - - [27/Jan/2006:16:28:45 -0500] "GET /englishL/life/index.html HTTP/1.1" 200 9860 "http://www.darwinday.org/englishL/evolution/index.html" "Mozilla/5.0 (Windows; U; Windows NT 5.1; en-US; rv:1.7.12) Gecko/20050915"
129.8.249.10 - - [27/Jan/2006:16:28:51 -0500] "GET /englishL/home/images/darwinages.gif HTTP/1.1" 200 50309 "http://drervin.com/" "Mozilla/4.0 (compatible; MSIE 6.0; Windows NT 5.1; SV1; .NET CLR 1.1.4322; .NET CLR 2.0.50727)"
24.215.195.108 - - [27/Jan/2006:16:28:53 -0500] "GET /englishL/life/beagle.html HTTP/1.1" 200 20574 "http://www.darwinday.org/englishL/life/index.html" "Mozilla/5.0 (Windows; U; Windows NT 5.1; en-US; rv:1.7.12) Gecko/20050915"
24.215.195.108 - - [27/Jan/2006:16:28:54 -0500] "GET /englishL/life/images/beagle/beaglemapsa-t.gif HTTP/1.1" 200 15500 "http://www.darwinday.org/englishL/life/beagle.html" "Mozilla/5.0 (Windows; U; Windows NT 5.1; en-US; rv:1.7.12) Gecko/20050915"
24.215.195.108 - - [27/Jan/2006:16:28:54 -0500] "GET /englishL/life/images/beagle/beaglemapgal-t.gif HTTP/1.1" 200 7651 "http://www.darwinday.org/englishL/life/beagle.html" "Mozilla/5.0 (Windows; U; Windows NT 5.1; en-US; rv:1.7.12) Gecko/20050915"
24.215.195.108 - - [27/Jan/2006:16:28:54 -0500] "GET /englishL/life/images/beagle/tortoise-t.jpg HTTP/1.1" 200 41154 "http://www.darwinday.org/englishL/life/beagle.html" "Mozilla/5.0 (Windows; U; Windows NT 5.1; en-US; rv:1.7.12) Gecko/20050915"
24.215.195.108 - - [27/Jan/2006:16:28:54 -0500] "GET /englishL/life/images/beagle/beaglemap-t.gif HTTP/1.1" 200 17709 "http://www.darwinday.org/englishL/life/beagle.html" "Mozilla/5.0 (Windows; U; Windows NT 5.1; en-US; rv:1.7.12) Gecko/20050915"
24.215.195.108 - - [27/Jan/2006:16:28:54 -0500] "GET /englishL/life/images/beagle/galapagos-t.jpg HTTP/1.1" 200 21187 "http://www.darwinday.org/englishL/life/beagle.html" "Mozilla/5.0 (Windows; U; Windows NT 5.1; en-US; rv:1.7.12) Gecko/20050915"
24.215.195.108 - - [27/Jan/2006:16:28:54 -0500] "GET /englishL/life/images/beagle/finch-t.jpg HTTP/1.1" 200 41018 "http://www.darwinday.org/englishL/life/beagle.html" "Mozilla/5.0 (Windows; U; Windows NT 5.1; en-US; rv:1.7.12) Gecko/20050915"
24.215.195.108 - - [27/Jan/2006:16:28:55 -0500] "GET /englishL/life/images/beagle/iguana-t.jpg HTTP/1.1" 200 32130 "http://www.darwinday.org/englishL/life/beagle.html" "Mozilla/5.0 (Windows; U; Windows NT 5.1; en-US; rv:1.7.12) Gecko/20050915"
24.215.195.108 - - [27/Jan/2006:16:28:55 -0500] "GET /englishL/life/images/beagle/lizard-t.jpg HTTP/1.1" 200 28277 "http://www.darwinday.org/englishL/life/beagle.html" "Mozilla/5.0 (Windows; U; Windows NT 5.1; en-US; rv:1.7.12) Gecko/20050915"
24.215.195.108 - - [27/Jan/2006:16:28:55 -0500] "GET /englishL/life/images/beagle/nancy.jpg HTTP/1.1" 200 80351 "http://www.darwinday.org/englishL/life/beagle.html" "Mozilla/5.0 (Windows; U; Windows NT 5.1; en-US; rv:1.7.12) Gecko/20050915"
210.150.10.92 - - [27/Jan/2006:16:29:09 -0500] "GET /spanishSA/life/images/darwinlib-t.jpg HTTP/1.1" 200 31187 "-" "ichiro/2.0 (http://help.goo.ne.jp/door/crawler.html)"
209.159.170.35 - - [27/Jan/2006:16:29:09 -0500] "GET /stylesheets/main.css HTTP/1.1" 200 658 "http://www.darwinday.org/englishL/home/2006.php" "Mozilla/4.0 (compatible; MSIE 6.0; Windows NT 5.1)"
209.159.170.35 - - [27/Jan/2006:16:29:10 -0500] "GET /images/topleftlogo.gif HTTP/1.1" 200 6907 "http://www.darwinday.org/englishL/home/2006.php" "Mozilla/4.0 (compatible; MSIE 6.0; Windows NT 5.1)"
209.159.170.35 - - [27/Jan/2006:16:29:16 -0500] "GET /images/header.gif HTTP/1.1" 200 26756 "http://www.darwinday.org/englishL/home/2006.php" "Mozilla/4.0 (compatible; MSIE 6.0; Windows NT 5.1)"
209.159.170.35 - - [27/Jan/2006:16:30:04 -0500] "GET /images/worldmaptransp.gif HTTP/1.1" 200 128893 "http://www.darwinday.org/englishL/home/2006.php" "Mozilla/4.0 (compatible; MSIE 6.0; Windows NT 5.1)"
209.159.170.35 - - [27/Jan/2006:16:30:08 -0500] "GET /englishL/images/titletrans.gif HTTP/1.1" 200 15588 "http://www.darwinday.org/englishL/home/2006.php" "Mozilla/4.0 (compatible; MSIE 6.0; Windows NT 5.1)"
209.159.170.35 - - [27/Jan/2006:16:30:11 -0500] "GET /englishL/images/navbar.gif HTTP/1.1" 200 2667 "http://www.darwinday.org/englishL/home/2006.php" "Mozilla/4.0 (compatible; MSIE 6.0; Windows NT 5.1)"
210.150.10.92 - - [27/Jan/2006:16:30:11 -0500] "GET /spanishSA/life/images/shrewscastle.jpg HTTP/1.1" 200 69570 "-" "ichiro/2.0 (http://help.goo.ne.jp/door/crawler.html)"
209.159.170.35 - - [27/Jan/2006:16:30:14 -0500] "GET /englishL/home/2006.php HTTP/1.1" 200 300853 "http://www.google.com/search?q=aol.+++++++++com+++++++++++++++yahoo.+++++++++++com+++++++++++++cox.+++++++++++net++++++++++++++hotmail.++++++++++com++++2006+++Smith++++Morgan+++medical++++directors++email+contacts&hl=en&lr=&start=90&sa=N" "Mozilla/4.0 (compatible; MSIE 6.0; Windows NT 5.1)"
209.159.170.35 - - [27/Jan/2006:16:30:17 -0500] "GET /stylesheets/mainenglishL.css HTTP/1.1" 200 590 "http://www.darwinday.org/englishL/home/2006.php" "Mozilla/4.0 (compatible; MSIE 6.0; Windows NT 5.1)"
210.150.10.92 - - [27/Jan/2006:16:31:15 -0500] "GET /spanishSA/life/images/shrewscastle-t.jpg HTTP/1.1" 200 26731 "-" "ichiro/2.0 (http://help.goo.ne.jp/door/crawler.html)"
66.112.111.161 - - [27/Jan/2006:16:31:39 -0500] "GET /images/topleftlogo.gif HTTP/1.1" 200 6907 "http://moosofderision.blogspot.com/" "Mozilla/4.0 (compatible; MSIE 6.0; Windows NT 5.1; SV1; .NET CLR 1.1.4322)"
210.150.10.92 - - [27/Jan/2006:16:32:20 -0500] "GET /spanishSA/life/images/shrewsabbey.jpg HTTP/1.1" 200 52988 "-" "ichiro/2.0 (http://help.goo.ne.jp/door/crawler.html)"
159.37.7.119 - - [27/Jan/2006:16:32:21 -0500] "GET /images/topleftlogo.gif HTTP/1.0" 304 - "http://www.blogger.com/blog-preview.g" "Mozilla/4.0 (compatible; MSIE 6.0; Windows NT 5.1; SV1; .NET CLR 1.1.4322)"
210.150.10.92 - - [27/Jan/2006:16:33:22 -0500] "GET /spanishSA/life/images/shrewsabbey-t.jpg HTTP/1.1" 200 22022 "-" "ichiro/2.0 (http://help.goo.ne.jp/door/crawler.html)"
210.150.10.92 - - [27/Jan/2006:16:34:28 -0500] "GET /spanishSA/life/images/shrewsabbey2.jpg HTTP/1.1" 200 125304 "-" "ichiro/2.0 (http://help.goo.ne.jp/door/crawler.html)"
159.37.7.119 - - [27/Jan/2006:16:34:52 -0500] "GET /images/topleftlogo.gif HTTP/1.0" 304 - "http://www.blogger.com/blog-preview.g" "Mozilla/4.0 (compatible; MSIE 6.0; Windows NT 5.1; SV1; .NET CLR 1.1.4322)"
72.29.233.186 - - [27/Jan/2006:16:35:26 -0500] "GET / HTTP/1.1" 200 25315 "-" "IE/6.0"
210.150.10.92 - - [27/Jan/2006:16:35:33 -0500] "GET /spanishSA/life/images/shrewsabbey2-t.jpg HTTP/1.1" 200 38605 "-" "ichiro/2.0 (http://help.goo.ne.jp/door/crawler.html)"
82.44.49.23 - - [27/Jan/2006:16:35:37 -0500] "GET /stylesheets/mainenglishL.css HTTP/1.1" 200 590 "http://www.darwinday.org/englishL/life/shrewsbury.html" "Mozilla/4.0 (compatible; MSIE 6.0; Windows NT 5.1)"
82.44.49.23 - - [27/Jan/2006:16:35:37 -0500] "GET /stylesheets/main.css HTTP/1.1" 200 658 "http://www.darwinday.org/englishL/life/shrewsbury.html" "Mozilla/4.0 (compatible; MSIE 6.0; Windows NT 5.1)"
82.44.49.23 - - [27/Jan/2006:16:35:37 -0500] "GET /englishL/life/shrewsbury.html HTTP/1.1" 200 37679 "http://images.google.co.uk/imgres?imgurl=http://www.darwinday.org/englishL/life/images/shoppingcentre.jpg&imgrefurl=http://www.darwinday.org/englishL/life/shrewsbury.html&h=500&w=745&sz=99&tbnid=RflXWTjT3ib3VM:&tbnh=93&tbnw=140&hl=en&start=3&prev=/images%3Fq%3Dshoppingcentre%26svnum%3D10%26hl%3Den%26lr%3D%26sa%3DN" "Mozilla/4.0 (compatible; MSIE 6.0; Windows NT 5.1)"
82.44.49.23 - - [27/Jan/2006:16:35:37 -0500] "GET /images/topleftlogo.gif HTTP/1.1" 200 6907 "http://www.darwinday.org/englishL/life/shrewsbury.html" "Mozilla/4.0 (compatible; MSIE 6.0; Windows NT 5.1)"
82.44.49.23 - - [27/Jan/2006:16:35:37 -0500] "GET /images/header.gif HTTP/1.1" 200 26756 "http://www.darwinday.org/englishL/life/shrewsbury.html" "Mozilla/4.0 (compatible; MSIE 6.0; Windows NT 5.1)"
82.44.49.23 - - [27/Jan/2006:16:35:38 -0500] "GET /englishL/images/titletrans.gif HTTP/1.1" 200 15588 "http://www.darwinday.org/englishL/life/shrewsbury.html" "Mozilla/4.0 (compatible; MSIE 6.0; Windows NT 5.1)"
82.44.49.23 - - [27/Jan/2006:16:35:38 -0500] "GET /englishL/images/navbar.gif HTTP/1.1" 200 2667 "http://www.darwinday.org/englishL/life/shrewsbury.html" "Mozilla/4.0 (compatible; MSIE 6.0; Windows NT 5.1)"
82.44.49.23 - - [27/Jan/2006:16:35:38 -0500] "GET /images/worldmaptransp.gif HTTP/1.1" 200 128893 "http://www.darwinday.org/englishL/life/shrewsbury.html" "Mozilla/4.0 (compatible; MSIE 6.0; Windows NT 5.1)"
82.44.49.23 - - [27/Jan/2006:16:35:39 -0500] "GET /englishL/life/images/shrewsbury.jpg HTTP/1.1" 200 103773 "http://www.darwinday.org/englishL/life/shrewsbury.html" "Mozilla/4.0 (compatible; MSIE 6.0; Windows NT 5.1)"
82.44.49.23 - - [27/Jan/2006:16:35:39 -0500] "GET /englishL/life/images/mountmap-t.jpg HTTP/1.1" 200 61648 "http://www.darwinday.org/englishL/life/shrewsbury.html" "Mozilla/4.0 (compatible; MSIE 6.0; Windows NT 5.1)"
82.44.49.23 - - [27/Jan/2006:16:35:39 -0500] "GET /englishL/life/images/plaque-t.jpg HTTP/1.1" 200 43479 "http://www.darwinday.org/englishL/life/shrewsbury.html" "Mozilla/4.0 (compatible; MSIE 6.0; Windows NT 5.1)"
82.44.49.23 - - [27/Jan/2006:16:35:41 -0500] "GET /englishL/life/images/mountleft-t.jpg HTTP/1.1" 200 20725 "http://www.darwinday.org/englishL/life/shrewsbury.html" "Mozilla/4.0 (compatible; MSIE 6.0; Windows NT 5.1)"
82.44.49.23 - - [27/Jan/2006:16:35:41 -0500] "GET /englishL/life/images/mountfront-t.jpg HTTP/1.1" 200 24718 "http://www.darwinday.org/englishL/life/shrewsbury.html" "Mozilla/4.0 (compatible; MSIE 6.0; Windows NT 5.1)"
82.44.49.23 - - [27/Jan/2006:16:35:42 -0500] "GET /englishL/life/images/mountright-t.jpg HTTP/1.1" 200 19879 "http://www.darwinday.org/englishL/life/shrewsbury.html" "Mozilla/4.0 (compatible; MSIE 6.0; Windows NT 5.1)"
82.44.49.23 - - [27/Jan/2006:16:35:42 -0500] "GET /englishL/life/images/mountfront2-t.jpg HTTP/1.1" 200 26445 "http://www.darwinday.org/englishL/life/shrewsbury.html" "Mozilla/4.0 (compatible; MSIE 6.0; Windows NT 5.1)"
82.44.49.23 - - [27/Jan/2006:16:35:42 -0500] "GET /englishL/life/images/fireplace-t.jpg HTTP/1.1" 200 21734 "http://www.darwinday.org/englishL/life/shrewsbury.html" "Mozilla/4.0 (compatible; MSIE 6.0; Windows NT 5.1)"
82.44.49.23 - - [27/Jan/2006:16:35:42 -0500] "GET /englishL/life/images/saintchads-t.jpg HTTP/1.1" 200 18660 "http://www.darwinday.org/englishL/life/shrewsbury.html" "Mozilla/4.0 (compatible; MSIE 6.0; Windows NT 5.1)"
82.44.49.23 - - [27/Jan/2006:16:35:42 -0500] "GET /englishL/life/images/saintchads_cemetary-t.jpg HTTP/1.1" 200 34330 "http://www.darwinday.org/englishL/life/shrewsbury.html" "Mozilla/4.0 (compatible; MSIE 6.0; Windows NT 5.1)"
82.44.49.23 - - [27/Jan/2006:16:35:43 -0500] "GET /englishL/life/images/saintchads_dingle-t.jpg HTTP/1.1" 200 0 "http://www.darwinday.org/englishL/life/shrewsbury.html" "Mozilla/4.0 (compatible; MSIE 6.0; Windows NT 5.1)"
82.44.49.23 - - [27/Jan/2006:16:35:44 -0500] "GET /englishL/life/images/shoppingcentre.jpg HTTP/1.1" 200 101170 "http://images.google.co.uk/imgres?imgurl=http://www.darwinday.org/englishL/life/images/shoppingcentre.jpg&imgrefurl=http://www.darwinday.org/englishL/life/shrewsbury.html&h=500&w=745&sz=99&tbnid=RflXWTjT3ib3VM:&tbnh=93&tbnw=140&hl=en&prev=/images%3Fq%3Dshoppingcentre%26svnum%3D10%26hl%3Den%26lr%3D%26sa%3DN&frame=small" "Mozilla/4.0 (compatible; MSIE 6.0; Windows NT 5.1)"
159.37.7.119 - - [27/Jan/2006:16:35:50 -0500] "GET /images/topleftlogo.gif HTTP/1.0" 304 - "http://www.blogger.com/blog-preview.g" "Mozilla/4.0 (compatible; MSIE 6.0; Windows NT 5.1; SV1; .NET CLR 1.1.4322)"
210.150.10.92 - - [27/Jan/2006:16:36:35 -0500] "GET /spanishSA/life/images/statueshrewsschool.jpg HTTP/1.1" 200 45457 "-" "ichiro/2.0 (http://help.goo.ne.jp/door/crawler.html)"
159.37.7.119 - - [27/Jan/2006:16:37:30 -0500] "GET /images/topleftlogo.gif HTTP/1.0" 304 - "http://www.blogger.com/blog-preview.g" "Mozilla/4.0 (compatible; MSIE 6.0; Windows NT 5.1; SV1; .NET CLR 1.1.4322)"
210.150.10.92 - - [27/Jan/2006:16:37:39 -0500] "GET /spanishSA/life/images/statueshrewsschool-t.jpg HTTP/1.1" 200 20227 "-" "ichiro/2.0 (http://help.goo.ne.jp/door/crawler.html)"
159.37.7.119 - - [27/Jan/2006:16:37:48 -0500] "GET /images/topleftlogo.gif HTTP/1.0" 304 - "http://www.blogger.com/blog-preview.g" "Mozilla/4.0 (compatible; MSIE 6.0; Windows NT 5.1; SV1; .NET CLR 1.1.4322)"
64.34.145.195 - - [27/Jan/2006:16:37:51 -0500] "GET /robots.txt HTTP/1.0" 404 3372 "-" "SBIder/0.8-dev (SBIder; http://www.sitesell.com/sbider.html; http://support.sitesell.com/contact-support.html)"
64.34.145.195 - - [27/Jan/2006:16:37:51 -0500] "GET /NEWlang/life/emma.html HTTP/1.0" 200 12943 "-" "SBIder/0.8-dev (SBIder; http://www.sitesell.com/sbider.html; http://support.sitesell.com/contact-support.html)"
24.60.174.50 - - [27/Jan/2006:16:38:21 -0500] "GET /englishL/home/images/darwinages.gif HTTP/1.1" 200 50309 "-" "Mozilla/4.0 (compatible; MSIE 6.0; Windows NT 5.1; SV1)"
82.44.49.23 - - [27/Jan/2006:16:38:24 -0500] "GET /englishL/life/images/saintchads_cemetary-t.jpg HTTP/1.1" 206 30354 "http://www.darwinday.org/englishL/life/shrewsbury.html" "Mozilla/4.0 (compatible; MSIE 6.0; Windows NT 5.1)"
82.44.49.23 - - [27/Jan/2006:16:38:24 -0500] "GET /englishL/life/images/saintchads_dingle-t.jpg HTTP/1.1" 200 30689 "http://www.darwinday.org/englishL/life/shrewsbury.html" "Mozilla/4.0 (compatible; MSIE 6.0; Windows NT 5.1)"
159.37.7.119 - - [27/Jan/2006:16:38:24 -0500] "GET /images/topleftlogo.gif HTTP/1.0" 304 - "http://www.blogger.com/blog-preview.g" "Mozilla/4.0 (compatible; MSIE 6.0; Windows NT 5.1; SV1; .NET CLR 1.1.4322)"
82.44.49.23 - - [27/Jan/2006:16:38:24 -0500] "GET /englishL/life/images/dingletwo-t.jpg HTTP/1.1" 200 37926 "http://www.darwinday.org/englishL/life/shrewsbury.html" "Mozilla/4.0 (compatible; MSIE 6.0; Windows NT 5.1)"
82.44.49.23 - - [27/Jan/2006:16:38:25 -0500] "GET /englishL/life/images/dingleone-t.jpg HTTP/1.1" 200 38865 "http://www.darwinday.org/englishL/life/shrewsbury.html" "Mozilla/4.0 (compatible; MSIE 6.0; Windows NT 5.1)"
82.44.49.23 - - [27/Jan/2006:16:38:25 -0500] "GET /englishL/life/images/unitarianone-t.jpg HTTP/1.1" 200 39859 "http://www.darwinday.org/englishL/life/shrewsbury.html" "Mozilla/4.0 (compatible; MSIE 6.0; Windows NT 5.1)"
82.44.49.23 - - [27/Jan/2006:16:38:25 -0500] "GET /englishL/life/images/unitariantwo-t.jpg HTTP/1.1" 200 29648 "http://www.darwinday.org/englishL/life/shrewsbury.html" "Mozilla/4.0 (compatible; MSIE 6.0; Windows NT 5.1)"
82.44.49.23 - - [27/Jan/2006:16:38:25 -0500] "GET /englishL/life/images/plaque-unitarian-t.jpg HTTP/1.1" 200 29898 "http://www.darwinday.org/englishL/life/shrewsbury.html" "Mozilla/4.0 (compatible; MSIE 6.0; Windows NT 5.1)"
82.44.49.23 - - [27/Jan/2006:16:38:25 -0500] "GET /englishL/life/images/casestreet-t.jpg HTTP/1.1" 200 26366 "http://www.darwinday.org/englishL/life/shrewsbury.html" "Mozilla/4.0 (compatible; MSIE 6.0; Windows NT 5.1)"
82.44.49.23 - - [27/Jan/2006:16:38:26 -0500] "GET /englishL/life/images/casesschoolfront-t.jpg HTTP/1.1" 200 27478 "http://www.darwinday.org/englishL/life/shrewsbury.html" "Mozilla/4.0 (compatible; MSIE 6.0; Windows NT 5.1)"
82.44.49.23 - - [27/Jan/2006:16:38:26 -0500] "GET /englishL/life/images/caseschoolback-t.jpg HTTP/1.1" 200 30209 "http://www.darwinday.org/englishL/life/shrewsbury.html" "Mozilla/4.0 (compatible; MSIE 6.0; Windows NT 5.1)"
82.44.49.23 - - [27/Jan/2006:16:38:26 -0500] "GET /englishL/life/images/butlersschool-t.jpg HTTP/1.1" 200 29137 "http://www.darwinday.org/englishL/life/shrewsbury.html" "Mozilla/4.0 (compatible; MSIE 6.0; Windows NT 5.1)"
82.44.49.23 - - [27/Jan/2006:16:38:27 -0500] "GET /englishL/life/images/butlerbeams-t.jpg HTTP/1.1" 200 24783 "http://www.darwinday.org/englishL/life/shrewsbury.html" "Mozilla/4.0 (compatible; MSIE 6.0; Windows NT 5.1)"
82.44.49.23 - - [27/Jan/2006:16:38:27 -0500] "GET /englishL/life/images/butlerbeams2-t.jpg HTTP/1.1" 200 29943 "http://www.darwinday.org/englishL/life/shrewsbury.html" "Mozilla/4.0 (compatible; MSIE 6.0; Windows NT 5.1)"
82.44.49.23 - - [27/Jan/2006:16:38:27 -0500] "GET /englishL/life/images/darwinlib-t.jpg HTTP/1.1" 200 31187 "http://www.darwinday.org/englishL/life/shrewsbury.html" "Mozilla/4.0 (compatible; MSIE 6.0; Windows NT 5.1)"
82.44.49.23 - - [27/Jan/2006:16:38:27 -0500] "GET /englishL/life/images/shrewscastle-t.jpg HTTP/1.1" 200 26731 "http://www.darwinday.org/englishL/life/shrewsbury.html" "Mozilla/4.0 (compatible; MSIE 6.0; Windows NT 5.1)"
82.44.49.23 - - [27/Jan/2006:16:38:27 -0500] "GET /englishL/life/images/shrewsabbey-t.jpg HTTP/1.1" 200 22022 "http://www.darwinday.org/englishL/life/shrewsbury.html" "Mozilla/4.0 (compatible; MSIE 6.0; Windows NT 5.1)"
82.44.49.23 - - [27/Jan/2006:16:38:28 -0500] "GET /englishL/life/images/shrewsabbey2-t.jpg HTTP/1.1" 200 38605 "http://www.darwinday.org/englishL/life/shrewsbury.html" "Mozilla/4.0 (compatible; MSIE 6.0; Windows NT 5.1)"
82.44.49.23 - - [27/Jan/2006:16:38:28 -0500] "GET /englishL/life/images/statueshrewsschool-t.jpg HTTP/1.1" 200 20227 "http://www.darwinday.org/englishL/life/shrewsbury.html" "Mozilla/4.0 (compatible; MSIE 6.0; Windows NT 5.1)"
82.44.49.23 - - [27/Jan/2006:16:38:28 -0500] "GET /englishL/life/images/shoppingcentre-t.jpg HTTP/1.1" 200 33525 "http://www.darwinday.org/englishL/life/shrewsbury.html" "Mozilla/4.0 (compatible; MSIE 6.0; Windows NT 5.1)"
68.142.251.27 - - [27/Jan/2006:16:38:29 -0500] "GET /robots.txt HTTP/1.0" 404 3372 "-" "Mozilla/5.0 (compatible; Yahoo! Slurp; http://help.yahoo.com/help/us/ysearch/slurp)"
68.142.251.21 - - [27/Jan/2006:16:38:29 -0500] "GET /home HTTP/1.0" 301 308 "-" "Mozilla/5.0 (compatible; Yahoo! Slurp; http://help.yahoo.com/help/us/ysearch/slurp)"
68.142.251.21 - - [27/Jan/2006:16:38:30 -0500] "GET /home/ HTTP/1.0" 200 25516 "-" "Mozilla/5.0 (compatible; Yahoo! Slurp; http://help.yahoo.com/help/us/ysearch/slurp)"
72.29.233.186 - - [27/Jan/2006:16:38:34 -0500] "GET / HTTP/1.1" 200 25315 "-" "IE/6.0"
210.150.10.92 - - [27/Jan/2006:16:38:43 -0500] "GET /spanishSA/life/images/shoppingcentre.jpg HTTP/1.1" 200 101170 "-" "ichiro/2.0 (http://help.goo.ne.jp/door/crawler.html)"
159.37.7.119 - - [27/Jan/2006:16:39:01 -0500] "GET /images/topleftlogo.gif HTTP/1.0" 304 - "http://www.blogger.com/blog-preview.g" "Mozilla/4.0 (compatible; MSIE 6.0; Windows NT 5.1; SV1; .NET CLR 1.1.4322)"
159.37.7.119 - - [27/Jan/2006:16:39:30 -0500] "GET /images/topleftlogo.gif HTTP/1.0" 304 - "http://www.blogger.com/blog-preview.g" "Mozilla/4.0 (compatible; MSIE 6.0; Windows NT 5.1; SV1; .NET CLR 1.1.4322)"
210.150.10.92 - - [27/Jan/2006:16:39:46 -0500] "GET /spanishSA/life/images/shoppingcentre-t.jpg HTTP/1.1" 200 33525 "-" "ichiro/2.0 (http://help.goo.ne.jp/door/crawler.html)"
159.37.7.119 - - [27/Jan/2006:16:40:17 -0500] "GET /images/topleftlogo.gif HTTP/1.0" 304 - "http://www.blogger.com/blog-preview.g" "Mozilla/4.0 (compatible; MSIE 6.0; Windows NT 5.1; SV1; .NET CLR 1.1.4322)"
129.8.249.10 - - [27/Jan/2006:16:40:25 -0500] "GET /englishL/home/images/darwinages.gif HTTP/1.1" 304 - "http://www.drervin.com/" "Mozilla/4.0 (compatible; MSIE 6.0; Windows NT 5.1; SV1; .NET CLR 1.1.4322; .NET CLR 2.0.50727)"
159.37.7.119 - - [27/Jan/2006:16:40:47 -0500] "GET /images/topleftlogo.gif HTTP/1.0" 304 - "http://www.blogger.com/blog-preview.g" "Mozilla/4.0 (compatible; MSIE 6.0; Windows NT 5.1; SV1; .NET CLR 1.1.4322)"
210.150.10.92 - - [27/Jan/2006:16:40:54 -0500] "GET /spanishSA/life/images/mountmap.gif HTTP/1.1" 200 323227 "-" "ichiro/2.0 (http://help.goo.ne.jp/door/crawler.html)"
192.25.139.8 - - [27/Jan/2006:16:42:03 -0500] "GET /englishL/life/index.html HTTP/1.0" 200 9860 "-" "Mozilla/4.0 (compatible; MSIE 5.5; Windows NT 5.0) Fetch API Request"
159.37.7.119 - - [27/Jan/2006:16:42:19 -0500] "GET /images/topleftlogo.gif HTTP/1.0" 304 - "http://www.blogger.com/blog-preview.g" "Mozilla/4.0 (compatible; MSIE 6.0; Windows NT 5.1; SV1; .NET CLR 1.1.4322)"
85.187.160.20 - - [27/Jan/2006:16:42:27 -0500] "GET /englishL/life/images/study.jpg HTTP/1.1" 200 113093 "http://hogwarts-bg.com/forum/index.php?showtopic=964" "Mozilla/4.0 (compatible; MSIE 6.0; Windows NT 5.1)"
159.37.7.119 - - [27/Jan/2006:16:43:03 -0500] "GET /images/topleftlogo.gif HTTP/1.0" 304 - "http://moosofderision.blogspot.com/" "Mozilla/4.0 (compatible; MSIE 6.0; Windows NT 5.1; SV1; .NET CLR 1.1.4322)"
