168.10.192.5 - - [27/Jan/2006:14:37:54 -0500] "GET /englishL/life/images/shrewsabbey2-t.jpg HTTP/1.1" 200 38605 "http://www.darwinday.org/englishL/life/shrewsbury.html" "Mozilla/4.0 (compatible; MSIE 6.0; Windows NT 5.1; SV1; .NET CLR 1.1.4322; .NET CLR 2.0.50727)"
168.10.192.5 - - [27/Jan/2006:14:37:54 -0500] "GET /englishL/life/images/shoppingcentre-t.jpg HTTP/1.1" 200 33525 "http://www.darwinday.org/englishL/life/shrewsbury.html" "Mozilla/4.0 (compatible; MSIE 6.0; Windows NT 5.1; SV1; .NET CLR 1.1.4322; .NET CLR 2.0.50727)"
168.10.192.5 - - [27/Jan/2006:14:37:57 -0500] "GET /englishL/life/images/statueshrewsschool-t.jpg HTTP/1.1" 200 20227 "http://www.darwinday.org/englishL/life/shrewsbury.html" "Mozilla/4.0 (compatible; MSIE 6.0; Windows NT 5.1; SV1; .NET CLR 1.1.4322; .NET CLR 2.0.50727)"
168.10.192.5 - - [27/Jan/2006:14:37:59 -0500] "GET /englishL/life/college.html HTTP/1.1" 200 16900 "http://www.darwinday.org/englishL/life/index.html" "Mozilla/4.0 (compatible; MSIE 6.0; Windows NT 5.1; SV1; .NET CLR 1.1.4322; .NET CLR 2.0.50727)"
168.10.192.5 - - [27/Jan/2006:14:38:00 -0500] "GET /englishL/life/images/christscollegequad.jpg HTTP/1.1" 200 116705 "http://www.darwinday.org/englishL/life/college.html" "Mozilla/4.0 (compatible; MSIE 6.0; Windows NT 5.1; SV1; .NET CLR 1.1.4322; .NET CLR 2.0.50727)"
168.10.192.5 - - [27/Jan/2006:14:38:00 -0500] "GET /englishL/life/images/edinburgh.jpg HTTP/1.1" 200 161189 "http://www.darwinday.org/englishL/life/college.html" "Mozilla/4.0 (compatible; MSIE 6.0; Windows NT 5.1; SV1; .NET CLR 1.1.4322; .NET CLR 2.0.50727)"
168.10.192.5 - - [27/Jan/2006:14:38:02 -0500] "GET /englishL/life/images/christscollege.jpg HTTP/1.1" 200 246126 "http://www.darwinday.org/englishL/life/college.html" "Mozilla/4.0 (compatible; MSIE 6.0; Windows NT 5.1; SV1; .NET CLR 1.1.4322; .NET CLR 2.0.50727)"
128.194.135.86 - - [27/Jan/2006:14:38:07 -0500] "GET /dispevent/index.php HTTP/1.1" 404 3393 "-" "IRLbot/2.0 (+http://irl.cs.tamu.edu/crawler)"
168.10.192.5 - - [27/Jan/2006:14:38:19 -0500] "GET /englishL/life/informal.html HTTP/1.1" 200 13801 "http://www.darwinday.org/englishL/life/index.html" "Mozilla/4.0 (compatible; MSIE 6.0; Windows NT 5.1; SV1; .NET CLR 1.1.4322; .NET CLR 2.0.50727)"
168.10.192.5 - - [27/Jan/2006:14:38:24 -0500] "GET /englishL/life/beagle.html HTTP/1.1" 200 20574 "http://www.darwinday.org/englishL/life/index.html" "Mozilla/4.0 (compatible; MSIE 6.0; Windows NT 5.1; SV1; .NET CLR 1.1.4322; .NET CLR 2.0.50727)"
168.10.192.5 - - [27/Jan/2006:14:38:24 -0500] "GET /englishL/life/images/beagle/beaglemap-t.gif HTTP/1.1" 200 17709 "http://www.darwinday.org/englishL/life/beagle.html" "Mozilla/4.0 (compatible; MSIE 6.0; Windows NT 5.1; SV1; .NET CLR 1.1.4322; .NET CLR 2.0.50727)"
168.10.192.5 - - [27/Jan/2006:14:38:25 -0500] "GET /englishL/life/images/beagle/beaglemapsa-t.gif HTTP/1.1" 200 15500 "http://www.darwinday.org/englishL/life/beagle.html" "Mozilla/4.0 (compatible; MSIE 6.0; Windows NT 5.1; SV1; .NET CLR 1.1.4322; .NET CLR 2.0.50727)"
168.10.192.5 - - [27/Jan/2006:14:38:25 -0500] "GET /englishL/life/images/beagle/beaglemapgal-t.gif HTTP/1.1" 200 7651 "http://www.darwinday.org/englishL/life/beagle.html" "Mozilla/4.0 (compatible; MSIE 6.0; Windows NT 5.1; SV1; .NET CLR 1.1.4322; .NET CLR 2.0.50727)"
168.10.192.5 - - [27/Jan/2006:14:38:25 -0500] "GET /englishL/life/images/beagle/tortoise-t.jpg HTTP/1.1" 200 41154 "http://www.darwinday.org/englishL/life/beagle.html" "Mozilla/4.0 (compatible; MSIE 6.0; Windows NT 5.1; SV1; .NET CLR 1.1.4322; .NET CLR 2.0.50727)"
168.10.192.5 - - [27/Jan/2006:14:38:25 -0500] "GET /englishL/life/images/beagle/galapagos-t.jpg HTTP/1.1" 200 21187 "http://www.darwinday.org/englishL/life/beagle.html" "Mozilla/4.0 (compatible; MSIE 6.0; Windows NT 5.1; SV1; .NET CLR 1.1.4322; .NET CLR 2.0.50727)"
168.10.192.5 - - [27/Jan/2006:14:38:25 -0500] "GET /englishL/life/images/beagle/finch-t.jpg HTTP/1.1" 200 41018 "http://www.darwinday.org/englishL/life/beagle.html" "Mozilla/4.0 (compatible; MSIE 6.0; Windows NT 5.1; SV1; .NET CLR 1.1.4322; .NET CLR 2.0.50727)"
168.10.192.5 - - [27/Jan/2006:14:38:25 -0500] "GET /englishL/life/images/beagle/iguana-t.jpg HTTP/1.1" 200 32130 "http://www.darwinday.org/englishL/life/beagle.html" "Mozilla/4.0 (compatible; MSIE 6.0; Windows NT 5.1; SV1; .NET CLR 1.1.4322; .NET CLR 2.0.50727)"
168.10.192.5 - - [27/Jan/2006:14:38:26 -0500] "GET /englishL/life/images/beagle/lizard-t.jpg HTTP/1.1" 200 28277 "http://www.darwinday.org/englishL/life/beagle.html" "Mozilla/4.0 (compatible; MSIE 6.0; Windows NT 5.1; SV1; .NET CLR 1.1.4322; .NET CLR 2.0.50727)"
168.10.192.5 - - [27/Jan/2006:14:38:26 -0500] "GET /englishL/life/images/beagle/nancy.jpg HTTP/1.1" 200 80351 "http://www.darwinday.org/englishL/life/beagle.html" "Mozilla/4.0 (compatible; MSIE 6.0; Windows NT 5.1; SV1; .NET CLR 1.1.4322; .NET CLR 2.0.50727)"
168.10.192.5 - - [27/Jan/2006:14:38:31 -0500] "GET /englishL/life/cambridgeafter.html HTTP/1.1" 200 7385 "http://www.darwinday.org/englishL/life/index.html" "Mozilla/4.0 (compatible; MSIE 6.0; Windows NT 5.1; SV1; .NET CLR 1.1.4322; .NET CLR 2.0.50727)"
65.54.164.34 - - [27/Jan/2006:14:38:54 -0500] "GET /englishL/home/images/lincoln.gif HTTP/1.0" 200 11057 "-" "msnbot/0.9 (+http://search.msn.com/msnbot.htm)"
151.201.249.96 - - [27/Jan/2006:14:39:16 -0500] "GET /stylesheets/mainenglishL.css HTTP/1.1" 200 590 "http://www.darwinday.org/" "Mozilla/4.0 (compatible; MSIE 6.0; Windows NT 5.0; .NET CLR 1.1.4322)"
151.201.249.96 - - [27/Jan/2006:14:39:16 -0500] "GET /images/topleftlogo.gif HTTP/1.1" 200 6907 "http://www.darwinday.org/" "Mozilla/4.0 (compatible; MSIE 6.0; Windows NT 5.0; .NET CLR 1.1.4322)"
151.201.249.96 - - [27/Jan/2006:14:39:16 -0500] "GET / HTTP/1.1" 200 25315 "http://www.google.com/search?q=february&hl=en&lr=&start=10&sa=N" "Mozilla/4.0 (compatible; MSIE 6.0; Windows NT 5.0; .NET CLR 1.1.4322)"
151.201.249.96 - - [27/Jan/2006:14:39:16 -0500] "GET /stylesheets/main.css HTTP/1.1" 200 658 "http://www.darwinday.org/" "Mozilla/4.0 (compatible; MSIE 6.0; Windows NT 5.0; .NET CLR 1.1.4322)"
151.201.249.96 - - [27/Jan/2006:14:39:16 -0500] "GET /images/header.gif HTTP/1.1" 200 26756 "http://www.darwinday.org/" "Mozilla/4.0 (compatible; MSIE 6.0; Windows NT 5.0; .NET CLR 1.1.4322)"
151.201.249.96 - - [27/Jan/2006:14:39:17 -0500] "GET /englishL/currarts.html HTTP/1.1" 200 5653 "http://www.darwinday.org/" "Mozilla/4.0 (compatible; MSIE 6.0; Windows NT 5.0; .NET CLR 1.1.4322)"
151.201.249.96 - - [27/Jan/2006:14:39:17 -0500] "GET /englishL/images/titletrans.gif HTTP/1.1" 200 15588 "http://www.darwinday.org/" "Mozilla/4.0 (compatible; MSIE 6.0; Windows NT 5.0; .NET CLR 1.1.4322)"
151.201.249.96 - - [27/Jan/2006:14:39:17 -0500] "GET /englishL/images/navbar.gif HTTP/1.1" 200 2667 "http://www.darwinday.org/" "Mozilla/4.0 (compatible; MSIE 6.0; Windows NT 5.0; .NET CLR 1.1.4322)"
151.201.249.96 - - [27/Jan/2006:14:39:17 -0500] "GET /images/worldmaptransp.gif HTTP/1.1" 200 128893 "http://www.darwinday.org/" "Mozilla/4.0 (compatible; MSIE 6.0; Windows NT 5.0; .NET CLR 1.1.4322)"
151.201.249.96 - - [27/Jan/2006:14:39:17 -0500] "GET /images/arrow.gif HTTP/1.1" 200 112 "http://www.darwinday.org/" "Mozilla/4.0 (compatible; MSIE 6.0; Windows NT 5.0; .NET CLR 1.1.4322)"
151.201.249.96 - - [27/Jan/2006:14:39:17 -0500] "GET /images/dnahoriz.gif HTTP/1.1" 200 3391 "http://www.darwinday.org/" "Mozilla/4.0 (compatible; MSIE 6.0; Windows NT 5.0; .NET CLR 1.1.4322)"
151.201.249.96 - - [27/Jan/2006:14:39:17 -0500] "GET /images/dnahorizl.gif HTTP/1.1" 200 2130 "http://www.darwinday.org/" "Mozilla/4.0 (compatible; MSIE 6.0; Windows NT 5.0; .NET CLR 1.1.4322)"
151.201.249.96 - - [27/Jan/2006:14:39:18 -0500] "GET /englishL/home/images/darwinages.gif HTTP/1.1" 200 50309 "http://www.darwinday.org/" "Mozilla/4.0 (compatible; MSIE 6.0; Windows NT 5.0; .NET CLR 1.1.4322)"
151.201.249.96 - - [27/Jan/2006:14:39:18 -0500] "GET /images/dnahorizr.gif HTTP/1.1" 200 2104 "http://www.darwinday.org/" "Mozilla/4.0 (compatible; MSIE 6.0; Windows NT 5.0; .NET CLR 1.1.4322)"
151.201.249.96 - - [27/Jan/2006:14:39:18 -0500] "GET /englishL/home/images/lincoln.gif HTTP/1.1" 200 11057 "http://www.darwinday.org/" "Mozilla/4.0 (compatible; MSIE 6.0; Windows NT 5.0; .NET CLR 1.1.4322)"
151.201.249.96 - - [27/Jan/2006:14:39:18 -0500] "GET /englishL/home/images/darwin.gif HTTP/1.1" 200 13783 "http://www.darwinday.org/" "Mozilla/4.0 (compatible; MSIE 6.0; Windows NT 5.0; .NET CLR 1.1.4322)"
151.201.249.96 - - [27/Jan/2006:14:39:18 -0500] "GET /englishL/home/images/manymore.gif HTTP/1.1" 200 581 "http://www.darwinday.org/" "Mozilla/4.0 (compatible; MSIE 6.0; Windows NT 5.0; .NET CLR 1.1.4322)"
151.201.249.96 - - [27/Jan/2006:14:39:18 -0500] "GET /englishL/home/images/beagle.gif HTTP/1.1" 200 37108 "http://www.darwinday.org/" "Mozilla/4.0 (compatible; MSIE 6.0; Windows NT 5.0; .NET CLR 1.1.4322)"
151.201.249.96 - - [27/Jan/2006:14:39:18 -0500] "GET /images/trans.gif HTTP/1.1" 200 49 "http://www.darwinday.org/" "Mozilla/4.0 (compatible; MSIE 6.0; Windows NT 5.0; .NET CLR 1.1.4322)"
151.201.249.96 - - [27/Jan/2006:14:39:18 -0500] "GET /englishL/home/images/joinus.gif HTTP/1.1" 200 524 "http://www.darwinday.org/" "Mozilla/4.0 (compatible; MSIE 6.0; Windows NT 5.0; .NET CLR 1.1.4322)"
151.201.249.96 - - [27/Jan/2006:14:39:18 -0500] "GET /englishL/home/images/horse.evolution.jpg HTTP/1.1" 200 29612 "http://www.darwinday.org/" "Mozilla/4.0 (compatible; MSIE 6.0; Windows NT 5.0; .NET CLR 1.1.4322)"
151.201.249.96 - - [27/Jan/2006:14:39:18 -0500] "GET /images/DNAlogo.gif HTTP/1.1" 200 1370 "http://www.darwinday.org/englishL/currarts.html" "Mozilla/4.0 (compatible; MSIE 6.0; Windows NT 5.0; .NET CLR 1.1.4322)"
72.29.233.185 - - [27/Jan/2006:14:39:22 -0500] "GET / HTTP/1.1" 200 25315 "-" "IE/6.0"
82.53.185.153 - - [27/Jan/2006:14:40:50 -0500] "GET /englishL/life/images/beagle/galapagos.jpg HTTP/1.1" 200 54076 "http://search.virgilio.it/search/cgi/search.cgi?qs=galapagos&dom=i&filter=1&hits=12&offset=96" "Mozilla/4.0 (compatible; MSIE 6.0; Windows NT 5.1; SV1)"
64.81.173.208 - - [27/Jan/2006:14:43:23 -0500] "GET /images/dnahorizl.gif HTTP/1.1" 200 2130 "http://www.darwinday.org/" "Mozilla/4.0 (compatible; MSIE 6.0; Windows NT 5.1; en) Opera 8.50"
64.81.173.208 - - [27/Jan/2006:14:43:23 -0500] "GET /images/dnahoriz.gif HTTP/1.1" 200 3391 "http://www.darwinday.org/" "Mozilla/4.0 (compatible; MSIE 6.0; Windows NT 5.1; en) Opera 8.50"
64.81.173.208 - - [27/Jan/2006:14:43:23 -0500] "GET /images/dnahorizr.gif HTTP/1.1" 200 2104 "http://www.darwinday.org/" "Mozilla/4.0 (compatible; MSIE 6.0; Windows NT 5.1; en) Opera 8.50"
64.81.173.208 - - [27/Jan/2006:14:43:23 -0500] "GET /englishL/home/images/lincoln.gif HTTP/1.1" 200 11057 "http://www.darwinday.org/" "Mozilla/4.0 (compatible; MSIE 6.0; Windows NT 5.1; en) Opera 8.50"
64.81.173.208 - - [27/Jan/2006:14:43:24 -0500] "GET /englishL/home/images/manymore.gif HTTP/1.1" 200 581 "http://www.darwinday.org/" "Mozilla/4.0 (compatible; MSIE 6.0; Windows NT 5.1; en) Opera 8.50"
64.81.173.208 - - [27/Jan/2006:14:43:24 -0500] "GET /englishL/home/images/joinus.gif HTTP/1.1" 200 524 "http://www.darwinday.org/" "Mozilla/4.0 (compatible; MSIE 6.0; Windows NT 5.1; en) Opera 8.50"
64.81.173.208 - - [27/Jan/2006:14:43:24 -0500] "GET /englishL/home/images/darwin.gif HTTP/1.1" 200 13783 "http://www.darwinday.org/" "Mozilla/4.0 (compatible; MSIE 6.0; Windows NT 5.1; en) Opera 8.50"
64.81.173.208 - - [27/Jan/2006:14:43:24 -0500] "GET /images/DNAlogo.gif HTTP/1.1" 200 1370 "http://www.darwinday.org/englishL/currarts.html" "Mozilla/4.0 (compatible; MSIE 6.0; Windows NT 5.1; en) Opera 8.50"
64.81.173.208 - - [27/Jan/2006:14:43:24 -0500] "GET /englishL/home/images/beagle.gif HTTP/1.1" 200 37108 "http://www.darwinday.org/" "Mozilla/4.0 (compatible; MSIE 6.0; Windows NT 5.1; en) Opera 8.50"
64.81.173.208 - - [27/Jan/2006:14:43:24 -0500] "GET /englishL/home/images/darwinages.gif HTTP/1.1" 200 50309 "http://www.darwinday.org/" "Mozilla/4.0 (compatible; MSIE 6.0; Windows NT 5.1; en) Opera 8.50"
64.81.173.208 - - [27/Jan/2006:14:43:24 -0500] "GET /images/arrow.gif HTTP/1.1" 200 112 "http://www.darwinday.org/" "Mozilla/4.0 (compatible; MSIE 6.0; Windows NT 5.1; en) Opera 8.50"
64.81.173.208 - - [27/Jan/2006:14:43:25 -0500] "GET /englishL/home/images/horse.evolution.jpg HTTP/1.1" 200 17116 "http://www.darwinday.org/" "Mozilla/4.0 (compatible; MSIE 6.0; Windows NT 5.1; en) Opera 8.50"
66.196.91.15 - - [27/Jan/2006:14:43:27 -0500] "GET / HTTP/1.0" 304 - "-" "Mozilla/5.0 (compatible; Yahoo! Slurp; http://help.yahoo.com/help/us/ysearch/slurp)"
192.133.12.101 - - [27/Jan/2006:14:43:38 -0500] "GET / HTTP/1.1" 200 25315 "-" "Mozilla/5.0 (Windows; U; Windows NT 5.1; en-US; rv:1.8) Gecko/20051111 Firefox/1.5"
192.133.12.101 - - [27/Jan/2006:14:43:38 -0500] "GET /stylesheets/mainenglishL.css HTTP/1.1" 200 590 "http://www.darwinday.org/" "Mozilla/5.0 (Windows; U; Windows NT 5.1; en-US; rv:1.8) Gecko/20051111 Firefox/1.5"
192.133.12.101 - - [27/Jan/2006:14:43:38 -0500] "GET /stylesheets/main.css HTTP/1.1" 200 658 "http://www.darwinday.org/" "Mozilla/5.0 (Windows; U; Windows NT 5.1; en-US; rv:1.8) Gecko/20051111 Firefox/1.5"
192.133.12.101 - - [27/Jan/2006:14:43:38 -0500] "GET /images/topleftlogo.gif HTTP/1.1" 200 6907 "http://www.darwinday.org/" "Mozilla/5.0 (Windows; U; Windows NT 5.1; en-US; rv:1.8) Gecko/20051111 Firefox/1.5"
192.133.12.101 - - [27/Jan/2006:14:43:38 -0500] "GET /englishL/currarts.html HTTP/1.1" 200 5653 "http://www.darwinday.org/" "Mozilla/5.0 (Windows; U; Windows NT 5.1; en-US; rv:1.8) Gecko/20051111 Firefox/1.5"
192.133.12.101 - - [27/Jan/2006:14:43:38 -0500] "GET /images/header.gif HTTP/1.1" 200 26756 "http://www.darwinday.org/" "Mozilla/5.0 (Windows; U; Windows NT 5.1; en-US; rv:1.8) Gecko/20051111 Firefox/1.5"
192.133.12.101 - - [27/Jan/2006:14:43:39 -0500] "GET /englishL/images/titletrans.gif HTTP/1.1" 200 15588 "http://www.darwinday.org/" "Mozilla/5.0 (Windows; U; Windows NT 5.1; en-US; rv:1.8) Gecko/20051111 Firefox/1.5"
192.133.12.101 - - [27/Jan/2006:14:43:39 -0500] "GET /englishL/images/navbar.gif HTTP/1.1" 200 2667 "http://www.darwinday.org/" "Mozilla/5.0 (Windows; U; Windows NT 5.1; en-US; rv:1.8) Gecko/20051111 Firefox/1.5"
192.133.12.101 - - [27/Jan/2006:14:43:39 -0500] "GET /images/worldmaptransp.gif HTTP/1.1" 200 128893 "http://www.darwinday.org/" "Mozilla/5.0 (Windows; U; Windows NT 5.1; en-US; rv:1.8) Gecko/20051111 Firefox/1.5"
192.133.12.101 - - [27/Jan/2006:14:43:40 -0500] "GET /englishL/home/images/darwinages.gif HTTP/1.1" 200 50309 "http://www.darwinday.org/" "Mozilla/5.0 (Windows; U; Windows NT 5.1; en-US; rv:1.8) Gecko/20051111 Firefox/1.5"
192.133.12.101 - - [27/Jan/2006:14:43:40 -0500] "GET /images/arrow.gif HTTP/1.1" 200 112 "http://www.darwinday.org/" "Mozilla/5.0 (Windows; U; Windows NT 5.1; en-US; rv:1.8) Gecko/20051111 Firefox/1.5"
192.133.12.101 - - [27/Jan/2006:14:43:40 -0500] "GET /images/dnahorizl.gif HTTP/1.1" 200 2130 "http://www.darwinday.org/" "Mozilla/5.0 (Windows; U; Windows NT 5.1; en-US; rv:1.8) Gecko/20051111 Firefox/1.5"
192.133.12.101 - - [27/Jan/2006:14:43:40 -0500] "GET /images/dnahoriz.gif HTTP/1.1" 200 3391 "http://www.darwinday.org/" "Mozilla/5.0 (Windows; U; Windows NT 5.1; en-US; rv:1.8) Gecko/20051111 Firefox/1.5"
192.133.12.101 - - [27/Jan/2006:14:43:40 -0500] "GET /images/dnahorizr.gif HTTP/1.1" 200 2104 "http://www.darwinday.org/" "Mozilla/5.0 (Windows; U; Windows NT 5.1; en-US; rv:1.8) Gecko/20051111 Firefox/1.5"
192.133.12.101 - - [27/Jan/2006:14:43:40 -0500] "GET /englishL/home/images/lincoln.gif HTTP/1.1" 200 11057 "http://www.darwinday.org/" "Mozilla/5.0 (Windows; U; Windows NT 5.1; en-US; rv:1.8) Gecko/20051111 Firefox/1.5"
192.133.12.101 - - [27/Jan/2006:14:43:41 -0500] "GET /englishL/home/images/darwin.gif HTTP/1.1" 200 13783 "http://www.darwinday.org/" "Mozilla/5.0 (Windows; U; Windows NT 5.1; en-US; rv:1.8) Gecko/20051111 Firefox/1.5"
192.133.12.101 - - [27/Jan/2006:14:43:41 -0500] "GET /images/trans.gif HTTP/1.1" 200 49 "http://www.darwinday.org/" "Mozilla/5.0 (Windows; U; Windows NT 5.1; en-US; rv:1.8) Gecko/20051111 Firefox/1.5"
192.133.12.101 - - [27/Jan/2006:14:43:41 -0500] "GET /englishL/home/images/manymore.gif HTTP/1.1" 200 581 "http://www.darwinday.org/" "Mozilla/5.0 (Windows; U; Windows NT 5.1; en-US; rv:1.8) Gecko/20051111 Firefox/1.5"
192.133.12.101 - - [27/Jan/2006:14:43:41 -0500] "GET /englishL/home/images/joinus.gif HTTP/1.1" 200 524 "http://www.darwinday.org/" "Mozilla/5.0 (Windows; U; Windows NT 5.1; en-US; rv:1.8) Gecko/20051111 Firefox/1.5"
192.133.12.101 - - [27/Jan/2006:14:43:41 -0500] "GET /englishL/home/images/horse.evolution.jpg HTTP/1.1" 200 29612 "http://www.darwinday.org/" "Mozilla/5.0 (Windows; U; Windows NT 5.1; en-US; rv:1.8) Gecko/20051111 Firefox/1.5"
192.133.12.101 - - [27/Jan/2006:14:43:42 -0500] "GET /englishL/home/images/beagle.gif HTTP/1.1" 200 37108 "http://www.darwinday.org/" "Mozilla/5.0 (Windows; U; Windows NT 5.1; en-US; rv:1.8) Gecko/20051111 Firefox/1.5"
192.133.12.101 - - [27/Jan/2006:14:43:42 -0500] "GET /images/DNAlogo.gif HTTP/1.1" 200 1370 "http://www.darwinday.org/englishL/currarts.html" "Mozilla/5.0 (Windows; U; Windows NT 5.1; en-US; rv:1.8) Gecko/20051111 Firefox/1.5"
192.133.12.101 - - [27/Jan/2006:14:43:42 -0500] "GET /favicon.ico HTTP/1.1" 404 3385 "-" "Mozilla/5.0 (Windows; U; Windows NT 5.1; en-US; rv:1.8) Gecko/20051111 Firefox/1.5"
192.133.12.101 - - [27/Jan/2006:14:43:42 -0500] "GET /favicon.ico HTTP/1.1" 404 3385 "-" "Mozilla/5.0 (Windows; U; Windows NT 5.1; en-US; rv:1.8) Gecko/20051111 Firefox/1.5"
72.29.233.184 - - [27/Jan/2006:14:43:50 -0500] "GET / HTTP/1.1" 200 25315 "-" "IE/6.0"
192.133.12.101 - - [27/Jan/2006:14:44:24 -0500] "GET /englishL/newsviews/essays.html HTTP/1.1" 200 7578 "http://www.darwinday.org/" "Mozilla/5.0 (Windows; U; Windows NT 5.1; en-US; rv:1.8) Gecko/20051111 Firefox/1.5"
192.133.12.101 - - [27/Jan/2006:14:44:24 -0500] "GET /images/goldball.gif HTTP/1.1" 200 332 "http://www.darwinday.org/englishL/newsviews/essays.html" "Mozilla/5.0 (Windows; U; Windows NT 5.1; en-US; rv:1.8) Gecko/20051111 Firefox/1.5"
141.225.111.75 - - [27/Jan/2006:14:44:25 -0500] "GET /favicon.ico HTTP/1.1" 404 3385 "-" "Mozilla/5.0 (Macintosh; U; PPC Mac OS X Mach-O; en-US; rv:1.7.8) Gecko/20050511 Firefox/1.0.4"
192.133.12.101 - - [27/Jan/2006:14:44:53 -0500] "GET /englishL/evolution/index.html HTTP/1.1" 200 4606 "http://www.darwinday.org/" "Mozilla/5.0 (Windows; U; Windows NT 5.1; en-US; rv:1.8) Gecko/20051111 Firefox/1.5"
192.133.12.101 - - [27/Jan/2006:14:44:54 -0500] "GET /images/dnagraphic.jpg HTTP/1.1" 200 25020 "http://www.darwinday.org/englishL/evolution/index.html" "Mozilla/5.0 (Windows; U; Windows NT 5.1; en-US; rv:1.8) Gecko/20051111 Firefox/1.5"
210.150.10.92 - - [27/Jan/2006:14:44:54 -0500] "GET /spanishSA/events/index.html HTTP/1.1" 200 4605 "-" "ichiro/2.0 (http://help.goo.ne.jp/door/crawler.html)"
192.133.12.101 - - [27/Jan/2006:14:45:14 -0500] "GET /englishL/newsviews/index.html HTTP/1.1" 200 4903 "http://www.darwinday.org/englishL/evolution/index.html" "Mozilla/5.0 (Windows; U; Windows NT 5.1; en-US; rv:1.8) Gecko/20051111 Firefox/1.5"
170.121.15.35 - - [27/Jan/2006:14:45:18 -0500] "GET /images/topleftlogo.gif HTTP/1.0" 200 6907 "http://www.darwinday.org/englishL/home/2005.php" "Mozilla/4.0 (compatible; MSIE 6.0; Windows NT 5.0)"
170.121.15.35 - - [27/Jan/2006:14:45:18 -0500] "GET /stylesheets/main.css HTTP/1.0" 200 658 "http://www.darwinday.org/englishL/home/2005.php" "Mozilla/4.0 (compatible; MSIE 6.0; Windows NT 5.0)"
170.121.15.35 - - [27/Jan/2006:14:45:18 -0500] "GET /englishL/home/2005.php HTTP/1.0" 200 361324 "http://images.google.com/imgres?imgurl=http://sfatheists.com/images/DarwinDayFlyer2005_small.jpg&imgrefurl=http://www.darwinday.org/englishL/home/2005.php&h=250&w=187&sz=19&tbnid=nm-QD7VDpgseKM:&tbnh=106&tbnw=79&hl=en&start=1&prev=/images%3Fq%3DDarwin%2BDay%26svnum%3D10%26hl%3Den%26lr%3D%26sa%3DG" "Mozilla/4.0 (compatible; MSIE 6.0; Windows NT 5.0)"
192.133.12.101 - - [27/Jan/2006:14:45:19 -0500] "GET /englishL/newsviews/news.html HTTP/1.1" 200 12650 "http://www.darwinday.org/englishL/newsviews/index.html" "Mozilla/5.0 (Windows; U; Windows NT 5.1; en-US; rv:1.8) Gecko/20051111 Firefox/1.5"
170.121.15.35 - - [27/Jan/2006:14:45:19 -0500] "GET /englishL/images/titletrans.gif HTTP/1.0" 200 15588 "http://www.darwinday.org/englishL/home/2005.php" "Mozilla/4.0 (compatible; MSIE 6.0; Windows NT 5.0)"
170.121.15.35 - - [27/Jan/2006:14:45:19 -0500] "GET /englishL/images/navbar.gif HTTP/1.0" 200 2667 "http://www.darwinday.org/englishL/home/2005.php" "Mozilla/4.0 (compatible; MSIE 6.0; Windows NT 5.0)"
170.121.15.35 - - [27/Jan/2006:14:45:19 -0500] "GET /stylesheets/mainenglishL.css HTTP/1.0" 200 590 "http://www.darwinday.org/englishL/home/2005.php" "Mozilla/4.0 (compatible; MSIE 6.0; Windows NT 5.0)"
192.133.12.101 - - [27/Jan/2006:14:45:19 -0500] "GET /englishL/newsviews/images/mayr.gif HTTP/1.1" 200 11643 "http://www.darwinday.org/englishL/newsviews/news.html" "Mozilla/5.0 (Windows; U; Windows NT 5.1; en-US; rv:1.8) Gecko/20051111 Firefox/1.5"
170.121.15.35 - - [27/Jan/2006:14:45:19 -0500] "GET /images/header.gif HTTP/1.0" 200 26756 "http://www.darwinday.org/englishL/home/2005.php" "Mozilla/4.0 (compatible; MSIE 6.0; Windows NT 5.0)"
192.133.12.101 - - [27/Jan/2006:14:45:19 -0500] "GET /englishL/newsviews/images/beagleproject.jpg HTTP/1.1" 200 19262 "http://www.darwinday.org/englishL/newsviews/news.html" "Mozilla/5.0 (Windows; U; Windows NT 5.1; en-US; rv:1.8) Gecko/20051111 Firefox/1.5"
170.121.15.35 - - [27/Jan/2006:14:45:19 -0500] "GET /images/worldmaptransp.gif HTTP/1.0" 200 128893 "http://www.darwinday.org/englishL/home/2005.php" "Mozilla/4.0 (compatible; MSIE 6.0; Windows NT 5.0)"
192.133.12.101 - - [27/Jan/2006:14:45:19 -0500] "GET /englishL/newsviews/images/birthplace.gif HTTP/1.1" 200 10900 "http://www.darwinday.org/englishL/newsviews/news.html" "Mozilla/5.0 (Windows; U; Windows NT 5.1; en-US; rv:1.8) Gecko/20051111 Firefox/1.5"
192.133.12.101 - - [27/Jan/2006:14:45:19 -0500] "GET /englishL/newsviews/images/darwinite.jpg HTTP/1.1" 200 17896 "http://www.darwinday.org/englishL/newsviews/news.html" "Mozilla/5.0 (Windows; U; Windows NT 5.1; en-US; rv:1.8) Gecko/20051111 Firefox/1.5"
66.243.212.251 - - [27/Jan/2006:14:45:34 -0500] "GET /stylesheets/mainenglishL.css HTTP/1.1" 200 590 "http://www.darwinday.org/" "Mozilla/4.0 (compatible; MSIE 6.0; Windows NT 5.1; SV1; .NET CLR 1.1.4322)"
66.243.212.251 - - [27/Jan/2006:14:45:34 -0500] "GET /images/topleftlogo.gif HTTP/1.1" 200 6907 "http://www.darwinday.org/" "Mozilla/4.0 (compatible; MSIE 6.0; Windows NT 5.1; SV1; .NET CLR 1.1.4322)"
66.243.212.251 - - [27/Jan/2006:14:45:35 -0500] "GET / HTTP/1.1" 200 25315 "-" "Mozilla/4.0 (compatible; MSIE 6.0; Windows NT 5.1; SV1; .NET CLR 1.1.4322)"
66.243.212.251 - - [27/Jan/2006:14:45:35 -0500] "GET /stylesheets/main.css HTTP/1.1" 200 658 "http://www.darwinday.org/" "Mozilla/4.0 (compatible; MSIE 6.0; Windows NT 5.1; SV1; .NET CLR 1.1.4322)"
66.243.212.251 - - [27/Jan/2006:14:45:36 -0500] "GET /images/header.gif HTTP/1.1" 200 26756 "http://www.darwinday.org/" "Mozilla/4.0 (compatible; MSIE 6.0; Windows NT 5.1; SV1; .NET CLR 1.1.4322)"
66.243.212.251 - - [27/Jan/2006:14:45:36 -0500] "GET /images/worldmaptransp.gif HTTP/1.1" 200 128893 "http://www.darwinday.org/" "Mozilla/4.0 (compatible; MSIE 6.0; Windows NT 5.1; SV1; .NET CLR 1.1.4322)"
66.243.212.251 - - [27/Jan/2006:14:45:37 -0500] "GET /englishL/currarts.html HTTP/1.1" 200 5653 "http://www.darwinday.org/" "Mozilla/4.0 (compatible; MSIE 6.0; Windows NT 5.1; SV1; .NET CLR 1.1.4322)"
66.243.212.251 - - [27/Jan/2006:14:45:37 -0500] "GET /englishL/images/titletrans.gif HTTP/1.1" 200 15588 "http://www.darwinday.org/" "Mozilla/4.0 (compatible; MSIE 6.0; Windows NT 5.1; SV1; .NET CLR 1.1.4322)"
66.243.212.251 - - [27/Jan/2006:14:45:37 -0500] "GET /englishL/images/navbar.gif HTTP/1.1" 200 2667 "http://www.darwinday.org/" "Mozilla/4.0 (compatible; MSIE 6.0; Windows NT 5.1; SV1; .NET CLR 1.1.4322)"
66.243.212.251 - - [27/Jan/2006:14:45:38 -0500] "GET /images/arrow.gif HTTP/1.1" 200 112 "http://www.darwinday.org/" "Mozilla/4.0 (compatible; MSIE 6.0; Windows NT 5.1; SV1; .NET CLR 1.1.4322)"
66.243.212.251 - - [27/Jan/2006:14:45:38 -0500] "GET /images/dnahorizl.gif HTTP/1.1" 200 2130 "http://www.darwinday.org/" "Mozilla/4.0 (compatible; MSIE 6.0; Windows NT 5.1; SV1; .NET CLR 1.1.4322)"
66.243.212.251 - - [27/Jan/2006:14:45:38 -0500] "GET /images/dnahoriz.gif HTTP/1.1" 200 3391 "http://www.darwinday.org/" "Mozilla/4.0 (compatible; MSIE 6.0; Windows NT 5.1; SV1; .NET CLR 1.1.4322)"
66.243.212.251 - - [27/Jan/2006:14:45:38 -0500] "GET /images/dnahorizr.gif HTTP/1.1" 200 2104 "http://www.darwinday.org/" "Mozilla/4.0 (compatible; MSIE 6.0; Windows NT 5.1; SV1; .NET CLR 1.1.4322)"
66.243.212.251 - - [27/Jan/2006:14:45:39 -0500] "GET /englishL/home/images/lincoln.gif HTTP/1.1" 200 11057 "http://www.darwinday.org/" "Mozilla/4.0 (compatible; MSIE 6.0; Windows NT 5.1; SV1; .NET CLR 1.1.4322)"
66.243.212.251 - - [27/Jan/2006:14:45:39 -0500] "GET /englishL/home/images/darwinages.gif HTTP/1.1" 200 50309 "http://www.darwinday.org/" "Mozilla/4.0 (compatible; MSIE 6.0; Windows NT 5.1; SV1; .NET CLR 1.1.4322)"
66.243.212.251 - - [27/Jan/2006:14:45:39 -0500] "GET /englishL/home/images/darwin.gif HTTP/1.1" 200 13783 "http://www.darwinday.org/" "Mozilla/4.0 (compatible; MSIE 6.0; Windows NT 5.1; SV1; .NET CLR 1.1.4322)"
66.92.245.10 - - [27/Jan/2006:14:45:39 -0500] "GET / HTTP/1.1" 304 - "http://www.google.com/search?hl=en&lr=&rls=GGLR%2CGGLR%3A2006-01%2CGGLR%3Aen&q=%22darwin+day%22" "Mozilla/4.0 (compatible; MSIE 6.0; Windows NT 5.1; SV1; .NET CLR 1.1.4322; .NET CLR 2.0.50727)"
66.92.245.10 - - [27/Jan/2006:14:45:40 -0500] "GET /stylesheets/mainenglishL.css HTTP/1.1" 304 - "http://www.darwinday.org/" "Mozilla/4.0 (compatible; MSIE 6.0; Windows NT 5.1; SV1; .NET CLR 1.1.4322; .NET CLR 2.0.50727)"
66.243.212.251 - - [27/Jan/2006:14:45:40 -0500] "GET /images/trans.gif HTTP/1.1" 200 49 "http://www.darwinday.org/" "Mozilla/4.0 (compatible; MSIE 6.0; Windows NT 5.1; SV1; .NET CLR 1.1.4322)"
66.92.245.10 - - [27/Jan/2006:14:45:40 -0500] "GET /stylesheets/main.css HTTP/1.1" 304 - "http://www.darwinday.org/" "Mozilla/4.0 (compatible; MSIE 6.0; Windows NT 5.1; SV1; .NET CLR 1.1.4322; .NET CLR 2.0.50727)"
66.92.245.10 - - [27/Jan/2006:14:45:40 -0500] "GET /images/topleftlogo.gif HTTP/1.1" 304 - "http://www.darwinday.org/" "Mozilla/4.0 (compatible; MSIE 6.0; Windows NT 5.1; SV1; .NET CLR 1.1.4322; .NET CLR 2.0.50727)"
66.243.212.251 - - [27/Jan/2006:14:45:40 -0500] "GET /englishL/home/images/manymore.gif HTTP/1.1" 200 581 "http://www.darwinday.org/" "Mozilla/4.0 (compatible; MSIE 6.0; Windows NT 5.1; SV1; .NET CLR 1.1.4322)"
66.92.245.10 - - [27/Jan/2006:14:45:40 -0500] "GET /images/header.gif HTTP/1.1" 304 - "http://www.darwinday.org/" "Mozilla/4.0 (compatible; MSIE 6.0; Windows NT 5.1; SV1; .NET CLR 1.1.4322; .NET CLR 2.0.50727)"
66.92.245.10 - - [27/Jan/2006:14:45:40 -0500] "GET /images/worldmaptransp.gif HTTP/1.1" 304 - "http://www.darwinday.org/" "Mozilla/4.0 (compatible; MSIE 6.0; Windows NT 5.1; SV1; .NET CLR 1.1.4322; .NET CLR 2.0.50727)"
66.92.245.10 - - [27/Jan/2006:14:45:40 -0500] "GET /englishL/currarts.html HTTP/1.1" 304 - "http://www.darwinday.org/" "Mozilla/4.0 (compatible; MSIE 6.0; Windows NT 5.1; SV1; .NET CLR 1.1.4322; .NET CLR 2.0.50727)"
66.92.245.10 - - [27/Jan/2006:14:45:40 -0500] "GET /englishL/images/titletrans.gif HTTP/1.1" 304 - "http://www.darwinday.org/" "Mozilla/4.0 (compatible; MSIE 6.0; Windows NT 5.1; SV1; .NET CLR 1.1.4322; .NET CLR 2.0.50727)"
66.243.212.251 - - [27/Jan/2006:14:45:40 -0500] "GET /englishL/home/images/joinus.gif HTTP/1.1" 200 524 "http://www.darwinday.org/" "Mozilla/4.0 (compatible; MSIE 6.0; Windows NT 5.1; SV1; .NET CLR 1.1.4322)"
66.92.245.10 - - [27/Jan/2006:14:45:40 -0500] "GET /englishL/images/navbar.gif HTTP/1.1" 304 - "http://www.darwinday.org/" "Mozilla/4.0 (compatible; MSIE 6.0; Windows NT 5.1; SV1; .NET CLR 1.1.4322; .NET CLR 2.0.50727)"
66.92.245.10 - - [27/Jan/2006:14:45:40 -0500] "GET /englishL/home/images/darwinages.gif HTTP/1.1" 304 - "http://www.darwinday.org/" "Mozilla/4.0 (compatible; MSIE 6.0; Windows NT 5.1; SV1; .NET CLR 1.1.4322; .NET CLR 2.0.50727)"
66.243.212.251 - - [27/Jan/2006:14:45:40 -0500] "GET /englishL/home/images/horse.evolution.jpg HTTP/1.1" 200 29612 "http://www.darwinday.org/" "Mozilla/4.0 (compatible; MSIE 6.0; Windows NT 5.1; SV1; .NET CLR 1.1.4322)"
66.92.245.10 - - [27/Jan/2006:14:45:40 -0500] "GET /images/arrow.gif HTTP/1.1" 304 - "http://www.darwinday.org/" "Mozilla/4.0 (compatible; MSIE 6.0; Windows NT 5.1; SV1; .NET CLR 1.1.4322; .NET CLR 2.0.50727)"
66.92.245.10 - - [27/Jan/2006:14:45:40 -0500] "GET /images/dnahorizl.gif HTTP/1.1" 304 - "http://www.darwinday.org/" "Mozilla/4.0 (compatible; MSIE 6.0; Windows NT 5.1; SV1; .NET CLR 1.1.4322; .NET CLR 2.0.50727)"
66.243.212.251 - - [27/Jan/2006:14:45:40 -0500] "GET /englishL/home/images/beagle.gif HTTP/1.1" 200 37108 "http://www.darwinday.org/" "Mozilla/4.0 (compatible; MSIE 6.0; Windows NT 5.1; SV1; .NET CLR 1.1.4322)"
66.92.245.10 - - [27/Jan/2006:14:45:40 -0500] "GET /images/dnahoriz.gif HTTP/1.1" 304 - "http://www.darwinday.org/" "Mozilla/4.0 (compatible; MSIE 6.0; Windows NT 5.1; SV1; .NET CLR 1.1.4322; .NET CLR 2.0.50727)"
66.92.245.10 - - [27/Jan/2006:14:45:40 -0500] "GET /images/dnahorizr.gif HTTP/1.1" 304 - "http://www.darwinday.org/" "Mozilla/4.0 (compatible; MSIE 6.0; Windows NT 5.1; SV1; .NET CLR 1.1.4322; .NET CLR 2.0.50727)"
66.92.245.10 - - [27/Jan/2006:14:45:40 -0500] "GET /englishL/home/images/lincoln.gif HTTP/1.1" 304 - "http://www.darwinday.org/" "Mozilla/4.0 (compatible; MSIE 6.0; Windows NT 5.1; SV1; .NET CLR 1.1.4322; .NET CLR 2.0.50727)"
66.92.245.10 - - [27/Jan/2006:14:45:40 -0500] "GET /englishL/home/images/darwin.gif HTTP/1.1" 304 - "http://www.darwinday.org/" "Mozilla/4.0 (compatible; MSIE 6.0; Windows NT 5.1; SV1; .NET CLR 1.1.4322; .NET CLR 2.0.50727)"
66.92.245.10 - - [27/Jan/2006:14:45:40 -0500] "GET /englishL/home/images/beagle.gif HTTP/1.1" 304 - "http://www.darwinday.org/" "Mozilla/4.0 (compatible; MSIE 6.0; Windows NT 5.1; SV1; .NET CLR 1.1.4322; .NET CLR 2.0.50727)"
66.92.245.10 - - [27/Jan/2006:14:45:40 -0500] "GET /images/trans.gif HTTP/1.1" 304 - "http://www.darwinday.org/" "Mozilla/4.0 (compatible; MSIE 6.0; Windows NT 5.1; SV1; .NET CLR 1.1.4322; .NET CLR 2.0.50727)"
66.92.245.10 - - [27/Jan/2006:14:45:41 -0500] "GET /englishL/home/images/manymore.gif HTTP/1.1" 304 - "http://www.darwinday.org/" "Mozilla/4.0 (compatible; MSIE 6.0; Windows NT 5.1; SV1; .NET CLR 1.1.4322; .NET CLR 2.0.50727)"
66.92.245.10 - - [27/Jan/2006:14:45:41 -0500] "GET /englishL/home/images/joinus.gif HTTP/1.1" 304 - "http://www.darwinday.org/" "Mozilla/4.0 (compatible; MSIE 6.0; Windows NT 5.1; SV1; .NET CLR 1.1.4322; .NET CLR 2.0.50727)"
66.92.245.10 - - [27/Jan/2006:14:45:41 -0500] "GET /englishL/home/images/horse.evolution.jpg HTTP/1.1" 304 - "http://www.darwinday.org/" "Mozilla/4.0 (compatible; MSIE 6.0; Windows NT 5.1; SV1; .NET CLR 1.1.4322; .NET CLR 2.0.50727)"
66.92.245.10 - - [27/Jan/2006:14:45:41 -0500] "GET /images/DNAlogo.gif HTTP/1.1" 304 - "http://www.darwinday.org/englishL/currarts.html" "Mozilla/4.0 (compatible; MSIE 6.0; Windows NT 5.1; SV1; .NET CLR 1.1.4322; .NET CLR 2.0.50727)"
66.243.212.251 - - [27/Jan/2006:14:45:41 -0500] "GET /images/DNAlogo.gif HTTP/1.1" 200 1370 "http://www.darwinday.org/englishL/currarts.html" "Mozilla/4.0 (compatible; MSIE 6.0; Windows NT 5.1; SV1; .NET CLR 1.1.4322)"
66.92.245.10 - - [27/Jan/2006:14:45:50 -0500] "GET /englishL/home/2005.php HTTP/1.1" 200 362406 "http://www.darwinday.org/" "Mozilla/4.0 (compatible; MSIE 6.0; Windows NT 5.1; SV1; .NET CLR 1.1.4322; .NET CLR 2.0.50727)"
210.150.10.92 - - [27/Jan/2006:14:45:57 -0500] "GET /spanishSA/life/index.html HTTP/1.1" 200 9884 "-" "ichiro/2.0 (http://help.goo.ne.jp/door/crawler.html)"
66.92.245.10 - - [27/Jan/2006:14:46:52 -0500] "GET /englishL/home/2007.html HTTP/1.1" 200 4314 "http://www.darwinday.org/" "Mozilla/4.0 (compatible; MSIE 6.0; Windows NT 5.1; SV1; .NET CLR 1.1.4322; .NET CLR 2.0.50727)"
66.92.245.10 - - [27/Jan/2006:14:46:53 -0500] "GET /englishL/home/images/iowa_proc-t.gif HTTP/1.1" 200 9193 "http://www.darwinday.org/englishL/home/2007.html" "Mozilla/4.0 (compatible; MSIE 6.0; Windows NT 5.1; SV1; .NET CLR 1.1.4322; .NET CLR 2.0.50727)"
210.150.10.92 - - [27/Jan/2006:14:47:00 -0500] "GET /spanishSA/evolution/index.html HTTP/1.1" 200 4600 "-" "ichiro/2.0 (http://help.goo.ne.jp/door/crawler.html)"
66.92.245.10 - - [27/Jan/2006:14:47:04 -0500] "GET /englishL/newsviews/index.html HTTP/1.1" 200 4903 "http://www.darwinday.org/" "Mozilla/4.0 (compatible; MSIE 6.0; Windows NT 5.1; SV1; .NET CLR 1.1.4322; .NET CLR 2.0.50727)"
66.92.245.10 - - [27/Jan/2006:14:47:04 -0500] "GET /images/goldball.gif HTTP/1.1" 200 332 "http://www.darwinday.org/englishL/newsviews/index.html" "Mozilla/4.0 (compatible; MSIE 6.0; Windows NT 5.1; SV1; .NET CLR 1.1.4322; .NET CLR 2.0.50727)"
66.92.245.10 - - [27/Jan/2006:14:47:06 -0500] "GET /englishL/events/index.html HTTP/1.1" 200 4612 "http://www.darwinday.org/englishL/newsviews/index.html" "Mozilla/4.0 (compatible; MSIE 6.0; Windows NT 5.1; SV1; .NET CLR 1.1.4322; .NET CLR 2.0.50727)"
66.92.245.10 - - [27/Jan/2006:14:47:10 -0500] "GET /englishL/assistevent/index.html HTTP/1.1" 200 25366 "http://www.darwinday.org/englishL/events/index.html" "Mozilla/4.0 (compatible; MSIE 6.0; Windows NT 5.1; SV1; .NET CLR 1.1.4322; .NET CLR 2.0.50727)"
210.150.10.92 - - [27/Jan/2006:14:48:03 -0500] "GET /spanishSA/newsviews/index.html HTTP/1.1" 200 4902 "-" "ichiro/2.0 (http://help.goo.ne.jp/door/crawler.html)"
68.217.93.12 - - [27/Jan/2006:14:48:06 -0500] "GET /stylesheets/mainenglishL.css HTTP/1.1" 200 590 "http://www.darwinday.org" "Mozilla/4.0 (compatible; MSIE 6.0; Windows NT 5.1; AT&T CSM6.0; SV1; .NET CLR 1.1.4322; SpamBlockerUtility 4.6.1)"
68.217.93.12 - - [27/Jan/2006:14:48:06 -0500] "GET /stylesheets/main.css HTTP/1.1" 200 658 "http://www.darwinday.org" "Mozilla/4.0 (compatible; MSIE 6.0; Windows NT 5.1; AT&T CSM6.0; SV1; .NET CLR 1.1.4322; SpamBlockerUtility 4.6.1)"
68.217.93.12 - - [27/Jan/2006:14:48:06 -0500] "GET /images/topleftlogo.gif HTTP/1.1" 200 6907 "http://www.darwinday.org" "Mozilla/4.0 (compatible; MSIE 6.0; Windows NT 5.1; AT&T CSM6.0; SV1; .NET CLR 1.1.4322; SpamBlockerUtility 4.6.1)"
68.217.93.12 - - [27/Jan/2006:14:48:06 -0500] "GET /englishL/images/navbar.gif HTTP/1.1" 200 2667 "http://www.darwinday.org" "Mozilla/4.0 (compatible; MSIE 6.0; Windows NT 5.1; AT&T CSM6.0; SV1; .NET CLR 1.1.4322; SpamBlockerUtility 4.6.1)"
68.217.93.12 - - [27/Jan/2006:14:48:06 -0500] "GET / HTTP/1.1" 200 25315 "-" "Mozilla/4.0 (compatible; MSIE 6.0; Windows NT 5.1; AT&T CSM6.0; SV1; .NET CLR 1.1.4322; SpamBlockerUtility 4.6.1)"
68.217.93.12 - - [27/Jan/2006:14:48:06 -0500] "GET /images/arrow.gif HTTP/1.1" 200 112 "http://www.darwinday.org" "Mozilla/4.0 (compatible; MSIE 6.0; Windows NT 5.1; AT&T CSM6.0; SV1; .NET CLR 1.1.4322; SpamBlockerUtility 4.6.1)"
68.217.93.12 - - [27/Jan/2006:14:48:07 -0500] "GET /englishL/currarts.html HTTP/1.1" 200 5653 "http://www.darwinday.org" "Mozilla/4.0 (compatible; MSIE 6.0; Windows NT 5.1; AT&T CSM6.0; SV1; .NET CLR 1.1.4322; SpamBlockerUtility 4.6.1)"
68.217.93.12 - - [27/Jan/2006:14:48:07 -0500] "GET /images/dnahorizl.gif HTTP/1.1" 200 2130 "http://www.darwinday.org" "Mozilla/4.0 (compatible; MSIE 6.0; Windows NT 5.1; AT&T CSM6.0; SV1; .NET CLR 1.1.4322; SpamBlockerUtility 4.6.1)"
68.217.93.12 - - [27/Jan/2006:14:48:07 -0500] "GET /images/dnahoriz.gif HTTP/1.1" 200 3391 "http://www.darwinday.org" "Mozilla/4.0 (compatible; MSIE 6.0; Windows NT 5.1; AT&T CSM6.0; SV1; .NET CLR 1.1.4322; SpamBlockerUtility 4.6.1)"
68.217.93.12 - - [27/Jan/2006:14:48:07 -0500] "GET /images/dnahorizr.gif HTTP/1.1" 200 2104 "http://www.darwinday.org" "Mozilla/4.0 (compatible; MSIE 6.0; Windows NT 5.1; AT&T CSM6.0; SV1; .NET CLR 1.1.4322; SpamBlockerUtility 4.6.1)"
68.217.93.12 - - [27/Jan/2006:14:48:07 -0500] "GET /englishL/home/images/lincoln.gif HTTP/1.1" 200 11057 "http://www.darwinday.org" "Mozilla/4.0 (compatible; MSIE 6.0; Windows NT 5.1; AT&T CSM6.0; SV1; .NET CLR 1.1.4322; SpamBlockerUtility 4.6.1)"
68.217.93.12 - - [27/Jan/2006:14:48:07 -0500] "GET /images/trans.gif HTTP/1.1" 200 49 "http://www.darwinday.org" "Mozilla/4.0 (compatible; MSIE 6.0; Windows NT 5.1; AT&T CSM6.0; SV1; .NET CLR 1.1.4322; SpamBlockerUtility 4.6.1)"
68.217.93.12 - - [27/Jan/2006:14:48:07 -0500] "GET /englishL/home/images/darwin.gif HTTP/1.1" 200 13783 "http://www.darwinday.org" "Mozilla/4.0 (compatible; MSIE 6.0; Windows NT 5.1; AT&T CSM6.0; SV1; .NET CLR 1.1.4322; SpamBlockerUtility 4.6.1)"
68.217.93.12 - - [27/Jan/2006:14:48:07 -0500] "GET /englishL/home/images/beagle.gif HTTP/1.1" 200 37108 "http://www.darwinday.org" "Mozilla/4.0 (compatible; MSIE 6.0; Windows NT 5.1; AT&T CSM6.0; SV1; .NET CLR 1.1.4322; SpamBlockerUtility 4.6.1)"
68.217.93.12 - - [27/Jan/2006:14:48:07 -0500] "GET /englishL/home/images/manymore.gif HTTP/1.1" 200 581 "http://www.darwinday.org" "Mozilla/4.0 (compatible; MSIE 6.0; Windows NT 5.1; AT&T CSM6.0; SV1; .NET CLR 1.1.4322; SpamBlockerUtility 4.6.1)"
68.217.93.12 - - [27/Jan/2006:14:48:07 -0500] "GET /englishL/home/images/joinus.gif HTTP/1.1" 200 524 "http://www.darwinday.org" "Mozilla/4.0 (compatible; MSIE 6.0; Windows NT 5.1; AT&T CSM6.0; SV1; .NET CLR 1.1.4322; SpamBlockerUtility 4.6.1)"
68.217.93.12 - - [27/Jan/2006:14:48:07 -0500] "GET /images/DNAlogo.gif HTTP/1.1" 200 1370 "http://www.darwinday.org/englishL/currarts.html" "Mozilla/4.0 (compatible; MSIE 6.0; Windows NT 5.1; AT&T CSM6.0; SV1; .NET CLR 1.1.4322; SpamBlockerUtility 4.6.1)"
68.217.93.12 - - [27/Jan/2006:14:48:08 -0500] "GET /images/header.gif HTTP/1.1" 200 26756 "http://www.darwinday.org" "Mozilla/4.0 (compatible; MSIE 6.0; Windows NT 5.1; AT&T CSM6.0; SV1; .NET CLR 1.1.4322; SpamBlockerUtility 4.6.1)"
68.217.93.12 - - [27/Jan/2006:14:48:08 -0500] "GET /englishL/images/titletrans.gif HTTP/1.1" 200 15588 "http://www.darwinday.org" "Mozilla/4.0 (compatible; MSIE 6.0; Windows NT 5.1; AT&T CSM6.0; SV1; .NET CLR 1.1.4322; SpamBlockerUtility 4.6.1)"
68.217.93.12 - - [27/Jan/2006:14:48:08 -0500] "GET /englishL/home/images/darwinages.gif HTTP/1.1" 200 50309 "http://www.darwinday.org" "Mozilla/4.0 (compatible; MSIE 6.0; Windows NT 5.1; AT&T CSM6.0; SV1; .NET CLR 1.1.4322; SpamBlockerUtility 4.6.1)"
68.217.93.12 - - [27/Jan/2006:14:48:08 -0500] "GET /englishL/home/images/horse.evolution.jpg HTTP/1.1" 200 29612 "http://www.darwinday.org" "Mozilla/4.0 (compatible; MSIE 6.0; Windows NT 5.1; AT&T CSM6.0; SV1; .NET CLR 1.1.4322; SpamBlockerUtility 4.6.1)"
68.217.93.12 - - [27/Jan/2006:14:48:09 -0500] "GET /images/worldmaptransp.gif HTTP/1.1" 200 128893 "http://www.darwinday.org" "Mozilla/4.0 (compatible; MSIE 6.0; Windows NT 5.1; AT&T CSM6.0; SV1; .NET CLR 1.1.4322; SpamBlockerUtility 4.6.1)"
66.92.245.10 - - [27/Jan/2006:14:48:17 -0500] "GET /englishL/aboutddc/index.html HTTP/1.1" 200 6558 "http://www.darwinday.org/englishL/assistevent/index.html" "Mozilla/4.0 (compatible; MSIE 6.0; Windows NT 5.1; SV1; .NET CLR 1.1.4322; .NET CLR 2.0.50727)"
66.92.245.10 - - [27/Jan/2006:14:48:19 -0500] "GET /englishL/aboutddc/organization.html HTTP/1.1" 200 4043 "http://www.darwinday.org/englishL/aboutddc/index.html" "Mozilla/4.0 (compatible; MSIE 6.0; Windows NT 5.1; SV1; .NET CLR 1.1.4322; .NET CLR 2.0.50727)"
68.217.93.12 - - [27/Jan/2006:14:48:25 -0500] "GET /images/navbar.gif HTTP/1.1" 200 2667 "http://www.darwinday.org/englishL/dispsupport/index.php" "Mozilla/4.0 (compatible; MSIE 6.0; Windows NT 5.1; AT&T CSM6.0; SV1; .NET CLR 1.1.4322; SpamBlockerUtility 4.6.1)"
72.29.233.188 - - [27/Jan/2006:14:48:29 -0500] "GET / HTTP/1.1" 200 25315 "-" "IE/6.0"
68.217.93.12 - - [27/Jan/2006:14:48:29 -0500] "GET /englishL/dispsupport/index.php HTTP/1.1" 200 434192 "-" "Mozilla/4.0 (compatible; MSIE 6.0; Windows NT 5.1; AT&T CSM6.0; SV1; .NET CLR 1.1.4322; SpamBlockerUtility 4.6.1)"
66.92.245.10 - - [27/Jan/2006:14:48:35 -0500] "GET /images/navbar.gif HTTP/1.1" 200 2667 "http://www.darwinday.org/englishL/dispsupport/index.php" "Mozilla/4.0 (compatible; MSIE 6.0; Windows NT 5.1; SV1; .NET CLR 1.1.4322; .NET CLR 2.0.50727)"
66.92.245.10 - - [27/Jan/2006:14:48:38 -0500] "GET /englishL/dispsupport/index.php HTTP/1.1" 200 434192 "http://www.darwinday.org/englishL/aboutddc/index.html" "Mozilla/4.0 (compatible; MSIE 6.0; Windows NT 5.1; SV1; .NET CLR 1.1.4322; .NET CLR 2.0.50727)"
200.141.237.228 - - [27/Jan/2006:14:48:39 -0500] "GET /stylesheets/mainenglishL.css HTTP/1.0" 200 590 "http://www.darwinday.org/" "Mozilla/4.0 (compatible; MSIE 6.0; Windows 98; .NET CLR 1.1.4322)"
200.141.237.228 - - [27/Jan/2006:14:48:39 -0500] "GET / HTTP/1.0" 200 25315 "http://www.google.com.br/search?hl=pt-BR&q=darwin+day&meta=" "Mozilla/4.0 (compatible; MSIE 6.0; Windows 98; .NET CLR 1.1.4322)"
200.141.237.228 - - [27/Jan/2006:14:48:40 -0500] "GET /stylesheets/main.css HTTP/1.0" 200 658 "http://www.darwinday.org/" "Mozilla/4.0 (compatible; MSIE 6.0; Windows 98; .NET CLR 1.1.4322)"
200.141.237.228 - - [27/Jan/2006:14:48:40 -0500] "GET /images/topleftlogo.gif HTTP/1.0" 200 6907 "http://www.darwinday.org/" "Mozilla/4.0 (compatible; MSIE 6.0; Windows 98; .NET CLR 1.1.4322)"
216.56.2.62 - - [27/Jan/2006:14:48:40 -0500] "GET / HTTP/1.1" 200 25315 "http://www.google.com/search?client=firefox-a&rls=org.mozilla%3Aen-US%3Aofficial_s&hl=en&q=darwin+day+org&btnG=Google+Search&safe=active" "Mozilla/5.0 (Windows; U; Windows NT 5.1; en-US; rv:1.7.10) Gecko/20050716 Firefox/1.0.6"
216.56.2.62 - - [27/Jan/2006:14:48:40 -0500] "GET /stylesheets/mainenglishL.css HTTP/1.1" 200 590 "http://www.darwinday.org/" "Mozilla/5.0 (Windows; U; Windows NT 5.1; en-US; rv:1.7.10) Gecko/20050716 Firefox/1.0.6"
216.56.2.62 - - [27/Jan/2006:14:48:40 -0500] "GET /stylesheets/main.css HTTP/1.1" 200 658 "http://www.darwinday.org/" "Mozilla/5.0 (Windows; U; Windows NT 5.1; en-US; rv:1.7.10) Gecko/20050716 Firefox/1.0.6"
216.56.2.62 - - [27/Jan/2006:14:48:40 -0500] "GET /images/topleftlogo.gif HTTP/1.1" 200 6907 "http://www.darwinday.org/" "Mozilla/5.0 (Windows; U; Windows NT 5.1; en-US; rv:1.7.10) Gecko/20050716 Firefox/1.0.6"
216.56.2.62 - - [27/Jan/2006:14:48:41 -0500] "GET /images/header.gif HTTP/1.1" 200 26756 "http://www.darwinday.org/" "Mozilla/5.0 (Windows; U; Windows NT 5.1; en-US; rv:1.7.10) Gecko/20050716 Firefox/1.0.6"
216.56.2.62 - - [27/Jan/2006:14:48:41 -0500] "GET /englishL/images/titletrans.gif HTTP/1.1" 200 15588 "http://www.darwinday.org/" "Mozilla/5.0 (Windows; U; Windows NT 5.1; en-US; rv:1.7.10) Gecko/20050716 Firefox/1.0.6"
200.141.237.228 - - [27/Jan/2006:14:48:41 -0500] "GET /englishL/currarts.html HTTP/1.0" 200 5653 "http://www.darwinday.org/" "Mozilla/4.0 (compatible; MSIE 6.0; Windows 98; .NET CLR 1.1.4322)"
216.56.2.62 - - [27/Jan/2006:14:48:41 -0500] "GET /englishL/images/navbar.gif HTTP/1.1" 200 2667 "http://www.darwinday.org/" "Mozilla/5.0 (Windows; U; Windows NT 5.1; en-US; rv:1.7.10) Gecko/20050716 Firefox/1.0.6"
200.141.237.228 - - [27/Jan/2006:14:48:41 -0500] "GET /images/header.gif HTTP/1.0" 200 26756 "http://www.darwinday.org/" "Mozilla/4.0 (compatible; MSIE 6.0; Windows 98; .NET CLR 1.1.4322)"
216.56.2.62 - - [27/Jan/2006:14:48:42 -0500] "GET /englishL/home/images/darwinages.gif HTTP/1.1" 200 50309 "http://www.darwinday.org/" "Mozilla/5.0 (Windows; U; Windows NT 5.1; en-US; rv:1.7.10) Gecko/20050716 Firefox/1.0.6"
216.56.2.62 - - [27/Jan/2006:14:48:42 -0500] "GET /images/arrow.gif HTTP/1.1" 200 112 "http://www.darwinday.org/" "Mozilla/5.0 (Windows; U; Windows NT 5.1; en-US; rv:1.7.10) Gecko/20050716 Firefox/1.0.6"
216.56.2.62 - - [27/Jan/2006:14:48:42 -0500] "GET /images/dnahorizl.gif HTTP/1.1" 200 2130 "http://www.darwinday.org/" "Mozilla/5.0 (Windows; U; Windows NT 5.1; en-US; rv:1.7.10) Gecko/20050716 Firefox/1.0.6"
216.56.2.62 - - [27/Jan/2006:14:48:42 -0500] "GET /images/dnahoriz.gif HTTP/1.1" 200 3391 "http://www.darwinday.org/" "Mozilla/5.0 (Windows; U; Windows NT 5.1; en-US; rv:1.7.10) Gecko/20050716 Firefox/1.0.6"
216.56.2.62 - - [27/Jan/2006:14:48:42 -0500] "GET /images/dnahorizr.gif HTTP/1.1" 200 2104 "http://www.darwinday.org/" "Mozilla/5.0 (Windows; U; Windows NT 5.1; en-US; rv:1.7.10) Gecko/20050716 Firefox/1.0.6"
216.56.2.62 - - [27/Jan/2006:14:48:42 -0500] "GET /englishL/currarts.html HTTP/1.1" 200 5653 "http://www.darwinday.org/" "Mozilla/5.0 (Windows; U; Windows NT 5.1; en-US; rv:1.7.10) Gecko/20050716 Firefox/1.0.6"
216.56.2.62 - - [27/Jan/2006:14:48:42 -0500] "GET /englishL/home/images/lincoln.gif HTTP/1.1" 200 11057 "http://www.darwinday.org/" "Mozilla/5.0 (Windows; U; Windows NT 5.1; en-US; rv:1.7.10) Gecko/20050716 Firefox/1.0.6"
216.56.2.62 - - [27/Jan/2006:14:48:42 -0500] "GET /englishL/home/images/darwin.gif HTTP/1.1" 200 13783 "http://www.darwinday.org/" "Mozilla/5.0 (Windows; U; Windows NT 5.1; en-US; rv:1.7.10) Gecko/20050716 Firefox/1.0.6"
216.56.2.62 - - [27/Jan/2006:14:48:43 -0500] "GET /englishL/home/images/beagle.gif HTTP/1.1" 200 37108 "http://www.darwinday.org/" "Mozilla/5.0 (Windows; U; Windows NT 5.1; en-US; rv:1.7.10) Gecko/20050716 Firefox/1.0.6"
216.56.2.62 - - [27/Jan/2006:14:48:43 -0500] "GET /images/trans.gif HTTP/1.1" 200 49 "http://www.darwinday.org/" "Mozilla/5.0 (Windows; U; Windows NT 5.1; en-US; rv:1.7.10) Gecko/20050716 Firefox/1.0.6"
216.56.2.62 - - [27/Jan/2006:14:48:43 -0500] "GET /englishL/home/images/manymore.gif HTTP/1.1" 200 581 "http://www.darwinday.org/" "Mozilla/5.0 (Windows; U; Windows NT 5.1; en-US; rv:1.7.10) Gecko/20050716 Firefox/1.0.6"
216.56.2.62 - - [27/Jan/2006:14:48:43 -0500] "GET /englishL/home/images/joinus.gif HTTP/1.1" 200 524 "http://www.darwinday.org/" "Mozilla/5.0 (Windows; U; Windows NT 5.1; en-US; rv:1.7.10) Gecko/20050716 Firefox/1.0.6"
216.56.2.62 - - [27/Jan/2006:14:48:43 -0500] "GET /englishL/home/images/horse.evolution.jpg HTTP/1.1" 200 29612 "http://www.darwinday.org/" "Mozilla/5.0 (Windows; U; Windows NT 5.1; en-US; rv:1.7.10) Gecko/20050716 Firefox/1.0.6"
216.56.2.62 - - [27/Jan/2006:14:48:43 -0500] "GET /images/DNAlogo.gif HTTP/1.1" 200 1370 "http://www.darwinday.org/englishL/currarts.html" "Mozilla/5.0 (Windows; U; Windows NT 5.1; en-US; rv:1.7.10) Gecko/20050716 Firefox/1.0.6"
216.56.2.62 - - [27/Jan/2006:14:48:43 -0500] "GET /images/worldmaptransp.gif HTTP/1.1" 200 128893 "http://www.darwinday.org/" "Mozilla/5.0 (Windows; U; Windows NT 5.1; en-US; rv:1.7.10) Gecko/20050716 Firefox/1.0.6"
200.141.237.228 - - [27/Jan/2006:14:48:43 -0500] "GET /englishL/images/titletrans.gif HTTP/1.0" 200 15588 "http://www.darwinday.org/" "Mozilla/4.0 (compatible; MSIE 6.0; Windows 98; .NET CLR 1.1.4322)"
216.56.2.62 - - [27/Jan/2006:14:48:43 -0500] "GET /favicon.ico HTTP/1.1" 404 3385 "-" "Mozilla/5.0 (Windows; U; Windows NT 5.1; en-US; rv:1.7.10) Gecko/20050716 Firefox/1.0.6"
216.56.2.62 - - [27/Jan/2006:14:48:44 -0500] "GET /favicon.ico HTTP/1.1" 404 3385 "-" "Mozilla/5.0 (Windows; U; Windows NT 5.1; en-US; rv:1.7.10) Gecko/20050716 Firefox/1.0.6"
200.141.237.228 - - [27/Jan/2006:14:48:44 -0500] "GET /englishL/images/navbar.gif HTTP/1.0" 200 2667 "http://www.darwinday.org/" "Mozilla/4.0 (compatible; MSIE 6.0; Windows 98; .NET CLR 1.1.4322)"
200.141.237.228 - - [27/Jan/2006:14:48:45 -0500] "GET /englishL/home/images/darwinages.gif HTTP/1.0" 200 50309 "http://www.darwinday.org/" "Mozilla/4.0 (compatible; MSIE 6.0; Windows 98; .NET CLR 1.1.4322)"
200.141.237.228 - - [27/Jan/2006:14:48:46 -0500] "GET /images/arrow.gif HTTP/1.0" 200 112 "http://www.darwinday.org/" "Mozilla/4.0 (compatible; MSIE 6.0; Windows 98; .NET CLR 1.1.4322)"
200.141.237.228 - - [27/Jan/2006:14:48:47 -0500] "GET /images/dnahorizl.gif HTTP/1.0" 200 2130 "http://www.darwinday.org/" "Mozilla/4.0 (compatible; MSIE 6.0; Windows 98; .NET CLR 1.1.4322)"
200.141.237.228 - - [27/Jan/2006:14:48:47 -0500] "GET /images/worldmaptransp.gif HTTP/1.0" 200 128893 "http://www.darwinday.org/" "Mozilla/4.0 (compatible; MSIE 6.0; Windows 98; .NET CLR 1.1.4322)"
200.141.237.228 - - [27/Jan/2006:14:48:47 -0500] "GET /images/dnahoriz.gif HTTP/1.0" 200 3391 "http://www.darwinday.org/" "Mozilla/4.0 (compatible; MSIE 6.0; Windows 98; .NET CLR 1.1.4322)"
200.141.237.228 - - [27/Jan/2006:14:48:48 -0500] "GET /images/dnahorizr.gif HTTP/1.0" 200 2104 "http://www.darwinday.org/" "Mozilla/4.0 (compatible; MSIE 6.0; Windows 98; .NET CLR 1.1.4322)"
200.141.237.228 - - [27/Jan/2006:14:48:48 -0500] "GET /englishL/home/images/lincoln.gif HTTP/1.0" 200 11057 "http://www.darwinday.org/" "Mozilla/4.0 (compatible; MSIE 6.0; Windows 98; .NET CLR 1.1.4322)"
200.141.237.228 - - [27/Jan/2006:14:48:48 -0500] "GET /englishL/home/images/darwin.gif HTTP/1.0" 200 13783 "http://www.darwinday.org/" "Mozilla/4.0 (compatible; MSIE 6.0; Windows 98; .NET CLR 1.1.4322)"
200.141.237.228 - - [27/Jan/2006:14:48:50 -0500] "GET /images/trans.gif HTTP/1.0" 200 49 "http://www.darwinday.org/" "Mozilla/4.0 (compatible; MSIE 6.0; Windows 98; .NET CLR 1.1.4322)"
200.141.237.228 - - [27/Jan/2006:14:48:50 -0500] "GET /englishL/home/images/beagle.gif HTTP/1.0" 200 37108 "http://www.darwinday.org/" "Mozilla/4.0 (compatible; MSIE 6.0; Windows 98; .NET CLR 1.1.4322)"
200.141.237.228 - - [27/Jan/2006:14:48:50 -0500] "GET /englishL/home/images/manymore.gif HTTP/1.0" 200 581 "http://www.darwinday.org/" "Mozilla/4.0 (compatible; MSIE 6.0; Windows 98; .NET CLR 1.1.4322)"
200.141.237.228 - - [27/Jan/2006:14:48:50 -0500] "GET /englishL/home/images/joinus.gif HTTP/1.0" 200 524 "http://www.darwinday.org/" "Mozilla/4.0 (compatible; MSIE 6.0; Windows 98; .NET CLR 1.1.4322)"
200.141.237.228 - - [27/Jan/2006:14:48:51 -0500] "GET /images/DNAlogo.gif HTTP/1.0" 200 1370 "http://www.darwinday.org/englishL/currarts.html" "Mozilla/4.0 (compatible; MSIE 6.0; Windows 98; .NET CLR 1.1.4322)"
