206.78.29.216 - - [27/Jan/2006:10:08:33 -0500] "GET /englishL/life/images/saintchads_dingle-t.jpg HTTP/1.0" 200 30689 "http://www.darwinday.org/englishL/life/shrewsbury.html" "Mozilla/4.0 (compatible; MSIE 6.0; Windows NT 5.1)"
206.78.29.216 - - [27/Jan/2006:10:08:33 -0500] "GET /englishL/life/images/dingleone-t.jpg HTTP/1.0" 200 38865 "http://www.darwinday.org/englishL/life/shrewsbury.html" "Mozilla/4.0 (compatible; MSIE 6.0; Windows NT 5.1)"
206.78.29.216 - - [27/Jan/2006:10:08:33 -0500] "GET /englishL/life/images/dingletwo-t.jpg HTTP/1.0" 200 37926 "http://www.darwinday.org/englishL/life/shrewsbury.html" "Mozilla/4.0 (compatible; MSIE 6.0; Windows NT 5.1)"
206.78.29.216 - - [27/Jan/2006:10:08:33 -0500] "GET /englishL/life/images/unitarianone-t.jpg HTTP/1.0" 200 39859 "http://www.darwinday.org/englishL/life/shrewsbury.html" "Mozilla/4.0 (compatible; MSIE 6.0; Windows NT 5.1)"
70.17.118.82 - - [27/Jan/2006:10:08:34 -0500] "GET /favicon.ico HTTP/1.1" 404 3385 "-" "Mozilla/5.0 (Windows; U; Windows NT 5.1; en-US; rv:1.7.10) Gecko/20050716 Firefox/1.0.6"
206.78.29.216 - - [27/Jan/2006:10:08:34 -0500] "GET /englishL/life/images/unitariantwo-t.jpg HTTP/1.0" 200 29648 "http://www.darwinday.org/englishL/life/shrewsbury.html" "Mozilla/4.0 (compatible; MSIE 6.0; Windows NT 5.1)"
206.78.29.216 - - [27/Jan/2006:10:08:35 -0500] "GET /englishL/life/images/plaque-unitarian-t.jpg HTTP/1.0" 200 29898 "http://www.darwinday.org/englishL/life/shrewsbury.html" "Mozilla/4.0 (compatible; MSIE 6.0; Windows NT 5.1)"
206.78.29.216 - - [27/Jan/2006:10:08:35 -0500] "GET /englishL/life/images/casestreet-t.jpg HTTP/1.0" 200 26366 "http://www.darwinday.org/englishL/life/shrewsbury.html" "Mozilla/4.0 (compatible; MSIE 6.0; Windows NT 5.1)"
206.78.29.216 - - [27/Jan/2006:10:08:35 -0500] "GET /englishL/life/images/casesschoolfront-t.jpg HTTP/1.0" 200 27478 "http://www.darwinday.org/englishL/life/shrewsbury.html" "Mozilla/4.0 (compatible; MSIE 6.0; Windows NT 5.1)"
206.78.29.216 - - [27/Jan/2006:10:08:36 -0500] "GET /englishL/life/images/caseschoolback-t.jpg HTTP/1.0" 200 30209 "http://www.darwinday.org/englishL/life/shrewsbury.html" "Mozilla/4.0 (compatible; MSIE 6.0; Windows NT 5.1)"
206.78.29.216 - - [27/Jan/2006:10:08:36 -0500] "GET /englishL/life/images/butlersschool-t.jpg HTTP/1.0" 200 29137 "http://www.darwinday.org/englishL/life/shrewsbury.html" "Mozilla/4.0 (compatible; MSIE 6.0; Windows NT 5.1)"
206.78.29.216 - - [27/Jan/2006:10:08:36 -0500] "GET /englishL/life/images/butlerbeams-t.jpg HTTP/1.0" 200 24783 "http://www.darwinday.org/englishL/life/shrewsbury.html" "Mozilla/4.0 (compatible; MSIE 6.0; Windows NT 5.1)"
206.78.29.216 - - [27/Jan/2006:10:08:37 -0500] "GET /englishL/life/images/butlerbeams2-t.jpg HTTP/1.0" 200 29943 "http://www.darwinday.org/englishL/life/shrewsbury.html" "Mozilla/4.0 (compatible; MSIE 6.0; Windows NT 5.1)"
206.78.29.216 - - [27/Jan/2006:10:08:37 -0500] "GET /englishL/life/images/darwinlib-t.jpg HTTP/1.0" 200 31187 "http://www.darwinday.org/englishL/life/shrewsbury.html" "Mozilla/4.0 (compatible; MSIE 6.0; Windows NT 5.1)"
206.78.29.216 - - [27/Jan/2006:10:08:38 -0500] "GET /englishL/life/images/shrewscastle-t.jpg HTTP/1.0" 200 26731 "http://www.darwinday.org/englishL/life/shrewsbury.html" "Mozilla/4.0 (compatible; MSIE 6.0; Windows NT 5.1)"
206.78.29.216 - - [27/Jan/2006:10:08:38 -0500] "GET /englishL/life/images/shrewsabbey-t.jpg HTTP/1.0" 200 22022 "http://www.darwinday.org/englishL/life/shrewsbury.html" "Mozilla/4.0 (compatible; MSIE 6.0; Windows NT 5.1)"
206.78.29.216 - - [27/Jan/2006:10:08:38 -0500] "GET /englishL/life/images/shrewsabbey2-t.jpg HTTP/1.0" 200 38605 "http://www.darwinday.org/englishL/life/shrewsbury.html" "Mozilla/4.0 (compatible; MSIE 6.0; Windows NT 5.1)"
206.78.29.216 - - [27/Jan/2006:10:08:39 -0500] "GET /englishL/life/images/statueshrewsschool-t.jpg HTTP/1.0" 200 20227 "http://www.darwinday.org/englishL/life/shrewsbury.html" "Mozilla/4.0 (compatible; MSIE 6.0; Windows NT 5.1)"
206.78.29.216 - - [27/Jan/2006:10:08:39 -0500] "GET /englishL/life/images/shoppingcentre-t.jpg HTTP/1.0" 200 33525 "http://www.darwinday.org/englishL/life/shrewsbury.html" "Mozilla/4.0 (compatible; MSIE 6.0; Windows NT 5.1)"
80.58.35.44 - - [27/Jan/2006:10:09:58 -0500] "GET /englishL/home/images/darwinages.gif HTTP/1.0" 200 50309 "http://drervin.com/" "Mozilla/4.0 (compatible; MSIE 6.0; Windows NT 5.1; SV1; .NET CLR 1.1.4322)"
195.195.176.185 - - [27/Jan/2006:10:10:00 -0500] "GET /stylesheets/mainenglishL.css HTTP/1.1" 200 590 "http://www.darwinday.org/" "Mozilla/5.0 (Windows; U; Windows NT 5.1; en-GB; rv:1.7.7) Gecko/20050414 Firefox/1.0.3"
195.195.176.185 - - [27/Jan/2006:10:10:00 -0500] "GET / HTTP/1.1" 200 25315 "http://www.simonyi.ox.ac.uk/dawkins/WorldOfDawkins-archive/News/events.shtml" "Mozilla/5.0 (Windows; U; Windows NT 5.1; en-GB; rv:1.7.7) Gecko/20050414 Firefox/1.0.3"
195.195.176.185 - - [27/Jan/2006:10:10:00 -0500] "GET /stylesheets/main.css HTTP/1.1" 200 658 "http://www.darwinday.org/" "Mozilla/5.0 (Windows; U; Windows NT 5.1; en-GB; rv:1.7.7) Gecko/20050414 Firefox/1.0.3"
195.195.176.185 - - [27/Jan/2006:10:10:00 -0500] "GET /images/topleftlogo.gif HTTP/1.1" 200 6907 "http://www.darwinday.org/" "Mozilla/5.0 (Windows; U; Windows NT 5.1; en-GB; rv:1.7.7) Gecko/20050414 Firefox/1.0.3"
195.195.176.185 - - [27/Jan/2006:10:10:00 -0500] "GET /images/header.gif HTTP/1.1" 200 26756 "http://www.darwinday.org/" "Mozilla/5.0 (Windows; U; Windows NT 5.1; en-GB; rv:1.7.7) Gecko/20050414 Firefox/1.0.3"
195.195.176.185 - - [27/Jan/2006:10:10:01 -0500] "GET /englishL/images/titletrans.gif HTTP/1.1" 200 15588 "http://www.darwinday.org/" "Mozilla/5.0 (Windows; U; Windows NT 5.1; en-GB; rv:1.7.7) Gecko/20050414 Firefox/1.0.3"
195.195.176.185 - - [27/Jan/2006:10:10:01 -0500] "GET /images/worldmaptransp.gif HTTP/1.1" 200 128893 "http://www.darwinday.org/" "Mozilla/5.0 (Windows; U; Windows NT 5.1; en-GB; rv:1.7.7) Gecko/20050414 Firefox/1.0.3"
195.195.176.185 - - [27/Jan/2006:10:10:01 -0500] "GET /englishL/images/navbar.gif HTTP/1.1" 200 2667 "http://www.darwinday.org/" "Mozilla/5.0 (Windows; U; Windows NT 5.1; en-GB; rv:1.7.7) Gecko/20050414 Firefox/1.0.3"
195.195.176.185 - - [27/Jan/2006:10:10:01 -0500] "GET /englishL/home/images/darwinages.gif HTTP/1.1" 200 50309 "http://www.darwinday.org/" "Mozilla/5.0 (Windows; U; Windows NT 5.1; en-GB; rv:1.7.7) Gecko/20050414 Firefox/1.0.3"
195.195.176.185 - - [27/Jan/2006:10:10:01 -0500] "GET /images/arrow.gif HTTP/1.1" 200 112 "http://www.darwinday.org/" "Mozilla/5.0 (Windows; U; Windows NT 5.1; en-GB; rv:1.7.7) Gecko/20050414 Firefox/1.0.3"
195.195.176.185 - - [27/Jan/2006:10:10:01 -0500] "GET /images/dnahorizl.gif HTTP/1.1" 200 2130 "http://www.darwinday.org/" "Mozilla/5.0 (Windows; U; Windows NT 5.1; en-GB; rv:1.7.7) Gecko/20050414 Firefox/1.0.3"
195.195.176.185 - - [27/Jan/2006:10:10:01 -0500] "GET /images/dnahoriz.gif HTTP/1.1" 200 3391 "http://www.darwinday.org/" "Mozilla/5.0 (Windows; U; Windows NT 5.1; en-GB; rv:1.7.7) Gecko/20050414 Firefox/1.0.3"
195.195.176.185 - - [27/Jan/2006:10:10:01 -0500] "GET /images/dnahorizr.gif HTTP/1.1" 200 2104 "http://www.darwinday.org/" "Mozilla/5.0 (Windows; U; Windows NT 5.1; en-GB; rv:1.7.7) Gecko/20050414 Firefox/1.0.3"
195.195.176.185 - - [27/Jan/2006:10:10:01 -0500] "GET /englishL/currarts.html HTTP/1.1" 200 5653 "http://www.darwinday.org/" "Mozilla/5.0 (Windows; U; Windows NT 5.1; en-GB; rv:1.7.7) Gecko/20050414 Firefox/1.0.3"
195.195.176.185 - - [27/Jan/2006:10:10:01 -0500] "GET /englishL/home/images/lincoln.gif HTTP/1.1" 200 11057 "http://www.darwinday.org/" "Mozilla/5.0 (Windows; U; Windows NT 5.1; en-GB; rv:1.7.7) Gecko/20050414 Firefox/1.0.3"
195.195.176.185 - - [27/Jan/2006:10:10:01 -0500] "GET /englishL/home/images/darwin.gif HTTP/1.1" 200 13783 "http://www.darwinday.org/" "Mozilla/5.0 (Windows; U; Windows NT 5.1; en-GB; rv:1.7.7) Gecko/20050414 Firefox/1.0.3"
195.195.176.185 - - [27/Jan/2006:10:10:01 -0500] "GET /englishL/home/images/beagle.gif HTTP/1.1" 200 37108 "http://www.darwinday.org/" "Mozilla/5.0 (Windows; U; Windows NT 5.1; en-GB; rv:1.7.7) Gecko/20050414 Firefox/1.0.3"
195.195.176.185 - - [27/Jan/2006:10:10:01 -0500] "GET /images/trans.gif HTTP/1.1" 200 49 "http://www.darwinday.org/" "Mozilla/5.0 (Windows; U; Windows NT 5.1; en-GB; rv:1.7.7) Gecko/20050414 Firefox/1.0.3"
195.195.176.185 - - [27/Jan/2006:10:10:01 -0500] "GET /englishL/home/images/manymore.gif HTTP/1.1" 200 581 "http://www.darwinday.org/" "Mozilla/5.0 (Windows; U; Windows NT 5.1; en-GB; rv:1.7.7) Gecko/20050414 Firefox/1.0.3"
195.195.176.185 - - [27/Jan/2006:10:10:02 -0500] "GET /englishL/home/images/joinus.gif HTTP/1.1" 200 524 "http://www.darwinday.org/" "Mozilla/5.0 (Windows; U; Windows NT 5.1; en-GB; rv:1.7.7) Gecko/20050414 Firefox/1.0.3"
195.195.176.185 - - [27/Jan/2006:10:10:02 -0500] "GET /images/DNAlogo.gif HTTP/1.1" 200 1370 "http://www.darwinday.org/englishL/currarts.html" "Mozilla/5.0 (Windows; U; Windows NT 5.1; en-GB; rv:1.7.7) Gecko/20050414 Firefox/1.0.3"
195.195.176.185 - - [27/Jan/2006:10:10:02 -0500] "GET /englishL/home/images/horse.evolution.jpg HTTP/1.1" 200 29612 "http://www.darwinday.org/" "Mozilla/5.0 (Windows; U; Windows NT 5.1; en-GB; rv:1.7.7) Gecko/20050414 Firefox/1.0.3"
195.195.176.185 - - [27/Jan/2006:10:10:02 -0500] "GET /favicon.ico HTTP/1.1" 404 3385 "-" "Mozilla/5.0 (Windows; U; Windows NT 5.1; en-GB; rv:1.7.7) Gecko/20050414 Firefox/1.0.3"
195.195.176.185 - - [27/Jan/2006:10:10:02 -0500] "GET /favicon.ico HTTP/1.1" 404 3385 "-" "Mozilla/5.0 (Windows; U; Windows NT 5.1; en-GB; rv:1.7.7) Gecko/20050414 Firefox/1.0.3"
65.96.205.30 - - [27/Jan/2006:10:11:28 -0500] "GET / HTTP/1.1" 200 25315 "http://www.nsta.org/main/calendar/event_detail.php?event_ID=4226" "Mozilla/5.0 (Windows; U; Windows NT 5.1; en-US; rv:1.8) Gecko/20051111 Firefox/1.5"
65.96.205.30 - - [27/Jan/2006:10:11:28 -0500] "GET /stylesheets/mainenglishL.css HTTP/1.1" 200 590 "http://www.darwinday.org/" "Mozilla/5.0 (Windows; U; Windows NT 5.1; en-US; rv:1.8) Gecko/20051111 Firefox/1.5"
65.96.205.30 - - [27/Jan/2006:10:11:28 -0500] "GET /stylesheets/main.css HTTP/1.1" 200 658 "http://www.darwinday.org/" "Mozilla/5.0 (Windows; U; Windows NT 5.1; en-US; rv:1.8) Gecko/20051111 Firefox/1.5"
65.96.205.30 - - [27/Jan/2006:10:11:28 -0500] "GET /images/topleftlogo.gif HTTP/1.1" 200 6907 "http://www.darwinday.org/" "Mozilla/5.0 (Windows; U; Windows NT 5.1; en-US; rv:1.8) Gecko/20051111 Firefox/1.5"
65.96.205.30 - - [27/Jan/2006:10:11:28 -0500] "GET /images/header.gif HTTP/1.1" 200 26756 "http://www.darwinday.org/" "Mozilla/5.0 (Windows; U; Windows NT 5.1; en-US; rv:1.8) Gecko/20051111 Firefox/1.5"
65.96.205.30 - - [27/Jan/2006:10:11:28 -0500] "GET /englishL/images/navbar.gif HTTP/1.1" 200 2667 "http://www.darwinday.org/" "Mozilla/5.0 (Windows; U; Windows NT 5.1; en-US; rv:1.8) Gecko/20051111 Firefox/1.5"
65.96.205.30 - - [27/Jan/2006:10:11:28 -0500] "GET /images/arrow.gif HTTP/1.1" 200 112 "http://www.darwinday.org/" "Mozilla/5.0 (Windows; U; Windows NT 5.1; en-US; rv:1.8) Gecko/20051111 Firefox/1.5"
65.96.205.30 - - [27/Jan/2006:10:11:28 -0500] "GET /images/dnahorizl.gif HTTP/1.1" 200 2130 "http://www.darwinday.org/" "Mozilla/5.0 (Windows; U; Windows NT 5.1; en-US; rv:1.8) Gecko/20051111 Firefox/1.5"
65.96.205.30 - - [27/Jan/2006:10:11:28 -0500] "GET /englishL/currarts.html HTTP/1.1" 200 5653 "http://www.darwinday.org/" "Mozilla/5.0 (Windows; U; Windows NT 5.1; en-US; rv:1.8) Gecko/20051111 Firefox/1.5"
65.96.205.30 - - [27/Jan/2006:10:11:28 -0500] "GET /images/dnahoriz.gif HTTP/1.1" 200 3391 "http://www.darwinday.org/" "Mozilla/5.0 (Windows; U; Windows NT 5.1; en-US; rv:1.8) Gecko/20051111 Firefox/1.5"
65.96.205.30 - - [27/Jan/2006:10:11:28 -0500] "GET /images/dnahorizr.gif HTTP/1.1" 200 2104 "http://www.darwinday.org/" "Mozilla/5.0 (Windows; U; Windows NT 5.1; en-US; rv:1.8) Gecko/20051111 Firefox/1.5"
65.96.205.30 - - [27/Jan/2006:10:11:28 -0500] "GET /englishL/home/images/lincoln.gif HTTP/1.1" 200 11057 "http://www.darwinday.org/" "Mozilla/5.0 (Windows; U; Windows NT 5.1; en-US; rv:1.8) Gecko/20051111 Firefox/1.5"
65.96.205.30 - - [27/Jan/2006:10:11:28 -0500] "GET /englishL/images/titletrans.gif HTTP/1.1" 200 15588 "http://www.darwinday.org/" "Mozilla/5.0 (Windows; U; Windows NT 5.1; en-US; rv:1.8) Gecko/20051111 Firefox/1.5"
65.96.205.30 - - [27/Jan/2006:10:11:28 -0500] "GET /images/trans.gif HTTP/1.1" 200 49 "http://www.darwinday.org/" "Mozilla/5.0 (Windows; U; Windows NT 5.1; en-US; rv:1.8) Gecko/20051111 Firefox/1.5"
65.96.205.30 - - [27/Jan/2006:10:11:28 -0500] "GET /englishL/home/images/manymore.gif HTTP/1.1" 200 581 "http://www.darwinday.org/" "Mozilla/5.0 (Windows; U; Windows NT 5.1; en-US; rv:1.8) Gecko/20051111 Firefox/1.5"
65.96.205.30 - - [27/Jan/2006:10:11:28 -0500] "GET /englishL/home/images/joinus.gif HTTP/1.1" 200 524 "http://www.darwinday.org/" "Mozilla/5.0 (Windows; U; Windows NT 5.1; en-US; rv:1.8) Gecko/20051111 Firefox/1.5"
65.96.205.30 - - [27/Jan/2006:10:11:28 -0500] "GET /englishL/home/images/darwin.gif HTTP/1.1" 200 13783 "http://www.darwinday.org/" "Mozilla/5.0 (Windows; U; Windows NT 5.1; en-US; rv:1.8) Gecko/20051111 Firefox/1.5"
65.96.205.30 - - [27/Jan/2006:10:11:28 -0500] "GET /images/DNAlogo.gif HTTP/1.1" 200 1370 "http://www.darwinday.org/englishL/currarts.html" "Mozilla/5.0 (Windows; U; Windows NT 5.1; en-US; rv:1.8) Gecko/20051111 Firefox/1.5"
65.96.205.30 - - [27/Jan/2006:10:11:28 -0500] "GET /englishL/home/images/horse.evolution.jpg HTTP/1.1" 200 29612 "http://www.darwinday.org/" "Mozilla/5.0 (Windows; U; Windows NT 5.1; en-US; rv:1.8) Gecko/20051111 Firefox/1.5"
65.96.205.30 - - [27/Jan/2006:10:11:28 -0500] "GET /englishL/home/images/beagle.gif HTTP/1.1" 200 37108 "http://www.darwinday.org/" "Mozilla/5.0 (Windows; U; Windows NT 5.1; en-US; rv:1.8) Gecko/20051111 Firefox/1.5"
65.96.205.30 - - [27/Jan/2006:10:11:28 -0500] "GET /englishL/home/images/darwinages.gif HTTP/1.1" 200 50309 "http://www.darwinday.org/" "Mozilla/5.0 (Windows; U; Windows NT 5.1; en-US; rv:1.8) Gecko/20051111 Firefox/1.5"
65.96.205.30 - - [27/Jan/2006:10:11:28 -0500] "GET /images/worldmaptransp.gif HTTP/1.1" 200 128893 "http://www.darwinday.org/" "Mozilla/5.0 (Windows; U; Windows NT 5.1; en-US; rv:1.8) Gecko/20051111 Firefox/1.5"
65.96.205.30 - - [27/Jan/2006:10:11:29 -0500] "GET /favicon.ico HTTP/1.1" 404 3385 "-" "Mozilla/5.0 (Windows; U; Windows NT 5.1; en-US; rv:1.8) Gecko/20051111 Firefox/1.5"
65.96.205.30 - - [27/Jan/2006:10:11:34 -0500] "GET /favicon.ico HTTP/1.1" 404 3385 "-" "-"
206.78.29.216 - - [27/Jan/2006:10:11:41 -0500] "GET /englishL/life/beagle.html HTTP/1.0" 200 20574 "http://www.darwinday.org/englishL/life/index.html" "Mozilla/4.0 (compatible; MSIE 6.0; Windows NT 5.1)"
206.78.29.216 - - [27/Jan/2006:10:11:41 -0500] "GET /englishL/life/images/beagle/beaglemap-t.gif HTTP/1.0" 200 17709 "http://www.darwinday.org/englishL/life/beagle.html" "Mozilla/4.0 (compatible; MSIE 6.0; Windows NT 5.1)"
206.78.29.216 - - [27/Jan/2006:10:11:41 -0500] "GET /englishL/life/images/beagle/beaglemapsa-t.gif HTTP/1.0" 200 15500 "http://www.darwinday.org/englishL/life/beagle.html" "Mozilla/4.0 (compatible; MSIE 6.0; Windows NT 5.1)"
206.78.29.216 - - [27/Jan/2006:10:11:41 -0500] "GET /englishL/life/images/beagle/beaglemapgal-t.gif HTTP/1.0" 200 7651 "http://www.darwinday.org/englishL/life/beagle.html" "Mozilla/4.0 (compatible; MSIE 6.0; Windows NT 5.1)"
206.78.29.216 - - [27/Jan/2006:10:11:42 -0500] "GET /englishL/life/images/beagle/tortoise-t.jpg HTTP/1.0" 200 41154 "http://www.darwinday.org/englishL/life/beagle.html" "Mozilla/4.0 (compatible; MSIE 6.0; Windows NT 5.1)"
206.78.29.216 - - [27/Jan/2006:10:11:42 -0500] "GET /englishL/life/images/beagle/galapagos-t.jpg HTTP/1.0" 200 21187 "http://www.darwinday.org/englishL/life/beagle.html" "Mozilla/4.0 (compatible; MSIE 6.0; Windows NT 5.1)"
206.78.29.216 - - [27/Jan/2006:10:11:42 -0500] "GET /englishL/life/images/beagle/iguana-t.jpg HTTP/1.0" 200 32130 "http://www.darwinday.org/englishL/life/beagle.html" "Mozilla/4.0 (compatible; MSIE 6.0; Windows NT 5.1)"
206.78.29.216 - - [27/Jan/2006:10:11:43 -0500] "GET /englishL/life/images/beagle/lizard-t.jpg HTTP/1.0" 200 28277 "http://www.darwinday.org/englishL/life/beagle.html" "Mozilla/4.0 (compatible; MSIE 6.0; Windows NT 5.1)"
206.78.29.216 - - [27/Jan/2006:10:11:43 -0500] "GET /englishL/life/images/beagle/finch-t.jpg HTTP/1.0" 200 41018 "http://www.darwinday.org/englishL/life/beagle.html" "Mozilla/4.0 (compatible; MSIE 6.0; Windows NT 5.1)"
206.78.29.216 - - [27/Jan/2006:10:11:44 -0500] "GET /englishL/life/images/beagle/nancy.jpg HTTP/1.0" 200 80351 "http://www.darwinday.org/englishL/life/beagle.html" "Mozilla/4.0 (compatible; MSIE 6.0; Windows NT 5.1)"
65.96.205.30 - - [27/Jan/2006:10:11:50 -0500] "GET /englishL/home/2006.php HTTP/1.1" 200 292511 "http://www.darwinday.org/" "Mozilla/5.0 (Windows; U; Windows NT 5.1; en-US; rv:1.8) Gecko/20051111 Firefox/1.5"
205.175.121.163 - - [27/Jan/2006:10:12:24 -0500] "GET /whatsnew/articles/toast.html HTTP/1.1" 404 3402 "http://www.google.com/search?hl=en&lr=&q=darwin+bicentenary+2009" "Mozilla/4.0 (compatible; MSIE 6.0; Windows NT 5.1; SV1; .NET CLR 1.1.4322; .NET CLR 2.0.50727; InfoPath.1)"
65.96.205.30 - - [27/Jan/2006:10:12:24 -0500] "GET /englishL/regemail/index.php HTTP/1.1" 200 6017 "http://www.darwinday.org/" "Mozilla/5.0 (Windows; U; Windows NT 5.1; en-US; rv:1.8) Gecko/20051111 Firefox/1.5"
205.175.121.163 - - [27/Jan/2006:10:12:24 -0500] "GET /whatsnew/articles/images/header.gif HTTP/1.1" 404 3409 "http://www.darwinday.org/whatsnew/articles/toast.html" "Mozilla/4.0 (compatible; MSIE 6.0; Windows NT 5.1; SV1; .NET CLR 1.1.4322; .NET CLR 2.0.50727; InfoPath.1)"
205.175.121.163 - - [27/Jan/2006:10:12:24 -0500] "GET /whatsnew/articles/images/topleftlogo.gif HTTP/1.1" 404 3414 "http://www.darwinday.org/whatsnew/articles/toast.html" "Mozilla/4.0 (compatible; MSIE 6.0; Windows NT 5.1; SV1; .NET CLR 1.1.4322; .NET CLR 2.0.50727; InfoPath.1)"
205.175.121.163 - - [27/Jan/2006:10:12:24 -0500] "GET /whatsnew/articles/images/worldmaptransp.gif HTTP/1.1" 404 3417 "http://www.darwinday.org/whatsnew/articles/toast.html" "Mozilla/4.0 (compatible; MSIE 6.0; Windows NT 5.1; SV1; .NET CLR 1.1.4322; .NET CLR 2.0.50727; InfoPath.1)"
205.175.121.163 - - [27/Jan/2006:10:12:24 -0500] "GET /whatsnew/articles/englishL/images/navbar.gif HTTP/1.1" 404 3418 "http://www.darwinday.org/whatsnew/articles/toast.html" "Mozilla/4.0 (compatible; MSIE 6.0; Windows NT 5.1; SV1; .NET CLR 1.1.4322; .NET CLR 2.0.50727; InfoPath.1)"
205.175.121.163 - - [27/Jan/2006:10:12:24 -0500] "GET /whatsnew/articles/englishL/images/titletrans.gif HTTP/1.1" 404 3422 "http://www.darwinday.org/whatsnew/articles/toast.html" "Mozilla/4.0 (compatible; MSIE 6.0; Windows NT 5.1; SV1; .NET CLR 1.1.4322; .NET CLR 2.0.50727; InfoPath.1)"
206.78.29.216 - - [27/Jan/2006:10:12:30 -0500] "GET /englishL/life/paternal.html HTTP/1.0" 200 3115 "http://www.darwinday.org/englishL/life/index.html" "Mozilla/4.0 (compatible; MSIE 6.0; Windows NT 5.1)"
206.78.29.216 - - [27/Jan/2006:10:12:36 -0500] "GET /englishL/life/maternal.html HTTP/1.0" 200 9363 "http://www.darwinday.org/englishL/life/index.html" "Mozilla/4.0 (compatible; MSIE 6.0; Windows NT 5.1)"
206.78.29.216 - - [27/Jan/2006:10:12:37 -0500] "GET /englishL/life/images/family/josiah.jpg HTTP/1.0" 200 21468 "http://www.darwinday.org/englishL/life/maternal.html" "Mozilla/4.0 (compatible; MSIE 6.0; Windows NT 5.1)"
206.78.29.216 - - [27/Jan/2006:10:12:37 -0500] "GET /englishL/life/images/family/josiah2-t.jpg HTTP/1.0" 200 21401 "http://www.darwinday.org/englishL/life/maternal.html" "Mozilla/4.0 (compatible; MSIE 6.0; Windows NT 5.1)"
206.78.29.216 - - [27/Jan/2006:10:12:38 -0500] "GET /englishL/life/images/family/sarah-t.jpg HTTP/1.0" 200 22191 "http://www.darwinday.org/englishL/life/maternal.html" "Mozilla/4.0 (compatible; MSIE 6.0; Windows NT 5.1)"
206.78.29.216 - - [27/Jan/2006:10:12:38 -0500] "GET /englishL/life/images/family/sarah-josiah.jpg HTTP/1.0" 200 28518 "http://www.darwinday.org/englishL/life/maternal.html" "Mozilla/4.0 (compatible; MSIE 6.0; Windows NT 5.1)"
65.96.205.30 - - [27/Jan/2006:10:12:39 -0500] "POST /englishL/regemail/index.php? HTTP/1.1" 302 6017 "http://www.darwinday.org/englishL/regemail/index.php" "Mozilla/5.0 (Windows; U; Windows NT 5.1; en-US; rv:1.8) Gecko/20051111 Firefox/1.5"
65.96.205.30 - - [27/Jan/2006:10:12:39 -0500] "GET /englishL/home/index.html? HTTP/1.1" 200 25693 "http://www.darwinday.org/englishL/regemail/index.php" "Mozilla/5.0 (Windows; U; Windows NT 5.1; en-US; rv:1.8) Gecko/20051111 Firefox/1.5"
206.78.29.216 - - [27/Jan/2006:10:12:53 -0500] "GET /englishL/life/parents.html HTTP/1.0" 200 7215 "http://www.darwinday.org/englishL/life/index.html" "Mozilla/4.0 (compatible; MSIE 6.0; Windows NT 5.1)"
206.78.29.216 - - [27/Jan/2006:10:12:54 -0500] "GET /englishL/life/images/mountold.jpg HTTP/1.0" 200 9960 "http://www.darwinday.org/englishL/life/parents.html" "Mozilla/4.0 (compatible; MSIE 6.0; Windows NT 5.1)"
206.78.29.216 - - [27/Jan/2006:10:12:54 -0500] "GET /englishL/life/images/family/robert-t.jpg HTTP/1.0" 200 25046 "http://www.darwinday.org/englishL/life/parents.html" "Mozilla/4.0 (compatible; MSIE 6.0; Windows NT 5.1)"
206.78.29.216 - - [27/Jan/2006:10:13:07 -0500] "GET /englishL/life/siblings.html HTTP/1.0" 200 7750 "http://www.darwinday.org/englishL/life/index.html" "Mozilla/4.0 (compatible; MSIE 6.0; Windows NT 5.1)"
206.78.29.216 - - [27/Jan/2006:10:13:13 -0500] "GET /englishL/life/emma.html HTTP/1.0" 200 12947 "http://www.darwinday.org/englishL/life/index.html" "Mozilla/4.0 (compatible; MSIE 6.0; Windows NT 5.1)"
206.78.29.216 - - [27/Jan/2006:10:13:13 -0500] "GET /englishL/life/images/emma-t.gif HTTP/1.0" 200 27756 "http://www.darwinday.org/englishL/life/emma.html" "Mozilla/4.0 (compatible; MSIE 6.0; Windows NT 5.1)"
192.80.61.168 - - [27/Jan/2006:10:13:20 -0500] "GET /englishL/evolution/inheritance.html HTTP/1.1" 304 - "http://www.darwinday.org/englishL/evolution/index.html" "Mozilla/4.0 (compatible; MSIE 6.0; Windows NT 5.1; SV1; .NET CLR 1.1.4322)"
192.80.61.168 - - [27/Jan/2006:10:13:20 -0500] "GET /stylesheets/main.css HTTP/1.1" 304 - "http://www.darwinday.org/englishL/evolution/inheritance.html" "Mozilla/4.0 (compatible; MSIE 6.0; Windows NT 5.1; SV1; .NET CLR 1.1.4322)"
192.80.61.168 - - [27/Jan/2006:10:13:20 -0500] "GET /images/topleftlogo.gif HTTP/1.1" 304 - "http://www.darwinday.org/englishL/evolution/inheritance.html" "Mozilla/4.0 (compatible; MSIE 6.0; Windows NT 5.1; SV1; .NET CLR 1.1.4322)"
192.80.61.168 - - [27/Jan/2006:10:13:20 -0500] "GET /images/header.gif HTTP/1.1" 304 - "http://www.darwinday.org/englishL/evolution/inheritance.html" "Mozilla/4.0 (compatible; MSIE 6.0; Windows NT 5.1; SV1; .NET CLR 1.1.4322)"
192.80.61.168 - - [27/Jan/2006:10:13:20 -0500] "GET /images/worldmaptransp.gif HTTP/1.1" 304 - "http://www.darwinday.org/englishL/evolution/inheritance.html" "Mozilla/4.0 (compatible; MSIE 6.0; Windows NT 5.1; SV1; .NET CLR 1.1.4322)"
192.80.61.168 - - [27/Jan/2006:10:13:20 -0500] "GET /englishL/images/titletrans.gif HTTP/1.1" 304 - "http://www.darwinday.org/englishL/evolution/inheritance.html" "Mozilla/4.0 (compatible; MSIE 6.0; Windows NT 5.1; SV1; .NET CLR 1.1.4322)"
192.80.61.168 - - [27/Jan/2006:10:13:20 -0500] "GET /englishL/images/navbar.gif HTTP/1.1" 304 - "http://www.darwinday.org/englishL/evolution/inheritance.html" "Mozilla/4.0 (compatible; MSIE 6.0; Windows NT 5.1; SV1; .NET CLR 1.1.4322)"
192.80.61.168 - - [27/Jan/2006:10:13:24 -0500] "GET /englishL/evolution/index.html HTTP/1.1" 304 - "http://www.darwinday.org/englishL/evolution/inheritance.html" "Mozilla/4.0 (compatible; MSIE 6.0; Windows NT 5.1; SV1; .NET CLR 1.1.4322)"
192.80.61.168 - - [27/Jan/2006:10:13:24 -0500] "GET /images/goldball.gif HTTP/1.1" 304 - "http://www.darwinday.org/englishL/evolution/index.html" "Mozilla/4.0 (compatible; MSIE 6.0; Windows NT 5.1; SV1; .NET CLR 1.1.4322)"
192.80.61.168 - - [27/Jan/2006:10:13:24 -0500] "GET /images/dnagraphic.jpg HTTP/1.1" 304 - "http://www.darwinday.org/englishL/evolution/index.html" "Mozilla/4.0 (compatible; MSIE 6.0; Windows NT 5.1; SV1; .NET CLR 1.1.4322)"
192.80.61.168 - - [27/Jan/2006:10:13:31 -0500] "GET /englishL/evolution/dna.html HTTP/1.1" 304 - "http://www.darwinday.org/englishL/evolution/index.html" "Mozilla/4.0 (compatible; MSIE 6.0; Windows NT 5.1; SV1; .NET CLR 1.1.4322)"
192.80.61.168 - - [27/Jan/2006:10:13:31 -0500] "GET /images/duplicatedna.gif HTTP/1.1" 304 - "http://www.darwinday.org/englishL/evolution/dna.html" "Mozilla/4.0 (compatible; MSIE 6.0; Windows NT 5.1; SV1; .NET CLR 1.1.4322)"
168.10.36.149 - - [27/Jan/2006:10:13:36 -0500] "GET /stylesheets/mainenglishL.css HTTP/1.0" 200 590 "http://www.darwinday.org/" "Mozilla/4.0 (compatible; MSIE 6.0; Windows NT 5.0)"
168.10.36.149 - - [27/Jan/2006:10:13:36 -0500] "GET /stylesheets/main.css HTTP/1.0" 200 658 "http://www.darwinday.org/" "Mozilla/4.0 (compatible; MSIE 6.0; Windows NT 5.0)"
168.10.36.149 - - [27/Jan/2006:10:13:36 -0500] "GET /images/topleftlogo.gif HTTP/1.0" 200 6907 "http://www.darwinday.org/" "Mozilla/4.0 (compatible; MSIE 6.0; Windows NT 5.0)"
168.10.36.149 - - [27/Jan/2006:10:13:36 -0500] "GET / HTTP/1.0" 200 25315 "http://search.yahoo.com/search?p=darwin+day&fr=FP-tab-web-t&toggle=1&cop=&ei=UTF-8" "Mozilla/4.0 (compatible; MSIE 6.0; Windows NT 5.0)"
168.10.36.149 - - [27/Jan/2006:10:13:36 -0500] "GET /images/header.gif HTTP/1.0" 200 26756 "http://www.darwinday.org/" "Mozilla/4.0 (compatible; MSIE 6.0; Windows NT 5.0)"
168.10.36.149 - - [27/Jan/2006:10:13:36 -0500] "GET /englishL/currarts.html HTTP/1.0" 200 5653 "http://www.darwinday.org/" "Mozilla/4.0 (compatible; MSIE 6.0; Windows NT 5.0)"
168.10.36.149 - - [27/Jan/2006:10:13:36 -0500] "GET /englishL/images/titletrans.gif HTTP/1.0" 200 15588 "http://www.darwinday.org/" "Mozilla/4.0 (compatible; MSIE 6.0; Windows NT 5.0)"
168.10.36.149 - - [27/Jan/2006:10:13:37 -0500] "GET /englishL/images/navbar.gif HTTP/1.0" 200 2667 "http://www.darwinday.org/" "Mozilla/4.0 (compatible; MSIE 6.0; Windows NT 5.0)"
168.10.36.149 - - [27/Jan/2006:10:13:37 -0500] "GET /images/arrow.gif HTTP/1.0" 200 112 "http://www.darwinday.org/" "Mozilla/4.0 (compatible; MSIE 6.0; Windows NT 5.0)"
168.10.36.149 - - [27/Jan/2006:10:13:37 -0500] "GET /images/dnahoriz.gif HTTP/1.0" 200 3391 "http://www.darwinday.org/" "Mozilla/4.0 (compatible; MSIE 6.0; Windows NT 5.0)"
168.10.36.149 - - [27/Jan/2006:10:13:37 -0500] "GET /images/dnahorizr.gif HTTP/1.0" 200 2104 "http://www.darwinday.org/" "Mozilla/4.0 (compatible; MSIE 6.0; Windows NT 5.0)"
168.10.36.149 - - [27/Jan/2006:10:13:37 -0500] "GET /images/worldmaptransp.gif HTTP/1.0" 200 128893 "http://www.darwinday.org/" "Mozilla/4.0 (compatible; MSIE 6.0; Windows NT 5.0)"
168.10.36.149 - - [27/Jan/2006:10:13:37 -0500] "GET /images/dnahorizl.gif HTTP/1.0" 200 2130 "http://www.darwinday.org/" "Mozilla/4.0 (compatible; MSIE 6.0; Windows NT 5.0)"
168.10.36.149 - - [27/Jan/2006:10:13:37 -0500] "GET /englishL/home/images/lincoln.gif HTTP/1.0" 200 11057 "http://www.darwinday.org/" "Mozilla/4.0 (compatible; MSIE 6.0; Windows NT 5.0)"
192.80.61.168 - - [27/Jan/2006:10:13:37 -0500] "GET /englishL/life/index.html HTTP/1.1" 304 - "http://www.darwinday.org/englishL/evolution/dna.html" "Mozilla/4.0 (compatible; MSIE 6.0; Windows NT 5.1; SV1; .NET CLR 1.1.4322)"
168.10.36.149 - - [27/Jan/2006:10:13:37 -0500] "GET /englishL/home/images/darwin.gif HTTP/1.0" 200 13783 "http://www.darwinday.org/" "Mozilla/4.0 (compatible; MSIE 6.0; Windows NT 5.0)"
168.10.36.149 - - [27/Jan/2006:10:13:37 -0500] "GET /images/trans.gif HTTP/1.0" 200 49 "http://www.darwinday.org/" "Mozilla/4.0 (compatible; MSIE 6.0; Windows NT 5.0)"
168.10.36.149 - - [27/Jan/2006:10:13:37 -0500] "GET /englishL/home/images/darwinages.gif HTTP/1.0" 200 50309 "http://www.darwinday.org/" "Mozilla/4.0 (compatible; MSIE 6.0; Windows NT 5.0)"
168.10.36.149 - - [27/Jan/2006:10:13:37 -0500] "GET /englishL/home/images/manymore.gif HTTP/1.0" 200 581 "http://www.darwinday.org/" "Mozilla/4.0 (compatible; MSIE 6.0; Windows NT 5.0)"
168.10.36.149 - - [27/Jan/2006:10:13:37 -0500] "GET /englishL/home/images/joinus.gif HTTP/1.0" 200 524 "http://www.darwinday.org/" "Mozilla/4.0 (compatible; MSIE 6.0; Windows NT 5.0)"
168.10.36.149 - - [27/Jan/2006:10:13:37 -0500] "GET /images/DNAlogo.gif HTTP/1.0" 200 1370 "http://www.darwinday.org/englishL/currarts.html" "Mozilla/4.0 (compatible; MSIE 6.0; Windows NT 5.0)"
168.10.36.149 - - [27/Jan/2006:10:13:37 -0500] "GET /englishL/home/images/beagle.gif HTTP/1.0" 200 37108 "http://www.darwinday.org/" "Mozilla/4.0 (compatible; MSIE 6.0; Windows NT 5.0)"
168.10.36.149 - - [27/Jan/2006:10:13:38 -0500] "GET /englishL/home/images/horse.evolution.jpg HTTP/1.0" 200 29612 "http://www.darwinday.org/" "Mozilla/4.0 (compatible; MSIE 6.0; Windows NT 5.0)"
206.78.29.216 - - [27/Jan/2006:10:13:40 -0500] "GET /englishL/life/children.html HTTP/1.0" 200 13665 "http://www.darwinday.org/englishL/life/index.html" "Mozilla/4.0 (compatible; MSIE 6.0; Windows NT 5.1)"
206.78.29.216 - - [27/Jan/2006:10:13:41 -0500] "GET /englishL/life/images/family/william-t.jpg HTTP/1.0" 200 20679 "http://www.darwinday.org/englishL/life/children.html" "Mozilla/4.0 (compatible; MSIE 6.0; Windows NT 5.1)"
206.78.29.216 - - [27/Jan/2006:10:13:41 -0500] "GET /englishL/life/images/family/william49-t.jpg HTTP/1.0" 200 27982 "http://www.darwinday.org/englishL/life/children.html" "Mozilla/4.0 (compatible; MSIE 6.0; Windows NT 5.1)"
206.78.29.216 - - [27/Jan/2006:10:13:41 -0500] "GET /englishL/life/images/family/anne-t.jpg HTTP/1.0" 200 33680 "http://www.darwinday.org/englishL/life/children.html" "Mozilla/4.0 (compatible; MSIE 6.0; Windows NT 5.1)"
206.78.29.216 - - [27/Jan/2006:10:13:41 -0500] "GET /englishL/life/images/family/henrietta49-t.jpg HTTP/1.0" 200 35806 "http://www.darwinday.org/englishL/life/children.html" "Mozilla/4.0 (compatible; MSIE 6.0; Windows NT 5.1)"
206.78.29.216 - - [27/Jan/2006:10:13:42 -0500] "GET /englishL/life/images/family/henrietta51-t.jpg HTTP/1.0" 200 26405 "http://www.darwinday.org/englishL/life/children.html" "Mozilla/4.0 (compatible; MSIE 6.0; Windows NT 5.1)"
192.80.61.168 - - [27/Jan/2006:10:13:42 -0500] "GET /englishL/life/beagle.html HTTP/1.1" 304 - "http://www.darwinday.org/englishL/life/index.html" "Mozilla/4.0 (compatible; MSIE 6.0; Windows NT 5.1; SV1; .NET CLR 1.1.4322)"
206.78.29.216 - - [27/Jan/2006:10:13:42 -0500] "GET /englishL/life/images/family/henrietta-brown-t.jpg HTTP/1.0" 200 22218 "http://www.darwinday.org/englishL/life/children.html" "Mozilla/4.0 (compatible; MSIE 6.0; Windows NT 5.1)"
192.80.61.168 - - [27/Jan/2006:10:13:42 -0500] "GET /englishL/life/images/beagle/beaglemap-t.gif HTTP/1.1" 304 - "http://www.darwinday.org/englishL/life/beagle.html" "Mozilla/4.0 (compatible; MSIE 6.0; Windows NT 5.1; SV1; .NET CLR 1.1.4322)"
192.80.61.168 - - [27/Jan/2006:10:13:42 -0500] "GET /englishL/life/images/beagle/beaglemapsa-t.gif HTTP/1.1" 304 - "http://www.darwinday.org/englishL/life/beagle.html" "Mozilla/4.0 (compatible; MSIE 6.0; Windows NT 5.1; SV1; .NET CLR 1.1.4322)"
192.80.61.168 - - [27/Jan/2006:10:13:42 -0500] "GET /englishL/life/images/beagle/beaglemapgal-t.gif HTTP/1.1" 304 - "http://www.darwinday.org/englishL/life/beagle.html" "Mozilla/4.0 (compatible; MSIE 6.0; Windows NT 5.1; SV1; .NET CLR 1.1.4322)"
192.80.61.168 - - [27/Jan/2006:10:13:43 -0500] "GET /englishL/life/images/beagle/tortoise-t.jpg HTTP/1.1" 304 - "http://www.darwinday.org/englishL/life/beagle.html" "Mozilla/4.0 (compatible; MSIE 6.0; Windows NT 5.1; SV1; .NET CLR 1.1.4322)"
192.80.61.168 - - [27/Jan/2006:10:13:43 -0500] "GET /englishL/life/images/beagle/galapagos-t.jpg HTTP/1.1" 304 - "http://www.darwinday.org/englishL/life/beagle.html" "Mozilla/4.0 (compatible; MSIE 6.0; Windows NT 5.1; SV1; .NET CLR 1.1.4322)"
192.80.61.168 - - [27/Jan/2006:10:13:43 -0500] "GET /englishL/life/images/beagle/iguana-t.jpg HTTP/1.1" 304 - "http://www.darwinday.org/englishL/life/beagle.html" "Mozilla/4.0 (compatible; MSIE 6.0; Windows NT 5.1; SV1; .NET CLR 1.1.4322)"
192.80.61.168 - - [27/Jan/2006:10:13:43 -0500] "GET /englishL/life/images/beagle/finch-t.jpg HTTP/1.1" 304 - "http://www.darwinday.org/englishL/life/beagle.html" "Mozilla/4.0 (compatible; MSIE 6.0; Windows NT 5.1; SV1; .NET CLR 1.1.4322)"
192.80.61.168 - - [27/Jan/2006:10:13:43 -0500] "GET /englishL/life/images/beagle/lizard-t.jpg HTTP/1.1" 304 - "http://www.darwinday.org/englishL/life/beagle.html" "Mozilla/4.0 (compatible; MSIE 6.0; Windows NT 5.1; SV1; .NET CLR 1.1.4322)"
206.78.29.216 - - [27/Jan/2006:10:13:43 -0500] "GET /englishL/life/images/family/henrietta-emma-t.jpg HTTP/1.0" 200 19540 "http://www.darwinday.org/englishL/life/children.html" "Mozilla/4.0 (compatible; MSIE 6.0; Windows NT 5.1)"
192.80.61.168 - - [27/Jan/2006:10:13:43 -0500] "GET /englishL/life/images/beagle/nancy.jpg HTTP/1.1" 304 - "http://www.darwinday.org/englishL/life/beagle.html" "Mozilla/4.0 (compatible; MSIE 6.0; Windows NT 5.1; SV1; .NET CLR 1.1.4322)"
206.78.29.216 - - [27/Jan/2006:10:13:43 -0500] "GET /englishL/life/images/family/george-t.jpg HTTP/1.0" 200 28664 "http://www.darwinday.org/englishL/life/children.html" "Mozilla/4.0 (compatible; MSIE 6.0; Windows NT 5.1)"
206.78.29.216 - - [27/Jan/2006:10:13:43 -0500] "GET /englishL/life/images/family/sirgeorge-t.jpg HTTP/1.0" 200 21838 "http://www.darwinday.org/englishL/life/children.html" "Mozilla/4.0 (compatible; MSIE 6.0; Windows NT 5.1)"
206.78.29.216 - - [27/Jan/2006:10:13:43 -0500] "GET /englishL/life/images/family/elizabeth-darwin-t.jpg HTTP/1.0" 200 18932 "http://www.darwinday.org/englishL/life/children.html" "Mozilla/4.0 (compatible; MSIE 6.0; Windows NT 5.1)"
206.78.29.216 - - [27/Jan/2006:10:13:44 -0500] "GET /englishL/life/images/family/elizabeth-brown-t.jpg HTTP/1.0" 200 24876 "http://www.darwinday.org/englishL/life/children.html" "Mozilla/4.0 (compatible; MSIE 6.0; Windows NT 5.1)"
206.78.29.216 - - [27/Jan/2006:10:13:44 -0500] "GET /englishL/life/images/family/elizabeth-t.jpg HTTP/1.0" 200 23782 "http://www.darwinday.org/englishL/life/children.html" "Mozilla/4.0 (compatible; MSIE 6.0; Windows NT 5.1)"
206.78.29.216 - - [27/Jan/2006:10:13:44 -0500] "GET /englishL/life/images/family/sirfrancis-t.jpg HTTP/1.0" 200 23752 "http://www.darwinday.org/englishL/life/children.html" "Mozilla/4.0 (compatible; MSIE 6.0; Windows NT 5.1)"
206.78.29.216 - - [27/Jan/2006:10:13:44 -0500] "GET /englishL/life/images/family/emmaleonard-t.jpg HTTP/1.0" 200 30318 "http://www.darwinday.org/englishL/life/children.html" "Mozilla/4.0 (compatible; MSIE 6.0; Windows NT 5.1)"
206.78.29.216 - - [27/Jan/2006:10:13:45 -0500] "GET /englishL/life/images/family/leoonard-t.jpg HTTP/1.0" 200 22160 "http://www.darwinday.org/englishL/life/children.html" "Mozilla/4.0 (compatible; MSIE 6.0; Windows NT 5.1)"
206.78.29.216 - - [27/Jan/2006:10:13:45 -0500] "GET /englishL/life/images/family/sirhorace-t.jpg HTTP/1.0" 200 23757 "http://www.darwinday.org/englishL/life/children.html" "Mozilla/4.0 (compatible; MSIE 6.0; Windows NT 5.1)"
206.78.29.216 - - [27/Jan/2006:10:13:45 -0500] "GET /englishL/life/images/family/emmacharles-t.jpg HTTP/1.0" 200 21327 "http://www.darwinday.org/englishL/life/children.html" "Mozilla/4.0 (compatible; MSIE 6.0; Windows NT 5.1)"
192.80.61.168 - - [27/Jan/2006:10:13:55 -0500] "GET /englishL/life/london.html HTTP/1.1" 200 6084 "http://www.darwinday.org/englishL/life/index.html" "Mozilla/4.0 (compatible; MSIE 6.0; Windows NT 5.1; SV1; .NET CLR 1.1.4322)"
168.10.36.149 - - [27/Jan/2006:10:14:05 -0500] "GET /englishL/home/2006.php HTTP/1.0" 200 291668 "http://www.darwinday.org/" "Mozilla/4.0 (compatible; MSIE 6.0; Windows NT 5.0)"
206.78.29.216 - - [27/Jan/2006:10:14:09 -0500] "GET /englishL/life/informal.html HTTP/1.0" 200 13801 "http://www.darwinday.org/englishL/life/index.html" "Mozilla/4.0 (compatible; MSIE 6.0; Windows NT 5.1)"
192.80.61.168 - - [27/Jan/2006:10:14:29 -0500] "GET /englishL/life/downhouse.html HTTP/1.1" 200 20176 "http://www.darwinday.org/englishL/life/index.html" "Mozilla/4.0 (compatible; MSIE 6.0; Windows NT 5.1; SV1; .NET CLR 1.1.4322)"
192.80.61.168 - - [27/Jan/2006:10:14:30 -0500] "GET /englishL/life/images/downhousefront-t.jpg HTTP/1.1" 200 31813 "http://www.darwinday.org/englishL/life/downhouse.html" "Mozilla/4.0 (compatible; MSIE 6.0; Windows NT 5.1; SV1; .NET CLR 1.1.4322)"
192.80.61.168 - - [27/Jan/2006:10:14:30 -0500] "GET /englishL/life/images/downhouseproperty.jpg HTTP/1.1" 200 31640 "http://www.darwinday.org/englishL/life/downhouse.html" "Mozilla/4.0 (compatible; MSIE 6.0; Windows NT 5.1; SV1; .NET CLR 1.1.4322)"
192.80.61.168 - - [27/Jan/2006:10:14:30 -0500] "GET /englishL/life/images/downhouseback-t.jpg HTTP/1.1" 200 33209 "http://www.darwinday.org/englishL/life/downhouse.html" "Mozilla/4.0 (compatible; MSIE 6.0; Windows NT 5.1; SV1; .NET CLR 1.1.4322)"
192.80.61.168 - - [27/Jan/2006:10:14:30 -0500] "GET /englishL/life/images/downgarden-t.jpg HTTP/1.1" 200 33115 "http://www.darwinday.org/englishL/life/downhouse.html" "Mozilla/4.0 (compatible; MSIE 6.0; Windows NT 5.1; SV1; .NET CLR 1.1.4322)"
192.80.61.168 - - [27/Jan/2006:10:14:30 -0500] "GET /englishL/life/images/downgreenhouse-t.jpg HTTP/1.1" 200 34020 "http://www.darwinday.org/englishL/life/downhouse.html" "Mozilla/4.0 (compatible; MSIE 6.0; Windows NT 5.1; SV1; .NET CLR 1.1.4322)"
192.80.61.168 - - [27/Jan/2006:10:14:30 -0500] "GET /englishL/life/images/downhousebrick-t.jpg HTTP/1.1" 200 25230 "http://www.darwinday.org/englishL/life/downhouse.html" "Mozilla/4.0 (compatible; MSIE 6.0; Windows NT 5.1; SV1; .NET CLR 1.1.4322)"
192.80.61.168 - - [27/Jan/2006:10:14:30 -0500] "GET /englishL/life/images/downhouseplan-t.jpg HTTP/1.1" 200 29581 "http://www.darwinday.org/englishL/life/downhouse.html" "Mozilla/4.0 (compatible; MSIE 6.0; Windows NT 5.1; SV1; .NET CLR 1.1.4322)"
192.80.61.168 - - [27/Jan/2006:10:14:30 -0500] "GET /englishL/life/images/downdrawingroom-t.jpg HTTP/1.1" 200 39782 "http://www.darwinday.org/englishL/life/downhouse.html" "Mozilla/4.0 (compatible; MSIE 6.0; Windows NT 5.1; SV1; .NET CLR 1.1.4322)"
192.80.61.168 - - [27/Jan/2006:10:14:30 -0500] "GET /englishL/life/images/downpiano-t.jpg HTTP/1.1" 200 26476 "http://www.darwinday.org/englishL/life/downhouse.html" "Mozilla/4.0 (compatible; MSIE 6.0; Windows NT 5.1; SV1; .NET CLR 1.1.4322)"
192.80.61.168 - - [27/Jan/2006:10:14:30 -0500] "GET /englishL/life/images/study-t.jpg HTTP/1.1" 200 37613 "http://www.darwinday.org/englishL/life/downhouse.html" "Mozilla/4.0 (compatible; MSIE 6.0; Windows NT 5.1; SV1; .NET CLR 1.1.4322)"
192.80.61.168 - - [27/Jan/2006:10:14:30 -0500] "GET /englishL/life/images/downhouseplan2-t.jpg HTTP/1.1" 200 33925 "http://www.darwinday.org/englishL/life/downhouse.html" "Mozilla/4.0 (compatible; MSIE 6.0; Windows NT 5.1; SV1; .NET CLR 1.1.4322)"
192.80.61.168 - - [27/Jan/2006:10:14:30 -0500] "GET /englishL/life/images/downdining-t.jpg HTTP/1.1" 200 29295 "http://www.darwinday.org/englishL/life/downhouse.html" "Mozilla/4.0 (compatible; MSIE 6.0; Windows NT 5.1; SV1; .NET CLR 1.1.4322)"
206.78.29.216 - - [27/Jan/2006:10:14:41 -0500] "GET /englishL/newsviews/index.html HTTP/1.0" 200 4903 "http://www.darwinday.org/englishL/life/index.html" "Mozilla/4.0 (compatible; MSIE 6.0; Windows NT 5.1)"
206.78.29.216 - - [27/Jan/2006:10:14:49 -0500] "GET /englishL/newsviews/evolution.html HTTP/1.0" 200 9567 "http://www.darwinday.org/englishL/newsviews/index.html" "Mozilla/4.0 (compatible; MSIE 6.0; Windows NT 5.1)"
206.78.29.216 - - [27/Jan/2006:10:14:49 -0500] "GET /englishL/newsviews/images/harvorig.gif HTTP/1.0" 200 11705 "http://www.darwinday.org/englishL/newsviews/evolution.html" "Mozilla/4.0 (compatible; MSIE 6.0; Windows NT 5.1)"
206.78.29.216 - - [27/Jan/2006:10:14:49 -0500] "GET /englishL/newsviews/images/plantsfix.jpg HTTP/1.0" 200 16227 "http://www.darwinday.org/englishL/newsviews/evolution.html" "Mozilla/4.0 (compatible; MSIE 6.0; Windows NT 5.1)"
206.78.29.216 - - [27/Jan/2006:10:14:50 -0500] "GET /images/artofevol.jpg HTTP/1.0" 200 11835 "http://www.darwinday.org/englishL/newsviews/evolution.html" "Mozilla/4.0 (compatible; MSIE 6.0; Windows NT 5.1)"
66.160.159.221 - - [27/Jan/2006:10:15:26 -0500] "GET /spanishSA/newsviews/darlin.html HTTP/1.0" 200 21525 "-" "Mozilla/4.0 (compatible; MSIE 6.0; Windows NT 5.0; .NET CLR 1.1.4322)"
66.160.159.221 - - [27/Jan/2006:10:15:26 -0500] "GET /NEWlang/newsviews/darlin.html HTTP/1.0" 200 21532 "-" "Mozilla/4.0 (compatible; MSIE 6.0; Windows NT 5.0; .NET CLR 1.1.4322)"
66.160.159.221 - - [27/Jan/2006:10:15:27 -0500] "GET /englishL/newsviews/darlin.html HTTP/1.0" 200 21534 "-" "Mozilla/4.0 (compatible; MSIE 6.0; Windows NT 5.0; .NET CLR 1.1.4322)"
206.78.29.216 - - [27/Jan/2006:10:15:32 -0500] "GET /englishL/newsviews/news.html HTTP/1.0" 200 12650 "http://www.darwinday.org/englishL/newsviews/index.html" "Mozilla/4.0 (compatible; MSIE 6.0; Windows NT 5.1)"
206.78.29.216 - - [27/Jan/2006:10:15:33 -0500] "GET /englishL/newsviews/images/mayr.gif HTTP/1.0" 200 11643 "http://www.darwinday.org/englishL/newsviews/news.html" "Mozilla/4.0 (compatible; MSIE 6.0; Windows NT 5.1)"
206.78.29.216 - - [27/Jan/2006:10:15:33 -0500] "GET /englishL/newsviews/images/beagleproject.jpg HTTP/1.0" 200 19262 "http://www.darwinday.org/englishL/newsviews/news.html" "Mozilla/4.0 (compatible; MSIE 6.0; Windows NT 5.1)"
206.78.29.216 - - [27/Jan/2006:10:15:33 -0500] "GET /englishL/newsviews/images/darwinite.jpg HTTP/1.0" 200 17896 "http://www.darwinday.org/englishL/newsviews/news.html" "Mozilla/4.0 (compatible; MSIE 6.0; Windows NT 5.1)"
206.78.29.216 - - [27/Jan/2006:10:15:33 -0500] "GET /englishL/newsviews/images/birthplace.gif HTTP/1.0" 200 10900 "http://www.darwinday.org/englishL/newsviews/news.html" "Mozilla/4.0 (compatible; MSIE 6.0; Windows NT 5.1)"
206.78.29.216 - - [27/Jan/2006:10:15:42 -0500] "GET /englishL/home/index.html HTTP/1.0" 200 25693 "http://www.darwinday.org/englishL/newsviews/index.html" "Mozilla/4.0 (compatible; MSIE 6.0; Windows NT 5.1)"
193.145.116.126 - - [27/Jan/2006:10:15:55 -0500] "GET /englishL/register/index.php HTTP/1.1" 200 19970 "http://www.darwinday.org/" "Mozilla/4.0 (compatible; MSIE 6.0; Windows NT 5.0)"
193.145.116.126 - - [27/Jan/2006:10:15:55 -0500] "GET /stylesheets/main.css HTTP/1.1" 304 - "http://www.darwinday.org/englishL/register/index.php" "Mozilla/4.0 (compatible; MSIE 6.0; Windows NT 5.0)"
193.145.116.126 - - [27/Jan/2006:10:15:56 -0500] "GET /images/topleftlogo.gif HTTP/1.1" 304 - "http://www.darwinday.org/englishL/register/index.php" "Mozilla/4.0 (compatible; MSIE 6.0; Windows NT 5.0)"
193.145.116.126 - - [27/Jan/2006:10:15:56 -0500] "GET /images/header.gif HTTP/1.1" 304 - "http://www.darwinday.org/englishL/register/index.php" "Mozilla/4.0 (compatible; MSIE 6.0; Windows NT 5.0)"
193.145.116.126 - - [27/Jan/2006:10:15:56 -0500] "GET /images/worldmaptransp.gif HTTP/1.1" 304 - "http://www.darwinday.org/englishL/register/index.php" "Mozilla/4.0 (compatible; MSIE 6.0; Windows NT 5.0)"
193.145.116.126 - - [27/Jan/2006:10:15:56 -0500] "GET /englishL/images/titletrans.gif HTTP/1.1" 304 - "http://www.darwinday.org/englishL/register/index.php" "Mozilla/4.0 (compatible; MSIE 6.0; Windows NT 5.0)"
193.145.116.126 - - [27/Jan/2006:10:15:56 -0500] "GET /englishL/images/navbar.gif HTTP/1.1" 304 - "http://www.darwinday.org/englishL/register/index.php" "Mozilla/4.0 (compatible; MSIE 6.0; Windows NT 5.0)"
207.68.146.103 - - [27/Jan/2006:10:16:56 -0500] "GET /englishL/aboutddc/advisory.html HTTP/1.0" 200 27384 "-" "msnbot/1.0 (+http://search.msn.com/msnbot.htm)"
71.102.132.72 - - [27/Jan/2006:10:17:21 -0500] "GET /stylesheets/main.css HTTP/1.1" 200 658 "http://www.darwinday.org/englishL/life/beagle.html" "Mozilla/4.0 (compatible; MSIE 6.0; Windows NT 5.1; SV1)"
71.102.132.72 - - [27/Jan/2006:10:17:21 -0500] "GET /englishL/life/beagle.html HTTP/1.1" 200 20574 "http://www.google.com/search?hl=en&lr=&q=land+formations+port" "Mozilla/4.0 (compatible; MSIE 6.0; Windows NT 5.1; SV1)"
71.102.132.72 - - [27/Jan/2006:10:17:21 -0500] "GET /images/topleftlogo.gif HTTP/1.1" 200 6907 "http://www.darwinday.org/englishL/life/beagle.html" "Mozilla/4.0 (compatible; MSIE 6.0; Windows NT 5.1; SV1)"
71.102.132.72 - - [27/Jan/2006:10:17:22 -0500] "GET /images/header.gif HTTP/1.1" 200 26756 "http://www.darwinday.org/englishL/life/beagle.html" "Mozilla/4.0 (compatible; MSIE 6.0; Windows NT 5.1; SV1)"
71.102.132.72 - - [27/Jan/2006:10:17:22 -0500] "GET /englishL/images/titletrans.gif HTTP/1.1" 200 15588 "http://www.darwinday.org/englishL/life/beagle.html" "Mozilla/4.0 (compatible; MSIE 6.0; Windows NT 5.1; SV1)"
71.102.132.72 - - [27/Jan/2006:10:17:22 -0500] "GET /images/worldmaptransp.gif HTTP/1.1" 200 128893 "http://www.darwinday.org/englishL/life/beagle.html" "Mozilla/4.0 (compatible; MSIE 6.0; Windows NT 5.1; SV1)"
71.102.132.72 - - [27/Jan/2006:10:17:23 -0500] "GET /englishL/images/navbar.gif HTTP/1.1" 200 2667 "http://www.darwinday.org/englishL/life/beagle.html" "Mozilla/4.0 (compatible; MSIE 6.0; Windows NT 5.1; SV1)"
71.102.132.72 - - [27/Jan/2006:10:17:23 -0500] "GET /englishL/life/images/beagle/beaglemap-t.gif HTTP/1.1" 200 17709 "http://www.darwinday.org/englishL/life/beagle.html" "Mozilla/4.0 (compatible; MSIE 6.0; Windows NT 5.1; SV1)"
71.102.132.72 - - [27/Jan/2006:10:17:23 -0500] "GET /englishL/life/images/beagle/beaglemapsa-t.gif HTTP/1.1" 200 15500 "http://www.darwinday.org/englishL/life/beagle.html" "Mozilla/4.0 (compatible; MSIE 6.0; Windows NT 5.1; SV1)"
71.102.132.72 - - [27/Jan/2006:10:17:23 -0500] "GET /englishL/life/images/beagle/beaglemapgal-t.gif HTTP/1.1" 200 7651 "http://www.darwinday.org/englishL/life/beagle.html" "Mozilla/4.0 (compatible; MSIE 6.0; Windows NT 5.1; SV1)"
71.102.132.72 - - [27/Jan/2006:10:17:23 -0500] "GET /englishL/life/images/beagle/tortoise-t.jpg HTTP/1.1" 200 41154 "http://www.darwinday.org/englishL/life/beagle.html" "Mozilla/4.0 (compatible; MSIE 6.0; Windows NT 5.1; SV1)"
71.102.132.72 - - [27/Jan/2006:10:17:23 -0500] "GET /englishL/life/images/beagle/galapagos-t.jpg HTTP/1.1" 200 21187 "http://www.darwinday.org/englishL/life/beagle.html" "Mozilla/4.0 (compatible; MSIE 6.0; Windows NT 5.1; SV1)"
71.102.132.72 - - [27/Jan/2006:10:17:24 -0500] "GET /englishL/life/images/beagle/iguana-t.jpg HTTP/1.1" 200 32130 "http://www.darwinday.org/englishL/life/beagle.html" "Mozilla/4.0 (compatible; MSIE 6.0; Windows NT 5.1; SV1)"
71.102.132.72 - - [27/Jan/2006:10:17:24 -0500] "GET /englishL/life/images/beagle/finch-t.jpg HTTP/1.1" 200 41018 "http://www.darwinday.org/englishL/life/beagle.html" "Mozilla/4.0 (compatible; MSIE 6.0; Windows NT 5.1; SV1)"
71.102.132.72 - - [27/Jan/2006:10:17:24 -0500] "GET /englishL/life/images/beagle/lizard-t.jpg HTTP/1.1" 200 28277 "http://www.darwinday.org/englishL/life/beagle.html" "Mozilla/4.0 (compatible; MSIE 6.0; Windows NT 5.1; SV1)"
71.102.132.72 - - [27/Jan/2006:10:17:25 -0500] "GET /englishL/life/images/beagle/nancy.jpg HTTP/1.1" 200 80351 "http://www.darwinday.org/englishL/life/beagle.html" "Mozilla/4.0 (compatible; MSIE 6.0; Windows NT 5.1; SV1)"
71.102.132.72 - - [27/Jan/2006:10:17:25 -0500] "GET /favicon.ico HTTP/1.1" 404 3385 "-" "Mozilla/4.0 (compatible; MSIE 6.0; Windows NT 5.1; SV1)"
71.102.132.72 - - [27/Jan/2006:10:17:25 -0500] "GET /favicon.ico HTTP/1.1" 404 3385 "-" "Mozilla/4.0 (compatible; MSIE 6.0; Windows NT 5.1; SV1)"
192.80.61.168 - - [27/Jan/2006:10:17:38 -0500] "GET /englishL/newsviews/index.html HTTP/1.1" 200 4903 "http://www.darwinday.org/englishL/life/downhouse.html" "Mozilla/4.0 (compatible; MSIE 6.0; Windows NT 5.1; SV1; .NET CLR 1.1.4322)"
192.80.61.168 - - [27/Jan/2006:10:17:47 -0500] "GET /englishL/newsviews/evolution.html HTTP/1.1" 200 9567 "http://www.darwinday.org/englishL/newsviews/index.html" "Mozilla/4.0 (compatible; MSIE 6.0; Windows NT 5.1; SV1; .NET CLR 1.1.4322)"
192.80.61.168 - - [27/Jan/2006:10:17:47 -0500] "GET /englishL/newsviews/images/plantsfix.jpg HTTP/1.1" 200 16227 "http://www.darwinday.org/englishL/newsviews/evolution.html" "Mozilla/4.0 (compatible; MSIE 6.0; Windows NT 5.1; SV1; .NET CLR 1.1.4322)"
192.80.61.168 - - [27/Jan/2006:10:17:47 -0500] "GET /englishL/newsviews/images/harvorig.gif HTTP/1.1" 200 11705 "http://www.darwinday.org/englishL/newsviews/evolution.html" "Mozilla/4.0 (compatible; MSIE 6.0; Windows NT 5.1; SV1; .NET CLR 1.1.4322)"
192.80.61.168 - - [27/Jan/2006:10:17:47 -0500] "GET /images/artofevol.jpg HTTP/1.1" 200 11835 "http://www.darwinday.org/englishL/newsviews/evolution.html" "Mozilla/4.0 (compatible; MSIE 6.0; Windows NT 5.1; SV1; .NET CLR 1.1.4322)"
192.80.61.168 - - [27/Jan/2006:10:19:24 -0500] "GET /englishL/newsviews/index.html HTTP/1.1" 304 - "http://www.darwinday.org/englishL/life/downhouse.html" "Mozilla/4.0 (compatible; MSIE 6.0; Windows NT 5.1; SV1; .NET CLR 1.1.4322)"
192.80.61.168 - - [27/Jan/2006:10:19:24 -0500] "GET /stylesheets/main.css HTTP/1.1" 304 - "http://www.darwinday.org/englishL/newsviews/index.html" "Mozilla/4.0 (compatible; MSIE 6.0; Windows NT 5.1; SV1; .NET CLR 1.1.4322)"
192.80.61.168 - - [27/Jan/2006:10:19:24 -0500] "GET /images/topleftlogo.gif HTTP/1.1" 304 - "http://www.darwinday.org/englishL/newsviews/index.html" "Mozilla/4.0 (compatible; MSIE 6.0; Windows NT 5.1; SV1; .NET CLR 1.1.4322)"
192.80.61.168 - - [27/Jan/2006:10:19:24 -0500] "GET /images/header.gif HTTP/1.1" 304 - "http://www.darwinday.org/englishL/newsviews/index.html" "Mozilla/4.0 (compatible; MSIE 6.0; Windows NT 5.1; SV1; .NET CLR 1.1.4322)"
192.80.61.168 - - [27/Jan/2006:10:19:24 -0500] "GET /englishL/images/titletrans.gif HTTP/1.1" 304 - "http://www.darwinday.org/englishL/newsviews/index.html" "Mozilla/4.0 (compatible; MSIE 6.0; Windows NT 5.1; SV1; .NET CLR 1.1.4322)"
192.80.61.168 - - [27/Jan/2006:10:19:24 -0500] "GET /images/worldmaptransp.gif HTTP/1.1" 304 - "http://www.darwinday.org/englishL/newsviews/index.html" "Mozilla/4.0 (compatible; MSIE 6.0; Windows NT 5.1; SV1; .NET CLR 1.1.4322)"
