82.36.188.154 - - [09/Feb/2006:12:01:09 -0500] "GET /images/goldball.gif HTTP/1.1" 200 332 "http://www.darwinday.org/englishL/events/index.html" "Opera/9.00 (Windows NT 5.1; U; en)"
70.50.254.241 - - [09/Feb/2006:12:01:35 -0500] "GET /englishL/events/index.html HTTP/1.1" 206 4612 "-" "Mozilla/4.0 (compatible ; MSIE 6.0; Windows NT 5.1)"
82.36.188.154 - - [09/Feb/2006:12:01:41 -0500] "GET /englishL/home/2006.php HTTP/1.1" 200 1525053 "http://www.darwinday.org/englishL/events/index.html" "Opera/9.00 (Windows NT 5.1; U; en)"
147.4.85.26 - - [09/Feb/2006:12:01:47 -0500] "GET / HTTP/1.1" 200 25315 "-" "Mozilla/5.0 (Windows; U; Windows NT 5.1; en-US; rv:1.7.3) Gecko/20040910"
147.4.85.26 - - [09/Feb/2006:12:01:47 -0500] "GET /stylesheets/mainenglishL.css HTTP/1.1" 200 590 "http://www.darwinday.org/" "Mozilla/5.0 (Windows; U; Windows NT 5.1; en-US; rv:1.7.3) Gecko/20040910"
147.4.85.26 - - [09/Feb/2006:12:01:47 -0500] "GET /stylesheets/main.css HTTP/1.1" 200 658 "http://www.darwinday.org/" "Mozilla/5.0 (Windows; U; Windows NT 5.1; en-US; rv:1.7.3) Gecko/20040910"
147.4.85.26 - - [09/Feb/2006:12:01:48 -0500] "GET /images/topleftlogo.gif HTTP/1.1" 200 6907 "http://www.darwinday.org/" "Mozilla/5.0 (Windows; U; Windows NT 5.1; en-US; rv:1.7.3) Gecko/20040910"
147.4.85.26 - - [09/Feb/2006:12:01:48 -0500] "GET /images/header.gif HTTP/1.1" 200 26756 "http://www.darwinday.org/" "Mozilla/5.0 (Windows; U; Windows NT 5.1; en-US; rv:1.7.3) Gecko/20040910"
147.4.85.26 - - [09/Feb/2006:12:01:48 -0500] "GET /englishL/images/titletrans.gif HTTP/1.1" 200 15588 "http://www.darwinday.org/" "Mozilla/5.0 (Windows; U; Windows NT 5.1; en-US; rv:1.7.3) Gecko/20040910"
147.4.85.26 - - [09/Feb/2006:12:01:48 -0500] "GET /images/worldmaptransp.gif HTTP/1.1" 200 128893 "http://www.darwinday.org/" "Mozilla/5.0 (Windows; U; Windows NT 5.1; en-US; rv:1.7.3) Gecko/20040910"
147.4.85.26 - - [09/Feb/2006:12:01:48 -0500] "GET /englishL/images/navbar.gif HTTP/1.1" 200 2667 "http://www.darwinday.org/" "Mozilla/5.0 (Windows; U; Windows NT 5.1; en-US; rv:1.7.3) Gecko/20040910"
147.4.85.26 - - [09/Feb/2006:12:01:48 -0500] "GET /images/arrow.gif HTTP/1.1" 200 112 "http://www.darwinday.org/" "Mozilla/5.0 (Windows; U; Windows NT 5.1; en-US; rv:1.7.3) Gecko/20040910"
147.4.85.26 - - [09/Feb/2006:12:01:48 -0500] "GET /images/dnahorizl.gif HTTP/1.1" 200 2130 "http://www.darwinday.org/" "Mozilla/5.0 (Windows; U; Windows NT 5.1; en-US; rv:1.7.3) Gecko/20040910"
147.4.85.26 - - [09/Feb/2006:12:01:48 -0500] "GET /images/dnahoriz.gif HTTP/1.1" 200 3391 "http://www.darwinday.org/" "Mozilla/5.0 (Windows; U; Windows NT 5.1; en-US; rv:1.7.3) Gecko/20040910"
147.4.85.26 - - [09/Feb/2006:12:01:48 -0500] "GET /images/dnahorizr.gif HTTP/1.1" 200 2104 "http://www.darwinday.org/" "Mozilla/5.0 (Windows; U; Windows NT 5.1; en-US; rv:1.7.3) Gecko/20040910"
147.4.85.26 - - [09/Feb/2006:12:01:48 -0500] "GET /englishL/currarts.html HTTP/1.1" 200 5653 "http://www.darwinday.org/" "Mozilla/5.0 (Windows; U; Windows NT 5.1; en-US; rv:1.7.3) Gecko/20040910"
147.4.85.26 - - [09/Feb/2006:12:01:48 -0500] "GET /englishL/home/images/darwinages.gif HTTP/1.1" 200 50309 "http://www.darwinday.org/" "Mozilla/5.0 (Windows; U; Windows NT 5.1; en-US; rv:1.7.3) Gecko/20040910"
147.4.85.26 - - [09/Feb/2006:12:01:48 -0500] "GET /englishL/home/images/lincoln.gif HTTP/1.1" 200 11057 "http://www.darwinday.org/" "Mozilla/5.0 (Windows; U; Windows NT 5.1; en-US; rv:1.7.3) Gecko/20040910"
147.4.85.26 - - [09/Feb/2006:12:01:48 -0500] "GET /englishL/home/images/darwin.gif HTTP/1.1" 200 13783 "http://www.darwinday.org/" "Mozilla/5.0 (Windows; U; Windows NT 5.1; en-US; rv:1.7.3) Gecko/20040910"
147.4.85.26 - - [09/Feb/2006:12:01:48 -0500] "GET /englishL/home/images/beagle.gif HTTP/1.1" 200 37108 "http://www.darwinday.org/" "Mozilla/5.0 (Windows; U; Windows NT 5.1; en-US; rv:1.7.3) Gecko/20040910"
147.4.85.26 - - [09/Feb/2006:12:01:48 -0500] "GET /images/trans.gif HTTP/1.1" 200 49 "http://www.darwinday.org/" "Mozilla/5.0 (Windows; U; Windows NT 5.1; en-US; rv:1.7.3) Gecko/20040910"
147.4.85.26 - - [09/Feb/2006:12:01:48 -0500] "GET /englishL/home/images/manymore.gif HTTP/1.1" 200 581 "http://www.darwinday.org/" "Mozilla/5.0 (Windows; U; Windows NT 5.1; en-US; rv:1.7.3) Gecko/20040910"
147.4.85.26 - - [09/Feb/2006:12:01:48 -0500] "GET /englishL/home/images/joinus.gif HTTP/1.1" 200 524 "http://www.darwinday.org/" "Mozilla/5.0 (Windows; U; Windows NT 5.1; en-US; rv:1.7.3) Gecko/20040910"
147.4.85.26 - - [09/Feb/2006:12:01:49 -0500] "GET /englishL/home/images/horse.evolution.jpg HTTP/1.1" 200 29612 "http://www.darwinday.org/" "Mozilla/5.0 (Windows; U; Windows NT 5.1; en-US; rv:1.7.3) Gecko/20040910"
147.4.85.26 - - [09/Feb/2006:12:01:49 -0500] "GET /images/DNAlogo.gif HTTP/1.1" 200 1370 "http://www.darwinday.org/englishL/currarts.html" "Mozilla/5.0 (Windows; U; Windows NT 5.1; en-US; rv:1.7.3) Gecko/20040910"
70.50.254.241 - - [09/Feb/2006:12:02:08 -0500] "GET /englishL/aboutddc/contact.html HTTP/1.1" 206 3359 "-" "Mozilla/4.0 (compatible ; MSIE 6.0; Windows NT 5.1)"
63.230.255.254 - - [09/Feb/2006:12:02:14 -0500] "GET /englishL/life/children.html HTTP/1.1" 200 13665 "http://www.google.com/search?hl=en&q=charles+darwin+day" "Mozilla/4.0 (compatible; MSIE 6.0; Windows NT 5.1; SV1; .NET CLR 1.1.4322)"
63.230.255.254 - - [09/Feb/2006:12:02:14 -0500] "GET /stylesheets/main.css HTTP/1.1" 200 658 "http://www.darwinday.org/englishL/life/children.html" "Mozilla/4.0 (compatible; MSIE 6.0; Windows NT 5.1; SV1; .NET CLR 1.1.4322)"
63.230.255.254 - - [09/Feb/2006:12:02:14 -0500] "GET /images/topleftlogo.gif HTTP/1.1" 304 - "http://www.darwinday.org/englishL/life/children.html" "Mozilla/4.0 (compatible; MSIE 6.0; Windows NT 5.1; SV1; .NET CLR 1.1.4322)"
63.230.255.254 - - [09/Feb/2006:12:02:14 -0500] "GET /images/header.gif HTTP/1.1" 200 26756 "http://www.darwinday.org/englishL/life/children.html" "Mozilla/4.0 (compatible; MSIE 6.0; Windows NT 5.1; SV1; .NET CLR 1.1.4322)"
63.230.255.254 - - [09/Feb/2006:12:02:14 -0500] "GET /englishL/images/titletrans.gif HTTP/1.1" 200 15588 "http://www.darwinday.org/englishL/life/children.html" "Mozilla/4.0 (compatible; MSIE 6.0; Windows NT 5.1; SV1; .NET CLR 1.1.4322)"
63.230.255.254 - - [09/Feb/2006:12:02:14 -0500] "GET /images/worldmaptransp.gif HTTP/1.1" 304 - "http://www.darwinday.org/englishL/life/children.html" "Mozilla/4.0 (compatible; MSIE 6.0; Windows NT 5.1; SV1; .NET CLR 1.1.4322)"
63.230.255.254 - - [09/Feb/2006:12:02:14 -0500] "GET /englishL/images/navbar.gif HTTP/1.1" 200 2667 "http://www.darwinday.org/englishL/life/children.html" "Mozilla/4.0 (compatible; MSIE 6.0; Windows NT 5.1; SV1; .NET CLR 1.1.4322)"
63.230.255.254 - - [09/Feb/2006:12:02:15 -0500] "GET /englishL/life/images/family/william-t.jpg HTTP/1.1" 200 20679 "http://www.darwinday.org/englishL/life/children.html" "Mozilla/4.0 (compatible; MSIE 6.0; Windows NT 5.1; SV1; .NET CLR 1.1.4322)"
63.230.255.254 - - [09/Feb/2006:12:02:15 -0500] "GET /englishL/life/images/family/william49-t.jpg HTTP/1.1" 200 27982 "http://www.darwinday.org/englishL/life/children.html" "Mozilla/4.0 (compatible; MSIE 6.0; Windows NT 5.1; SV1; .NET CLR 1.1.4322)"
63.230.255.254 - - [09/Feb/2006:12:02:15 -0500] "GET /englishL/life/images/family/anne-t.jpg HTTP/1.1" 200 33680 "http://www.darwinday.org/englishL/life/children.html" "Mozilla/4.0 (compatible; MSIE 6.0; Windows NT 5.1; SV1; .NET CLR 1.1.4322)"
63.230.255.254 - - [09/Feb/2006:12:02:15 -0500] "GET /englishL/life/images/family/henrietta51-t.jpg HTTP/1.1" 200 26405 "http://www.darwinday.org/englishL/life/children.html" "Mozilla/4.0 (compatible; MSIE 6.0; Windows NT 5.1; SV1; .NET CLR 1.1.4322)"
63.230.255.254 - - [09/Feb/2006:12:02:15 -0500] "GET /englishL/life/images/family/henrietta49-t.jpg HTTP/1.1" 200 35806 "http://www.darwinday.org/englishL/life/children.html" "Mozilla/4.0 (compatible; MSIE 6.0; Windows NT 5.1; SV1; .NET CLR 1.1.4322)"
63.230.255.254 - - [09/Feb/2006:12:02:16 -0500] "GET /englishL/life/images/family/henrietta-brown-t.jpg HTTP/1.1" 200 22218 "http://www.darwinday.org/englishL/life/children.html" "Mozilla/4.0 (compatible; MSIE 6.0; Windows NT 5.1; SV1; .NET CLR 1.1.4322)"
63.230.255.254 - - [09/Feb/2006:12:02:17 -0500] "GET /englishL/life/images/family/george-t.jpg HTTP/1.1" 200 28664 "http://www.darwinday.org/englishL/life/children.html" "Mozilla/4.0 (compatible; MSIE 6.0; Windows NT 5.1; SV1; .NET CLR 1.1.4322)"
63.230.255.254 - - [09/Feb/2006:12:02:17 -0500] "GET /englishL/life/images/family/henrietta-emma-t.jpg HTTP/1.1" 200 19540 "http://www.darwinday.org/englishL/life/children.html" "Mozilla/4.0 (compatible; MSIE 6.0; Windows NT 5.1; SV1; .NET CLR 1.1.4322)"
63.230.255.254 - - [09/Feb/2006:12:02:17 -0500] "GET /englishL/life/images/family/sirgeorge-t.jpg HTTP/1.1" 200 21838 "http://www.darwinday.org/englishL/life/children.html" "Mozilla/4.0 (compatible; MSIE 6.0; Windows NT 5.1; SV1; .NET CLR 1.1.4322)"
63.230.255.254 - - [09/Feb/2006:12:02:17 -0500] "GET /englishL/life/images/family/elizabeth-darwin-t.jpg HTTP/1.1" 200 18932 "http://www.darwinday.org/englishL/life/children.html" "Mozilla/4.0 (compatible; MSIE 6.0; Windows NT 5.1; SV1; .NET CLR 1.1.4322)"
63.230.255.254 - - [09/Feb/2006:12:02:18 -0500] "GET /englishL/life/images/family/elizabeth-brown-t.jpg HTTP/1.1" 200 24876 "http://www.darwinday.org/englishL/life/children.html" "Mozilla/4.0 (compatible; MSIE 6.0; Windows NT 5.1; SV1; .NET CLR 1.1.4322)"
63.230.255.254 - - [09/Feb/2006:12:02:18 -0500] "GET /englishL/life/images/family/elizabeth-t.jpg HTTP/1.1" 200 23782 "http://www.darwinday.org/englishL/life/children.html" "Mozilla/4.0 (compatible; MSIE 6.0; Windows NT 5.1; SV1; .NET CLR 1.1.4322)"
63.230.255.254 - - [09/Feb/2006:12:02:18 -0500] "GET /englishL/life/images/family/sirfrancis-t.jpg HTTP/1.1" 200 23752 "http://www.darwinday.org/englishL/life/children.html" "Mozilla/4.0 (compatible; MSIE 6.0; Windows NT 5.1; SV1; .NET CLR 1.1.4322)"
63.230.255.254 - - [09/Feb/2006:12:02:18 -0500] "GET /englishL/life/images/family/leoonard-t.jpg HTTP/1.1" 200 22160 "http://www.darwinday.org/englishL/life/children.html" "Mozilla/4.0 (compatible; MSIE 6.0; Windows NT 5.1; SV1; .NET CLR 1.1.4322)"
70.50.254.241 - - [09/Feb/2006:12:02:18 -0500] "GET /englishL/register/privacy.html HTTP/1.1" 206 3473 "-" "Mozilla/4.0 (compatible ; MSIE 6.0; Windows NT 5.1)"
63.230.255.254 - - [09/Feb/2006:12:02:19 -0500] "GET /englishL/life/images/family/emmaleonard-t.jpg HTTP/1.1" 200 30318 "http://www.darwinday.org/englishL/life/children.html" "Mozilla/4.0 (compatible; MSIE 6.0; Windows NT 5.1; SV1; .NET CLR 1.1.4322)"
63.230.255.254 - - [09/Feb/2006:12:02:19 -0500] "GET /englishL/life/images/family/sirhorace-t.jpg HTTP/1.1" 200 23757 "http://www.darwinday.org/englishL/life/children.html" "Mozilla/4.0 (compatible; MSIE 6.0; Windows NT 5.1; SV1; .NET CLR 1.1.4322)"
63.230.255.254 - - [09/Feb/2006:12:02:19 -0500] "GET /englishL/life/images/family/emmacharles-t.jpg HTTP/1.1" 200 21327 "http://www.darwinday.org/englishL/life/children.html" "Mozilla/4.0 (compatible; MSIE 6.0; Windows NT 5.1; SV1; .NET CLR 1.1.4322)"
65.54.188.54 - - [09/Feb/2006:12:02:24 -0500] "GET /NEWlang/newsviews/evolution.html HTTP/1.0" 200 9564 "-" "msnbot/1.0 (+http://search.msn.com/msnbot.htm)"
65.54.188.54 - - [09/Feb/2006:12:02:25 -0500] "GET /NEWlang/aboutddc/mission.html HTTP/1.0" 200 5155 "-" "msnbot/1.0 (+http://search.msn.com/msnbot.htm)"
65.54.188.54 - - [09/Feb/2006:12:02:25 -0500] "GET /NEWlang/home/2008.html HTTP/1.0" 200 3866 "-" "msnbot/1.0 (+http://search.msn.com/msnbot.htm)"
65.54.188.54 - - [09/Feb/2006:12:02:25 -0500] "GET /NEWlang/life/maternal.html HTTP/1.0" 200 9357 "-" "msnbot/1.0 (+http://search.msn.com/msnbot.htm)"
70.50.254.241 - - [09/Feb/2006:12:02:28 -0500] "GET /englishL/newsviews/evolution.html HTTP/1.1" 206 9567 "-" "Mozilla/4.0 (compatible ; MSIE 6.0; Windows NT 5.1)"
170.143.252.32 - - [09/Feb/2006:12:02:41 -0500] "GET /englishL/newsviews/index.html HTTP/1.1" 200 4903 "http://www.darwinday.org/" "Mozilla/4.0 (compatible; MSIE 6.0; Windows 98)"
170.143.252.32 - - [09/Feb/2006:12:02:41 -0500] "GET /images/goldball.gif HTTP/1.1" 200 332 "http://www.darwinday.org/englishL/newsviews/index.html" "Mozilla/4.0 (compatible; MSIE 6.0; Windows 98)"
170.143.252.32 - - [09/Feb/2006:12:02:49 -0500] "GET /englishL/newsviews/news.html HTTP/1.1" 200 12650 "http://www.darwinday.org/englishL/newsviews/index.html" "Mozilla/4.0 (compatible; MSIE 6.0; Windows 98)"
170.143.252.32 - - [09/Feb/2006:12:02:50 -0500] "GET /englishL/newsviews/images/mayr.gif HTTP/1.1" 200 11643 "http://www.darwinday.org/englishL/newsviews/news.html" "Mozilla/4.0 (compatible; MSIE 6.0; Windows 98)"
170.143.252.32 - - [09/Feb/2006:12:02:51 -0500] "GET /englishL/newsviews/images/beagleproject.jpg HTTP/1.1" 200 19262 "http://www.darwinday.org/englishL/newsviews/news.html" "Mozilla/4.0 (compatible; MSIE 6.0; Windows 98)"
170.143.252.32 - - [09/Feb/2006:12:02:52 -0500] "GET /englishL/newsviews/images/darwinite.jpg HTTP/1.1" 200 17896 "http://www.darwinday.org/englishL/newsviews/news.html" "Mozilla/4.0 (compatible; MSIE 6.0; Windows 98)"
170.143.252.32 - - [09/Feb/2006:12:02:52 -0500] "GET /englishL/newsviews/images/birthplace.gif HTTP/1.1" 200 10900 "http://www.darwinday.org/englishL/newsviews/news.html" "Mozilla/4.0 (compatible; MSIE 6.0; Windows 98)"
64.32.225.138 - - [09/Feb/2006:12:02:52 -0500] "GET / HTTP/1.1" 200 25315 "http://www.google.com/search?q=darwin+day&start=0&ie=utf-8&oe=utf-8&client=firefox-a&rls=org.mozilla:en-US:official" "Mozilla/5.0 (Macintosh; U; PPC Mac OS X Mach-O; en-US; rv:1.8) Gecko/20051107 Firefox/1.5"
63.230.255.254 - - [09/Feb/2006:12:02:54 -0500] "GET /englishL/evolution/index.html HTTP/1.1" 200 4606 "http://www.darwinday.org/englishL/life/children.html" "Mozilla/4.0 (compatible; MSIE 6.0; Windows NT 5.1; SV1; .NET CLR 1.1.4322)"
63.230.255.254 - - [09/Feb/2006:12:02:54 -0500] "GET /images/goldball.gif HTTP/1.1" 200 332 "http://www.darwinday.org/englishL/evolution/index.html" "Mozilla/4.0 (compatible; MSIE 6.0; Windows NT 5.1; SV1; .NET CLR 1.1.4322)"
63.230.255.254 - - [09/Feb/2006:12:02:55 -0500] "GET /images/dnagraphic.jpg HTTP/1.1" 200 25020 "http://www.darwinday.org/englishL/evolution/index.html" "Mozilla/4.0 (compatible; MSIE 6.0; Windows NT 5.1; SV1; .NET CLR 1.1.4322)"
64.32.225.138 - - [09/Feb/2006:12:02:55 -0500] "GET /stylesheets/mainenglishL.css HTTP/1.1" 200 590 "http://www.darwinday.org/" "Mozilla/5.0 (Macintosh; U; PPC Mac OS X Mach-O; en-US; rv:1.8) Gecko/20051107 Firefox/1.5"
64.32.225.138 - - [09/Feb/2006:12:02:57 -0500] "GET /stylesheets/main.css HTTP/1.1" 200 658 "http://www.darwinday.org/" "Mozilla/5.0 (Macintosh; U; PPC Mac OS X Mach-O; en-US; rv:1.8) Gecko/20051107 Firefox/1.5"
64.32.225.138 - - [09/Feb/2006:12:02:57 -0500] "GET /images/topleftlogo.gif HTTP/1.1" 200 6907 "http://www.darwinday.org/" "Mozilla/5.0 (Macintosh; U; PPC Mac OS X Mach-O; en-US; rv:1.8) Gecko/20051107 Firefox/1.5"
64.32.225.138 - - [09/Feb/2006:12:02:57 -0500] "GET /englishL/currarts.html HTTP/1.1" 200 5653 "http://www.darwinday.org/" "Mozilla/5.0 (Macintosh; U; PPC Mac OS X Mach-O; en-US; rv:1.8) Gecko/20051107 Firefox/1.5"
64.32.225.138 - - [09/Feb/2006:12:02:57 -0500] "GET /images/header.gif HTTP/1.1" 200 26756 "http://www.darwinday.org/" "Mozilla/5.0 (Macintosh; U; PPC Mac OS X Mach-O; en-US; rv:1.8) Gecko/20051107 Firefox/1.5"
64.32.225.138 - - [09/Feb/2006:12:02:58 -0500] "GET /englishL/images/titletrans.gif HTTP/1.1" 200 15588 "http://www.darwinday.org/" "Mozilla/5.0 (Macintosh; U; PPC Mac OS X Mach-O; en-US; rv:1.8) Gecko/20051107 Firefox/1.5"
64.32.225.138 - - [09/Feb/2006:12:02:58 -0500] "GET /englishL/images/navbar.gif HTTP/1.1" 200 2667 "http://www.darwinday.org/" "Mozilla/5.0 (Macintosh; U; PPC Mac OS X Mach-O; en-US; rv:1.8) Gecko/20051107 Firefox/1.5"
70.50.254.241 - - [09/Feb/2006:12:02:58 -0500] "GET /englishL/newsviews/darlin.html HTTP/1.1" 206 21534 "-" "Mozilla/4.0 (compatible ; MSIE 6.0; Windows NT 5.1)"
64.32.225.138 - - [09/Feb/2006:12:02:58 -0500] "GET /englishL/home/images/darwinages.gif HTTP/1.1" 200 50309 "http://www.darwinday.org/" "Mozilla/5.0 (Macintosh; U; PPC Mac OS X Mach-O; en-US; rv:1.8) Gecko/20051107 Firefox/1.5"
64.32.225.138 - - [09/Feb/2006:12:02:59 -0500] "GET /images/arrow.gif HTTP/1.1" 200 112 "http://www.darwinday.org/" "Mozilla/5.0 (Macintosh; U; PPC Mac OS X Mach-O; en-US; rv:1.8) Gecko/20051107 Firefox/1.5"
64.32.225.138 - - [09/Feb/2006:12:02:59 -0500] "GET /images/dnahorizl.gif HTTP/1.1" 200 2130 "http://www.darwinday.org/" "Mozilla/5.0 (Macintosh; U; PPC Mac OS X Mach-O; en-US; rv:1.8) Gecko/20051107 Firefox/1.5"
64.32.225.138 - - [09/Feb/2006:12:02:59 -0500] "GET /images/dnahoriz.gif HTTP/1.1" 200 3391 "http://www.darwinday.org/" "Mozilla/5.0 (Macintosh; U; PPC Mac OS X Mach-O; en-US; rv:1.8) Gecko/20051107 Firefox/1.5"
64.32.225.138 - - [09/Feb/2006:12:02:59 -0500] "GET /images/worldmaptransp.gif HTTP/1.1" 200 128893 "http://www.darwinday.org/" "Mozilla/5.0 (Macintosh; U; PPC Mac OS X Mach-O; en-US; rv:1.8) Gecko/20051107 Firefox/1.5"
64.32.225.138 - - [09/Feb/2006:12:02:59 -0500] "GET /images/dnahorizr.gif HTTP/1.1" 200 2104 "http://www.darwinday.org/" "Mozilla/5.0 (Macintosh; U; PPC Mac OS X Mach-O; en-US; rv:1.8) Gecko/20051107 Firefox/1.5"
64.32.225.138 - - [09/Feb/2006:12:02:59 -0500] "GET /englishL/home/images/lincoln.gif HTTP/1.1" 200 11057 "http://www.darwinday.org/" "Mozilla/5.0 (Macintosh; U; PPC Mac OS X Mach-O; en-US; rv:1.8) Gecko/20051107 Firefox/1.5"
63.230.255.254 - - [09/Feb/2006:12:02:59 -0500] "GET /englishL/evolution/theory.html HTTP/1.1" 200 9412 "http://www.darwinday.org/englishL/evolution/index.html" "Mozilla/4.0 (compatible; MSIE 6.0; Windows NT 5.1; SV1; .NET CLR 1.1.4322)"
64.32.225.138 - - [09/Feb/2006:12:03:00 -0500] "GET /englishL/home/images/darwin.gif HTTP/1.1" 200 13783 "http://www.darwinday.org/" "Mozilla/5.0 (Macintosh; U; PPC Mac OS X Mach-O; en-US; rv:1.8) Gecko/20051107 Firefox/1.5"
64.32.225.138 - - [09/Feb/2006:12:03:00 -0500] "GET /englishL/home/images/beagle.gif HTTP/1.1" 200 37108 "http://www.darwinday.org/" "Mozilla/5.0 (Macintosh; U; PPC Mac OS X Mach-O; en-US; rv:1.8) Gecko/20051107 Firefox/1.5"
64.32.225.138 - - [09/Feb/2006:12:03:00 -0500] "GET /images/trans.gif HTTP/1.1" 200 49 "http://www.darwinday.org/" "Mozilla/5.0 (Macintosh; U; PPC Mac OS X Mach-O; en-US; rv:1.8) Gecko/20051107 Firefox/1.5"
64.32.225.138 - - [09/Feb/2006:12:03:00 -0500] "GET /englishL/home/images/manymore.gif HTTP/1.1" 200 581 "http://www.darwinday.org/" "Mozilla/5.0 (Macintosh; U; PPC Mac OS X Mach-O; en-US; rv:1.8) Gecko/20051107 Firefox/1.5"
64.32.225.138 - - [09/Feb/2006:12:03:00 -0500] "GET /englishL/home/images/joinus.gif HTTP/1.1" 200 524 "http://www.darwinday.org/" "Mozilla/5.0 (Macintosh; U; PPC Mac OS X Mach-O; en-US; rv:1.8) Gecko/20051107 Firefox/1.5"
64.32.225.138 - - [09/Feb/2006:12:03:00 -0500] "GET /englishL/home/images/horse.evolution.jpg HTTP/1.1" 200 29612 "http://www.darwinday.org/" "Mozilla/5.0 (Macintosh; U; PPC Mac OS X Mach-O; en-US; rv:1.8) Gecko/20051107 Firefox/1.5"
70.50.254.241 - - [09/Feb/2006:12:03:00 -0500] "GET /englishL/newsviews/news.html HTTP/1.1" 206 12650 "-" "Mozilla/4.0 (compatible ; MSIE 6.0; Windows NT 5.1)"
64.32.225.138 - - [09/Feb/2006:12:03:00 -0500] "GET /images/DNAlogo.gif HTTP/1.1" 200 1370 "http://www.darwinday.org/englishL/currarts.html" "Mozilla/5.0 (Macintosh; U; PPC Mac OS X Mach-O; en-US; rv:1.8) Gecko/20051107 Firefox/1.5"
64.32.225.138 - - [09/Feb/2006:12:03:01 -0500] "GET /favicon.ico HTTP/1.1" 404 3385 "-" "Mozilla/5.0 (Macintosh; U; PPC Mac OS X Mach-O; en-US; rv:1.8) Gecko/20051107 Firefox/1.5"
70.50.254.241 - - [09/Feb/2006:12:03:15 -0500] "GET /englishL/newsviews/essays.html HTTP/1.1" 206 7578 "-" "Mozilla/4.0 (compatible ; MSIE 6.0; Windows NT 5.1)"
71.102.151.32 - - [09/Feb/2006:12:03:22 -0500] "GET /stylesheets/main.css HTTP/1.1" 200 658 "http://www.darwinday.org/englishL/home/2006.php" "Mozilla/4.0 (compatible; MSIE 6.0; Windows NT 5.1; SV1; MSN 9.0;MSN 9.1; MSNbVZ02; MSNmen-us; MSNcOTH; MPLUS)"
71.102.151.32 - - [09/Feb/2006:12:03:22 -0500] "GET /images/topleftlogo.gif HTTP/1.1" 200 6907 "http://www.darwinday.org/englishL/home/2006.php" "Mozilla/4.0 (compatible; MSIE 6.0; Windows NT 5.1; SV1; MSN 9.0;MSN 9.1; MSNbVZ02; MSNmen-us; MSNcOTH; MPLUS)"
71.102.151.32 - - [09/Feb/2006:12:03:23 -0500] "GET /images/header.gif HTTP/1.1" 200 26756 "http://www.darwinday.org/englishL/home/2006.php" "Mozilla/4.0 (compatible; MSIE 6.0; Windows NT 5.1; SV1; MSN 9.0;MSN 9.1; MSNbVZ02; MSNmen-us; MSNcOTH; MPLUS)"
71.102.151.32 - - [09/Feb/2006:12:03:25 -0500] "GET /images/worldmaptransp.gif HTTP/1.1" 200 128893 "http://www.darwinday.org/englishL/home/2006.php" "Mozilla/4.0 (compatible; MSIE 6.0; Windows NT 5.1; SV1; MSN 9.0;MSN 9.1; MSNbVZ02; MSNmen-us; MSNcOTH; MPLUS)"
71.102.151.32 - - [09/Feb/2006:12:03:26 -0500] "GET /englishL/images/titletrans.gif HTTP/1.1" 200 15588 "http://www.darwinday.org/englishL/home/2006.php" "Mozilla/4.0 (compatible; MSIE 6.0; Windows NT 5.1; SV1; MSN 9.0;MSN 9.1; MSNbVZ02; MSNmen-us; MSNcOTH; MPLUS)"
71.102.151.32 - - [09/Feb/2006:12:03:26 -0500] "GET /englishL/images/navbar.gif HTTP/1.1" 200 2667 "http://www.darwinday.org/englishL/home/2006.php" "Mozilla/4.0 (compatible; MSIE 6.0; Windows NT 5.1; SV1; MSN 9.0;MSN 9.1; MSNbVZ02; MSNmen-us; MSNcOTH; MPLUS)"
71.102.151.32 - - [09/Feb/2006:12:03:31 -0500] "GET /englishL/home/2006.php HTTP/1.1" 200 1525053 "http://search.msn.com/results.aspx?q=%22First+Christian+Church%22+Lompoc&first=11&FORM=PERE" "Mozilla/4.0 (compatible; MSIE 6.0; Windows NT 5.1; SV1; MSN 9.0;MSN 9.1; MSNbVZ02; MSNmen-us; MSNcOTH; MPLUS)"
71.102.151.32 - - [09/Feb/2006:12:03:32 -0500] "GET /stylesheets/mainenglishL.css HTTP/1.1" 200 590 "http://www.darwinday.org/englishL/home/2006.php" "Mozilla/4.0 (compatible; MSIE 6.0; Windows NT 5.1; SV1; MSN 9.0;MSN 9.1; MSNbVZ02; MSNmen-us; MSNcOTH; MPLUS)"
70.50.254.241 - - [09/Feb/2006:12:03:58 -0500] "GET /englishL/register/index.php HTTP/1.1" 200 19970 "-" "Mozilla/4.0 (compatible ; MSIE 6.0; Windows NT 5.1)"
64.32.225.138 - - [09/Feb/2006:12:04:04 -0500] "GET /englishL/home/2006.php HTTP/1.1" 200 1525053 "http://www.darwinday.org/" "Mozilla/5.0 (Macintosh; U; PPC Mac OS X Mach-O; en-US; rv:1.8) Gecko/20051107 Firefox/1.5"
82.201.173.37 - - [09/Feb/2006:12:04:06 -0500] "GET /stylesheets/main.css HTTP/1.1" 200 658 "http://www.darwinday.org/englishL/home/2003.html" "Mozilla/4.0 (compatible; MSIE 6.0; Windows NT 5.1; SV1)"
82.201.173.37 - - [09/Feb/2006:12:04:06 -0500] "GET /images/topleftlogo.gif HTTP/1.1" 200 6907 "http://www.darwinday.org/englishL/home/2003.html" "Mozilla/4.0 (compatible; MSIE 6.0; Windows NT 5.1; SV1)"
82.201.173.37 - - [09/Feb/2006:12:04:08 -0500] "GET /images/header.gif HTTP/1.1" 200 26756 "http://www.darwinday.org/englishL/home/2003.html" "Mozilla/4.0 (compatible; MSIE 6.0; Windows NT 5.1; SV1)"
82.201.173.37 - - [09/Feb/2006:12:04:09 -0500] "GET /englishL/home/2003.html HTTP/1.1" 200 100585 "http://www.google.com/search?sourceid=navclient&ie=UTF-8&rls=GGLR,GGLR:2006-04,GGLR:en&q=learning+how+to+speak+englishl+for+free" "Mozilla/4.0 (compatible; MSIE 6.0; Windows NT 5.1; SV1)"
82.201.173.37 - - [09/Feb/2006:12:04:10 -0500] "GET /englishL/images/titletrans.gif HTTP/1.1" 200 15588 "http://www.darwinday.org/englishL/home/2003.html" "Mozilla/4.0 (compatible; MSIE 6.0; Windows NT 5.1; SV1)"
82.201.173.37 - - [09/Feb/2006:12:04:12 -0500] "GET /englishL/images/navbar.gif HTTP/1.1" 200 2667 "http://www.darwinday.org/englishL/home/2003.html" "Mozilla/4.0 (compatible; MSIE 6.0; Windows NT 5.1; SV1)"
82.201.173.37 - - [09/Feb/2006:12:04:19 -0500] "GET /images/worldmaptransp.gif HTTP/1.1" 200 128893 "http://www.darwinday.org/englishL/home/2003.html" "Mozilla/4.0 (compatible; MSIE 6.0; Windows NT 5.1; SV1)"
129.123.104.6 - - [09/Feb/2006:12:04:42 -0500] "GET / HTTP/1.0" 200 25315 "http://www.google.com/search?q=darwin+day&start=0&ie=utf-8&oe=utf-8&client=firefox-a&rls=org.mozilla:en-US:official" "Mozilla/5.0 (Windows; U; Windows NT 5.1; en-US; rv:1.8.0.1) Gecko/20060111 Firefox/1.5.0.1"
129.123.104.6 - - [09/Feb/2006:12:04:43 -0500] "GET / HTTP/1.0" 200 25315 "http://www.google.com/search?q=darwin+day&start=0&ie=utf-8&oe=utf-8&client=firefox-a&rls=org.mozilla:en-US:official" "Mozilla/5.0 (Windows; U; Windows NT 5.1; en-US; rv:1.8.0.1) Gecko/20060111 Firefox/1.5.0.1"
129.123.104.6 - - [09/Feb/2006:12:04:44 -0500] "GET /stylesheets/mainenglishL.css HTTP/1.0" 200 590 "http://www.darwinday.org/" "Mozilla/5.0 (Windows; U; Windows NT 5.1; en-US; rv:1.8.0.1) Gecko/20060111 Firefox/1.5.0.1"
129.123.104.6 - - [09/Feb/2006:12:04:45 -0500] "GET /stylesheets/main.css HTTP/1.0" 200 658 "http://www.darwinday.org/" "Mozilla/5.0 (Windows; U; Windows NT 5.1; en-US; rv:1.8.0.1) Gecko/20060111 Firefox/1.5.0.1"
129.123.104.6 - - [09/Feb/2006:12:04:45 -0500] "GET /images/topleftlogo.gif HTTP/1.0" 200 6907 "http://www.darwinday.org/" "Mozilla/5.0 (Windows; U; Windows NT 5.1; en-US; rv:1.8.0.1) Gecko/20060111 Firefox/1.5.0.1"
129.123.104.6 - - [09/Feb/2006:12:04:45 -0500] "GET /englishL/currarts.html HTTP/1.0" 200 5653 "http://www.darwinday.org/" "Mozilla/5.0 (Windows; U; Windows NT 5.1; en-US; rv:1.8.0.1) Gecko/20060111 Firefox/1.5.0.1"
129.123.104.6 - - [09/Feb/2006:12:04:45 -0500] "GET /englishL/images/navbar.gif HTTP/1.0" 200 2667 "http://www.darwinday.org/" "Mozilla/5.0 (Windows; U; Windows NT 5.1; en-US; rv:1.8.0.1) Gecko/20060111 Firefox/1.5.0.1"
129.123.104.6 - - [09/Feb/2006:12:04:45 -0500] "GET /englishL/images/titletrans.gif HTTP/1.0" 200 15588 "http://www.darwinday.org/" "Mozilla/5.0 (Windows; U; Windows NT 5.1; en-US; rv:1.8.0.1) Gecko/20060111 Firefox/1.5.0.1"
129.123.104.6 - - [09/Feb/2006:12:04:46 -0500] "GET /images/header.gif HTTP/1.0" 200 26756 "http://www.darwinday.org/" "Mozilla/5.0 (Windows; U; Windows NT 5.1; en-US; rv:1.8.0.1) Gecko/20060111 Firefox/1.5.0.1"
129.123.104.6 - - [09/Feb/2006:12:04:46 -0500] "GET /images/arrow.gif HTTP/1.0" 200 112 "http://www.darwinday.org/" "Mozilla/5.0 (Windows; U; Windows NT 5.1; en-US; rv:1.8.0.1) Gecko/20060111 Firefox/1.5.0.1"
129.123.104.6 - - [09/Feb/2006:12:04:46 -0500] "GET /images/dnahorizl.gif HTTP/1.0" 200 2130 "http://www.darwinday.org/" "Mozilla/5.0 (Windows; U; Windows NT 5.1; en-US; rv:1.8.0.1) Gecko/20060111 Firefox/1.5.0.1"
129.123.104.6 - - [09/Feb/2006:12:04:46 -0500] "GET /images/dnahoriz.gif HTTP/1.0" 200 3391 "http://www.darwinday.org/" "Mozilla/5.0 (Windows; U; Windows NT 5.1; en-US; rv:1.8.0.1) Gecko/20060111 Firefox/1.5.0.1"
129.123.104.6 - - [09/Feb/2006:12:04:46 -0500] "GET /images/worldmaptransp.gif HTTP/1.0" 200 128893 "http://www.darwinday.org/" "Mozilla/5.0 (Windows; U; Windows NT 5.1; en-US; rv:1.8.0.1) Gecko/20060111 Firefox/1.5.0.1"
129.123.104.6 - - [09/Feb/2006:12:04:46 -0500] "GET /images/dnahorizr.gif HTTP/1.0" 200 2104 "http://www.darwinday.org/" "Mozilla/5.0 (Windows; U; Windows NT 5.1; en-US; rv:1.8.0.1) Gecko/20060111 Firefox/1.5.0.1"
129.123.104.6 - - [09/Feb/2006:12:04:46 -0500] "GET /englishL/home/images/lincoln.gif HTTP/1.0" 200 11057 "http://www.darwinday.org/" "Mozilla/5.0 (Windows; U; Windows NT 5.1; en-US; rv:1.8.0.1) Gecko/20060111 Firefox/1.5.0.1"
129.123.104.6 - - [09/Feb/2006:12:04:46 -0500] "GET /englishL/home/images/darwin.gif HTTP/1.0" 200 13783 "http://www.darwinday.org/" "Mozilla/5.0 (Windows; U; Windows NT 5.1; en-US; rv:1.8.0.1) Gecko/20060111 Firefox/1.5.0.1"
129.123.104.6 - - [09/Feb/2006:12:04:46 -0500] "GET /englishL/home/images/beagle.gif HTTP/1.0" 200 37108 "http://www.darwinday.org/" "Mozilla/5.0 (Windows; U; Windows NT 5.1; en-US; rv:1.8.0.1) Gecko/20060111 Firefox/1.5.0.1"
129.123.104.6 - - [09/Feb/2006:12:04:46 -0500] "GET /images/trans.gif HTTP/1.0" 200 49 "http://www.darwinday.org/" "Mozilla/5.0 (Windows; U; Windows NT 5.1; en-US; rv:1.8.0.1) Gecko/20060111 Firefox/1.5.0.1"
129.123.104.6 - - [09/Feb/2006:12:04:46 -0500] "GET /englishL/home/images/darwinages.gif HTTP/1.0" 200 50309 "http://www.darwinday.org/" "Mozilla/5.0 (Windows; U; Windows NT 5.1; en-US; rv:1.8.0.1) Gecko/20060111 Firefox/1.5.0.1"
129.123.104.6 - - [09/Feb/2006:12:04:46 -0500] "GET /englishL/home/images/manymore.gif HTTP/1.0" 200 581 "http://www.darwinday.org/" "Mozilla/5.0 (Windows; U; Windows NT 5.1; en-US; rv:1.8.0.1) Gecko/20060111 Firefox/1.5.0.1"
129.123.104.6 - - [09/Feb/2006:12:04:46 -0500] "GET /englishL/home/images/joinus.gif HTTP/1.0" 200 524 "http://www.darwinday.org/" "Mozilla/5.0 (Windows; U; Windows NT 5.1; en-US; rv:1.8.0.1) Gecko/20060111 Firefox/1.5.0.1"
129.123.104.6 - - [09/Feb/2006:12:04:46 -0500] "GET /englishL/home/images/horse.evolution.jpg HTTP/1.0" 200 29612 "http://www.darwinday.org/" "Mozilla/5.0 (Windows; U; Windows NT 5.1; en-US; rv:1.8.0.1) Gecko/20060111 Firefox/1.5.0.1"
129.123.104.6 - - [09/Feb/2006:12:04:46 -0500] "GET /images/DNAlogo.gif HTTP/1.0" 200 1370 "http://www.darwinday.org/englishL/currarts.html" "Mozilla/5.0 (Windows; U; Windows NT 5.1; en-US; rv:1.8.0.1) Gecko/20060111 Firefox/1.5.0.1"
129.123.104.6 - - [09/Feb/2006:12:04:47 -0500] "GET /favicon.ico HTTP/1.0" 404 3373 "-" "Mozilla/5.0 (Windows; U; Windows NT 5.1; en-US; rv:1.8.0.1) Gecko/20060111 Firefox/1.5.0.1"
63.230.255.254 - - [09/Feb/2006:12:05:29 -0500] "GET /stylesheets/main.css HTTP/1.1" 304 - "http://www.darwinday.org/NEWlang/home/2006.php" "Mozilla/4.0 (compatible; MSIE 6.0; Windows NT 5.1; SV1; .NET CLR 1.1.4322)"
63.230.255.254 - - [09/Feb/2006:12:05:29 -0500] "GET /images/topleftlogo.gif HTTP/1.1" 304 - "http://www.darwinday.org/NEWlang/home/2006.php" "Mozilla/4.0 (compatible; MSIE 6.0; Windows NT 5.1; SV1; .NET CLR 1.1.4322)"
63.230.255.254 - - [09/Feb/2006:12:05:29 -0500] "GET /images/header.gif HTTP/1.1" 304 - "http://www.darwinday.org/NEWlang/home/2006.php" "Mozilla/4.0 (compatible; MSIE 6.0; Windows NT 5.1; SV1; .NET CLR 1.1.4322)"
63.230.255.254 - - [09/Feb/2006:12:05:31 -0500] "GET /images/worldmaptransp.gif HTTP/1.1" 304 - "http://www.darwinday.org/NEWlang/home/2006.php" "Mozilla/4.0 (compatible; MSIE 6.0; Windows NT 5.1; SV1; .NET CLR 1.1.4322)"
63.230.255.254 - - [09/Feb/2006:12:05:31 -0500] "GET /NEWlang/images/titletrans.gif HTTP/1.1" 200 15588 "http://www.darwinday.org/NEWlang/home/2006.php" "Mozilla/4.0 (compatible; MSIE 6.0; Windows NT 5.1; SV1; .NET CLR 1.1.4322)"
63.230.255.254 - - [09/Feb/2006:12:05:32 -0500] "GET /NEWlang/images/navbar.gif HTTP/1.1" 200 2667 "http://www.darwinday.org/NEWlang/home/2006.php" "Mozilla/4.0 (compatible; MSIE 6.0; Windows NT 5.1; SV1; .NET CLR 1.1.4322)"
63.230.255.254 - - [09/Feb/2006:12:05:51 -0500] "GET /NEWlang/home/2006.php HTTP/1.1" 200 1525049 "http://www.google.com/search?hl=en&q=darwin+day+powerpoint" "Mozilla/4.0 (compatible; MSIE 6.0; Windows NT 5.1; SV1; .NET CLR 1.1.4322)"
63.230.255.254 - - [09/Feb/2006:12:05:51 -0500] "GET /stylesheets/mainNEWlang.css HTTP/1.1" 200 590 "http://www.darwinday.org/NEWlang/home/2006.php" "Mozilla/4.0 (compatible; MSIE 6.0; Windows NT 5.1; SV1; .NET CLR 1.1.4322)"
139.67.80.33 - - [09/Feb/2006:12:05:57 -0500] "GET /englishL/life/index.html HTTP/1.1" 200 9860 "http://www.darwinday.org/englishL/home/index.html" "Mozilla/4.0 (compatible; MSIE 6.0; Windows NT 5.0)"
213.67.150.17 - - [09/Feb/2006:12:06:25 -0500] "GET /englishL/home/images/darwinages.gif HTTP/1.1" 200 12701 "http://drervin.com/" "Mozilla/4.0 (compatible; MSIE 6.0; Windows NT 5.1; SV1)"
139.67.80.33 - - [09/Feb/2006:12:06:34 -0500] "GET /englishL/events/index.html HTTP/1.1" 200 4612 "http://www.darwinday.org/englishL/aboutddc/mission.html" "Mozilla/4.0 (compatible; MSIE 6.0; Windows NT 5.0)"
63.230.255.254 - - [09/Feb/2006:12:06:39 -0500] "GET /NEWlang/aboutddc/index.html HTTP/1.1" 200 6542 "http://www.darwinday.org/NEWlang/home/2006.php" "Mozilla/4.0 (compatible; MSIE 6.0; Windows NT 5.1; SV1; .NET CLR 1.1.4322)"
63.230.255.254 - - [09/Feb/2006:12:06:40 -0500] "GET /images/goldball.gif HTTP/1.1" 304 - "http://www.darwinday.org/NEWlang/aboutddc/index.html" "Mozilla/4.0 (compatible; MSIE 6.0; Windows NT 5.1; SV1; .NET CLR 1.1.4322)"
70.33.116.18 - - [09/Feb/2006:12:06:43 -0500] "GET /stylesheets/mainenglishL.css HTTP/1.1" 200 590 "http://www.darwinday.org/" "Mozilla/4.0 (compatible; MSIE 6.0; Windows NT 5.1; SV1; .NET CLR 1.1.4322)"
70.33.116.18 - - [09/Feb/2006:12:06:43 -0500] "GET /stylesheets/main.css HTTP/1.1" 200 658 "http://www.darwinday.org/" "Mozilla/4.0 (compatible; MSIE 6.0; Windows NT 5.1; SV1; .NET CLR 1.1.4322)"
70.33.116.18 - - [09/Feb/2006:12:06:43 -0500] "GET / HTTP/1.1" 200 25315 "-" "Mozilla/4.0 (compatible; MSIE 6.0; Windows NT 5.1; SV1; .NET CLR 1.1.4322)"
70.33.116.18 - - [09/Feb/2006:12:06:43 -0500] "GET /images/topleftlogo.gif HTTP/1.1" 200 6907 "http://www.darwinday.org/" "Mozilla/4.0 (compatible; MSIE 6.0; Windows NT 5.1; SV1; .NET CLR 1.1.4322)"
70.33.116.18 - - [09/Feb/2006:12:06:43 -0500] "GET /images/header.gif HTTP/1.1" 200 26756 "http://www.darwinday.org/" "Mozilla/4.0 (compatible; MSIE 6.0; Windows NT 5.1; SV1; .NET CLR 1.1.4322)"
70.33.116.18 - - [09/Feb/2006:12:06:43 -0500] "GET /englishL/currarts.html HTTP/1.1" 200 5653 "http://www.darwinday.org/" "Mozilla/4.0 (compatible; MSIE 6.0; Windows NT 5.1; SV1; .NET CLR 1.1.4322)"
70.33.116.18 - - [09/Feb/2006:12:06:44 -0500] "GET /englishL/images/titletrans.gif HTTP/1.1" 200 15588 "http://www.darwinday.org/" "Mozilla/4.0 (compatible; MSIE 6.0; Windows NT 5.1; SV1; .NET CLR 1.1.4322)"
70.33.116.18 - - [09/Feb/2006:12:06:44 -0500] "GET /englishL/images/navbar.gif HTTP/1.1" 200 2667 "http://www.darwinday.org/" "Mozilla/4.0 (compatible; MSIE 6.0; Windows NT 5.1; SV1; .NET CLR 1.1.4322)"
70.33.116.18 - - [09/Feb/2006:12:06:44 -0500] "GET /images/worldmaptransp.gif HTTP/1.1" 200 128893 "http://www.darwinday.org/" "Mozilla/4.0 (compatible; MSIE 6.0; Windows NT 5.1; SV1; .NET CLR 1.1.4322)"
70.33.116.18 - - [09/Feb/2006:12:06:44 -0500] "GET /images/arrow.gif HTTP/1.1" 200 112 "http://www.darwinday.org/" "Mozilla/4.0 (compatible; MSIE 6.0; Windows NT 5.1; SV1; .NET CLR 1.1.4322)"
70.33.116.18 - - [09/Feb/2006:12:06:44 -0500] "GET /images/dnahoriz.gif HTTP/1.1" 200 3391 "http://www.darwinday.org/" "Mozilla/4.0 (compatible; MSIE 6.0; Windows NT 5.1; SV1; .NET CLR 1.1.4322)"
70.33.116.18 - - [09/Feb/2006:12:06:45 -0500] "GET /englishL/home/images/darwinages.gif HTTP/1.1" 200 50309 "http://www.darwinday.org/" "Mozilla/4.0 (compatible; MSIE 6.0; Windows NT 5.1; SV1; .NET CLR 1.1.4322)"
70.33.116.18 - - [09/Feb/2006:12:06:45 -0500] "GET /images/dnahorizl.gif HTTP/1.1" 200 2130 "http://www.darwinday.org/" "Mozilla/4.0 (compatible; MSIE 6.0; Windows NT 5.1; SV1; .NET CLR 1.1.4322)"
70.33.116.18 - - [09/Feb/2006:12:06:45 -0500] "GET /images/dnahorizr.gif HTTP/1.1" 200 2104 "http://www.darwinday.org/" "Mozilla/4.0 (compatible; MSIE 6.0; Windows NT 5.1; SV1; .NET CLR 1.1.4322)"
70.33.116.18 - - [09/Feb/2006:12:06:45 -0500] "GET /englishL/home/images/darwin.gif HTTP/1.1" 200 13783 "http://www.darwinday.org/" "Mozilla/4.0 (compatible; MSIE 6.0; Windows NT 5.1; SV1; .NET CLR 1.1.4322)"
70.33.116.18 - - [09/Feb/2006:12:06:45 -0500] "GET /englishL/home/images/lincoln.gif HTTP/1.1" 200 11057 "http://www.darwinday.org/" "Mozilla/4.0 (compatible; MSIE 6.0; Windows NT 5.1; SV1; .NET CLR 1.1.4322)"
70.33.116.18 - - [09/Feb/2006:12:06:45 -0500] "GET /englishL/home/images/manymore.gif HTTP/1.1" 200 581 "http://www.darwinday.org/" "Mozilla/4.0 (compatible; MSIE 6.0; Windows NT 5.1; SV1; .NET CLR 1.1.4322)"
70.33.116.18 - - [09/Feb/2006:12:06:45 -0500] "GET /englishL/home/images/beagle.gif HTTP/1.1" 200 37108 "http://www.darwinday.org/" "Mozilla/4.0 (compatible; MSIE 6.0; Windows NT 5.1; SV1; .NET CLR 1.1.4322)"
70.33.116.18 - - [09/Feb/2006:12:06:45 -0500] "GET /images/trans.gif HTTP/1.1" 200 49 "http://www.darwinday.org/" "Mozilla/4.0 (compatible; MSIE 6.0; Windows NT 5.1; SV1; .NET CLR 1.1.4322)"
70.33.116.18 - - [09/Feb/2006:12:06:46 -0500] "GET /images/trans.gif HTTP/1.1" 200 49 "http://www.darwinday.org/" "Mozilla/4.0 (compatible; MSIE 6.0; Windows NT 5.1; SV1; .NET CLR 1.1.4322)"
70.33.116.18 - - [09/Feb/2006:12:06:46 -0500] "GET /images/DNAlogo.gif HTTP/1.1" 200 1370 "http://www.darwinday.org/englishL/currarts.html" "Mozilla/4.0 (compatible; MSIE 6.0; Windows NT 5.1; SV1; .NET CLR 1.1.4322)"
70.33.116.18 - - [09/Feb/2006:12:06:46 -0500] "GET /englishL/home/images/beagle.gif HTTP/1.1" 200 37108 "http://www.darwinday.org/" "Mozilla/4.0 (compatible; MSIE 6.0; Windows NT 5.1; SV1; .NET CLR 1.1.4322)"
70.33.116.18 - - [09/Feb/2006:12:06:46 -0500] "GET /englishL/home/images/horse.evolution.jpg HTTP/1.1" 200 29612 "http://www.darwinday.org/" "Mozilla/4.0 (compatible; MSIE 6.0; Windows NT 5.1; SV1; .NET CLR 1.1.4322)"
70.33.116.18 - - [09/Feb/2006:12:06:46 -0500] "GET /englishL/home/images/joinus.gif HTTP/1.1" 200 524 "http://www.darwinday.org/" "Mozilla/4.0 (compatible; MSIE 6.0; Windows NT 5.1; SV1; .NET CLR 1.1.4322)"
139.67.80.33 - - [09/Feb/2006:12:06:47 -0500] "GET /englishL/home/2006.php HTTP/1.1" 200 1525053 "http://www.darwinday.org/englishL/events/index.html" "Mozilla/4.0 (compatible; MSIE 6.0; Windows NT 5.0)"
63.230.255.254 - - [09/Feb/2006:12:06:48 -0500] "GET /NEWlang/newsviews/index.html HTTP/1.1" 200 4893 "http://www.darwinday.org/NEWlang/aboutddc/index.html" "Mozilla/4.0 (compatible; MSIE 6.0; Windows NT 5.1; SV1; .NET CLR 1.1.4322)"
63.230.255.254 - - [09/Feb/2006:12:06:55 -0500] "GET /NEWlang/newsviews/darlin.html HTTP/1.1" 200 21532 "http://www.darwinday.org/NEWlang/newsviews/index.html" "Mozilla/4.0 (compatible; MSIE 6.0; Windows NT 5.1; SV1; .NET CLR 1.1.4322)"
63.230.255.254 - - [09/Feb/2006:12:06:55 -0500] "GET /NEWlang/images/medallion.jpg HTTP/1.1" 200 5652 "http://www.darwinday.org/NEWlang/newsviews/darlin.html" "Mozilla/4.0 (compatible; MSIE 6.0; Windows NT 5.1; SV1; .NET CLR 1.1.4322)"
206.127.79.138 - - [09/Feb/2006:12:07:25 -0500] "GET /stylesheets/main.css HTTP/1.1" 200 658 "http://www.darwinday.org/englishL/home/2006.php" "Mozilla/4.0 (compatible; MSIE 6.0; Windows NT 5.1; SV1; .NET CLR 1.1.4322)"
206.127.79.138 - - [09/Feb/2006:12:07:25 -0500] "GET /images/topleftlogo.gif HTTP/1.1" 200 6907 "http://www.darwinday.org/englishL/home/2006.php" "Mozilla/4.0 (compatible; MSIE 6.0; Windows NT 5.1; SV1; .NET CLR 1.1.4322)"
206.127.79.138 - - [09/Feb/2006:12:07:26 -0500] "GET /images/header.gif HTTP/1.1" 200 26756 "http://www.darwinday.org/englishL/home/2006.php" "Mozilla/4.0 (compatible; MSIE 6.0; Windows NT 5.1; SV1; .NET CLR 1.1.4322)"
206.127.79.138 - - [09/Feb/2006:12:07:26 -0500] "GET /images/worldmaptransp.gif HTTP/1.1" 200 128893 "http://www.darwinday.org/englishL/home/2006.php" "Mozilla/4.0 (compatible; MSIE 6.0; Windows NT 5.1; SV1; .NET CLR 1.1.4322)"
206.127.79.138 - - [09/Feb/2006:12:07:26 -0500] "GET /englishL/images/titletrans.gif HTTP/1.1" 200 15588 "http://www.darwinday.org/englishL/home/2006.php" "Mozilla/4.0 (compatible; MSIE 6.0; Windows NT 5.1; SV1; .NET CLR 1.1.4322)"
206.127.79.138 - - [09/Feb/2006:12:07:26 -0500] "GET /englishL/images/navbar.gif HTTP/1.1" 200 2667 "http://www.darwinday.org/englishL/home/2006.php" "Mozilla/4.0 (compatible; MSIE 6.0; Windows NT 5.1; SV1; .NET CLR 1.1.4322)"
63.230.255.254 - - [09/Feb/2006:12:07:34 -0500] "GET /NEWlang/evolution/index.html HTTP/1.1" 200 4601 "http://www.darwinday.org/NEWlang/newsviews/darlin.html" "Mozilla/4.0 (compatible; MSIE 6.0; Windows NT 5.1; SV1; .NET CLR 1.1.4322)"
63.230.255.254 - - [09/Feb/2006:12:07:34 -0500] "GET /images/dnagraphic.jpg HTTP/1.1" 304 - "http://www.darwinday.org/NEWlang/evolution/index.html" "Mozilla/4.0 (compatible; MSIE 6.0; Windows NT 5.1; SV1; .NET CLR 1.1.4322)"
206.127.79.138 - - [09/Feb/2006:12:07:37 -0500] "GET /englishL/home/2006.php HTTP/1.1" 200 1525053 "-" "Mozilla/4.0 (compatible; MSIE 6.0; Windows NT 5.1; SV1; .NET CLR 1.1.4322)"
206.127.79.138 - - [09/Feb/2006:12:07:38 -0500] "GET /stylesheets/mainenglishL.css HTTP/1.1" 200 590 "http://www.darwinday.org/englishL/home/2006.php" "Mozilla/4.0 (compatible; MSIE 6.0; Windows NT 5.1; SV1; .NET CLR 1.1.4322)"
193.1.210.18 - - [09/Feb/2006:12:07:38 -0500] "GET / HTTP/1.0" 200 25315 "http://www.botanicgardens.ie/news/20060212.htm" "Mozilla/4.0 (compatible; MSIE 6.0; Windows NT 5.0)"
193.1.210.18 - - [09/Feb/2006:12:07:47 -0500] "GET /stylesheets/main.css HTTP/1.0" 200 658 "http://www.darwinday.org/" "Mozilla/4.0 (compatible; MSIE 6.0; Windows NT 5.0)"
63.230.255.254 - - [09/Feb/2006:12:07:47 -0500] "GET /NEWlang/life/index.html HTTP/1.1" 200 9825 "http://www.darwinday.org/NEWlang/evolution/index.html" "Mozilla/4.0 (compatible; MSIE 6.0; Windows NT 5.1; SV1; .NET CLR 1.1.4322)"
193.1.210.18 - - [09/Feb/2006:12:07:48 -0500] "GET /images/topleftlogo.gif HTTP/1.0" 200 6907 "http://www.darwinday.org/" "Mozilla/4.0 (compatible; MSIE 6.0; Windows NT 5.0)"
193.1.210.18 - - [09/Feb/2006:12:07:50 -0500] "GET /stylesheets/mainenglishL.css HTTP/1.0" 200 590 "http://www.darwinday.org/" "Mozilla/4.0 (compatible; MSIE 6.0; Windows NT 5.0)"
193.1.210.18 - - [09/Feb/2006:12:07:50 -0500] "GET /images/header.gif HTTP/1.0" 200 26756 "http://www.darwinday.org/" "Mozilla/4.0 (compatible; MSIE 6.0; Windows NT 5.0)"
193.1.210.18 - - [09/Feb/2006:12:07:52 -0500] "GET /images/worldmaptransp.gif HTTP/1.0" 200 128893 "http://www.darwinday.org/" "Mozilla/4.0 (compatible; MSIE 6.0; Windows NT 5.0)"
63.230.255.254 - - [09/Feb/2006:12:07:56 -0500] "GET /NEWlang/life/beagle.html HTTP/1.1" 200 20556 "http://www.darwinday.org/NEWlang/life/index.html" "Mozilla/4.0 (compatible; MSIE 6.0; Windows NT 5.1; SV1; .NET CLR 1.1.4322)"
63.230.255.254 - - [09/Feb/2006:12:07:57 -0500] "GET /NEWlang/life/images/beagle/beaglemapsa-t.gif HTTP/1.1" 200 15500 "http://www.darwinday.org/NEWlang/life/beagle.html" "Mozilla/4.0 (compatible; MSIE 6.0; Windows NT 5.1; SV1; .NET CLR 1.1.4322)"
63.230.255.254 - - [09/Feb/2006:12:07:57 -0500] "GET /NEWlang/life/images/beagle/beaglemap-t.gif HTTP/1.1" 200 17709 "http://www.darwinday.org/NEWlang/life/beagle.html" "Mozilla/4.0 (compatible; MSIE 6.0; Windows NT 5.1; SV1; .NET CLR 1.1.4322)"
63.230.255.254 - - [09/Feb/2006:12:07:57 -0500] "GET /NEWlang/life/images/beagle/beaglemapgal-t.gif HTTP/1.1" 200 7651 "http://www.darwinday.org/NEWlang/life/beagle.html" "Mozilla/4.0 (compatible; MSIE 6.0; Windows NT 5.1; SV1; .NET CLR 1.1.4322)"
63.230.255.254 - - [09/Feb/2006:12:07:57 -0500] "GET /NEWlang/life/images/beagle/galapagos-t.jpg HTTP/1.1" 200 21187 "http://www.darwinday.org/NEWlang/life/beagle.html" "Mozilla/4.0 (compatible; MSIE 6.0; Windows NT 5.1; SV1; .NET CLR 1.1.4322)"
63.230.255.254 - - [09/Feb/2006:12:07:57 -0500] "GET /NEWlang/life/images/beagle/iguana-t.jpg HTTP/1.1" 200 32130 "http://www.darwinday.org/NEWlang/life/beagle.html" "Mozilla/4.0 (compatible; MSIE 6.0; Windows NT 5.1; SV1; .NET CLR 1.1.4322)"
63.230.255.254 - - [09/Feb/2006:12:07:57 -0500] "GET /NEWlang/life/images/beagle/tortoise-t.jpg HTTP/1.1" 200 41154 "http://www.darwinday.org/NEWlang/life/beagle.html" "Mozilla/4.0 (compatible; MSIE 6.0; Windows NT 5.1; SV1; .NET CLR 1.1.4322)"
193.1.210.18 - - [09/Feb/2006:12:07:58 -0500] "GET /englishL/currarts.html HTTP/1.0" 200 5653 "http://www.darwinday.org/" "Mozilla/4.0 (compatible; MSIE 6.0; Windows NT 5.0)"
63.230.255.254 - - [09/Feb/2006:12:07:58 -0500] "GET /NEWlang/life/images/beagle/lizard-t.jpg HTTP/1.1" 200 28277 "http://www.darwinday.org/NEWlang/life/beagle.html" "Mozilla/4.0 (compatible; MSIE 6.0; Windows NT 5.1; SV1; .NET CLR 1.1.4322)"
63.230.255.254 - - [09/Feb/2006:12:07:59 -0500] "GET /NEWlang/life/images/beagle/nancy.jpg HTTP/1.1" 200 80351 "http://www.darwinday.org/NEWlang/life/beagle.html" "Mozilla/4.0 (compatible; MSIE 6.0; Windows NT 5.1; SV1; .NET CLR 1.1.4322)"
63.230.255.254 - - [09/Feb/2006:12:08:00 -0500] "GET /NEWlang/life/images/beagle/finch-t.jpg HTTP/1.1" 200 41018 "http://www.darwinday.org/NEWlang/life/beagle.html" "Mozilla/4.0 (compatible; MSIE 6.0; Windows NT 5.1; SV1; .NET CLR 1.1.4322)"
193.1.210.18 - - [09/Feb/2006:12:08:00 -0500] "GET /englishL/images/titletrans.gif HTTP/1.0" 200 15588 "http://www.darwinday.org/" "Mozilla/4.0 (compatible; MSIE 6.0; Windows NT 5.0)"
193.1.210.18 - - [09/Feb/2006:12:08:04 -0500] "GET /englishL/images/navbar.gif HTTP/1.0" 200 2667 "http://www.darwinday.org/" "Mozilla/4.0 (compatible; MSIE 6.0; Windows NT 5.0)"
193.1.210.18 - - [09/Feb/2006:12:08:06 -0500] "GET /englishL/home/images/darwinages.gif HTTP/1.0" 200 50309 "http://www.darwinday.org/" "Mozilla/4.0 (compatible; MSIE 6.0; Windows NT 5.0)"
193.1.210.18 - - [09/Feb/2006:12:08:13 -0500] "GET /images/arrow.gif HTTP/1.0" 200 112 "http://www.darwinday.org/" "Mozilla/4.0 (compatible; MSIE 6.0; Windows NT 5.0)"
193.1.210.18 - - [09/Feb/2006:12:08:14 -0500] "GET /images/dnahorizl.gif HTTP/1.0" 200 2130 "http://www.darwinday.org/" "Mozilla/4.0 (compatible; MSIE 6.0; Windows NT 5.0)"
193.1.210.18 - - [09/Feb/2006:12:08:14 -0500] "GET /images/dnahoriz.gif HTTP/1.0" 200 3391 "http://www.darwinday.org/" "Mozilla/4.0 (compatible; MSIE 6.0; Windows NT 5.0)"
193.1.210.18 - - [09/Feb/2006:12:08:16 -0500] "GET /images/dnahorizr.gif HTTP/1.0" 200 2104 "http://www.darwinday.org/" "Mozilla/4.0 (compatible; MSIE 6.0; Windows NT 5.0)"
193.1.210.18 - - [09/Feb/2006:12:08:17 -0500] "GET /englishL/home/images/lincoln.gif HTTP/1.0" 200 11057 "http://www.darwinday.org/" "Mozilla/4.0 (compatible; MSIE 6.0; Windows NT 5.0)"
193.1.210.18 - - [09/Feb/2006:12:08:17 -0500] "GET /englishL/home/images/darwin.gif HTTP/1.0" 200 13783 "http://www.darwinday.org/" "Mozilla/4.0 (compatible; MSIE 6.0; Windows NT 5.0)"
193.1.210.18 - - [09/Feb/2006:12:08:19 -0500] "GET /englishL/home/images/beagle.gif HTTP/1.0" 200 37108 "http://www.darwinday.org/" "Mozilla/4.0 (compatible; MSIE 6.0; Windows NT 5.0)"
193.1.210.18 - - [09/Feb/2006:12:08:20 -0500] "GET /images/trans.gif HTTP/1.0" 200 49 "http://www.darwinday.org/" "Mozilla/4.0 (compatible; MSIE 6.0; Windows NT 5.0)"
193.1.210.18 - - [09/Feb/2006:12:08:22 -0500] "GET /englishL/home/images/manymore.gif HTTP/1.0" 200 581 "http://www.darwinday.org/" "Mozilla/4.0 (compatible; MSIE 6.0; Windows NT 5.0)"
193.1.210.18 - - [09/Feb/2006:12:08:23 -0500] "GET /englishL/home/images/joinus.gif HTTP/1.0" 200 524 "http://www.darwinday.org/" "Mozilla/4.0 (compatible; MSIE 6.0; Windows NT 5.0)"
193.1.210.18 - - [09/Feb/2006:12:08:24 -0500] "GET /englishL/home/images/horse.evolution.jpg HTTP/1.0" 200 29612 "http://www.darwinday.org/" "Mozilla/4.0 (compatible; MSIE 6.0; Windows NT 5.0)"
193.1.210.18 - - [09/Feb/2006:12:08:27 -0500] "GET /images/DNAlogo.gif HTTP/1.0" 200 1370 "http://www.darwinday.org/englishL/currarts.html" "Mozilla/4.0 (compatible; MSIE 6.0; Windows NT 5.0)"
64.179.63.46 - - [09/Feb/2006:12:08:41 -0500] "GET /stylesheets/main.css HTTP/1.1" 200 658 "http://www.darwinday.org/englishL/home/2003.html" "Mozilla/4.0 (compatible; MSIE 6.0; Windows NT 5.1; SV1; .NET CLR 1.1.4322)"
64.179.63.46 - - [09/Feb/2006:12:08:41 -0500] "GET /images/topleftlogo.gif HTTP/1.1" 200 6907 "http://www.darwinday.org/englishL/home/2003.html" "Mozilla/4.0 (compatible; MSIE 6.0; Windows NT 5.1; SV1; .NET CLR 1.1.4322)"
64.179.63.46 - - [09/Feb/2006:12:08:41 -0500] "GET /englishL/home/2003.html HTTP/1.1" 200 100585 "http://www.google.com/search?sourceid=navclient&ie=UTF-8&rls=GGLD,GGLD:2005-02,GGLD:en&q=%22rockford%2C+il%22+freethinkers" "Mozilla/4.0 (compatible; MSIE 6.0; Windows NT 5.1; SV1; .NET CLR 1.1.4322)"
64.179.63.46 - - [09/Feb/2006:12:08:42 -0500] "GET /images/header.gif HTTP/1.1" 200 26756 "http://www.darwinday.org/englishL/home/2003.html" "Mozilla/4.0 (compatible; MSIE 6.0; Windows NT 5.1; SV1; .NET CLR 1.1.4322)"
64.179.63.46 - - [09/Feb/2006:12:08:42 -0500] "GET /englishL/images/titletrans.gif HTTP/1.1" 200 15588 "http://www.darwinday.org/englishL/home/2003.html" "Mozilla/4.0 (compatible; MSIE 6.0; Windows NT 5.1; SV1; .NET CLR 1.1.4322)"
64.179.63.46 - - [09/Feb/2006:12:08:42 -0500] "GET /englishL/images/navbar.gif HTTP/1.1" 200 2667 "http://www.darwinday.org/englishL/home/2003.html" "Mozilla/4.0 (compatible; MSIE 6.0; Windows NT 5.1; SV1; .NET CLR 1.1.4322)"
64.6.4.217 - - [09/Feb/2006:12:08:43 -0500] "GET / HTTP/1.1" 304 - "-" "Mozilla/4.0 (compatible; MSIE 6.0; Windows 98; SpamBlockerUtility 4.7.1)"
64.179.63.46 - - [09/Feb/2006:12:08:43 -0500] "GET /images/worldmaptransp.gif HTTP/1.1" 200 128893 "http://www.darwinday.org/englishL/home/2003.html" "Mozilla/4.0 (compatible; MSIE 6.0; Windows NT 5.1; SV1; .NET CLR 1.1.4322)"
64.6.4.217 - - [09/Feb/2006:12:08:43 -0500] "GET /stylesheets/mainenglishL.css HTTP/1.1" 304 - "http://www.darwinday.org/" "Mozilla/4.0 (compatible; MSIE 6.0; Windows 98; SpamBlockerUtility 4.7.1)"
64.6.4.217 - - [09/Feb/2006:12:08:43 -0500] "GET /images/topleftlogo.gif HTTP/1.1" 304 - "http://www.darwinday.org/" "Mozilla/4.0 (compatible; MSIE 6.0; Windows 98; SpamBlockerUtility 4.7.1)"
64.6.4.217 - - [09/Feb/2006:12:08:43 -0500] "GET /stylesheets/main.css HTTP/1.1" 304 - "http://www.darwinday.org/" "Mozilla/4.0 (compatible; MSIE 6.0; Windows 98; SpamBlockerUtility 4.7.1)"
64.6.4.217 - - [09/Feb/2006:12:08:43 -0500] "GET /images/header.gif HTTP/1.1" 304 - "http://www.darwinday.org/" "Mozilla/4.0 (compatible; MSIE 6.0; Windows 98; SpamBlockerUtility 4.7.1)"
64.6.4.217 - - [09/Feb/2006:12:08:43 -0500] "GET /images/worldmaptransp.gif HTTP/1.1" 304 - "http://www.darwinday.org/" "Mozilla/4.0 (compatible; MSIE 6.0; Windows 98; SpamBlockerUtility 4.7.1)"
64.6.4.217 - - [09/Feb/2006:12:08:43 -0500] "GET /englishL/currarts.html HTTP/1.1" 304 - "http://www.darwinday.org/" "Mozilla/4.0 (compatible; MSIE 6.0; Windows 98; SpamBlockerUtility 4.7.1)"
64.6.4.217 - - [09/Feb/2006:12:08:44 -0500] "GET /englishL/images/titletrans.gif HTTP/1.1" 304 - "http://www.darwinday.org/" "Mozilla/4.0 (compatible; MSIE 6.0; Windows 98; SpamBlockerUtility 4.7.1)"
64.6.4.217 - - [09/Feb/2006:12:08:44 -0500] "GET /englishL/images/navbar.gif HTTP/1.1" 304 - "http://www.darwinday.org/" "Mozilla/4.0 (compatible; MSIE 6.0; Windows 98; SpamBlockerUtility 4.7.1)"
