143.107.38.27 - - [09/Feb/2006:12:54:45 -0500] "GET /englishL/home/images/beagle.gif HTTP/1.1" 304 - "http://www.darwinday.org/" "Mozilla/4.0 (compatible; MSIE 6.0; Windows NT 5.1; SV1)"
143.107.38.27 - - [09/Feb/2006:12:54:45 -0500] "GET /images/trans.gif HTTP/1.1" 304 - "http://www.darwinday.org/" "Mozilla/4.0 (compatible; MSIE 6.0; Windows NT 5.1; SV1)"
143.107.38.27 - - [09/Feb/2006:12:54:45 -0500] "GET /englishL/home/images/manymore.gif HTTP/1.1" 304 - "http://www.darwinday.org/" "Mozilla/4.0 (compatible; MSIE 6.0; Windows NT 5.1; SV1)"
143.107.38.27 - - [09/Feb/2006:12:54:45 -0500] "GET /englishL/home/images/joinus.gif HTTP/1.1" 304 - "http://www.darwinday.org/" "Mozilla/4.0 (compatible; MSIE 6.0; Windows NT 5.1; SV1)"
143.107.38.27 - - [09/Feb/2006:12:54:45 -0500] "GET /englishL/home/images/horse.evolution.jpg HTTP/1.1" 304 - "http://www.darwinday.org/" "Mozilla/4.0 (compatible; MSIE 6.0; Windows NT 5.1; SV1)"
143.107.38.27 - - [09/Feb/2006:12:54:45 -0500] "GET /images/DNAlogo.gif HTTP/1.1" 304 - "http://www.darwinday.org/englishL/currarts.html" "Mozilla/4.0 (compatible; MSIE 6.0; Windows NT 5.1; SV1)"
143.107.38.27 - - [09/Feb/2006:12:55:00 -0500] "GET /englishL/home/2005.php HTTP/1.1" 200 121646 "http://www.darwinday.org/" "Mozilla/4.0 (compatible; MSIE 6.0; Windows NT 5.1; SV1)"
143.107.38.27 - - [09/Feb/2006:12:55:08 -0500] "GET /englishL/home/2006.php HTTP/1.1" 200 218115 "http://www.darwinday.org/" "Mozilla/4.0 (compatible; MSIE 6.0; Windows NT 5.1; SV1)"
216.170.142.17 - - [09/Feb/2006:12:55:29 -0500] "GET /stylesheets/mainenglishL.css HTTP/1.1" 200 590 "http://www.darwinday.org/" "Mozilla/4.0 (compatible; MSIE 6.0; Windows NT 5.1; SV1)"
216.170.142.17 - - [09/Feb/2006:12:55:29 -0500] "GET / HTTP/1.1" 200 25315 "http://www.google.com/search?hl=en&q=Darwin%27s+birthday&btnG=Google+Search" "Mozilla/4.0 (compatible; MSIE 6.0; Windows NT 5.1; SV1)"
216.170.142.17 - - [09/Feb/2006:12:55:29 -0500] "GET /stylesheets/main.css HTTP/1.1" 200 658 "http://www.darwinday.org/" "Mozilla/4.0 (compatible; MSIE 6.0; Windows NT 5.1; SV1)"
216.170.142.17 - - [09/Feb/2006:12:55:29 -0500] "GET /images/topleftlogo.gif HTTP/1.1" 200 6907 "http://www.darwinday.org/" "Mozilla/4.0 (compatible; MSIE 6.0; Windows NT 5.1; SV1)"
216.170.142.17 - - [09/Feb/2006:12:55:29 -0500] "GET /englishL/currarts.html HTTP/1.1" 200 5653 "http://www.darwinday.org/" "Mozilla/4.0 (compatible; MSIE 6.0; Windows NT 5.1; SV1)"
216.170.142.17 - - [09/Feb/2006:12:55:29 -0500] "GET /images/header.gif HTTP/1.1" 200 26756 "http://www.darwinday.org/" "Mozilla/4.0 (compatible; MSIE 6.0; Windows NT 5.1; SV1)"
216.170.142.17 - - [09/Feb/2006:12:55:29 -0500] "GET /englishL/images/titletrans.gif HTTP/1.1" 200 15588 "http://www.darwinday.org/" "Mozilla/4.0 (compatible; MSIE 6.0; Windows NT 5.1; SV1)"
216.170.142.17 - - [09/Feb/2006:12:55:29 -0500] "GET /englishL/images/navbar.gif HTTP/1.1" 200 2667 "http://www.darwinday.org/" "Mozilla/4.0 (compatible; MSIE 6.0; Windows NT 5.1; SV1)"
216.170.142.17 - - [09/Feb/2006:12:55:30 -0500] "GET /images/worldmaptransp.gif HTTP/1.1" 200 128893 "http://www.darwinday.org/" "Mozilla/4.0 (compatible; MSIE 6.0; Windows NT 5.1; SV1)"
216.170.142.17 - - [09/Feb/2006:12:55:30 -0500] "GET /images/arrow.gif HTTP/1.1" 200 112 "http://www.darwinday.org/" "Mozilla/4.0 (compatible; MSIE 6.0; Windows NT 5.1; SV1)"
216.170.142.17 - - [09/Feb/2006:12:55:30 -0500] "GET /images/dnahorizl.gif HTTP/1.1" 200 2130 "http://www.darwinday.org/" "Mozilla/4.0 (compatible; MSIE 6.0; Windows NT 5.1; SV1)"
216.170.142.17 - - [09/Feb/2006:12:55:30 -0500] "GET /englishL/home/images/darwinages.gif HTTP/1.1" 200 50309 "http://www.darwinday.org/" "Mozilla/4.0 (compatible; MSIE 6.0; Windows NT 5.1; SV1)"
216.170.142.17 - - [09/Feb/2006:12:55:30 -0500] "GET /images/dnahoriz.gif HTTP/1.1" 200 3391 "http://www.darwinday.org/" "Mozilla/4.0 (compatible; MSIE 6.0; Windows NT 5.1; SV1)"
216.170.142.17 - - [09/Feb/2006:12:55:30 -0500] "GET /images/dnahorizr.gif HTTP/1.1" 200 2104 "http://www.darwinday.org/" "Mozilla/4.0 (compatible; MSIE 6.0; Windows NT 5.1; SV1)"
216.170.142.17 - - [09/Feb/2006:12:55:30 -0500] "GET /englishL/home/images/lincoln.gif HTTP/1.1" 200 11057 "http://www.darwinday.org/" "Mozilla/4.0 (compatible; MSIE 6.0; Windows NT 5.1; SV1)"
216.170.142.17 - - [09/Feb/2006:12:55:30 -0500] "GET /englishL/home/images/darwin.gif HTTP/1.1" 200 13783 "http://www.darwinday.org/" "Mozilla/4.0 (compatible; MSIE 6.0; Windows NT 5.1; SV1)"
216.170.142.17 - - [09/Feb/2006:12:55:30 -0500] "GET /englishL/home/images/beagle.gif HTTP/1.1" 200 37108 "http://www.darwinday.org/" "Mozilla/4.0 (compatible; MSIE 6.0; Windows NT 5.1; SV1)"
216.170.142.17 - - [09/Feb/2006:12:55:30 -0500] "GET /images/trans.gif HTTP/1.1" 200 49 "http://www.darwinday.org/" "Mozilla/4.0 (compatible; MSIE 6.0; Windows NT 5.1; SV1)"
216.170.142.17 - - [09/Feb/2006:12:55:31 -0500] "GET /englishL/home/images/manymore.gif HTTP/1.1" 200 581 "http://www.darwinday.org/" "Mozilla/4.0 (compatible; MSIE 6.0; Windows NT 5.1; SV1)"
216.170.142.17 - - [09/Feb/2006:12:55:31 -0500] "GET /englishL/home/images/joinus.gif HTTP/1.1" 200 524 "http://www.darwinday.org/" "Mozilla/4.0 (compatible; MSIE 6.0; Windows NT 5.1; SV1)"
216.170.142.17 - - [09/Feb/2006:12:55:31 -0500] "GET /englishL/home/images/horse.evolution.jpg HTTP/1.1" 200 29612 "http://www.darwinday.org/" "Mozilla/4.0 (compatible; MSIE 6.0; Windows NT 5.1; SV1)"
216.170.142.17 - - [09/Feb/2006:12:55:31 -0500] "GET /images/DNAlogo.gif HTTP/1.1" 200 1370 "http://www.darwinday.org/englishL/currarts.html" "Mozilla/4.0 (compatible; MSIE 6.0; Windows NT 5.1; SV1)"
65.66.35.105 - - [09/Feb/2006:12:55:35 -0500] "GET /favicon.ico HTTP/1.1" 404 3385 "-" "Mozilla/5.0 (Windows; U; Windows NT 5.0; en-US; rv:1.8.0.1) Gecko/20060111 Firefox/1.5.0.1"
65.66.35.105 - - [09/Feb/2006:12:55:40 -0500] "GET /favicon.ico HTTP/1.1" 404 3385 "-" "Mozilla/5.0 (Windows; U; Windows NT 5.0; en-US; rv:1.8.0.1) Gecko/20060111 Firefox/1.5.0.1"
65.66.35.105 - - [09/Feb/2006:12:56:19 -0500] "GET /favicon.ico HTTP/1.1" 404 3385 "-" "Mozilla/5.0 (Windows; U; Windows NT 5.0; en-US; rv:1.8.0.1) Gecko/20060111 Firefox/1.5.0.1"
129.240.238.1 - - [09/Feb/2006:12:56:59 -0500] "GET /favicon.ico HTTP/1.1" 404 3385 "-" "Mozilla/4.0 (compatible; MSIE 6.0; Windows NT 5.1; SV1)"
70.144.36.122 - - [09/Feb/2006:12:57:37 -0500] "GET /stylesheets/mainenglishL.css HTTP/1.1" 200 590 "http://www.darwinday.org/englishL/home/index.html" "Mozilla/4.0 (compatible; MSIE 6.0; Windows NT 5.1; .NET CLR 1.0.3705; .NET CLR 1.1.4322; Media Center PC 4.0; .NET CLR 2.0.50727)"
70.144.36.122 - - [09/Feb/2006:12:57:37 -0500] "GET /stylesheets/main.css HTTP/1.1" 200 658 "http://www.darwinday.org/englishL/home/index.html" "Mozilla/4.0 (compatible; MSIE 6.0; Windows NT 5.1; .NET CLR 1.0.3705; .NET CLR 1.1.4322; Media Center PC 4.0; .NET CLR 2.0.50727)"
70.144.36.122 - - [09/Feb/2006:12:57:37 -0500] "GET /englishL/home/index.html HTTP/1.1" 200 25693 "http://www.cofc.edu/%7Edillonr/DarwinWeekVI.html" "Mozilla/4.0 (compatible; MSIE 6.0; Windows NT 5.1; .NET CLR 1.0.3705; .NET CLR 1.1.4322; Media Center PC 4.0; .NET CLR 2.0.50727)"
70.144.36.122 - - [09/Feb/2006:12:57:37 -0500] "GET /images/topleftlogo.gif HTTP/1.1" 200 6907 "http://www.darwinday.org/englishL/home/index.html" "Mozilla/4.0 (compatible; MSIE 6.0; Windows NT 5.1; .NET CLR 1.0.3705; .NET CLR 1.1.4322; Media Center PC 4.0; .NET CLR 2.0.50727)"
70.144.36.122 - - [09/Feb/2006:12:57:37 -0500] "GET /englishL/images/navbar.gif HTTP/1.1" 200 2667 "http://www.darwinday.org/englishL/home/index.html" "Mozilla/4.0 (compatible; MSIE 6.0; Windows NT 5.1; .NET CLR 1.0.3705; .NET CLR 1.1.4322; Media Center PC 4.0; .NET CLR 2.0.50727)"
70.144.36.122 - - [09/Feb/2006:12:57:37 -0500] "GET /images/arrow.gif HTTP/1.1" 200 112 "http://www.darwinday.org/englishL/home/index.html" "Mozilla/4.0 (compatible; MSIE 6.0; Windows NT 5.1; .NET CLR 1.0.3705; .NET CLR 1.1.4322; Media Center PC 4.0; .NET CLR 2.0.50727)"
70.144.36.122 - - [09/Feb/2006:12:57:37 -0500] "GET /images/dnahorizl.gif HTTP/1.1" 200 2130 "http://www.darwinday.org/englishL/home/index.html" "Mozilla/4.0 (compatible; MSIE 6.0; Windows NT 5.1; .NET CLR 1.0.3705; .NET CLR 1.1.4322; Media Center PC 4.0; .NET CLR 2.0.50727)"
70.144.36.122 - - [09/Feb/2006:12:57:37 -0500] "GET /images/dnahoriz.gif HTTP/1.1" 200 3391 "http://www.darwinday.org/englishL/home/index.html" "Mozilla/4.0 (compatible; MSIE 6.0; Windows NT 5.1; .NET CLR 1.0.3705; .NET CLR 1.1.4322; Media Center PC 4.0; .NET CLR 2.0.50727)"
70.144.36.122 - - [09/Feb/2006:12:57:38 -0500] "GET /englishL/currarts.html HTTP/1.1" 200 5653 "http://www.darwinday.org/englishL/home/index.html" "Mozilla/4.0 (compatible; MSIE 6.0; Windows NT 5.1; .NET CLR 1.0.3705; .NET CLR 1.1.4322; Media Center PC 4.0; .NET CLR 2.0.50727)"
70.144.36.122 - - [09/Feb/2006:12:57:38 -0500] "GET /images/dnahorizr.gif HTTP/1.1" 200 2104 "http://www.darwinday.org/englishL/home/index.html" "Mozilla/4.0 (compatible; MSIE 6.0; Windows NT 5.1; .NET CLR 1.0.3705; .NET CLR 1.1.4322; Media Center PC 4.0; .NET CLR 2.0.50727)"
70.144.36.122 - - [09/Feb/2006:12:57:38 -0500] "GET /englishL/home/images/lincoln.gif HTTP/1.1" 200 11057 "http://www.darwinday.org/englishL/home/index.html" "Mozilla/4.0 (compatible; MSIE 6.0; Windows NT 5.1; .NET CLR 1.0.3705; .NET CLR 1.1.4322; Media Center PC 4.0; .NET CLR 2.0.50727)"
70.144.36.122 - - [09/Feb/2006:12:57:38 -0500] "GET /images/trans.gif HTTP/1.1" 200 49 "http://www.darwinday.org/englishL/home/index.html" "Mozilla/4.0 (compatible; MSIE 6.0; Windows NT 5.1; .NET CLR 1.0.3705; .NET CLR 1.1.4322; Media Center PC 4.0; .NET CLR 2.0.50727)"
70.144.36.122 - - [09/Feb/2006:12:57:38 -0500] "GET /images/header.gif HTTP/1.1" 200 26756 "http://www.darwinday.org/englishL/home/index.html" "Mozilla/4.0 (compatible; MSIE 6.0; Windows NT 5.1; .NET CLR 1.0.3705; .NET CLR 1.1.4322; Media Center PC 4.0; .NET CLR 2.0.50727)"
70.144.36.122 - - [09/Feb/2006:12:57:38 -0500] "GET /englishL/home/images/manymore.gif HTTP/1.1" 200 581 "http://www.darwinday.org/englishL/home/index.html" "Mozilla/4.0 (compatible; MSIE 6.0; Windows NT 5.1; .NET CLR 1.0.3705; .NET CLR 1.1.4322; Media Center PC 4.0; .NET CLR 2.0.50727)"
70.144.36.122 - - [09/Feb/2006:12:57:38 -0500] "GET /englishL/home/images/joinus.gif HTTP/1.1" 200 524 "http://www.darwinday.org/englishL/home/index.html" "Mozilla/4.0 (compatible; MSIE 6.0; Windows NT 5.1; .NET CLR 1.0.3705; .NET CLR 1.1.4322; Media Center PC 4.0; .NET CLR 2.0.50727)"
70.144.36.122 - - [09/Feb/2006:12:57:38 -0500] "GET /images/DNAlogo.gif HTTP/1.1" 200 1370 "http://www.darwinday.org/englishL/currarts.html" "Mozilla/4.0 (compatible; MSIE 6.0; Windows NT 5.1; .NET CLR 1.0.3705; .NET CLR 1.1.4322; Media Center PC 4.0; .NET CLR 2.0.50727)"
70.144.36.122 - - [09/Feb/2006:12:57:38 -0500] "GET /englishL/home/images/darwinages.gif HTTP/1.1" 200 50309 "http://www.darwinday.org/englishL/home/index.html" "Mozilla/4.0 (compatible; MSIE 6.0; Windows NT 5.1; .NET CLR 1.0.3705; .NET CLR 1.1.4322; Media Center PC 4.0; .NET CLR 2.0.50727)"
70.144.36.122 - - [09/Feb/2006:12:57:38 -0500] "GET /englishL/home/images/darwin.gif HTTP/1.1" 200 13783 "http://www.darwinday.org/englishL/home/index.html" "Mozilla/4.0 (compatible; MSIE 6.0; Windows NT 5.1; .NET CLR 1.0.3705; .NET CLR 1.1.4322; Media Center PC 4.0; .NET CLR 2.0.50727)"
70.144.36.122 - - [09/Feb/2006:12:57:39 -0500] "GET /englishL/home/images/beagle.gif HTTP/1.1" 200 37108 "http://www.darwinday.org/englishL/home/index.html" "Mozilla/4.0 (compatible; MSIE 6.0; Windows NT 5.1; .NET CLR 1.0.3705; .NET CLR 1.1.4322; Media Center PC 4.0; .NET CLR 2.0.50727)"
70.144.36.122 - - [09/Feb/2006:12:57:39 -0500] "GET /englishL/images/titletrans.gif HTTP/1.1" 200 15588 "http://www.darwinday.org/englishL/home/index.html" "Mozilla/4.0 (compatible; MSIE 6.0; Windows NT 5.1; .NET CLR 1.0.3705; .NET CLR 1.1.4322; Media Center PC 4.0; .NET CLR 2.0.50727)"
70.144.36.122 - - [09/Feb/2006:12:57:39 -0500] "GET /images/worldmaptransp.gif HTTP/1.1" 200 128893 "http://www.darwinday.org/englishL/home/index.html" "Mozilla/4.0 (compatible; MSIE 6.0; Windows NT 5.1; .NET CLR 1.0.3705; .NET CLR 1.1.4322; Media Center PC 4.0; .NET CLR 2.0.50727)"
70.144.36.122 - - [09/Feb/2006:12:57:39 -0500] "GET /englishL/home/images/horse.evolution.jpg HTTP/1.1" 200 29612 "http://www.darwinday.org/englishL/home/index.html" "Mozilla/4.0 (compatible; MSIE 6.0; Windows NT 5.1; .NET CLR 1.0.3705; .NET CLR 1.1.4322; Media Center PC 4.0; .NET CLR 2.0.50727)"
80.200.161.28 - - [09/Feb/2006:12:57:59 -0500] "GET /stylesheets/mainenglishL.css HTTP/1.1" 200 590 "http://www.darwinday.org/englishL/life/shrewsbury.html" "Mozilla/4.0 (compatible; MSIE 6.0; Windows NT 5.1; SV1; (R1 1.5))"
143.107.38.27 - - [09/Feb/2006:12:57:59 -0500] "GET /englishL/life/index.html HTTP/1.1" 200 9860 "http://www.darwinday.org/" "Mozilla/4.0 (compatible; MSIE 6.0; Windows NT 5.1; SV1)"
80.200.161.28 - - [09/Feb/2006:12:57:59 -0500] "GET /stylesheets/main.css HTTP/1.1" 200 658 "http://www.darwinday.org/englishL/life/shrewsbury.html" "Mozilla/4.0 (compatible; MSIE 6.0; Windows NT 5.1; SV1; (R1 1.5))"
80.200.161.28 - - [09/Feb/2006:12:58:00 -0500] "GET /englishL/life/shrewsbury.html HTTP/1.1" 200 37679 "http://images.google.co.uk/imgres?imgurl=http://www.darwinday.org/englishL/life/images/shrewsbury.jpg&imgrefurl=http://www.darwinday.org/englishL/life/shrewsbury.html&h=402&w=562&sz=102&tbnid=q4QkjqkE1DjxNM:&tbnh=93&tbnw=131&hl=en&start=20&prev=/images%3Fq%3Driver%2Bsevern%2B%26svnum%3D10%26hl%3Den%26lr%3D" "Mozilla/4.0 (compatible; MSIE 6.0; Windows NT 5.1; SV1; (R1 1.5))"
80.200.161.28 - - [09/Feb/2006:12:58:00 -0500] "GET /images/topleftlogo.gif HTTP/1.1" 200 6907 "http://www.darwinday.org/englishL/life/shrewsbury.html" "Mozilla/4.0 (compatible; MSIE 6.0; Windows NT 5.1; SV1; (R1 1.5))"
143.107.38.27 - - [09/Feb/2006:12:58:00 -0500] "GET /images/goldball.gif HTTP/1.1" 200 332 "http://www.darwinday.org/englishL/life/index.html" "Mozilla/4.0 (compatible; MSIE 6.0; Windows NT 5.1; SV1)"
80.200.161.28 - - [09/Feb/2006:12:58:00 -0500] "GET /englishL/images/navbar.gif HTTP/1.1" 200 2667 "http://www.darwinday.org/englishL/life/shrewsbury.html" "Mozilla/4.0 (compatible; MSIE 6.0; Windows NT 5.1; SV1; (R1 1.5))"
80.200.161.28 - - [09/Feb/2006:12:58:01 -0500] "GET /images/header.gif HTTP/1.1" 200 26756 "http://www.darwinday.org/englishL/life/shrewsbury.html" "Mozilla/4.0 (compatible; MSIE 6.0; Windows NT 5.1; SV1; (R1 1.5))"
80.200.161.28 - - [09/Feb/2006:12:58:01 -0500] "GET /englishL/images/titletrans.gif HTTP/1.1" 200 15588 "http://www.darwinday.org/englishL/life/shrewsbury.html" "Mozilla/4.0 (compatible; MSIE 6.0; Windows NT 5.1; SV1; (R1 1.5))"
80.200.161.28 - - [09/Feb/2006:12:58:02 -0500] "GET /images/worldmaptransp.gif HTTP/1.1" 200 128893 "http://www.darwinday.org/englishL/life/shrewsbury.html" "Mozilla/4.0 (compatible; MSIE 6.0; Windows NT 5.1; SV1; (R1 1.5))"
80.200.161.28 - - [09/Feb/2006:12:58:03 -0500] "GET /englishL/life/images/shrewsbury.jpg HTTP/1.1" 200 27334 "http://www.darwinday.org/englishL/life/shrewsbury.html" "Mozilla/4.0 (compatible; MSIE 6.0; Windows NT 5.1; SV1; (R1 1.5))"
80.200.161.28 - - [09/Feb/2006:12:58:03 -0500] "GET /englishL/life/images/mountmap-t.jpg HTTP/1.1" 200 37556 "http://www.darwinday.org/englishL/life/shrewsbury.html" "Mozilla/4.0 (compatible; MSIE 6.0; Windows NT 5.1; SV1; (R1 1.5))"
80.200.161.28 - - [09/Feb/2006:12:58:05 -0500] "GET /englishL/life/images/shrewsbury.jpg HTTP/1.1" 200 103773 "http://images.google.co.uk/imgres?imgurl=http://www.darwinday.org/englishL/life/images/shrewsbury.jpg&imgrefurl=http://www.darwinday.org/englishL/life/shrewsbury.html&h=402&w=562&sz=102&tbnid=q4QkjqkE1DjxNM:&tbnh=93&tbnw=131&hl=en&prev=/images%3Fq%3Driver%2Bsevern%2B%26svnum%3D10%26hl%3Den%26lr%3D&frame=small" "Mozilla/4.0 (compatible; MSIE 6.0; Windows NT 5.1; SV1; (R1 1.5))"
143.107.38.27 - - [09/Feb/2006:12:58:05 -0500] "GET /englishL/life/shrewsbury.html HTTP/1.1" 200 37679 "http://www.darwinday.org/englishL/life/index.html" "Mozilla/4.0 (compatible; MSIE 6.0; Windows NT 5.1; SV1)"
213.156.52.120 - - [09/Feb/2006:12:58:06 -0500] "GET /englishL/images/titletrans.gif HTTP/1.0" 200 15588 "http://by103fd.bay103.hotmail.msn.com/cgi-bin/getmsg?msg=8A584BA3-8367-4F74-A42B-4627B1A0083A&mfs=&_HMaction=move&tobox=00000000-0000-0000-0000-000000000002&direction=next&wo=&a=a788a452ee5e38b788bbcc131ec92f4232b9ce5450729e95a8c2215df04f4253&curmbox=00000000%2d0000%2d0000%2d0000%2d000000000001&a=a788a452ee5e38b788bbcc131ec92f4232b9ce5450729e95a8c2215df04f4253" "Mozilla/4.0 (compatible; MSIE 6.0; Windows NT 5.1; SV1; .NET CLR 1.1.4322)"
213.156.52.120 - - [09/Feb/2006:12:58:06 -0500] "GET /englishL/home/images/darwinages.gif HTTP/1.0" 200 50309 "http://by103fd.bay103.hotmail.msn.com/cgi-bin/getmsg?msg=8A584BA3-8367-4F74-A42B-4627B1A0083A&mfs=&_HMaction=move&tobox=00000000-0000-0000-0000-000000000002&direction=next&wo=&a=a788a452ee5e38b788bbcc131ec92f4232b9ce5450729e95a8c2215df04f4253&curmbox=00000000%2d0000%2d0000%2d0000%2d000000000001&a=a788a452ee5e38b788bbcc131ec92f4232b9ce5450729e95a8c2215df04f4253" "Mozilla/4.0 (compatible; MSIE 6.0; Windows NT 5.1; SV1; .NET CLR 1.1.4322)"
143.107.38.27 - - [09/Feb/2006:12:58:07 -0500] "GET /englishL/life/images/shrewsbury.jpg HTTP/1.1" 200 103773 "http://www.darwinday.org/englishL/life/shrewsbury.html" "Mozilla/4.0 (compatible; MSIE 6.0; Windows NT 5.1; SV1)"
143.107.38.27 - - [09/Feb/2006:12:58:08 -0500] "GET /englishL/life/images/plaque-t.jpg HTTP/1.1" 200 43479 "http://www.darwinday.org/englishL/life/shrewsbury.html" "Mozilla/4.0 (compatible; MSIE 6.0; Windows NT 5.1; SV1)"
143.107.38.27 - - [09/Feb/2006:12:58:08 -0500] "GET /englishL/life/images/mountmap-t.jpg HTTP/1.1" 200 61648 "http://www.darwinday.org/englishL/life/shrewsbury.html" "Mozilla/4.0 (compatible; MSIE 6.0; Windows NT 5.1; SV1)"
143.107.38.27 - - [09/Feb/2006:12:58:10 -0500] "GET /englishL/life/images/mountleft-t.jpg HTTP/1.1" 200 20725 "http://www.darwinday.org/englishL/life/shrewsbury.html" "Mozilla/4.0 (compatible; MSIE 6.0; Windows NT 5.1; SV1)"
143.107.38.27 - - [09/Feb/2006:12:58:10 -0500] "GET /englishL/life/images/mountfront-t.jpg HTTP/1.1" 200 24718 "http://www.darwinday.org/englishL/life/shrewsbury.html" "Mozilla/4.0 (compatible; MSIE 6.0; Windows NT 5.1; SV1)"
143.107.38.27 - - [09/Feb/2006:12:58:10 -0500] "GET /englishL/life/images/mountright-t.jpg HTTP/1.1" 200 19879 "http://www.darwinday.org/englishL/life/shrewsbury.html" "Mozilla/4.0 (compatible; MSIE 6.0; Windows NT 5.1; SV1)"
143.107.38.27 - - [09/Feb/2006:12:58:11 -0500] "GET /englishL/life/images/mountfront2-t.jpg HTTP/1.1" 200 26445 "http://www.darwinday.org/englishL/life/shrewsbury.html" "Mozilla/4.0 (compatible; MSIE 6.0; Windows NT 5.1; SV1)"
143.107.38.27 - - [09/Feb/2006:12:58:11 -0500] "GET /englishL/life/images/fireplace-t.jpg HTTP/1.1" 200 21734 "http://www.darwinday.org/englishL/life/shrewsbury.html" "Mozilla/4.0 (compatible; MSIE 6.0; Windows NT 5.1; SV1)"
143.107.38.27 - - [09/Feb/2006:12:58:20 -0500] "GET /englishL/home/index.html HTTP/1.1" 200 25693 "http://www.darwinday.org/englishL/life/index.html" "Mozilla/4.0 (compatible; MSIE 6.0; Windows NT 5.1; SV1)"
143.107.38.27 - - [09/Feb/2006:12:58:21 -0500] "GET /englishL/events/index.html HTTP/1.1" 200 4612 "http://www.darwinday.org/englishL/home/index.html" "Mozilla/4.0 (compatible; MSIE 6.0; Windows NT 5.1; SV1)"
139.67.81.206 - - [09/Feb/2006:12:58:22 -0500] "GET / HTTP/1.1" 200 25315 "-" "Mozilla/5.0 (Macintosh; U; PPC; en-US; rv:0.9.4.1) Gecko/20020508 Netscape6/6.2.3"
139.67.81.206 - - [09/Feb/2006:12:58:22 -0500] "GET /stylesheets/mainenglishL.css HTTP/1.1" 200 590 "-" "Mozilla/5.0 (Macintosh; U; PPC; en-US; rv:0.9.4.1) Gecko/20020508 Netscape6/6.2.3"
139.67.81.206 - - [09/Feb/2006:12:58:22 -0500] "GET /stylesheets/main.css HTTP/1.1" 200 658 "-" "Mozilla/5.0 (Macintosh; U; PPC; en-US; rv:0.9.4.1) Gecko/20020508 Netscape6/6.2.3"
139.67.81.206 - - [09/Feb/2006:12:58:23 -0500] "GET /images/topleftlogo.gif HTTP/1.1" 200 6907 "http://www.darwinday.org/" "Mozilla/5.0 (Macintosh; U; PPC; en-US; rv:0.9.4.1) Gecko/20020508 Netscape6/6.2.3"
139.67.81.206 - - [09/Feb/2006:12:58:23 -0500] "GET /englishL/images/navbar.gif HTTP/1.1" 200 2667 "http://www.darwinday.org/" "Mozilla/5.0 (Macintosh; U; PPC; en-US; rv:0.9.4.1) Gecko/20020508 Netscape6/6.2.3"
139.67.81.206 - - [09/Feb/2006:12:58:23 -0500] "GET /images/dnahorizl.gif HTTP/1.1" 200 2130 "http://www.darwinday.org/" "Mozilla/5.0 (Macintosh; U; PPC; en-US; rv:0.9.4.1) Gecko/20020508 Netscape6/6.2.3"
139.67.81.206 - - [09/Feb/2006:12:58:23 -0500] "GET /images/arrow.gif HTTP/1.1" 200 112 "http://www.darwinday.org/" "Mozilla/5.0 (Macintosh; U; PPC; en-US; rv:0.9.4.1) Gecko/20020508 Netscape6/6.2.3"
139.67.81.206 - - [09/Feb/2006:12:58:23 -0500] "GET /images/dnahoriz.gif HTTP/1.1" 200 3391 "http://www.darwinday.org/" "Mozilla/5.0 (Macintosh; U; PPC; en-US; rv:0.9.4.1) Gecko/20020508 Netscape6/6.2.3"
139.67.81.206 - - [09/Feb/2006:12:58:23 -0500] "GET /images/dnahorizr.gif HTTP/1.1" 200 2104 "http://www.darwinday.org/" "Mozilla/5.0 (Macintosh; U; PPC; en-US; rv:0.9.4.1) Gecko/20020508 Netscape6/6.2.3"
139.67.81.206 - - [09/Feb/2006:12:58:23 -0500] "GET /englishL/home/images/lincoln.gif HTTP/1.1" 200 11057 "http://www.darwinday.org/" "Mozilla/5.0 (Macintosh; U; PPC; en-US; rv:0.9.4.1) Gecko/20020508 Netscape6/6.2.3"
139.67.81.206 - - [09/Feb/2006:12:58:23 -0500] "GET /images/header.gif HTTP/1.1" 200 26756 "http://www.darwinday.org/" "Mozilla/5.0 (Macintosh; U; PPC; en-US; rv:0.9.4.1) Gecko/20020508 Netscape6/6.2.3"
139.67.81.206 - - [09/Feb/2006:12:58:23 -0500] "GET /englishL/images/titletrans.gif HTTP/1.1" 200 15588 "http://www.darwinday.org/" "Mozilla/5.0 (Macintosh; U; PPC; en-US; rv:0.9.4.1) Gecko/20020508 Netscape6/6.2.3"
139.67.81.206 - - [09/Feb/2006:12:58:23 -0500] "GET /images/trans.gif HTTP/1.1" 200 49 "http://www.darwinday.org/" "Mozilla/5.0 (Macintosh; U; PPC; en-US; rv:0.9.4.1) Gecko/20020508 Netscape6/6.2.3"
139.67.81.206 - - [09/Feb/2006:12:58:23 -0500] "GET /englishL/home/images/darwin.gif HTTP/1.1" 200 13783 "http://www.darwinday.org/" "Mozilla/5.0 (Macintosh; U; PPC; en-US; rv:0.9.4.1) Gecko/20020508 Netscape6/6.2.3"
139.67.81.206 - - [09/Feb/2006:12:58:23 -0500] "GET /englishL/home/images/manymore.gif HTTP/1.1" 200 581 "http://www.darwinday.org/" "Mozilla/5.0 (Macintosh; U; PPC; en-US; rv:0.9.4.1) Gecko/20020508 Netscape6/6.2.3"
139.67.81.206 - - [09/Feb/2006:12:58:23 -0500] "GET /englishL/home/images/joinus.gif HTTP/1.1" 200 524 "http://www.darwinday.org/" "Mozilla/5.0 (Macintosh; U; PPC; en-US; rv:0.9.4.1) Gecko/20020508 Netscape6/6.2.3"
139.67.81.206 - - [09/Feb/2006:12:58:23 -0500] "GET /englishL/currarts.html HTTP/1.1" 200 5653 "http://www.darwinday.org/" "Mozilla/5.0 (Macintosh; U; PPC; en-US; rv:0.9.4.1) Gecko/20020508 Netscape6/6.2.3"
139.67.81.206 - - [09/Feb/2006:12:58:23 -0500] "GET /englishL/home/images/darwinages.gif HTTP/1.1" 200 50309 "http://www.darwinday.org/" "Mozilla/5.0 (Macintosh; U; PPC; en-US; rv:0.9.4.1) Gecko/20020508 Netscape6/6.2.3"
139.67.81.206 - - [09/Feb/2006:12:58:23 -0500] "GET /englishL/home/images/beagle.gif HTTP/1.1" 200 37108 "http://www.darwinday.org/" "Mozilla/5.0 (Macintosh; U; PPC; en-US; rv:0.9.4.1) Gecko/20020508 Netscape6/6.2.3"
139.67.81.206 - - [09/Feb/2006:12:58:23 -0500] "GET /englishL/home/images/horse.evolution.jpg HTTP/1.1" 200 29612 "http://www.darwinday.org/" "Mozilla/5.0 (Macintosh; U; PPC; en-US; rv:0.9.4.1) Gecko/20020508 Netscape6/6.2.3"
139.67.81.206 - - [09/Feb/2006:12:58:23 -0500] "GET /images/DNAlogo.gif HTTP/1.1" 200 1370 "http://www.darwinday.org/englishL/currarts.html" "Mozilla/5.0 (Macintosh; U; PPC; en-US; rv:0.9.4.1) Gecko/20020508 Netscape6/6.2.3"
139.67.81.206 - - [09/Feb/2006:12:58:26 -0500] "GET /images/worldmaptransp.gif HTTP/1.1" 200 128893 "http://www.darwinday.org/" "Mozilla/5.0 (Macintosh; U; PPC; en-US; rv:0.9.4.1) Gecko/20020508 Netscape6/6.2.3"
139.67.81.206 - - [09/Feb/2006:12:58:27 -0500] "GET /englishL/aboutddc/index.html HTTP/1.1" 200 6558 "http://www.darwinday.org/" "Mozilla/5.0 (Macintosh; U; PPC; en-US; rv:0.9.4.1) Gecko/20020508 Netscape6/6.2.3"
139.67.81.206 - - [09/Feb/2006:12:58:27 -0500] "GET /images/goldball.gif HTTP/1.1" 200 332 "http://www.darwinday.org/englishL/aboutddc/index.html" "Mozilla/5.0 (Macintosh; U; PPC; en-US; rv:0.9.4.1) Gecko/20020508 Netscape6/6.2.3"
139.67.81.206 - - [09/Feb/2006:12:58:30 -0500] "GET /images/worldmaptransp.gif HTTP/1.1" 200 128893 "http://www.darwinday.org/englishL/aboutddc/index.html" "Mozilla/5.0 (Macintosh; U; PPC; en-US; rv:0.9.4.1) Gecko/20020508 Netscape6/6.2.3"
139.67.81.206 - - [09/Feb/2006:12:58:30 -0500] "GET /englishL/aboutddc/history.html HTTP/1.1" 200 10915 "http://www.darwinday.org/englishL/aboutddc/index.html" "Mozilla/5.0 (Macintosh; U; PPC; en-US; rv:0.9.4.1) Gecko/20020508 Netscape6/6.2.3"
68.164.95.13 - - [09/Feb/2006:12:58:32 -0500] "GET /englishL/newsviews/news.html HTTP/1.1" 200 12650 "http://www.darwinday.org/englishL/newsviews/index.html" "Mozilla/5.0 (Windows; U; Windows NT 5.0; en-US; rv:1.8.0.1) Gecko/20060111 Firefox/1.5.0.1"
68.164.95.13 - - [09/Feb/2006:12:58:33 -0500] "GET /englishL/newsviews/images/mayr.gif HTTP/1.1" 200 11643 "http://www.darwinday.org/englishL/newsviews/news.html" "Mozilla/5.0 (Windows; U; Windows NT 5.0; en-US; rv:1.8.0.1) Gecko/20060111 Firefox/1.5.0.1"
68.164.95.13 - - [09/Feb/2006:12:58:33 -0500] "GET /englishL/newsviews/images/beagleproject.jpg HTTP/1.1" 200 19262 "http://www.darwinday.org/englishL/newsviews/news.html" "Mozilla/5.0 (Windows; U; Windows NT 5.0; en-US; rv:1.8.0.1) Gecko/20060111 Firefox/1.5.0.1"
68.164.95.13 - - [09/Feb/2006:12:58:34 -0500] "GET /englishL/newsviews/images/birthplace.gif HTTP/1.1" 200 10900 "http://www.darwinday.org/englishL/newsviews/news.html" "Mozilla/5.0 (Windows; U; Windows NT 5.0; en-US; rv:1.8.0.1) Gecko/20060111 Firefox/1.5.0.1"
68.164.95.13 - - [09/Feb/2006:12:58:34 -0500] "GET /englishL/newsviews/images/darwinite.jpg HTTP/1.1" 200 17896 "http://www.darwinday.org/englishL/newsviews/news.html" "Mozilla/5.0 (Windows; U; Windows NT 5.0; en-US; rv:1.8.0.1) Gecko/20060111 Firefox/1.5.0.1"
80.200.161.28 - - [09/Feb/2006:12:58:39 -0500] "GET /englishL/life/images/mountmap-t.jpg HTTP/1.1" 200 12736 "http://www.darwinday.org/englishL/life/shrewsbury.html" "Mozilla/4.0 (compatible; MSIE 6.0; Windows NT 5.1; SV1; (R1 1.5))"
80.200.161.28 - - [09/Feb/2006:12:58:39 -0500] "GET /englishL/life/images/plaque-t.jpg HTTP/1.1" 200 12736 "http://www.darwinday.org/englishL/life/shrewsbury.html" "Mozilla/4.0 (compatible; MSIE 6.0; Windows NT 5.1; SV1; (R1 1.5))"
68.164.95.13 - - [09/Feb/2006:12:58:57 -0500] "GET /englishL/newsviews/evolution.html HTTP/1.1" 200 9567 "http://www.darwinday.org/englishL/newsviews/index.html" "Mozilla/5.0 (Windows; U; Windows NT 5.0; en-US; rv:1.8.0.1) Gecko/20060111 Firefox/1.5.0.1"
68.164.95.13 - - [09/Feb/2006:12:58:57 -0500] "GET /englishL/newsviews/images/harvorig.gif HTTP/1.1" 200 11705 "http://www.darwinday.org/englishL/newsviews/evolution.html" "Mozilla/5.0 (Windows; U; Windows NT 5.0; en-US; rv:1.8.0.1) Gecko/20060111 Firefox/1.5.0.1"
68.164.95.13 - - [09/Feb/2006:12:58:57 -0500] "GET /englishL/newsviews/images/plantsfix.jpg HTTP/1.1" 200 16227 "http://www.darwinday.org/englishL/newsviews/evolution.html" "Mozilla/5.0 (Windows; U; Windows NT 5.0; en-US; rv:1.8.0.1) Gecko/20060111 Firefox/1.5.0.1"
68.164.95.13 - - [09/Feb/2006:12:58:58 -0500] "GET /images/artofevol.jpg HTTP/1.1" 200 11835 "http://www.darwinday.org/englishL/newsviews/evolution.html" "Mozilla/5.0 (Windows; U; Windows NT 5.0; en-US; rv:1.8.0.1) Gecko/20060111 Firefox/1.5.0.1"
143.107.38.27 - - [09/Feb/2006:12:59:00 -0500] "GET /englishL/evolution/index.html HTTP/1.1" 200 4606 "http://www.darwinday.org/englishL/life/index.html" "Mozilla/4.0 (compatible; MSIE 6.0; Windows NT 5.1; SV1)"
143.107.38.27 - - [09/Feb/2006:12:59:05 -0500] "GET /images/dnagraphic.jpg HTTP/1.1" 200 25020 "http://www.darwinday.org/englishL/evolution/index.html" "Mozilla/4.0 (compatible; MSIE 6.0; Windows NT 5.1; SV1)"
143.107.38.27 - - [09/Feb/2006:12:59:12 -0500] "GET /englishL/evolution/theory.html HTTP/1.1" 200 9412 "http://www.darwinday.org/englishL/evolution/index.html" "Mozilla/4.0 (compatible; MSIE 6.0; Windows NT 5.1; SV1)"
137.229.179.152 - - [09/Feb/2006:12:59:21 -0500] "GET / HTTP/1.1" 200 25315 "http://aynews.uaa.alaska.edu/gandgdaily/2006/0209full.html" "Mozilla/5.0 (Windows; U; Windows NT 5.1; en-US; rv:1.8) Gecko/20051111 Firefox/1.5"
137.229.179.152 - - [09/Feb/2006:12:59:21 -0500] "GET /stylesheets/mainenglishL.css HTTP/1.1" 200 590 "http://www.darwinday.org/" "Mozilla/5.0 (Windows; U; Windows NT 5.1; en-US; rv:1.8) Gecko/20051111 Firefox/1.5"
137.229.179.152 - - [09/Feb/2006:12:59:21 -0500] "GET /stylesheets/main.css HTTP/1.1" 200 658 "http://www.darwinday.org/" "Mozilla/5.0 (Windows; U; Windows NT 5.1; en-US; rv:1.8) Gecko/20051111 Firefox/1.5"
137.229.179.152 - - [09/Feb/2006:12:59:21 -0500] "GET /images/topleftlogo.gif HTTP/1.1" 200 6907 "http://www.darwinday.org/" "Mozilla/5.0 (Windows; U; Windows NT 5.1; en-US; rv:1.8) Gecko/20051111 Firefox/1.5"
137.229.179.152 - - [09/Feb/2006:12:59:22 -0500] "GET /englishL/currarts.html HTTP/1.1" 200 5653 "http://www.darwinday.org/" "Mozilla/5.0 (Windows; U; Windows NT 5.1; en-US; rv:1.8) Gecko/20051111 Firefox/1.5"
196.201.83.243 - - [09/Feb/2006:12:59:22 -0500] "GET /stylesheets/main.css HTTP/1.0" 200 658 "http://72.14.207.104/search?q=cache:myOpJFPDoRcJ:www.darwinday.org/englishL/home/2006.php+2006+email+contact++of++Martin+Newman++%40yahoo.com&hl=fr&gl=ci&ct=clnk&cd=20" "Mozilla/4.0 (compatible; MSIE 6.0; Windows NT 5.1)"
196.201.83.243 - - [09/Feb/2006:12:59:22 -0500] "GET /images/topleftlogo.gif HTTP/1.0" 200 6907 "http://72.14.207.104/search?q=cache:myOpJFPDoRcJ:www.darwinday.org/englishL/home/2006.php+2006+email+contact++of++Martin+Newman++%40yahoo.com&hl=fr&gl=ci&ct=clnk&cd=20" "Mozilla/4.0 (compatible; MSIE 6.0; Windows NT 5.1)"
137.229.179.152 - - [09/Feb/2006:12:59:22 -0500] "GET /images/header.gif HTTP/1.1" 200 26756 "http://www.darwinday.org/" "Mozilla/5.0 (Windows; U; Windows NT 5.1; en-US; rv:1.8) Gecko/20051111 Firefox/1.5"
137.229.179.152 - - [09/Feb/2006:12:59:22 -0500] "GET /englishL/images/titletrans.gif HTTP/1.1" 200 15588 "http://www.darwinday.org/" "Mozilla/5.0 (Windows; U; Windows NT 5.1; en-US; rv:1.8) Gecko/20051111 Firefox/1.5"
137.229.179.152 - - [09/Feb/2006:12:59:23 -0500] "GET /images/worldmaptransp.gif HTTP/1.1" 200 128893 "http://www.darwinday.org/" "Mozilla/5.0 (Windows; U; Windows NT 5.1; en-US; rv:1.8) Gecko/20051111 Firefox/1.5"
137.229.179.152 - - [09/Feb/2006:12:59:23 -0500] "GET /englishL/images/navbar.gif HTTP/1.1" 200 2667 "http://www.darwinday.org/" "Mozilla/5.0 (Windows; U; Windows NT 5.1; en-US; rv:1.8) Gecko/20051111 Firefox/1.5"
137.229.179.152 - - [09/Feb/2006:12:59:23 -0500] "GET /images/arrow.gif HTTP/1.1" 200 112 "http://www.darwinday.org/" "Mozilla/5.0 (Windows; U; Windows NT 5.1; en-US; rv:1.8) Gecko/20051111 Firefox/1.5"
137.229.179.152 - - [09/Feb/2006:12:59:23 -0500] "GET /images/dnahorizl.gif HTTP/1.1" 200 2130 "http://www.darwinday.org/" "Mozilla/5.0 (Windows; U; Windows NT 5.1; en-US; rv:1.8) Gecko/20051111 Firefox/1.5"
137.229.179.152 - - [09/Feb/2006:12:59:23 -0500] "GET /englishL/home/images/darwinages.gif HTTP/1.1" 200 50309 "http://www.darwinday.org/" "Mozilla/5.0 (Windows; U; Windows NT 5.1; en-US; rv:1.8) Gecko/20051111 Firefox/1.5"
137.229.179.152 - - [09/Feb/2006:12:59:24 -0500] "GET /images/dnahoriz.gif HTTP/1.1" 200 3391 "http://www.darwinday.org/" "Mozilla/5.0 (Windows; U; Windows NT 5.1; en-US; rv:1.8) Gecko/20051111 Firefox/1.5"
137.229.179.152 - - [09/Feb/2006:12:59:24 -0500] "GET /images/dnahorizr.gif HTTP/1.1" 200 2104 "http://www.darwinday.org/" "Mozilla/5.0 (Windows; U; Windows NT 5.1; en-US; rv:1.8) Gecko/20051111 Firefox/1.5"
137.229.179.152 - - [09/Feb/2006:12:59:24 -0500] "GET /englishL/home/images/lincoln.gif HTTP/1.1" 200 11057 "http://www.darwinday.org/" "Mozilla/5.0 (Windows; U; Windows NT 5.1; en-US; rv:1.8) Gecko/20051111 Firefox/1.5"
137.229.179.152 - - [09/Feb/2006:12:59:25 -0500] "GET /englishL/home/images/darwin.gif HTTP/1.1" 200 13783 "http://www.darwinday.org/" "Mozilla/5.0 (Windows; U; Windows NT 5.1; en-US; rv:1.8) Gecko/20051111 Firefox/1.5"
137.229.179.152 - - [09/Feb/2006:12:59:25 -0500] "GET /images/trans.gif HTTP/1.1" 200 49 "http://www.darwinday.org/" "Mozilla/5.0 (Windows; U; Windows NT 5.1; en-US; rv:1.8) Gecko/20051111 Firefox/1.5"
137.229.179.152 - - [09/Feb/2006:12:59:25 -0500] "GET /englishL/home/images/manymore.gif HTTP/1.1" 200 581 "http://www.darwinday.org/" "Mozilla/5.0 (Windows; U; Windows NT 5.1; en-US; rv:1.8) Gecko/20051111 Firefox/1.5"
137.229.179.152 - - [09/Feb/2006:12:59:25 -0500] "GET /englishL/home/images/joinus.gif HTTP/1.1" 200 524 "http://www.darwinday.org/" "Mozilla/5.0 (Windows; U; Windows NT 5.1; en-US; rv:1.8) Gecko/20051111 Firefox/1.5"
137.229.179.152 - - [09/Feb/2006:12:59:25 -0500] "GET /englishL/home/images/beagle.gif HTTP/1.1" 200 37108 "http://www.darwinday.org/" "Mozilla/5.0 (Windows; U; Windows NT 5.1; en-US; rv:1.8) Gecko/20051111 Firefox/1.5"
137.229.179.152 - - [09/Feb/2006:12:59:25 -0500] "GET /englishL/home/images/horse.evolution.jpg HTTP/1.1" 200 29612 "http://www.darwinday.org/" "Mozilla/5.0 (Windows; U; Windows NT 5.1; en-US; rv:1.8) Gecko/20051111 Firefox/1.5"
137.229.179.152 - - [09/Feb/2006:12:59:26 -0500] "GET /images/DNAlogo.gif HTTP/1.1" 200 1370 "http://www.darwinday.org/englishL/currarts.html" "Mozilla/5.0 (Windows; U; Windows NT 5.1; en-US; rv:1.8) Gecko/20051111 Firefox/1.5"
137.229.179.152 - - [09/Feb/2006:12:59:26 -0500] "GET /favicon.ico HTTP/1.1" 404 3385 "-" "Mozilla/5.0 (Windows; U; Windows NT 5.1; en-US; rv:1.8) Gecko/20051111 Firefox/1.5"
196.201.83.243 - - [09/Feb/2006:12:59:28 -0500] "GET /images/header.gif HTTP/1.0" 200 26756 "http://72.14.207.104/search?q=cache:myOpJFPDoRcJ:www.darwinday.org/englishL/home/2006.php+2006+email+contact++of++Martin+Newman++%40yahoo.com&hl=fr&gl=ci&ct=clnk&cd=20" "Mozilla/4.0 (compatible; MSIE 6.0; Windows NT 5.1)"
196.201.83.243 - - [09/Feb/2006:12:59:30 -0500] "GET /englishL/images/titletrans.gif HTTP/1.0" 200 15588 "http://72.14.207.104/search?q=cache:myOpJFPDoRcJ:www.darwinday.org/englishL/home/2006.php+2006+email+contact++of++Martin+Newman++%40yahoo.com&hl=fr&gl=ci&ct=clnk&cd=20" "Mozilla/4.0 (compatible; MSIE 6.0; Windows NT 5.1)"
196.201.83.243 - - [09/Feb/2006:12:59:32 -0500] "GET /englishL/images/navbar.gif HTTP/1.0" 200 2667 "http://72.14.207.104/search?q=cache:myOpJFPDoRcJ:www.darwinday.org/englishL/home/2006.php+2006+email+contact++of++Martin+Newman++%40yahoo.com&hl=fr&gl=ci&ct=clnk&cd=20" "Mozilla/4.0 (compatible; MSIE 6.0; Windows NT 5.1)"
68.164.95.13 - - [09/Feb/2006:12:59:32 -0500] "GET /englishL/aboutddc/index.html HTTP/1.1" 200 6558 "http://www.darwinday.org/englishL/newsviews/index.html" "Mozilla/5.0 (Windows; U; Windows NT 5.0; en-US; rv:1.8.0.1) Gecko/20060111 Firefox/1.5.0.1"
196.201.83.243 - - [09/Feb/2006:12:59:37 -0500] "GET /images/worldmaptransp.gif HTTP/1.0" 200 128893 "http://72.14.207.104/search?q=cache:myOpJFPDoRcJ:www.darwinday.org/englishL/home/2006.php+2006+email+contact++of++Martin+Newman++%40yahoo.com&hl=fr&gl=ci&ct=clnk&cd=20" "Mozilla/4.0 (compatible; MSIE 6.0; Windows NT 5.1)"
68.164.95.13 - - [09/Feb/2006:12:59:38 -0500] "GET /englishL/aboutddc/images/bateson.gif HTTP/1.1" 200 10961 "http://www.darwinday.org/englishL/aboutddc/advisory.html" "Mozilla/5.0 (Windows; U; Windows NT 5.0; en-US; rv:1.8.0.1) Gecko/20060111 Firefox/1.5.0.1"
68.164.95.13 - - [09/Feb/2006:12:59:38 -0500] "GET /englishL/aboutddc/advisory.html HTTP/1.1" 200 27384 "http://www.darwinday.org/englishL/aboutddc/index.html" "Mozilla/5.0 (Windows; U; Windows NT 5.0; en-US; rv:1.8.0.1) Gecko/20060111 Firefox/1.5.0.1"
68.164.95.13 - - [09/Feb/2006:12:59:38 -0500] "GET /englishL/aboutddc/images/calvin.gif HTTP/1.1" 200 11213 "http://www.darwinday.org/englishL/aboutddc/advisory.html" "Mozilla/5.0 (Windows; U; Windows NT 5.0; en-US; rv:1.8.0.1) Gecko/20060111 Firefox/1.5.0.1"
68.164.95.13 - - [09/Feb/2006:12:59:38 -0500] "GET /englishL/aboutddc/images/cronin.gif HTTP/1.1" 200 8731 "http://www.darwinday.org/englishL/aboutddc/advisory.html" "Mozilla/5.0 (Windows; U; Windows NT 5.0; en-US; rv:1.8.0.1) Gecko/20060111 Firefox/1.5.0.1"
68.164.95.13 - - [09/Feb/2006:12:59:39 -0500] "GET /englishL/aboutddc/images/dennett.gif HTTP/1.1" 200 11171 "http://www.darwinday.org/englishL/aboutddc/advisory.html" "Mozilla/5.0 (Windows; U; Windows NT 5.0; en-US; rv:1.8.0.1) Gecko/20060111 Firefox/1.5.0.1"
68.164.95.13 - - [09/Feb/2006:12:59:39 -0500] "GET /englishL/aboutddc/images/dawkins.gif HTTP/1.1" 200 14879 "http://www.darwinday.org/englishL/aboutddc/advisory.html" "Mozilla/5.0 (Windows; U; Windows NT 5.0; en-US; rv:1.8.0.1) Gecko/20060111 Firefox/1.5.0.1"
68.164.95.13 - - [09/Feb/2006:12:59:39 -0500] "GET /englishL/aboutddc/images/jones.gif HTTP/1.1" 200 9704 "http://www.darwinday.org/englishL/aboutddc/advisory.html" "Mozilla/5.0 (Windows; U; Windows NT 5.0; en-US; rv:1.8.0.1) Gecko/20060111 Firefox/1.5.0.1"
68.164.95.13 - - [09/Feb/2006:12:59:39 -0500] "GET /englishL/aboutddc/images/pinker.gif HTTP/1.1" 200 11560 "http://www.darwinday.org/englishL/aboutddc/advisory.html" "Mozilla/5.0 (Windows; U; Windows NT 5.0; en-US; rv:1.8.0.1) Gecko/20060111 Firefox/1.5.0.1"
68.164.95.13 - - [09/Feb/2006:12:59:39 -0500] "GET /englishL/aboutddc/images/scott.gif HTTP/1.1" 200 12626 "http://www.darwinday.org/englishL/aboutddc/advisory.html" "Mozilla/5.0 (Windows; U; Windows NT 5.0; en-US; rv:1.8.0.1) Gecko/20060111 Firefox/1.5.0.1"
68.164.95.13 - - [09/Feb/2006:12:59:39 -0500] "GET /englishL/aboutddc/images/shermer.gif HTTP/1.1" 200 9761 "http://www.darwinday.org/englishL/aboutddc/advisory.html" "Mozilla/5.0 (Windows; U; Windows NT 5.0; en-US; rv:1.8.0.1) Gecko/20060111 Firefox/1.5.0.1"
68.164.95.13 - - [09/Feb/2006:12:59:39 -0500] "GET /englishL/aboutddc/images/tudge.gif HTTP/1.1" 200 14266 "http://www.darwinday.org/englishL/aboutddc/advisory.html" "Mozilla/5.0 (Windows; U; Windows NT 5.0; en-US; rv:1.8.0.1) Gecko/20060111 Firefox/1.5.0.1"
68.164.95.13 - - [09/Feb/2006:12:59:39 -0500] "GET /englishL/aboutddc/images/wilson.gif HTTP/1.1" 200 9150 "http://www.darwinday.org/englishL/aboutddc/advisory.html" "Mozilla/5.0 (Windows; U; Windows NT 5.0; en-US; rv:1.8.0.1) Gecko/20060111 Firefox/1.5.0.1"
68.164.95.13 - - [09/Feb/2006:12:59:39 -0500] "GET /englishL/aboutddc/images/zimmer.gif HTTP/1.1" 200 11343 "http://www.darwinday.org/englishL/aboutddc/advisory.html" "Mozilla/5.0 (Windows; U; Windows NT 5.0; en-US; rv:1.8.0.1) Gecko/20060111 Firefox/1.5.0.1"
71.98.219.51 - - [09/Feb/2006:13:00:50 -0500] "GET /images/worldmaptransp.gif HTTP/1.1" 304 - "http://www.golocaljamaica.com/cgi-bin/yabb/YaBB.pl?board=news_and_politics;action=display;num=1139412278" "Mozilla/4.0 (compatible; MSIE 6.0; Windows NT 5.1; SV1; .NET CLR 1.1.4322)"
63.197.18.247 - - [09/Feb/2006:13:01:47 -0500] "GET /favicon.ico HTTP/1.1" 404 3385 "-" "Mozilla/5.0 (Macintosh; U; PPC Mac OS X Mach-O; en-US; rv:1.7.2) Gecko/20040804 Netscape/7.2"
63.197.18.247 - - [09/Feb/2006:13:01:48 -0500] "GET /stylesheets/mainenglishL.css HTTP/1.1" 200 590 "http://www.darwinday.org/" "Mozilla/5.0 (Macintosh; U; PPC Mac OS X Mach-O; en-US; rv:1.7.2) Gecko/20040804 Netscape/7.2"
63.197.18.247 - - [09/Feb/2006:13:01:48 -0500] "GET /stylesheets/main.css HTTP/1.1" 200 658 "http://www.darwinday.org/" "Mozilla/5.0 (Macintosh; U; PPC Mac OS X Mach-O; en-US; rv:1.7.2) Gecko/20040804 Netscape/7.2"
63.197.18.247 - - [09/Feb/2006:13:01:48 -0500] "GET / HTTP/1.1" 200 25315 "-" "Mozilla/5.0 (Macintosh; U; PPC Mac OS X Mach-O; en-US; rv:1.7.2) Gecko/20040804 Netscape/7.2"
63.197.18.247 - - [09/Feb/2006:13:01:48 -0500] "GET /images/topleftlogo.gif HTTP/1.1" 200 6907 "http://www.darwinday.org/" "Mozilla/5.0 (Macintosh; U; PPC Mac OS X Mach-O; en-US; rv:1.7.2) Gecko/20040804 Netscape/7.2"
198.200.181.206 - - [09/Feb/2006:13:01:48 -0500] "GET /stylesheets/mainenglishL.css HTTP/1.1" 200 590 "http://www.darwinday.org/" "Mozilla/5.0 (Windows; U; Windows NT 5.1; en-GB; rv:1.7.6) Gecko/20050321 Firefox/1.0.2"
63.197.18.247 - - [09/Feb/2006:13:01:48 -0500] "GET /images/header.gif HTTP/1.1" 200 26756 "http://www.darwinday.org/" "Mozilla/5.0 (Macintosh; U; PPC Mac OS X Mach-O; en-US; rv:1.7.2) Gecko/20040804 Netscape/7.2"
198.200.181.206 - - [09/Feb/2006:13:01:48 -0500] "GET /stylesheets/main.css HTTP/1.1" 200 658 "http://www.darwinday.org/" "Mozilla/5.0 (Windows; U; Windows NT 5.1; en-GB; rv:1.7.6) Gecko/20050321 Firefox/1.0.2"
198.200.181.206 - - [09/Feb/2006:13:01:48 -0500] "GET / HTTP/1.1" 200 25315 "http://www.ncas.org/" "Mozilla/5.0 (Windows; U; Windows NT 5.1; en-GB; rv:1.7.6) Gecko/20050321 Firefox/1.0.2"
198.200.181.206 - - [09/Feb/2006:13:01:48 -0500] "GET /images/topleftlogo.gif HTTP/1.1" 200 6907 "http://www.darwinday.org/" "Mozilla/5.0 (Windows; U; Windows NT 5.1; en-GB; rv:1.7.6) Gecko/20050321 Firefox/1.0.2"
63.197.18.247 - - [09/Feb/2006:13:01:48 -0500] "GET /englishL/images/titletrans.gif HTTP/1.1" 200 15588 "http://www.darwinday.org/" "Mozilla/5.0 (Macintosh; U; PPC Mac OS X Mach-O; en-US; rv:1.7.2) Gecko/20040804 Netscape/7.2"
198.200.181.206 - - [09/Feb/2006:13:01:49 -0500] "GET /images/header.gif HTTP/1.1" 200 26756 "http://www.darwinday.org/" "Mozilla/5.0 (Windows; U; Windows NT 5.1; en-GB; rv:1.7.6) Gecko/20050321 Firefox/1.0.2"
63.197.18.247 - - [09/Feb/2006:13:01:49 -0500] "GET /images/worldmaptransp.gif HTTP/1.1" 200 128893 "http://www.darwinday.org/" "Mozilla/5.0 (Macintosh; U; PPC Mac OS X Mach-O; en-US; rv:1.7.2) Gecko/20040804 Netscape/7.2"
63.197.18.247 - - [09/Feb/2006:13:01:49 -0500] "GET /englishL/images/navbar.gif HTTP/1.1" 200 2667 "http://www.darwinday.org/" "Mozilla/5.0 (Macintosh; U; PPC Mac OS X Mach-O; en-US; rv:1.7.2) Gecko/20040804 Netscape/7.2"
198.200.181.206 - - [09/Feb/2006:13:01:49 -0500] "GET /englishL/images/titletrans.gif HTTP/1.1" 200 15588 "http://www.darwinday.org/" "Mozilla/5.0 (Windows; U; Windows NT 5.1; en-GB; rv:1.7.6) Gecko/20050321 Firefox/1.0.2"
63.197.18.247 - - [09/Feb/2006:13:01:49 -0500] "GET /englishL/home/images/darwinages.gif HTTP/1.1" 200 50309 "http://www.darwinday.org/" "Mozilla/5.0 (Macintosh; U; PPC Mac OS X Mach-O; en-US; rv:1.7.2) Gecko/20040804 Netscape/7.2"
63.197.18.247 - - [09/Feb/2006:13:01:49 -0500] "GET /images/arrow.gif HTTP/1.1" 200 112 "http://www.darwinday.org/" "Mozilla/5.0 (Macintosh; U; PPC Mac OS X Mach-O; en-US; rv:1.7.2) Gecko/20040804 Netscape/7.2"
198.200.181.206 - - [09/Feb/2006:13:01:49 -0500] "GET /englishL/images/navbar.gif HTTP/1.1" 200 2667 "http://www.darwinday.org/" "Mozilla/5.0 (Windows; U; Windows NT 5.1; en-GB; rv:1.7.6) Gecko/20050321 Firefox/1.0.2"
63.197.18.247 - - [09/Feb/2006:13:01:49 -0500] "GET /images/dnahorizl.gif HTTP/1.1" 200 2130 "http://www.darwinday.org/" "Mozilla/5.0 (Macintosh; U; PPC Mac OS X Mach-O; en-US; rv:1.7.2) Gecko/20040804 Netscape/7.2"
63.197.18.247 - - [09/Feb/2006:13:01:49 -0500] "GET /images/dnahoriz.gif HTTP/1.1" 200 3391 "http://www.darwinday.org/" "Mozilla/5.0 (Macintosh; U; PPC Mac OS X Mach-O; en-US; rv:1.7.2) Gecko/20040804 Netscape/7.2"
198.200.181.206 - - [09/Feb/2006:13:01:49 -0500] "GET /englishL/home/images/darwinages.gif HTTP/1.1" 200 50309 "http://www.darwinday.org/" "Mozilla/5.0 (Windows; U; Windows NT 5.1; en-GB; rv:1.7.6) Gecko/20050321 Firefox/1.0.2"
63.197.18.247 - - [09/Feb/2006:13:01:49 -0500] "GET /images/dnahorizr.gif HTTP/1.1" 200 2104 "http://www.darwinday.org/" "Mozilla/5.0 (Macintosh; U; PPC Mac OS X Mach-O; en-US; rv:1.7.2) Gecko/20040804 Netscape/7.2"
63.197.18.247 - - [09/Feb/2006:13:01:50 -0500] "GET /englishL/currarts.html HTTP/1.1" 200 5653 "http://www.darwinday.org/" "Mozilla/5.0 (Macintosh; U; PPC Mac OS X Mach-O; en-US; rv:1.7.2) Gecko/20040804 Netscape/7.2"
198.200.181.206 - - [09/Feb/2006:13:01:50 -0500] "GET /images/worldmaptransp.gif HTTP/1.1" 200 128893 "http://www.darwinday.org/" "Mozilla/5.0 (Windows; U; Windows NT 5.1; en-GB; rv:1.7.6) Gecko/20050321 Firefox/1.0.2"
198.200.181.206 - - [09/Feb/2006:13:01:50 -0500] "GET /images/arrow.gif HTTP/1.1" 200 112 "http://www.darwinday.org/" "Mozilla/5.0 (Windows; U; Windows NT 5.1; en-GB; rv:1.7.6) Gecko/20050321 Firefox/1.0.2"
63.197.18.247 - - [09/Feb/2006:13:01:50 -0500] "GET /englishL/home/images/lincoln.gif HTTP/1.1" 200 11057 "http://www.darwinday.org/" "Mozilla/5.0 (Macintosh; U; PPC Mac OS X Mach-O; en-US; rv:1.7.2) Gecko/20040804 Netscape/7.2"
198.200.181.206 - - [09/Feb/2006:13:01:50 -0500] "GET /images/dnahorizl.gif HTTP/1.1" 200 2130 "http://www.darwinday.org/" "Mozilla/5.0 (Windows; U; Windows NT 5.1; en-GB; rv:1.7.6) Gecko/20050321 Firefox/1.0.2"
63.197.18.247 - - [09/Feb/2006:13:01:50 -0500] "GET /englishL/home/images/darwin.gif HTTP/1.1" 200 13783 "http://www.darwinday.org/" "Mozilla/5.0 (Macintosh; U; PPC Mac OS X Mach-O; en-US; rv:1.7.2) Gecko/20040804 Netscape/7.2"
63.197.18.247 - - [09/Feb/2006:13:01:50 -0500] "GET /englishL/home/images/beagle.gif HTTP/1.1" 200 37108 "http://www.darwinday.org/" "Mozilla/5.0 (Macintosh; U; PPC Mac OS X Mach-O; en-US; rv:1.7.2) Gecko/20040804 Netscape/7.2"
198.200.181.206 - - [09/Feb/2006:13:01:50 -0500] "GET /images/dnahoriz.gif HTTP/1.1" 200 3391 "http://www.darwinday.org/" "Mozilla/5.0 (Windows; U; Windows NT 5.1; en-GB; rv:1.7.6) Gecko/20050321 Firefox/1.0.2"
198.200.181.206 - - [09/Feb/2006:13:01:50 -0500] "GET /images/dnahorizr.gif HTTP/1.1" 200 2104 "http://www.darwinday.org/" "Mozilla/5.0 (Windows; U; Windows NT 5.1; en-GB; rv:1.7.6) Gecko/20050321 Firefox/1.0.2"
198.200.181.206 - - [09/Feb/2006:13:01:50 -0500] "GET /englishL/currarts.html HTTP/1.1" 200 5653 "http://www.darwinday.org/" "Mozilla/5.0 (Windows; U; Windows NT 5.1; en-GB; rv:1.7.6) Gecko/20050321 Firefox/1.0.2"
63.197.18.247 - - [09/Feb/2006:13:01:50 -0500] "GET /images/trans.gif HTTP/1.1" 200 49 "http://www.darwinday.org/" "Mozilla/5.0 (Macintosh; U; PPC Mac OS X Mach-O; en-US; rv:1.7.2) Gecko/20040804 Netscape/7.2"
198.200.181.206 - - [09/Feb/2006:13:01:50 -0500] "GET /englishL/home/images/lincoln.gif HTTP/1.1" 200 11057 "http://www.darwinday.org/" "Mozilla/5.0 (Windows; U; Windows NT 5.1; en-GB; rv:1.7.6) Gecko/20050321 Firefox/1.0.2"
198.200.181.206 - - [09/Feb/2006:13:01:50 -0500] "GET /englishL/home/images/darwin.gif HTTP/1.1" 200 13783 "http://www.darwinday.org/" "Mozilla/5.0 (Windows; U; Windows NT 5.1; en-GB; rv:1.7.6) Gecko/20050321 Firefox/1.0.2"
63.197.18.247 - - [09/Feb/2006:13:01:50 -0500] "GET /englishL/home/images/manymore.gif HTTP/1.1" 200 581 "http://www.darwinday.org/" "Mozilla/5.0 (Macintosh; U; PPC Mac OS X Mach-O; en-US; rv:1.7.2) Gecko/20040804 Netscape/7.2"
63.197.18.247 - - [09/Feb/2006:13:01:50 -0500] "GET /englishL/home/images/joinus.gif HTTP/1.1" 200 524 "http://www.darwinday.org/" "Mozilla/5.0 (Macintosh; U; PPC Mac OS X Mach-O; en-US; rv:1.7.2) Gecko/20040804 Netscape/7.2"
63.197.18.247 - - [09/Feb/2006:13:01:51 -0500] "GET /images/DNAlogo.gif HTTP/1.1" 200 1370 "http://www.darwinday.org/englishL/currarts.html" "Mozilla/5.0 (Macintosh; U; PPC Mac OS X Mach-O; en-US; rv:1.7.2) Gecko/20040804 Netscape/7.2"
198.200.181.206 - - [09/Feb/2006:13:01:51 -0500] "GET /englishL/home/images/beagle.gif HTTP/1.1" 200 37108 "http://www.darwinday.org/" "Mozilla/5.0 (Windows; U; Windows NT 5.1; en-GB; rv:1.7.6) Gecko/20050321 Firefox/1.0.2"
63.197.18.247 - - [09/Feb/2006:13:01:51 -0500] "GET /englishL/home/images/horse.evolution.jpg HTTP/1.1" 200 29612 "http://www.darwinday.org/" "Mozilla/5.0 (Macintosh; U; PPC Mac OS X Mach-O; en-US; rv:1.7.2) Gecko/20040804 Netscape/7.2"
198.200.181.206 - - [09/Feb/2006:13:01:51 -0500] "GET /images/trans.gif HTTP/1.1" 200 49 "http://www.darwinday.org/" "Mozilla/5.0 (Windows; U; Windows NT 5.1; en-GB; rv:1.7.6) Gecko/20050321 Firefox/1.0.2"
198.200.181.206 - - [09/Feb/2006:13:01:51 -0500] "GET /englishL/home/images/manymore.gif HTTP/1.1" 200 581 "http://www.darwinday.org/" "Mozilla/5.0 (Windows; U; Windows NT 5.1; en-GB; rv:1.7.6) Gecko/20050321 Firefox/1.0.2"
198.200.181.206 - - [09/Feb/2006:13:01:51 -0500] "GET /englishL/home/images/joinus.gif HTTP/1.1" 200 524 "http://www.darwinday.org/" "Mozilla/5.0 (Windows; U; Windows NT 5.1; en-GB; rv:1.7.6) Gecko/20050321 Firefox/1.0.2"
198.200.181.206 - - [09/Feb/2006:13:01:51 -0500] "GET /englishL/home/images/horse.evolution.jpg HTTP/1.1" 200 29612 "http://www.darwinday.org/" "Mozilla/5.0 (Windows; U; Windows NT 5.1; en-GB; rv:1.7.6) Gecko/20050321 Firefox/1.0.2"
198.200.181.206 - - [09/Feb/2006:13:01:52 -0500] "GET /images/DNAlogo.gif HTTP/1.1" 200 1370 "http://www.darwinday.org/englishL/currarts.html" "Mozilla/5.0 (Windows; U; Windows NT 5.1; en-GB; rv:1.7.6) Gecko/20050321 Firefox/1.0.2"
198.200.181.206 - - [09/Feb/2006:13:01:52 -0500] "GET /favicon.ico HTTP/1.1" 404 3385 "-" "Mozilla/5.0 (Windows; U; Windows NT 5.1; en-GB; rv:1.7.6) Gecko/20050321 Firefox/1.0.2"
65.54.188.54 - - [09/Feb/2006:13:02:13 -0500] "GET /spanishSA/currarts.html HTTP/1.0" 200 5652 "-" "msnbot/1.0 (+http://search.msn.com/msnbot.htm)"
130.63.239.32 - - [09/Feb/2006:13:02:16 -0500] "GET / HTTP/1.1" 200 25315 "http://www.google.ca/search?hl=en&q=darwin+birthday&btnG=Google+Search&meta=" "Mozilla/5.0 (Macintosh; U; PPC Mac OS X Mach-O; en-US; rv:1.4) Gecko/20030624 Netscape/7.1"
192.85.50.2 - - [09/Feb/2006:13:02:44 -0500] "GET / HTTP/1.0" 200 25315 "-" "Mozilla/4.0 (compatible; MSIE 6.0; Windows NT 5.1; .NET CLR 1.1.4322)"
192.85.50.2 - - [09/Feb/2006:13:02:45 -0500] "GET /stylesheets/mainenglishL.css HTTP/1.0" 200 590 "http://www.darwinday.org/" "Mozilla/4.0 (compatible; MSIE 6.0; Windows NT 5.1; .NET CLR 1.1.4322)"
192.85.50.2 - - [09/Feb/2006:13:02:45 -0500] "GET /stylesheets/main.css HTTP/1.0" 200 658 "http://www.darwinday.org/" "Mozilla/4.0 (compatible; MSIE 6.0; Windows NT 5.1; .NET CLR 1.1.4322)"
