139.67.80.33 - - [09/Feb/2006:11:47:24 -0500] "GET /englishL/images/titletrans.gif HTTP/1.1" 304 - "http://www.darwinday.org/" "Mozilla/4.0 (compatible; MSIE 6.0; Windows NT 5.0)"
139.67.80.33 - - [09/Feb/2006:11:47:24 -0500] "GET /englishL/images/navbar.gif HTTP/1.1" 304 - "http://www.darwinday.org/" "Mozilla/4.0 (compatible; MSIE 6.0; Windows NT 5.0)"
139.67.80.33 - - [09/Feb/2006:11:47:24 -0500] "GET /englishL/home/images/darwinages.gif HTTP/1.1" 304 - "http://www.darwinday.org/" "Mozilla/4.0 (compatible; MSIE 6.0; Windows NT 5.0)"
139.67.80.33 - - [09/Feb/2006:11:47:24 -0500] "GET /images/arrow.gif HTTP/1.1" 304 - "http://www.darwinday.org/" "Mozilla/4.0 (compatible; MSIE 6.0; Windows NT 5.0)"
139.67.80.33 - - [09/Feb/2006:11:47:24 -0500] "GET /images/dnahorizl.gif HTTP/1.1" 304 - "http://www.darwinday.org/" "Mozilla/4.0 (compatible; MSIE 6.0; Windows NT 5.0)"
139.67.80.33 - - [09/Feb/2006:11:47:24 -0500] "GET /images/dnahoriz.gif HTTP/1.1" 304 - "http://www.darwinday.org/" "Mozilla/4.0 (compatible; MSIE 6.0; Windows NT 5.0)"
139.67.80.33 - - [09/Feb/2006:11:47:24 -0500] "GET /images/dnahorizr.gif HTTP/1.1" 304 - "http://www.darwinday.org/" "Mozilla/4.0 (compatible; MSIE 6.0; Windows NT 5.0)"
139.67.80.33 - - [09/Feb/2006:11:47:24 -0500] "GET /englishL/home/images/lincoln.gif HTTP/1.1" 304 - "http://www.darwinday.org/" "Mozilla/4.0 (compatible; MSIE 6.0; Windows NT 5.0)"
139.67.80.33 - - [09/Feb/2006:11:47:24 -0500] "GET /englishL/home/images/darwin.gif HTTP/1.1" 304 - "http://www.darwinday.org/" "Mozilla/4.0 (compatible; MSIE 6.0; Windows NT 5.0)"
139.67.80.33 - - [09/Feb/2006:11:47:24 -0500] "GET /englishL/home/images/beagle.gif HTTP/1.1" 304 - "http://www.darwinday.org/" "Mozilla/4.0 (compatible; MSIE 6.0; Windows NT 5.0)"
139.67.80.33 - - [09/Feb/2006:11:47:24 -0500] "GET /images/trans.gif HTTP/1.1" 304 - "http://www.darwinday.org/" "Mozilla/4.0 (compatible; MSIE 6.0; Windows NT 5.0)"
139.67.80.33 - - [09/Feb/2006:11:47:24 -0500] "GET /englishL/home/images/manymore.gif HTTP/1.1" 304 - "http://www.darwinday.org/" "Mozilla/4.0 (compatible; MSIE 6.0; Windows NT 5.0)"
139.67.80.33 - - [09/Feb/2006:11:47:24 -0500] "GET /englishL/home/images/joinus.gif HTTP/1.1" 304 - "http://www.darwinday.org/" "Mozilla/4.0 (compatible; MSIE 6.0; Windows NT 5.0)"
139.67.80.33 - - [09/Feb/2006:11:47:24 -0500] "GET /englishL/home/images/horse.evolution.jpg HTTP/1.1" 304 - "http://www.darwinday.org/" "Mozilla/4.0 (compatible; MSIE 6.0; Windows NT 5.0)"
139.67.80.33 - - [09/Feb/2006:11:47:24 -0500] "GET /images/DNAlogo.gif HTTP/1.1" 304 - "http://www.darwinday.org/englishL/currarts.html" "Mozilla/4.0 (compatible; MSIE 6.0; Windows NT 5.0)"
82.36.188.154 - - [09/Feb/2006:11:48:43 -0500] "GET / HTTP/1.1" 200 25315 "-" "Opera/9.00 (Windows NT 5.1; U; en)"
82.36.188.154 - - [09/Feb/2006:11:48:44 -0500] "GET /images/dnahorizl.gif HTTP/1.1" 200 2130 "http://www.darwinday.org/" "Opera/9.00 (Windows NT 5.1; U; en)"
82.36.188.154 - - [09/Feb/2006:11:48:44 -0500] "GET /englishL/home/images/darwin.gif HTTP/1.1" 200 13783 "http://www.darwinday.org/" "Opera/9.00 (Windows NT 5.1; U; en)"
82.36.188.154 - - [09/Feb/2006:11:48:44 -0500] "GET /englishL/home/images/joinus.gif HTTP/1.1" 200 524 "http://www.darwinday.org/" "Opera/9.00 (Windows NT 5.1; U; en)"
82.36.188.154 - - [09/Feb/2006:11:48:44 -0500] "GET /englishL/currarts.html HTTP/1.1" 200 5653 "http://www.darwinday.org/" "Opera/9.00 (Windows NT 5.1; U; en)"
82.36.188.154 - - [09/Feb/2006:11:48:44 -0500] "GET /images/dnahoriz.gif HTTP/1.1" 200 3391 "http://www.darwinday.org/" "Opera/9.00 (Windows NT 5.1; U; en)"
82.36.188.154 - - [09/Feb/2006:11:48:44 -0500] "GET /englishL/home/images/beagle.gif HTTP/1.1" 200 11277 "http://www.darwinday.org/" "Opera/9.00 (Windows NT 5.1; U; en)"
82.36.188.154 - - [09/Feb/2006:11:48:44 -0500] "GET /images/arrow.gif HTTP/1.1" 200 112 "http://www.darwinday.org/" "Opera/9.00 (Windows NT 5.1; U; en)"
82.36.188.154 - - [09/Feb/2006:11:48:44 -0500] "GET /englishL/home/images/lincoln.gif HTTP/1.1" 200 11057 "http://www.darwinday.org/" "Opera/9.00 (Windows NT 5.1; U; en)"
82.36.188.154 - - [09/Feb/2006:11:48:45 -0500] "GET /englishL/home/images/manymore.gif HTTP/1.1" 200 581 "http://www.darwinday.org/" "Opera/9.00 (Windows NT 5.1; U; en)"
82.36.188.154 - - [09/Feb/2006:11:48:45 -0500] "GET /englishL/home/images/darwinages.gif HTTP/1.1" 200 50309 "http://www.darwinday.org/" "Opera/9.00 (Windows NT 5.1; U; en)"
82.36.188.154 - - [09/Feb/2006:11:48:45 -0500] "GET /images/dnahorizr.gif HTTP/1.1" 200 2104 "http://www.darwinday.org/" "Opera/9.00 (Windows NT 5.1; U; en)"
82.36.188.154 - - [09/Feb/2006:11:48:45 -0500] "GET /images/trans.gif HTTP/1.1" 200 49 "http://www.darwinday.org/" "Opera/9.00 (Windows NT 5.1; U; en)"
82.36.188.154 - - [09/Feb/2006:11:48:45 -0500] "GET /englishL/home/images/darwin.gif HTTP/1.1" 200 13783 "http://www.darwinday.org/" "Opera/9.00 (Windows NT 5.1; U; en)"
82.36.188.154 - - [09/Feb/2006:11:48:45 -0500] "GET /images/dnahoriz.gif HTTP/1.1" 200 3391 "http://www.darwinday.org/" "Opera/9.00 (Windows NT 5.1; U; en)"
82.36.188.154 - - [09/Feb/2006:11:48:45 -0500] "GET /englishL/home/images/joinus.gif HTTP/1.1" 200 524 "http://www.darwinday.org/" "Opera/9.00 (Windows NT 5.1; U; en)"
82.36.188.154 - - [09/Feb/2006:11:48:45 -0500] "GET /englishL/home/images/lincoln.gif HTTP/1.1" 200 11057 "http://www.darwinday.org/" "Opera/9.00 (Windows NT 5.1; U; en)"
82.36.188.154 - - [09/Feb/2006:11:48:46 -0500] "GET /images/DNAlogo.gif HTTP/1.1" 200 1370 "http://www.darwinday.org/englishL/currarts.html" "Opera/9.00 (Windows NT 5.1; U; en)"
82.36.188.154 - - [09/Feb/2006:11:48:46 -0500] "GET /images/dnahorizr.gif HTTP/1.1" 200 2104 "http://www.darwinday.org/" "Opera/9.00 (Windows NT 5.1; U; en)"
82.36.188.154 - - [09/Feb/2006:11:48:46 -0500] "GET /englishL/home/images/beagle.gif HTTP/1.1" 200 37108 "http://www.darwinday.org/" "Opera/9.00 (Windows NT 5.1; U; en)"
82.36.188.154 - - [09/Feb/2006:11:48:46 -0500] "GET /englishL/home/images/manymore.gif HTTP/1.1" 200 581 "http://www.darwinday.org/" "Opera/9.00 (Windows NT 5.1; U; en)"
82.36.188.154 - - [09/Feb/2006:11:48:46 -0500] "GET /images/trans.gif HTTP/1.1" 200 49 "http://www.darwinday.org/" "Opera/9.00 (Windows NT 5.1; U; en)"
82.36.188.154 - - [09/Feb/2006:11:48:46 -0500] "GET /englishL/home/images/horse.evolution.jpg HTTP/1.1" 200 29612 "http://www.darwinday.org/" "Opera/9.00 (Windows NT 5.1; U; en)"
139.67.80.33 - - [09/Feb/2006:11:49:01 -0500] "GET /englishL/home/index.html HTTP/1.1" 200 25693 "http://www.darwinday.org/" "Mozilla/4.0 (compatible; MSIE 6.0; Windows NT 5.0)"
139.67.80.33 - - [09/Feb/2006:11:49:08 -0500] "GET /englishL/aboutddc/index.html HTTP/1.1" 200 6558 "http://www.darwinday.org/englishL/home/index.html" "Mozilla/4.0 (compatible; MSIE 6.0; Windows NT 5.0)"
139.67.80.33 - - [09/Feb/2006:11:49:08 -0500] "GET /images/goldball.gif HTTP/1.1" 200 332 "http://www.darwinday.org/englishL/aboutddc/index.html" "Mozilla/4.0 (compatible; MSIE 6.0; Windows NT 5.0)"
139.67.80.33 - - [09/Feb/2006:11:49:14 -0500] "GET /englishL/aboutddc/mission.html HTTP/1.1" 200 5157 "http://www.darwinday.org/englishL/aboutddc/index.html" "Mozilla/4.0 (compatible; MSIE 6.0; Windows NT 5.0)"
217.132.13.184 - - [09/Feb/2006:11:49:22 -0500] "GET /englishL/newsviews/index.html HTTP/1.1" 304 - "http://www.darwinday.org/englishL/aboutddc/contact.html" "Mozilla/4.0 (compatible; MSIE 6.0; Windows NT 5.1; SV1)"
217.132.13.184 - - [09/Feb/2006:11:49:23 -0500] "GET /images/goldball.gif HTTP/1.1" 304 - "http://www.darwinday.org/englishL/newsviews/index.html" "Mozilla/4.0 (compatible; MSIE 6.0; Windows NT 5.1; SV1)"
217.132.13.184 - - [09/Feb/2006:11:49:24 -0500] "GET /englishL/newsviews/essays.html HTTP/1.1" 304 - "http://www.darwinday.org/englishL/newsviews/index.html" "Mozilla/4.0 (compatible; MSIE 6.0; Windows NT 5.1; SV1)"
139.67.80.33 - - [09/Feb/2006:11:49:33 -0500] "GET /stylesheets/main.css HTTP/1.1" 304 - "-" "Mozilla/4.0 (compatible; MSIE 6.0; Windows NT 5.0)"
71.29.102.2 - - [09/Feb/2006:11:49:52 -0500] "GET /stylesheets/main.css HTTP/1.1" 200 658 "http://www.darwinday.org/englishL/home/2003.html" "Mozilla/4.0 (compatible; MSIE 6.0; Windows NT 5.0)"
71.29.102.2 - - [09/Feb/2006:11:49:52 -0500] "GET /images/header.gif HTTP/1.1" 200 26756 "http://www.darwinday.org/englishL/home/2003.html" "Mozilla/4.0 (compatible; MSIE 6.0; Windows NT 5.0)"
71.29.102.2 - - [09/Feb/2006:11:49:54 -0500] "GET /images/worldmaptransp.gif HTTP/1.1" 200 128893 "http://www.darwinday.org/englishL/home/2003.html" "Mozilla/4.0 (compatible; MSIE 6.0; Windows NT 5.0)"
71.29.102.2 - - [09/Feb/2006:11:49:54 -0500] "GET /images/topleftlogo.gif HTTP/1.1" 200 6907 "http://www.darwinday.org/englishL/home/2003.html" "Mozilla/4.0 (compatible; MSIE 6.0; Windows NT 5.0)"
71.29.102.2 - - [09/Feb/2006:11:49:54 -0500] "GET /englishL/images/titletrans.gif HTTP/1.1" 200 15588 "http://www.darwinday.org/englishL/home/2003.html" "Mozilla/4.0 (compatible; MSIE 6.0; Windows NT 5.0)"
71.29.102.2 - - [09/Feb/2006:11:49:54 -0500] "GET /englishL/images/navbar.gif HTTP/1.1" 200 2667 "http://www.darwinday.org/englishL/home/2003.html" "Mozilla/4.0 (compatible; MSIE 6.0; Windows NT 5.0)"
71.29.102.2 - - [09/Feb/2006:11:49:57 -0500] "GET /englishL/home/2003.html HTTP/1.1" 200 100585 "http://search.msn.com/previewx.aspx?q=darwin+day++church&FORM=CBPW&first=1&noredir=1" "Mozilla/4.0 (compatible; MSIE 6.0; Windows NT 5.0)"
217.132.13.184 - - [09/Feb/2006:11:49:57 -0500] "GET /stylesheets/main.css HTTP/1.1" 304 - "-" "Mozilla/4.0 (compatible; MSIE 6.0; Windows NT 5.1; SV1)"
70.50.254.241 - - [09/Feb/2006:11:50:39 -0500] "GET /englishL/regevent/index.php HTTP/1.1" 200 31680 "-" "Mozilla/4.0 (compatible ; MSIE 6.0; Windows NT 5.1)"
70.50.254.241 - - [09/Feb/2006:11:50:40 -0500] "GET /englishL/newsviews/index.html HTTP/1.1" 206 4903 "-" "Mozilla/4.0 (compatible ; MSIE 6.0; Windows NT 5.1)"
70.50.254.241 - - [09/Feb/2006:11:50:42 -0500] "GET /englishL/evolution/index.html HTTP/1.1" 206 4606 "-" "Mozilla/4.0 (compatible ; MSIE 6.0; Windows NT 5.1)"
70.50.254.241 - - [09/Feb/2006:11:50:52 -0500] "GET /englishL/life/index.html HTTP/1.1" 206 9860 "-" "Mozilla/4.0 (compatible ; MSIE 6.0; Windows NT 5.1)"
217.132.13.184 - - [09/Feb/2006:11:51:00 -0500] "GET /stylesheets/main.css HTTP/1.1" 304 - "-" "Mozilla/4.0 (compatible; MSIE 6.0; Windows NT 5.1; SV1)"
207.69.137.22 - - [09/Feb/2006:11:51:14 -0500] "GET / HTTP/1.1" 200 25315 "http://search.peoplepc.com/search?q=%22darwin+day%22+++++near++washington&area=earthlink-peoplepc-wssynd&logoURL=http%3A%2F%2Fwww.peoplepc.com%3Freferrer%3Dgoogle&logosrc=http%3A%2F%2Fhome.peoplepc.com%2Fi%2Fcommon%2Fppco_blue.gif&bgcolor=0033cc&cgid=176&category=search2&segmentID=-1%2C2%2C-3%2C-4&memberID=6512758&" "Mozilla/4.0 (compatible; MSIE 6.0; Windows 98; Win 9x 4.90; FDM; PeoplePal 6.2)"
70.50.254.241 - - [09/Feb/2006:11:51:14 -0500] "GET /englishL/home/index.html HTTP/1.1" 206 25693 "-" "Mozilla/4.0 (compatible ; MSIE 6.0; Windows NT 5.1)"
207.69.137.22 - - [09/Feb/2006:11:51:19 -0500] "GET /stylesheets/mainenglishL.css HTTP/1.1" 200 590 "http://www.darwinday.org/" "Mozilla/4.0 (compatible; MSIE 6.0; Windows 98; Win 9x 4.90; FDM; PeoplePal 6.2)"
207.69.137.22 - - [09/Feb/2006:11:51:22 -0500] "GET /stylesheets/main.css HTTP/1.1" 200 658 "http://www.darwinday.org/" "Mozilla/4.0 (compatible; MSIE 6.0; Windows 98; Win 9x 4.90; FDM; PeoplePal 6.2)"
207.69.137.22 - - [09/Feb/2006:11:51:22 -0500] "GET /images/topleftlogo.gif HTTP/1.1" 200 6907 "http://www.darwinday.org/" "Mozilla/4.0 (compatible; MSIE 6.0; Windows 98; Win 9x 4.90; FDM; PeoplePal 6.2)"
207.69.137.22 - - [09/Feb/2006:11:51:22 -0500] "GET /englishL/images/navbar.gif HTTP/1.1" 200 2667 "http://www.darwinday.org/" "Mozilla/4.0 (compatible; MSIE 6.0; Windows 98; Win 9x 4.90; FDM; PeoplePal 6.2)"
207.69.137.22 - - [09/Feb/2006:11:51:22 -0500] "GET /englishL/images/titletrans.gif HTTP/1.1" 200 15588 "http://www.darwinday.org/" "Mozilla/4.0 (compatible; MSIE 6.0; Windows 98; Win 9x 4.90; FDM; PeoplePal 6.2)"
207.69.137.22 - - [09/Feb/2006:11:51:22 -0500] "GET /images/header.gif HTTP/1.1" 200 26756 "http://www.darwinday.org/" "Mozilla/4.0 (compatible; MSIE 6.0; Windows 98; Win 9x 4.90; FDM; PeoplePal 6.2)"
207.69.137.22 - - [09/Feb/2006:11:51:23 -0500] "GET /englishL/home/images/darwinages.gif HTTP/1.1" 200 50309 "http://www.darwinday.org/" "Mozilla/4.0 (compatible; MSIE 6.0; Windows 98; Win 9x 4.90; FDM; PeoplePal 6.2)"
207.69.137.22 - - [09/Feb/2006:11:51:24 -0500] "GET /images/worldmaptransp.gif HTTP/1.1" 200 128893 "http://www.darwinday.org/" "Mozilla/4.0 (compatible; MSIE 6.0; Windows 98; Win 9x 4.90; FDM; PeoplePal 6.2)"
207.69.137.22 - - [09/Feb/2006:11:51:24 -0500] "GET /images/arrow.gif HTTP/1.1" 200 112 "http://www.darwinday.org/" "Mozilla/4.0 (compatible; MSIE 6.0; Windows 98; Win 9x 4.90; FDM; PeoplePal 6.2)"
207.69.137.22 - - [09/Feb/2006:11:51:26 -0500] "GET /images/dnahorizl.gif HTTP/1.1" 200 2130 "http://www.darwinday.org/" "Mozilla/4.0 (compatible; MSIE 6.0; Windows 98; Win 9x 4.90; FDM; PeoplePal 6.2)"
70.50.254.241 - - [09/Feb/2006:11:51:26 -0500] "GET /chooselang/index.html HTTP/1.1" 206 5641 "-" "Mozilla/4.0 (compatible ; MSIE 6.0; Windows NT 5.1)"
207.69.137.22 - - [09/Feb/2006:11:51:27 -0500] "GET /images/dnahoriz.gif HTTP/1.1" 200 3391 "http://www.darwinday.org/" "Mozilla/4.0 (compatible; MSIE 6.0; Windows 98; Win 9x 4.90; FDM; PeoplePal 6.2)"
207.69.137.22 - - [09/Feb/2006:11:51:27 -0500] "GET /images/dnahorizr.gif HTTP/1.1" 200 2104 "http://www.darwinday.org/" "Mozilla/4.0 (compatible; MSIE 6.0; Windows 98; Win 9x 4.90; FDM; PeoplePal 6.2)"
205.155.26.3 - - [09/Feb/2006:11:51:29 -0500] "GET /englishL/home/2006.php HTTP/1.1" 200 1204924 "http://www.darwinday.org/englishL/events/index.html" "Mozilla/5.0 (Macintosh; U; PPC Mac OS X Mach-O; en-US; rv:1.8) Gecko/20051111 Firefox/1.5"
207.69.137.22 - - [09/Feb/2006:11:51:31 -0500] "GET /englishL/currarts.html HTTP/1.1" 200 5653 "http://www.darwinday.org/" "Mozilla/4.0 (compatible; MSIE 6.0; Windows 98; Win 9x 4.90; FDM; PeoplePal 6.2)"
207.69.137.22 - - [09/Feb/2006:11:51:31 -0500] "GET /englishL/home/images/lincoln.gif HTTP/1.1" 200 11057 "http://www.darwinday.org/" "Mozilla/4.0 (compatible; MSIE 6.0; Windows 98; Win 9x 4.90; FDM; PeoplePal 6.2)"
207.69.137.22 - - [09/Feb/2006:11:51:34 -0500] "GET /images/DNAlogo.gif HTTP/1.1" 200 1370 "http://www.darwinday.org/englishL/currarts.html" "Mozilla/4.0 (compatible; MSIE 6.0; Windows 98; Win 9x 4.90; FDM; PeoplePal 6.2)"
207.69.137.22 - - [09/Feb/2006:11:51:35 -0500] "GET /englishL/home/images/darwin.gif HTTP/1.1" 200 13783 "http://www.darwinday.org/" "Mozilla/4.0 (compatible; MSIE 6.0; Windows 98; Win 9x 4.90; FDM; PeoplePal 6.2)"
207.69.137.22 - - [09/Feb/2006:11:51:35 -0500] "GET /images/trans.gif HTTP/1.1" 200 49 "http://www.darwinday.org/" "Mozilla/4.0 (compatible; MSIE 6.0; Windows 98; Win 9x 4.90; FDM; PeoplePal 6.2)"
207.69.137.22 - - [09/Feb/2006:11:51:35 -0500] "GET /englishL/home/images/manymore.gif HTTP/1.1" 200 581 "http://www.darwinday.org/" "Mozilla/4.0 (compatible; MSIE 6.0; Windows 98; Win 9x 4.90; FDM; PeoplePal 6.2)"
207.69.137.22 - - [09/Feb/2006:11:51:35 -0500] "GET /englishL/home/images/joinus.gif HTTP/1.1" 200 524 "http://www.darwinday.org/" "Mozilla/4.0 (compatible; MSIE 6.0; Windows 98; Win 9x 4.90; FDM; PeoplePal 6.2)"
207.69.137.22 - - [09/Feb/2006:11:51:35 -0500] "GET /englishL/home/images/beagle.gif HTTP/1.1" 200 37108 "http://www.darwinday.org/" "Mozilla/4.0 (compatible; MSIE 6.0; Windows 98; Win 9x 4.90; FDM; PeoplePal 6.2)"
207.69.137.22 - - [09/Feb/2006:11:51:35 -0500] "GET /englishL/home/images/horse.evolution.jpg HTTP/1.1" 200 29612 "http://www.darwinday.org/" "Mozilla/4.0 (compatible; MSIE 6.0; Windows 98; Win 9x 4.90; FDM; PeoplePal 6.2)"
70.50.254.241 - - [09/Feb/2006:11:51:49 -0500] "GET /englishL/aboutddc/index.html HTTP/1.1" 206 6558 "-" "Mozilla/4.0 (compatible ; MSIE 6.0; Windows NT 5.1)"
207.69.137.22 - - [09/Feb/2006:11:52:16 -0500] "GET /englishL/home/2006.php HTTP/1.1" 200 1525053 "http://www.darwinday.org/" "Mozilla/4.0 (compatible; MSIE 6.0; Windows 98; Win 9x 4.90; FDM; PeoplePal 6.2)"
206.208.110.32 - - [09/Feb/2006:11:52:42 -0500] "GET /NEWlang/dispsupport/index.php HTTP/1.1" 200 469474 "-" "Mozilla/4.0 (compatible;)"
209.66.200.45 - - [09/Feb/2006:11:53:09 -0500] "GET /stylesheets/mainenglishL.css HTTP/1.1" 200 590 "http://www.darwinday.org/" "Mozilla/4.0 (compatible; MSIE 6.0; Windows NT 5.1; SV1)"
209.66.200.45 - - [09/Feb/2006:11:53:09 -0500] "GET /stylesheets/main.css HTTP/1.1" 200 658 "http://www.darwinday.org/" "Mozilla/4.0 (compatible; MSIE 6.0; Windows NT 5.1; SV1)"
209.66.200.45 - - [09/Feb/2006:11:53:09 -0500] "GET / HTTP/1.1" 200 25315 "http://www.google.com/search?hl=en&lr=&q=February+12%2C+1809&btnG=Search" "Mozilla/4.0 (compatible; MSIE 6.0; Windows NT 5.1; SV1)"
209.66.200.45 - - [09/Feb/2006:11:53:09 -0500] "GET /images/topleftlogo.gif HTTP/1.1" 200 6907 "http://www.darwinday.org/" "Mozilla/4.0 (compatible; MSIE 6.0; Windows NT 5.1; SV1)"
209.66.200.45 - - [09/Feb/2006:11:53:10 -0500] "GET /englishL/currarts.html HTTP/1.1" 200 5653 "http://www.darwinday.org/" "Mozilla/4.0 (compatible; MSIE 6.0; Windows NT 5.1; SV1)"
209.66.200.45 - - [09/Feb/2006:11:53:11 -0500] "GET /images/header.gif HTTP/1.1" 200 26756 "http://www.darwinday.org/" "Mozilla/4.0 (compatible; MSIE 6.0; Windows NT 5.1; SV1)"
209.66.200.45 - - [09/Feb/2006:11:53:12 -0500] "GET /englishL/images/titletrans.gif HTTP/1.1" 200 15588 "http://www.darwinday.org/" "Mozilla/4.0 (compatible; MSIE 6.0; Windows NT 5.1; SV1)"
209.66.200.45 - - [09/Feb/2006:11:53:12 -0500] "GET /englishL/images/navbar.gif HTTP/1.1" 200 2667 "http://www.darwinday.org/" "Mozilla/4.0 (compatible; MSIE 6.0; Windows NT 5.1; SV1)"
209.66.200.45 - - [09/Feb/2006:11:53:14 -0500] "GET /images/worldmaptransp.gif HTTP/1.1" 200 128893 "http://www.darwinday.org/" "Mozilla/4.0 (compatible; MSIE 6.0; Windows NT 5.1; SV1)"
209.66.200.45 - - [09/Feb/2006:11:53:15 -0500] "GET /images/arrow.gif HTTP/1.1" 200 112 "http://www.darwinday.org/" "Mozilla/4.0 (compatible; MSIE 6.0; Windows NT 5.1; SV1)"
209.66.200.45 - - [09/Feb/2006:11:53:15 -0500] "GET /images/dnahoriz.gif HTTP/1.1" 200 3391 "http://www.darwinday.org/" "Mozilla/4.0 (compatible; MSIE 6.0; Windows NT 5.1; SV1)"
209.66.200.45 - - [09/Feb/2006:11:53:15 -0500] "GET /images/dnahorizl.gif HTTP/1.1" 200 2130 "http://www.darwinday.org/" "Mozilla/4.0 (compatible; MSIE 6.0; Windows NT 5.1; SV1)"
209.66.200.45 - - [09/Feb/2006:11:53:15 -0500] "GET /images/dnahorizr.gif HTTP/1.1" 200 2104 "http://www.darwinday.org/" "Mozilla/4.0 (compatible; MSIE 6.0; Windows NT 5.1; SV1)"
209.66.200.45 - - [09/Feb/2006:11:53:15 -0500] "GET /englishL/home/images/lincoln.gif HTTP/1.1" 200 11057 "http://www.darwinday.org/" "Mozilla/4.0 (compatible; MSIE 6.0; Windows NT 5.1; SV1)"
209.66.200.45 - - [09/Feb/2006:11:53:16 -0500] "GET /englishL/home/images/darwin.gif HTTP/1.1" 200 13783 "http://www.darwinday.org/" "Mozilla/4.0 (compatible; MSIE 6.0; Windows NT 5.1; SV1)"
209.66.200.45 - - [09/Feb/2006:11:53:16 -0500] "GET /englishL/home/images/darwinages.gif HTTP/1.1" 200 36857 "http://www.darwinday.org/" "Mozilla/4.0 (compatible; MSIE 6.0; Windows NT 5.1; SV1)"
209.66.200.45 - - [09/Feb/2006:11:53:20 -0500] "GET /englishL/newsviews/darlin.html HTTP/1.1" 200 21534 "http://www.google.com/search?hl=en&lr=&q=February+12%2C+1809&btnG=Search" "Mozilla/4.0 (compatible; MSIE 6.0; Windows NT 5.1; SV1)"
209.66.200.45 - - [09/Feb/2006:11:53:20 -0500] "GET /englishL/images/medallion.jpg HTTP/1.1" 200 5652 "http://www.darwinday.org/englishL/newsviews/darlin.html" "Mozilla/4.0 (compatible; MSIE 6.0; Windows NT 5.1; SV1)"
68.142.251.105 - - [09/Feb/2006:11:53:43 -0500] "GET /robots.txt HTTP/1.0" 404 3372 "-" "Mozilla/5.0 (compatible; Yahoo! Slurp; http://help.yahoo.com/help/us/ysearch/slurp)"
68.142.250.109 - - [09/Feb/2006:11:53:43 -0500] "GET /englishL/newsviews HTTP/1.0" 301 322 "-" "Mozilla/5.0 (compatible; Yahoo! Slurp; http://help.yahoo.com/help/us/ysearch/slurp)"
68.142.250.109 - - [09/Feb/2006:11:53:44 -0500] "GET /englishL/newsviews/ HTTP/1.0" 200 4903 "-" "Mozilla/5.0 (compatible; Yahoo! Slurp; http://help.yahoo.com/help/us/ysearch/slurp)"
24.166.217.18 - - [09/Feb/2006:11:54:36 -0500] "GET /stylesheets/mainenglishL.css HTTP/1.1" 200 590 "http://www.darwinday.org/englishL/life/shrewsbury.html" "Mozilla/4.0 (compatible; MSIE 6.0; Windows NT 5.1; SV1; .NET CLR 1.1.4322)"
24.166.217.18 - - [09/Feb/2006:11:54:37 -0500] "GET /stylesheets/main.css HTTP/1.1" 200 658 "http://www.darwinday.org/englishL/life/shrewsbury.html" "Mozilla/4.0 (compatible; MSIE 6.0; Windows NT 5.1; SV1; .NET CLR 1.1.4322)"
24.166.217.18 - - [09/Feb/2006:11:54:37 -0500] "GET /englishL/life/shrewsbury.html HTTP/1.1" 200 37679 "http://images.google.com/imgres?imgurl=http://www.darwinday.org/englishL/life/images/shrewsbury.jpg&imgrefurl=http://www.darwinday.org/englishL/life/shrewsbury.html&h=402&w=562&sz=102&tbnid=q4QkjqkE1DjxNM:&tbnh=93&tbnw=131&hl=en&start=4&prev=/images%3Fq%3Dshrewsbury%26svnum%3D10%26hl%3Den%26lr%3D" "Mozilla/4.0 (compatible; MSIE 6.0; Windows NT 5.1; SV1; .NET CLR 1.1.4322)"
24.166.217.18 - - [09/Feb/2006:11:54:37 -0500] "GET /images/topleftlogo.gif HTTP/1.1" 200 6907 "http://www.darwinday.org/englishL/life/shrewsbury.html" "Mozilla/4.0 (compatible; MSIE 6.0; Windows NT 5.1; SV1; .NET CLR 1.1.4322)"
24.166.217.18 - - [09/Feb/2006:11:54:37 -0500] "GET /images/header.gif HTTP/1.1" 200 26756 "http://www.darwinday.org/englishL/life/shrewsbury.html" "Mozilla/4.0 (compatible; MSIE 6.0; Windows NT 5.1; SV1; .NET CLR 1.1.4322)"
24.166.217.18 - - [09/Feb/2006:11:54:37 -0500] "GET /englishL/images/titletrans.gif HTTP/1.1" 200 15588 "http://www.darwinday.org/englishL/life/shrewsbury.html" "Mozilla/4.0 (compatible; MSIE 6.0; Windows NT 5.1; SV1; .NET CLR 1.1.4322)"
24.166.217.18 - - [09/Feb/2006:11:54:37 -0500] "GET /englishL/images/navbar.gif HTTP/1.1" 200 2667 "http://www.darwinday.org/englishL/life/shrewsbury.html" "Mozilla/4.0 (compatible; MSIE 6.0; Windows NT 5.1; SV1; .NET CLR 1.1.4322)"
24.166.217.18 - - [09/Feb/2006:11:54:37 -0500] "GET /images/worldmaptransp.gif HTTP/1.1" 200 128893 "http://www.darwinday.org/englishL/life/shrewsbury.html" "Mozilla/4.0 (compatible; MSIE 6.0; Windows NT 5.1; SV1; .NET CLR 1.1.4322)"
24.166.217.18 - - [09/Feb/2006:11:54:37 -0500] "GET /englishL/life/images/plaque-t.jpg HTTP/1.1" 200 43479 "http://www.darwinday.org/englishL/life/shrewsbury.html" "Mozilla/4.0 (compatible; MSIE 6.0; Windows NT 5.1; SV1; .NET CLR 1.1.4322)"
24.166.217.18 - - [09/Feb/2006:11:54:38 -0500] "GET /englishL/life/images/shrewsbury.jpg HTTP/1.1" 200 85734 "http://www.darwinday.org/englishL/life/shrewsbury.html" "Mozilla/4.0 (compatible; MSIE 6.0; Windows NT 5.1; SV1; .NET CLR 1.1.4322)"
24.166.217.18 - - [09/Feb/2006:11:54:38 -0500] "GET /englishL/life/images/shrewsbury.jpg HTTP/1.1" 200 103773 "http://images.google.com/imgres?imgurl=http://www.darwinday.org/englishL/life/images/shrewsbury.jpg&imgrefurl=http://www.darwinday.org/englishL/life/shrewsbury.html&h=402&w=562&sz=102&tbnid=q4QkjqkE1DjxNM:&tbnh=93&tbnw=131&hl=en&prev=/images%3Fq%3Dshrewsbury%26svnum%3D10%26hl%3Den%26lr%3D&frame=small" "Mozilla/4.0 (compatible; MSIE 6.0; Windows NT 5.1; SV1; .NET CLR 1.1.4322)"
24.166.217.18 - - [09/Feb/2006:11:54:57 -0500] "GET /englishL/life/images/mountleft-t.jpg HTTP/1.1" 200 20725 "http://www.darwinday.org/englishL/life/shrewsbury.html" "Mozilla/4.0 (compatible; MSIE 6.0; Windows NT 5.1; SV1; .NET CLR 1.1.4322)"
24.166.217.18 - - [09/Feb/2006:11:54:57 -0500] "GET /englishL/life/images/plaque-t.jpg HTTP/1.1" 206 21983 "http://www.darwinday.org/englishL/life/shrewsbury.html" "Mozilla/4.0 (compatible; MSIE 6.0; Windows NT 5.1; SV1; .NET CLR 1.1.4322)"
24.166.217.18 - - [09/Feb/2006:11:54:58 -0500] "GET /englishL/life/images/mountright-t.jpg HTTP/1.1" 200 19879 "http://www.darwinday.org/englishL/life/shrewsbury.html" "Mozilla/4.0 (compatible; MSIE 6.0; Windows NT 5.1; SV1; .NET CLR 1.1.4322)"
24.166.217.18 - - [09/Feb/2006:11:54:58 -0500] "GET /englishL/life/images/mountmap-t.jpg HTTP/1.1" 200 61648 "http://www.darwinday.org/englishL/life/shrewsbury.html" "Mozilla/4.0 (compatible; MSIE 6.0; Windows NT 5.1; SV1; .NET CLR 1.1.4322)"
24.166.217.18 - - [09/Feb/2006:11:54:58 -0500] "GET /englishL/life/images/mountfront2-t.jpg HTTP/1.1" 200 26445 "http://www.darwinday.org/englishL/life/shrewsbury.html" "Mozilla/4.0 (compatible; MSIE 6.0; Windows NT 5.1; SV1; .NET CLR 1.1.4322)"
62.254.32.22 - - [09/Feb/2006:11:54:58 -0500] "GET /home/index.html HTTP/1.1" 200 25516 "http://nireland.humanists.net/events.html" "Mozilla/4.0 (compatible; MSIE 6.0; Windows NT 5.1; SV1)"
62.254.32.22 - - [09/Feb/2006:11:54:59 -0500] "GET /stylesheets/mainenglishL.css HTTP/1.1" 200 590 "http://www.darwinday.org/home/index.html" "Mozilla/4.0 (compatible; MSIE 6.0; Windows NT 5.1; SV1)"
24.166.217.18 - - [09/Feb/2006:11:54:59 -0500] "GET /englishL/life/images/mountfront-t.jpg HTTP/1.1" 200 24718 "http://www.darwinday.org/englishL/life/shrewsbury.html" "Mozilla/4.0 (compatible; MSIE 6.0; Windows NT 5.1; SV1; .NET CLR 1.1.4322)"
62.254.32.22 - - [09/Feb/2006:11:54:59 -0500] "GET /stylesheets/main.css HTTP/1.1" 200 658 "http://www.darwinday.org/home/index.html" "Mozilla/4.0 (compatible; MSIE 6.0; Windows NT 5.1; SV1)"
62.254.32.22 - - [09/Feb/2006:11:54:59 -0500] "GET /images/topleftlogo.gif HTTP/1.1" 200 6907 "http://www.darwinday.org/home/index.html" "Mozilla/4.0 (compatible; MSIE 6.0; Windows NT 5.1; SV1)"
24.166.217.18 - - [09/Feb/2006:11:54:59 -0500] "GET /englishL/life/images/fireplace-t.jpg HTTP/1.1" 200 21734 "http://www.darwinday.org/englishL/life/shrewsbury.html" "Mozilla/4.0 (compatible; MSIE 6.0; Windows NT 5.1; SV1; .NET CLR 1.1.4322)"
62.254.32.22 - - [09/Feb/2006:11:54:59 -0500] "GET /englishL/currarts.html HTTP/1.1" 200 5653 "http://www.darwinday.org/home/index.html" "Mozilla/4.0 (compatible; MSIE 6.0; Windows NT 5.1; SV1)"
62.254.32.22 - - [09/Feb/2006:11:54:59 -0500] "GET /images/header.gif HTTP/1.1" 200 26756 "http://www.darwinday.org/home/index.html" "Mozilla/4.0 (compatible; MSIE 6.0; Windows NT 5.1; SV1)"
24.166.217.18 - - [09/Feb/2006:11:54:59 -0500] "GET /englishL/life/images/saintchads_cemetary-t.jpg HTTP/1.1" 200 34330 "http://www.darwinday.org/englishL/life/shrewsbury.html" "Mozilla/4.0 (compatible; MSIE 6.0; Windows NT 5.1; SV1; .NET CLR 1.1.4322)"
24.166.217.18 - - [09/Feb/2006:11:54:59 -0500] "GET /englishL/life/images/saintchads_dingle-t.jpg HTTP/1.1" 200 30689 "http://www.darwinday.org/englishL/life/shrewsbury.html" "Mozilla/4.0 (compatible; MSIE 6.0; Windows NT 5.1; SV1; .NET CLR 1.1.4322)"
62.254.32.22 - - [09/Feb/2006:11:54:59 -0500] "GET /englishL/images/titletrans.gif HTTP/1.1" 200 15588 "http://www.darwinday.org/home/index.html" "Mozilla/4.0 (compatible; MSIE 6.0; Windows NT 5.1; SV1)"
24.166.217.18 - - [09/Feb/2006:11:55:00 -0500] "GET /englishL/life/images/saintchads-t.jpg HTTP/1.1" 200 18660 "http://www.darwinday.org/englishL/life/shrewsbury.html" "Mozilla/4.0 (compatible; MSIE 6.0; Windows NT 5.1; SV1; .NET CLR 1.1.4322)"
62.254.32.22 - - [09/Feb/2006:11:55:00 -0500] "GET /images/worldmaptransp.gif HTTP/1.1" 200 128893 "http://www.darwinday.org/home/index.html" "Mozilla/4.0 (compatible; MSIE 6.0; Windows NT 5.1; SV1)"
24.166.217.18 - - [09/Feb/2006:11:55:00 -0500] "GET /englishL/life/images/dingletwo-t.jpg HTTP/1.1" 200 37926 "http://www.darwinday.org/englishL/life/shrewsbury.html" "Mozilla/4.0 (compatible; MSIE 6.0; Windows NT 5.1; SV1; .NET CLR 1.1.4322)"
24.166.217.18 - - [09/Feb/2006:11:55:00 -0500] "GET /englishL/life/images/unitarianone-t.jpg HTTP/1.1" 200 39859 "http://www.darwinday.org/englishL/life/shrewsbury.html" "Mozilla/4.0 (compatible; MSIE 6.0; Windows NT 5.1; SV1; .NET CLR 1.1.4322)"
24.166.217.18 - - [09/Feb/2006:11:55:00 -0500] "GET /englishL/life/images/dingleone-t.jpg HTTP/1.1" 200 38865 "http://www.darwinday.org/englishL/life/shrewsbury.html" "Mozilla/4.0 (compatible; MSIE 6.0; Windows NT 5.1; SV1; .NET CLR 1.1.4322)"
24.166.217.18 - - [09/Feb/2006:11:55:00 -0500] "GET /englishL/life/images/casesschoolfront-t.jpg HTTP/1.1" 200 27478 "http://www.darwinday.org/englishL/life/shrewsbury.html" "Mozilla/4.0 (compatible; MSIE 6.0; Windows NT 5.1; SV1; .NET CLR 1.1.4322)"
62.254.32.22 - - [09/Feb/2006:11:55:00 -0500] "GET /englishL/images/navbar.gif HTTP/1.1" 200 2667 "http://www.darwinday.org/home/index.html" "Mozilla/4.0 (compatible; MSIE 6.0; Windows NT 5.1; SV1)"
24.166.217.18 - - [09/Feb/2006:11:55:00 -0500] "GET /englishL/life/images/unitariantwo-t.jpg HTTP/1.1" 200 29648 "http://www.darwinday.org/englishL/life/shrewsbury.html" "Mozilla/4.0 (compatible; MSIE 6.0; Windows NT 5.1; SV1; .NET CLR 1.1.4322)"
62.254.32.22 - - [09/Feb/2006:11:55:01 -0500] "GET /englishL/home/images/darwinages.gif HTTP/1.1" 200 50309 "http://www.darwinday.org/home/index.html" "Mozilla/4.0 (compatible; MSIE 6.0; Windows NT 5.1; SV1)"
62.254.32.22 - - [09/Feb/2006:11:55:01 -0500] "GET /images/arrow.gif HTTP/1.1" 200 112 "http://www.darwinday.org/home/index.html" "Mozilla/4.0 (compatible; MSIE 6.0; Windows NT 5.1; SV1)"
24.166.217.18 - - [09/Feb/2006:11:55:01 -0500] "GET /englishL/life/images/plaque-unitarian-t.jpg HTTP/1.1" 200 29898 "http://www.darwinday.org/englishL/life/shrewsbury.html" "Mozilla/4.0 (compatible; MSIE 6.0; Windows NT 5.1; SV1; .NET CLR 1.1.4322)"
62.254.32.22 - - [09/Feb/2006:11:55:01 -0500] "GET /images/dnahorizl.gif HTTP/1.1" 200 2130 "http://www.darwinday.org/home/index.html" "Mozilla/4.0 (compatible; MSIE 6.0; Windows NT 5.1; SV1)"
62.254.32.22 - - [09/Feb/2006:11:55:01 -0500] "GET /images/dnahoriz.gif HTTP/1.1" 200 3391 "http://www.darwinday.org/home/index.html" "Mozilla/4.0 (compatible; MSIE 6.0; Windows NT 5.1; SV1)"
24.166.217.18 - - [09/Feb/2006:11:55:01 -0500] "GET /englishL/life/images/casestreet-t.jpg HTTP/1.1" 200 26366 "http://www.darwinday.org/englishL/life/shrewsbury.html" "Mozilla/4.0 (compatible; MSIE 6.0; Windows NT 5.1; SV1; .NET CLR 1.1.4322)"
24.166.217.18 - - [09/Feb/2006:11:55:01 -0500] "GET /englishL/life/images/caseschoolback-t.jpg HTTP/1.1" 200 30209 "http://www.darwinday.org/englishL/life/shrewsbury.html" "Mozilla/4.0 (compatible; MSIE 6.0; Windows NT 5.1; SV1; .NET CLR 1.1.4322)"
62.254.32.22 - - [09/Feb/2006:11:55:01 -0500] "GET /images/dnahorizr.gif HTTP/1.1" 200 2104 "http://www.darwinday.org/home/index.html" "Mozilla/4.0 (compatible; MSIE 6.0; Windows NT 5.1; SV1)"
62.254.32.22 - - [09/Feb/2006:11:55:01 -0500] "GET /englishL/home/images/lincoln.gif HTTP/1.1" 200 11057 "http://www.darwinday.org/home/index.html" "Mozilla/4.0 (compatible; MSIE 6.0; Windows NT 5.1; SV1)"
24.166.217.18 - - [09/Feb/2006:11:55:01 -0500] "GET /englishL/life/images/shrewscastle-t.jpg HTTP/1.1" 200 26731 "http://www.darwinday.org/englishL/life/shrewsbury.html" "Mozilla/4.0 (compatible; MSIE 6.0; Windows NT 5.1; SV1; .NET CLR 1.1.4322)"
62.254.32.22 - - [09/Feb/2006:11:55:01 -0500] "GET /englishL/home/images/darwin.gif HTTP/1.1" 200 13783 "http://www.darwinday.org/home/index.html" "Mozilla/4.0 (compatible; MSIE 6.0; Windows NT 5.1; SV1)"
62.254.32.22 - - [09/Feb/2006:11:55:02 -0500] "GET /englishL/home/images/beagle.gif HTTP/1.1" 200 37108 "http://www.darwinday.org/home/index.html" "Mozilla/4.0 (compatible; MSIE 6.0; Windows NT 5.1; SV1)"
62.254.32.22 - - [09/Feb/2006:11:55:02 -0500] "GET /images/trans.gif HTTP/1.1" 200 49 "http://www.darwinday.org/home/index.html" "Mozilla/4.0 (compatible; MSIE 6.0; Windows NT 5.1; SV1)"
24.166.217.18 - - [09/Feb/2006:11:55:02 -0500] "GET /englishL/life/images/butlerbeams-t.jpg HTTP/1.1" 200 24783 "http://www.darwinday.org/englishL/life/shrewsbury.html" "Mozilla/4.0 (compatible; MSIE 6.0; Windows NT 5.1; SV1; .NET CLR 1.1.4322)"
62.254.32.22 - - [09/Feb/2006:11:55:02 -0500] "GET /englishL/home/images/manymore.gif HTTP/1.1" 200 581 "http://www.darwinday.org/home/index.html" "Mozilla/4.0 (compatible; MSIE 6.0; Windows NT 5.1; SV1)"
62.254.32.22 - - [09/Feb/2006:11:55:02 -0500] "GET /englishL/home/images/joinus.gif HTTP/1.1" 200 524 "http://www.darwinday.org/home/index.html" "Mozilla/4.0 (compatible; MSIE 6.0; Windows NT 5.1; SV1)"
62.254.32.22 - - [09/Feb/2006:11:55:02 -0500] "GET /englishL/home/images/horse.evolution.jpg HTTP/1.1" 200 29612 "http://www.darwinday.org/home/index.html" "Mozilla/4.0 (compatible; MSIE 6.0; Windows NT 5.1; SV1)"
24.166.217.18 - - [09/Feb/2006:11:55:02 -0500] "GET /englishL/life/images/butlersschool-t.jpg HTTP/1.1" 200 29137 "http://www.darwinday.org/englishL/life/shrewsbury.html" "Mozilla/4.0 (compatible; MSIE 6.0; Windows NT 5.1; SV1; .NET CLR 1.1.4322)"
62.254.32.22 - - [09/Feb/2006:11:55:02 -0500] "GET /images/DNAlogo.gif HTTP/1.1" 200 1370 "http://www.darwinday.org/englishL/currarts.html" "Mozilla/4.0 (compatible; MSIE 6.0; Windows NT 5.1; SV1)"
24.166.217.18 - - [09/Feb/2006:11:55:02 -0500] "GET /englishL/life/images/butlerbeams2-t.jpg HTTP/1.1" 200 29943 "http://www.darwinday.org/englishL/life/shrewsbury.html" "Mozilla/4.0 (compatible; MSIE 6.0; Windows NT 5.1; SV1; .NET CLR 1.1.4322)"
24.166.217.18 - - [09/Feb/2006:11:55:02 -0500] "GET /englishL/life/images/shrewsabbey-t.jpg HTTP/1.1" 200 22022 "http://www.darwinday.org/englishL/life/shrewsbury.html" "Mozilla/4.0 (compatible; MSIE 6.0; Windows NT 5.1; SV1; .NET CLR 1.1.4322)"
24.166.217.18 - - [09/Feb/2006:11:55:02 -0500] "GET /englishL/life/images/darwinlib-t.jpg HTTP/1.1" 200 31187 "http://www.darwinday.org/englishL/life/shrewsbury.html" "Mozilla/4.0 (compatible; MSIE 6.0; Windows NT 5.1; SV1; .NET CLR 1.1.4322)"
24.166.217.18 - - [09/Feb/2006:11:55:03 -0500] "GET /englishL/life/images/shrewsabbey2-t.jpg HTTP/1.1" 200 38605 "http://www.darwinday.org/englishL/life/shrewsbury.html" "Mozilla/4.0 (compatible; MSIE 6.0; Windows NT 5.1; SV1; .NET CLR 1.1.4322)"
24.166.217.18 - - [09/Feb/2006:11:55:03 -0500] "GET /englishL/life/images/statueshrewsschool-t.jpg HTTP/1.1" 200 20227 "http://www.darwinday.org/englishL/life/shrewsbury.html" "Mozilla/4.0 (compatible; MSIE 6.0; Windows NT 5.1; SV1; .NET CLR 1.1.4322)"
24.166.217.18 - - [09/Feb/2006:11:55:03 -0500] "GET /englishL/life/images/shoppingcentre-t.jpg HTTP/1.1" 200 33525 "http://www.darwinday.org/englishL/life/shrewsbury.html" "Mozilla/4.0 (compatible; MSIE 6.0; Windows NT 5.1; SV1; .NET CLR 1.1.4322)"
66.196.91.124 - - [09/Feb/2006:11:55:22 -0500] "GET /robots.txt HTTP/1.0" 404 3372 "-" "Mozilla/5.0 (compatible; Yahoo! Slurp; http://help.yahoo.com/help/us/ysearch/slurp)"
66.196.91.117 - - [09/Feb/2006:11:55:23 -0500] "GET /NEWlang/home/2006.php HTTP/1.0" 200 625286 "-" "Mozilla/5.0 (compatible; Yahoo! Slurp; http://help.yahoo.com/help/us/ysearch/slurp)"
62.108.22.30 - - [09/Feb/2006:11:55:52 -0500] "GET /events/calendar.html#book HTTP/1.1" 404 3399 "-" "Mozilla/4.0 (compatible; MSIE 6.0; Windows 98)"
192.197.69.29 - - [09/Feb/2006:11:56:11 -0500] "GET / HTTP/1.1" 200 25315 "http://www.google.ca/search?hl=en&q=darwin%27s+birthday&meta=" "Mozilla/4.0 (compatible; MSIE 6.0; Windows NT 5.1; SV1; .NET CLR 1.0.3705)"
192.197.69.29 - - [09/Feb/2006:11:56:11 -0500] "GET /stylesheets/mainenglishL.css HTTP/1.1" 200 590 "http://www.darwinday.org/" "Mozilla/4.0 (compatible; MSIE 6.0; Windows NT 5.1; SV1; .NET CLR 1.0.3705)"
192.197.69.29 - - [09/Feb/2006:11:56:11 -0500] "GET /stylesheets/main.css HTTP/1.1" 200 658 "http://www.darwinday.org/" "Mozilla/4.0 (compatible; MSIE 6.0; Windows NT 5.1; SV1; .NET CLR 1.0.3705)"
192.197.69.29 - - [09/Feb/2006:11:56:11 -0500] "GET /images/topleftlogo.gif HTTP/1.1" 200 6907 "http://www.darwinday.org/" "Mozilla/4.0 (compatible; MSIE 6.0; Windows NT 5.1; SV1; .NET CLR 1.0.3705)"
192.197.69.29 - - [09/Feb/2006:11:56:11 -0500] "GET /englishL/currarts.html HTTP/1.1" 200 5653 "http://www.darwinday.org/" "Mozilla/4.0 (compatible; MSIE 6.0; Windows NT 5.1; SV1; .NET CLR 1.0.3705)"
192.197.69.29 - - [09/Feb/2006:11:56:12 -0500] "GET /images/header.gif HTTP/1.1" 200 26756 "http://www.darwinday.org/" "Mozilla/4.0 (compatible; MSIE 6.0; Windows NT 5.1; SV1; .NET CLR 1.0.3705)"
192.197.69.29 - - [09/Feb/2006:11:56:12 -0500] "GET /englishL/images/titletrans.gif HTTP/1.1" 200 15588 "http://www.darwinday.org/" "Mozilla/4.0 (compatible; MSIE 6.0; Windows NT 5.1; SV1; .NET CLR 1.0.3705)"
192.197.69.29 - - [09/Feb/2006:11:56:13 -0500] "GET /englishL/images/navbar.gif HTTP/1.1" 200 2667 "http://www.darwinday.org/" "Mozilla/4.0 (compatible; MSIE 6.0; Windows NT 5.1; SV1; .NET CLR 1.0.3705)"
192.197.69.29 - - [09/Feb/2006:11:56:13 -0500] "GET /images/worldmaptransp.gif HTTP/1.1" 200 128893 "http://www.darwinday.org/" "Mozilla/4.0 (compatible; MSIE 6.0; Windows NT 5.1; SV1; .NET CLR 1.0.3705)"
192.197.69.29 - - [09/Feb/2006:11:56:14 -0500] "GET /englishL/home/images/darwinages.gif HTTP/1.1" 200 50309 "http://www.darwinday.org/" "Mozilla/4.0 (compatible; MSIE 6.0; Windows NT 5.1; SV1; .NET CLR 1.0.3705)"
192.197.69.29 - - [09/Feb/2006:11:56:15 -0500] "GET /images/arrow.gif HTTP/1.1" 200 112 "http://www.darwinday.org/" "Mozilla/4.0 (compatible; MSIE 6.0; Windows NT 5.1; SV1; .NET CLR 1.0.3705)"
192.197.69.29 - - [09/Feb/2006:11:56:15 -0500] "GET /images/dnahorizl.gif HTTP/1.1" 200 2130 "http://www.darwinday.org/" "Mozilla/4.0 (compatible; MSIE 6.0; Windows NT 5.1; SV1; .NET CLR 1.0.3705)"
192.197.69.29 - - [09/Feb/2006:11:56:15 -0500] "GET /images/dnahoriz.gif HTTP/1.1" 200 3391 "http://www.darwinday.org/" "Mozilla/4.0 (compatible; MSIE 6.0; Windows NT 5.1; SV1; .NET CLR 1.0.3705)"
192.197.69.29 - - [09/Feb/2006:11:56:15 -0500] "GET /images/dnahorizr.gif HTTP/1.1" 200 2104 "http://www.darwinday.org/" "Mozilla/4.0 (compatible; MSIE 6.0; Windows NT 5.1; SV1; .NET CLR 1.0.3705)"
192.197.69.29 - - [09/Feb/2006:11:56:15 -0500] "GET /englishL/home/images/lincoln.gif HTTP/1.1" 200 11057 "http://www.darwinday.org/" "Mozilla/4.0 (compatible; MSIE 6.0; Windows NT 5.1; SV1; .NET CLR 1.0.3705)"
192.197.69.29 - - [09/Feb/2006:11:56:15 -0500] "GET /englishL/home/images/darwin.gif HTTP/1.1" 200 13783 "http://www.darwinday.org/" "Mozilla/4.0 (compatible; MSIE 6.0; Windows NT 5.1; SV1; .NET CLR 1.0.3705)"
192.197.69.29 - - [09/Feb/2006:11:56:16 -0500] "GET /englishL/home/images/beagle.gif HTTP/1.1" 200 37108 "http://www.darwinday.org/" "Mozilla/4.0 (compatible; MSIE 6.0; Windows NT 5.1; SV1; .NET CLR 1.0.3705)"
192.197.69.29 - - [09/Feb/2006:11:56:16 -0500] "GET /images/trans.gif HTTP/1.1" 200 49 "http://www.darwinday.org/" "Mozilla/4.0 (compatible; MSIE 6.0; Windows NT 5.1; SV1; .NET CLR 1.0.3705)"
192.197.69.29 - - [09/Feb/2006:11:56:16 -0500] "GET /englishL/home/images/manymore.gif HTTP/1.1" 200 581 "http://www.darwinday.org/" "Mozilla/4.0 (compatible; MSIE 6.0; Windows NT 5.1; SV1; .NET CLR 1.0.3705)"
192.197.69.29 - - [09/Feb/2006:11:56:16 -0500] "GET /englishL/home/images/joinus.gif HTTP/1.1" 200 524 "http://www.darwinday.org/" "Mozilla/4.0 (compatible; MSIE 6.0; Windows NT 5.1; SV1; .NET CLR 1.0.3705)"
192.197.69.29 - - [09/Feb/2006:11:56:16 -0500] "GET /englishL/home/images/horse.evolution.jpg HTTP/1.1" 200 29612 "http://www.darwinday.org/" "Mozilla/4.0 (compatible; MSIE 6.0; Windows NT 5.1; SV1; .NET CLR 1.0.3705)"
192.197.69.29 - - [09/Feb/2006:11:56:16 -0500] "GET /images/DNAlogo.gif HTTP/1.1" 200 1370 "http://www.darwinday.org/englishL/currarts.html" "Mozilla/4.0 (compatible; MSIE 6.0; Windows NT 5.1; SV1; .NET CLR 1.0.3705)"
70.50.254.241 - - [09/Feb/2006:11:57:30 -0500] "GET /englishL/events/index.html HTTP/1.1" 200 4612 "-" "Mozilla/4.0 (compatible ; MSIE 6.0; Windows NT 5.1)"
70.50.254.241 - - [09/Feb/2006:11:57:52 -0500] "GET /englishL/aboutddc/contact.html HTTP/1.1" 200 3359 "-" "Mozilla/4.0 (compatible ; MSIE 6.0; Windows NT 5.1)"
66.249.66.99 - - [09/Feb/2006:11:58:02 -0500] "GET / HTTP/1.1" 200 25315 "-" "Mozilla/5.0 (compatible; Googlebot/2.1; +http://www.google.com/bot.html)"
70.50.254.241 - - [09/Feb/2006:11:58:07 -0500] "GET /englishL/register/privacy.html HTTP/1.1" 200 3473 "-" "Mozilla/4.0 (compatible ; MSIE 6.0; Windows NT 5.1)"
70.50.254.241 - - [09/Feb/2006:11:58:18 -0500] "GET /stylesheets/main.css HTTP/1.1" 206 658 "-" "Mozilla/4.0 (compatible ; MSIE 6.0; Windows NT 5.1)"
70.50.254.241 - - [09/Feb/2006:11:58:18 -0500] "GET /englishL/events/index.html HTTP/1.1" 206 4612 "-" "Mozilla/4.0 (compatible ; MSIE 6.0; Windows NT 5.1)"
70.50.254.241 - - [09/Feb/2006:11:58:31 -0500] "GET /englishL/newsviews/evolution.html HTTP/1.1" 200 9567 "-" "Mozilla/4.0 (compatible ; MSIE 6.0; Windows NT 5.1)"
70.50.254.241 - - [09/Feb/2006:11:58:31 -0500] "GET /englishL/newsviews/news.html HTTP/1.1" 200 12650 "-" "Mozilla/4.0 (compatible ; MSIE 6.0; Windows NT 5.1)"
70.50.254.241 - - [09/Feb/2006:11:58:42 -0500] "GET /englishL/newsviews/darlin.html HTTP/1.1" 200 12666 "-" "Mozilla/4.0 (compatible ; MSIE 6.0; Windows NT 5.1)"
70.50.254.241 - - [09/Feb/2006:11:58:51 -0500] "GET /englishL/newsviews/essays.html HTTP/1.1" 200 7578 "-" "Mozilla/4.0 (compatible ; MSIE 6.0; Windows NT 5.1)"
70.50.254.241 - - [09/Feb/2006:11:58:51 -0500] "GET /englishL/events/index.html HTTP/1.1" 206 4612 "-" "Mozilla/4.0 (compatible ; MSIE 6.0; Windows NT 5.1)"
70.50.254.241 - - [09/Feb/2006:11:58:51 -0500] "GET /englishL/newsviews/essays.html HTTP/1.1" 200 7578 "-" "Mozilla/4.0 (compatible ; MSIE 6.0; Windows NT 5.1)"
70.50.254.241 - - [09/Feb/2006:11:58:59 -0500] "GET /englishL/newsviews/news.html HTTP/1.1" 206 12617 "-" "Mozilla/4.0 (compatible ; MSIE 6.0; Windows NT 5.1)"
70.50.254.241 - - [09/Feb/2006:11:59:12 -0500] "GET /englishL/newsviews/evolution.html HTTP/1.1" 206 9567 "-" "Mozilla/4.0 (compatible ; MSIE 6.0; Windows NT 5.1)"
70.50.254.241 - - [09/Feb/2006:11:59:26 -0500] "GET /englishL/newsviews/darlin.html HTTP/1.1" 206 12617 "-" "Mozilla/4.0 (compatible ; MSIE 6.0; Windows NT 5.1)"
70.50.254.241 - - [09/Feb/2006:11:59:38 -0500] "GET /englishL/register/index.php HTTP/1.1" 200 12732 "-" "Mozilla/4.0 (compatible ; MSIE 6.0; Windows NT 5.1)"
69.158.40.21 - - [09/Feb/2006:11:59:40 -0500] "GET /images/worldmaptransp.gif HTTP/1.1" 304 - "http://www.golocaljamaica.com/cgi-bin/yabb/YaBB.pl?board=rel_and_advice;action=display;num=1139403169;start=15" "Mozilla/4.0 (compatible; MSIE 6.0; Windows NT 5.1; SV1)"
170.143.252.32 - - [09/Feb/2006:11:59:51 -0500] "GET / HTTP/1.1" 200 25315 "http://www.rodneyanonymous.com/" "Mozilla/4.0 (compatible; MSIE 6.0; Windows 98)"
170.143.252.32 - - [09/Feb/2006:11:59:52 -0500] "GET /stylesheets/main.css HTTP/1.1" 200 658 "http://www.darwinday.org/" "Mozilla/4.0 (compatible; MSIE 6.0; Windows 98)"
170.143.252.32 - - [09/Feb/2006:11:59:52 -0500] "GET /images/topleftlogo.gif HTTP/1.1" 200 6907 "http://www.darwinday.org/" "Mozilla/4.0 (compatible; MSIE 6.0; Windows 98)"
170.143.252.32 - - [09/Feb/2006:11:59:52 -0500] "GET /stylesheets/mainenglishL.css HTTP/1.1" 200 590 "http://www.darwinday.org/" "Mozilla/4.0 (compatible; MSIE 6.0; Windows 98)"
170.143.252.32 - - [09/Feb/2006:11:59:54 -0500] "GET /images/header.gif HTTP/1.1" 200 26756 "http://www.darwinday.org/" "Mozilla/4.0 (compatible; MSIE 6.0; Windows 98)"
170.143.252.32 - - [09/Feb/2006:11:59:55 -0500] "GET /englishL/currarts.html HTTP/1.1" 200 5653 "http://www.darwinday.org/" "Mozilla/4.0 (compatible; MSIE 6.0; Windows 98)"
170.143.252.32 - - [09/Feb/2006:11:59:58 -0500] "GET /englishL/images/titletrans.gif HTTP/1.1" 200 15588 "http://www.darwinday.org/" "Mozilla/4.0 (compatible; MSIE 6.0; Windows 98)"
170.143.252.32 - - [09/Feb/2006:11:59:59 -0500] "GET /englishL/images/navbar.gif HTTP/1.1" 200 2667 "http://www.darwinday.org/" "Mozilla/4.0 (compatible; MSIE 6.0; Windows 98)"
170.143.252.32 - - [09/Feb/2006:12:00:00 -0500] "GET /images/worldmaptransp.gif HTTP/1.1" 200 128893 "http://www.darwinday.org/" "Mozilla/4.0 (compatible; MSIE 6.0; Windows 98)"
170.143.252.32 - - [09/Feb/2006:12:00:01 -0500] "GET /images/arrow.gif HTTP/1.1" 200 112 "http://www.darwinday.org/" "Mozilla/4.0 (compatible; MSIE 6.0; Windows 98)"
170.143.252.32 - - [09/Feb/2006:12:00:02 -0500] "GET /images/dnahorizl.gif HTTP/1.1" 200 2130 "http://www.darwinday.org/" "Mozilla/4.0 (compatible; MSIE 6.0; Windows 98)"
170.143.252.32 - - [09/Feb/2006:12:00:02 -0500] "GET /images/dnahoriz.gif HTTP/1.1" 200 3391 "http://www.darwinday.org/" "Mozilla/4.0 (compatible; MSIE 6.0; Windows 98)"
170.143.252.32 - - [09/Feb/2006:12:00:02 -0500] "GET /images/dnahorizr.gif HTTP/1.1" 200 2104 "http://www.darwinday.org/" "Mozilla/4.0 (compatible; MSIE 6.0; Windows 98)"
170.143.252.32 - - [09/Feb/2006:12:00:03 -0500] "GET /englishL/home/images/lincoln.gif HTTP/1.1" 200 11057 "http://www.darwinday.org/" "Mozilla/4.0 (compatible; MSIE 6.0; Windows 98)"
170.143.252.32 - - [09/Feb/2006:12:00:03 -0500] "GET /englishL/home/images/darwinages.gif HTTP/1.1" 200 50309 "http://www.darwinday.org/" "Mozilla/4.0 (compatible; MSIE 6.0; Windows 98)"
170.143.252.32 - - [09/Feb/2006:12:00:04 -0500] "GET /englishL/home/images/darwin.gif HTTP/1.1" 200 13783 "http://www.darwinday.org/" "Mozilla/4.0 (compatible; MSIE 6.0; Windows 98)"
170.143.252.32 - - [09/Feb/2006:12:00:07 -0500] "GET /images/trans.gif HTTP/1.1" 200 49 "http://www.darwinday.org/" "Mozilla/4.0 (compatible; MSIE 6.0; Windows 98)"
170.143.252.32 - - [09/Feb/2006:12:00:08 -0500] "GET /englishL/home/images/manymore.gif HTTP/1.1" 200 581 "http://www.darwinday.org/" "Mozilla/4.0 (compatible; MSIE 6.0; Windows 98)"
170.143.252.32 - - [09/Feb/2006:12:00:08 -0500] "GET /englishL/home/images/joinus.gif HTTP/1.1" 200 524 "http://www.darwinday.org/" "Mozilla/4.0 (compatible; MSIE 6.0; Windows 98)"
170.143.252.32 - - [09/Feb/2006:12:00:09 -0500] "GET /englishL/home/images/horse.evolution.jpg HTTP/1.1" 200 29612 "http://www.darwinday.org/" "Mozilla/4.0 (compatible; MSIE 6.0; Windows 98)"
170.143.252.32 - - [09/Feb/2006:12:00:09 -0500] "GET /englishL/home/images/beagle.gif HTTP/1.1" 200 37108 "http://www.darwinday.org/" "Mozilla/4.0 (compatible; MSIE 6.0; Windows 98)"
170.143.252.32 - - [09/Feb/2006:12:00:11 -0500] "GET /images/DNAlogo.gif HTTP/1.1" 200 1370 "http://www.darwinday.org/englishL/currarts.html" "Mozilla/4.0 (compatible; MSIE 6.0; Windows 98)"
194.106.158.182 - - [09/Feb/2006:12:00:25 -0500] "GET /englishL/life/images/mountfront-t.jpg HTTP/1.1" 206 7274 "http://www.darwinday.org/englishL/life/shrewsbury.html" "Mozilla/4.0 (compatible; MSIE 6.0; Windows NT 5.1; SV1; .NET CLR 1.1.4322)"
194.106.158.182 - - [09/Feb/2006:12:00:25 -0500] "GET /englishL/life/images/mountright-t.jpg HTTP/1.1" 206 5251 "http://www.darwinday.org/englishL/life/shrewsbury.html" "Mozilla/4.0 (compatible; MSIE 6.0; Windows NT 5.1; SV1; .NET CLR 1.1.4322)"
194.106.158.182 - - [09/Feb/2006:12:00:26 -0500] "GET /englishL/life/images/fireplace-t.jpg HTTP/1.1" 200 21734 "http://www.darwinday.org/englishL/life/shrewsbury.html" "Mozilla/4.0 (compatible; MSIE 6.0; Windows NT 5.1; SV1; .NET CLR 1.1.4322)"
194.106.158.182 - - [09/Feb/2006:12:00:26 -0500] "GET /englishL/life/images/mountfront2-t.jpg HTTP/1.1" 200 26445 "http://www.darwinday.org/englishL/life/shrewsbury.html" "Mozilla/4.0 (compatible; MSIE 6.0; Windows NT 5.1; SV1; .NET CLR 1.1.4322)"
194.106.158.182 - - [09/Feb/2006:12:00:27 -0500] "GET /englishL/life/images/saintchads-t.jpg HTTP/1.1" 200 18660 "http://www.darwinday.org/englishL/life/shrewsbury.html" "Mozilla/4.0 (compatible; MSIE 6.0; Windows NT 5.1; SV1; .NET CLR 1.1.4322)"
194.106.158.182 - - [09/Feb/2006:12:00:27 -0500] "GET /englishL/life/images/saintchads_cemetary-t.jpg HTTP/1.1" 200 30572 "http://www.darwinday.org/englishL/life/shrewsbury.html" "Mozilla/4.0 (compatible; MSIE 6.0; Windows NT 5.1; SV1; .NET CLR 1.1.4322)"
194.106.158.182 - - [09/Feb/2006:12:00:27 -0500] "GET /englishL/life/images/saintchads_dingle-t.jpg HTTP/1.1" 200 24940 "http://www.darwinday.org/englishL/life/shrewsbury.html" "Mozilla/4.0 (compatible; MSIE 6.0; Windows NT 5.1; SV1; .NET CLR 1.1.4322)"
194.106.158.182 - - [09/Feb/2006:12:00:30 -0500] "GET /englishL/life/images/saintchads_cemetary-t.jpg HTTP/1.1" 206 16430 "http://www.darwinday.org/englishL/life/shrewsbury.html" "Mozilla/4.0 (compatible; MSIE 6.0; Windows NT 5.1; SV1; .NET CLR 1.1.4322)"
194.106.158.182 - - [09/Feb/2006:12:00:30 -0500] "GET /englishL/life/images/saintchads_dingle-t.jpg HTTP/1.1" 206 26869 "http://www.darwinday.org/englishL/life/shrewsbury.html" "Mozilla/4.0 (compatible; MSIE 6.0; Windows NT 5.1; SV1; .NET CLR 1.1.4322)"
194.106.158.182 - - [09/Feb/2006:12:00:31 -0500] "GET /englishL/life/images/dingleone-t.jpg HTTP/1.1" 200 23532 "http://www.darwinday.org/englishL/life/shrewsbury.html" "Mozilla/4.0 (compatible; MSIE 6.0; Windows NT 5.1; SV1; .NET CLR 1.1.4322)"
194.106.158.182 - - [09/Feb/2006:12:00:31 -0500] "GET /englishL/life/images/dingletwo-t.jpg HTTP/1.1" 200 16492 "http://www.darwinday.org/englishL/life/shrewsbury.html" "Mozilla/4.0 (compatible; MSIE 6.0; Windows NT 5.1; SV1; .NET CLR 1.1.4322)"
194.106.158.182 - - [09/Feb/2006:12:00:49 -0500] "GET /englishL/life/images/dingletwo-t.jpg HTTP/1.1" 206 34106 "http://www.darwinday.org/englishL/life/shrewsbury.html" "Mozilla/4.0 (compatible; MSIE 6.0; Windows NT 5.1; SV1; .NET CLR 1.1.4322)"
194.106.158.182 - - [09/Feb/2006:12:00:49 -0500] "GET /englishL/life/images/unitariantwo-t.jpg HTTP/1.1" 200 29648 "http://www.darwinday.org/englishL/life/shrewsbury.html" "Mozilla/4.0 (compatible; MSIE 6.0; Windows NT 5.1; SV1; .NET CLR 1.1.4322)"
194.106.158.182 - - [09/Feb/2006:12:00:49 -0500] "GET /englishL/life/images/dingleone-t.jpg HTTP/1.1" 206 31928 "http://www.darwinday.org/englishL/life/shrewsbury.html" "Mozilla/4.0 (compatible; MSIE 6.0; Windows NT 5.1; SV1; .NET CLR 1.1.4322)"
194.106.158.182 - - [09/Feb/2006:12:00:49 -0500] "GET /englishL/life/images/unitarianone-t.jpg HTTP/1.1" 200 27756 "http://www.darwinday.org/englishL/life/shrewsbury.html" "Mozilla/4.0 (compatible; MSIE 6.0; Windows NT 5.1; SV1; .NET CLR 1.1.4322)"
82.36.188.154 - - [09/Feb/2006:12:01:09 -0500] "GET /englishL/events/index.html HTTP/1.1" 200 4612 "http://www.darwinday.org/" "Opera/9.00 (Windows NT 5.1; U; en)"
