198.7.241.99 - - [09/Feb/2006:11:29:25 -0500] "GET /images/dnahorizr.gif HTTP/1.1" 200 2104 "http://www.darwinday.org/home/index.html" "Mozilla/4.0 (compatible; MSIE 6.0; Windows NT 5.1; SV1; .NET CLR 1.0.3705; .NET CLR 1.1.4322)"
198.7.241.99 - - [09/Feb/2006:11:29:25 -0500] "GET /englishL/home/images/lincoln.gif HTTP/1.1" 200 11057 "http://www.darwinday.org/home/index.html" "Mozilla/4.0 (compatible; MSIE 6.0; Windows NT 5.1; SV1; .NET CLR 1.0.3705; .NET CLR 1.1.4322)"
198.7.241.99 - - [09/Feb/2006:11:29:25 -0500] "GET /englishL/home/images/darwinages.gif HTTP/1.1" 200 50309 "http://www.darwinday.org/home/index.html" "Mozilla/4.0 (compatible; MSIE 6.0; Windows NT 5.1; SV1; .NET CLR 1.0.3705; .NET CLR 1.1.4322)"
198.7.241.99 - - [09/Feb/2006:11:29:25 -0500] "GET /englishL/home/images/darwin.gif HTTP/1.1" 200 13783 "http://www.darwinday.org/home/index.html" "Mozilla/4.0 (compatible; MSIE 6.0; Windows NT 5.1; SV1; .NET CLR 1.0.3705; .NET CLR 1.1.4322)"
198.7.241.99 - - [09/Feb/2006:11:29:26 -0500] "GET /englishL/home/images/beagle.gif HTTP/1.1" 200 37108 "http://www.darwinday.org/home/index.html" "Mozilla/4.0 (compatible; MSIE 6.0; Windows NT 5.1; SV1; .NET CLR 1.0.3705; .NET CLR 1.1.4322)"
198.7.241.99 - - [09/Feb/2006:11:29:26 -0500] "GET /images/trans.gif HTTP/1.1" 200 49 "http://www.darwinday.org/home/index.html" "Mozilla/4.0 (compatible; MSIE 6.0; Windows NT 5.1; SV1; .NET CLR 1.0.3705; .NET CLR 1.1.4322)"
198.7.241.99 - - [09/Feb/2006:11:29:26 -0500] "GET /englishL/home/images/manymore.gif HTTP/1.1" 200 581 "http://www.darwinday.org/home/index.html" "Mozilla/4.0 (compatible; MSIE 6.0; Windows NT 5.1; SV1; .NET CLR 1.0.3705; .NET CLR 1.1.4322)"
198.7.241.99 - - [09/Feb/2006:11:29:26 -0500] "GET /englishL/home/images/joinus.gif HTTP/1.1" 200 524 "http://www.darwinday.org/home/index.html" "Mozilla/4.0 (compatible; MSIE 6.0; Windows NT 5.1; SV1; .NET CLR 1.0.3705; .NET CLR 1.1.4322)"
198.7.241.99 - - [09/Feb/2006:11:29:26 -0500] "GET /englishL/home/images/horse.evolution.jpg HTTP/1.1" 200 29612 "http://www.darwinday.org/home/index.html" "Mozilla/4.0 (compatible; MSIE 6.0; Windows NT 5.1; SV1; .NET CLR 1.0.3705; .NET CLR 1.1.4322)"
198.7.241.99 - - [09/Feb/2006:11:29:26 -0500] "GET /images/DNAlogo.gif HTTP/1.1" 200 1370 "http://www.darwinday.org/englishL/currarts.html" "Mozilla/4.0 (compatible; MSIE 6.0; Windows NT 5.1; SV1; .NET CLR 1.0.3705; .NET CLR 1.1.4322)"
205.155.26.3 - - [09/Feb/2006:11:29:32 -0500] "GET /englishL/evolution/index.html HTTP/1.1" 200 4606 "http://www.darwinday.org/englishL/home/index.html" "Mozilla/5.0 (Macintosh; U; PPC Mac OS X Mach-O; en-US; rv:1.8) Gecko/20051111 Firefox/1.5"
205.155.26.3 - - [09/Feb/2006:11:29:33 -0500] "GET /images/goldball.gif HTTP/1.1" 200 332 "http://www.darwinday.org/englishL/evolution/index.html" "Mozilla/5.0 (Macintosh; U; PPC Mac OS X Mach-O; en-US; rv:1.8) Gecko/20051111 Firefox/1.5"
205.155.26.3 - - [09/Feb/2006:11:29:34 -0500] "GET /images/dnagraphic.jpg HTTP/1.1" 200 25020 "http://www.darwinday.org/englishL/evolution/index.html" "Mozilla/5.0 (Macintosh; U; PPC Mac OS X Mach-O; en-US; rv:1.8) Gecko/20051111 Firefox/1.5"
128.16.8.66 - - [09/Feb/2006:11:29:38 -0500] "GET /englishL/events/index.html HTTP/1.1" 200 4612 "http://www.darwinday.org/" "Mozilla/4.0 (compatible; MSIE 5.5; Windows NT 5.0; (R1 1.3))"
128.16.8.66 - - [09/Feb/2006:11:29:39 -0500] "GET /images/goldball.gif HTTP/1.1" 304 - "http://www.darwinday.org/englishL/events/index.html" "Mozilla/4.0 (compatible; MSIE 5.5; Windows NT 5.0; (R1 1.3))"
205.155.26.3 - - [09/Feb/2006:11:29:40 -0500] "GET /englishL/evolution/theory.html HTTP/1.1" 200 9412 "http://www.darwinday.org/englishL/evolution/index.html" "Mozilla/5.0 (Macintosh; U; PPC Mac OS X Mach-O; en-US; rv:1.8) Gecko/20051111 Firefox/1.5"
162.119.64.111 - - [09/Feb/2006:11:29:56 -0500] "GET /stylesheets/mainenglishL.css HTTP/1.1" 200 590 "http://www.darwinday.org/" "Mozilla/4.0 (compatible; MSIE 6.0; Windows NT 5.0; .NET CLR 1.1.4322)"
162.119.64.111 - - [09/Feb/2006:11:29:56 -0500] "GET / HTTP/1.1" 200 25315 "http://www.google.com/search?hl=en&ie=ISO-8859-1&q=darwin%20day&btnG=Google+Search" "Mozilla/4.0 (compatible; MSIE 6.0; Windows NT 5.0; .NET CLR 1.1.4322)"
162.119.64.111 - - [09/Feb/2006:11:29:56 -0500] "GET /stylesheets/main.css HTTP/1.1" 200 658 "http://www.darwinday.org/" "Mozilla/4.0 (compatible; MSIE 6.0; Windows NT 5.0; .NET CLR 1.1.4322)"
162.119.64.111 - - [09/Feb/2006:11:29:57 -0500] "GET /images/topleftlogo.gif HTTP/1.1" 200 6907 "http://www.darwinday.org/" "Mozilla/4.0 (compatible; MSIE 6.0; Windows NT 5.0; .NET CLR 1.1.4322)"
162.119.64.111 - - [09/Feb/2006:11:29:58 -0500] "GET /englishL/currarts.html HTTP/1.1" 200 5653 "http://www.darwinday.org/" "Mozilla/4.0 (compatible; MSIE 6.0; Windows NT 5.0; .NET CLR 1.1.4322)"
162.119.64.111 - - [09/Feb/2006:11:29:58 -0500] "GET /englishL/images/titletrans.gif HTTP/1.1" 200 15588 "http://www.darwinday.org/" "Mozilla/4.0 (compatible; MSIE 6.0; Windows NT 5.0; .NET CLR 1.1.4322)"
162.119.64.111 - - [09/Feb/2006:11:29:58 -0500] "GET /images/worldmaptransp.gif HTTP/1.1" 200 128893 "http://www.darwinday.org/" "Mozilla/4.0 (compatible; MSIE 6.0; Windows NT 5.0; .NET CLR 1.1.4322)"
162.119.64.111 - - [09/Feb/2006:11:29:58 -0500] "GET /englishL/images/navbar.gif HTTP/1.1" 200 2667 "http://www.darwinday.org/" "Mozilla/4.0 (compatible; MSIE 6.0; Windows NT 5.0; .NET CLR 1.1.4322)"
162.119.64.111 - - [09/Feb/2006:11:29:58 -0500] "GET /images/header.gif HTTP/1.1" 200 26756 "http://www.darwinday.org/" "Mozilla/4.0 (compatible; MSIE 6.0; Windows NT 5.0; .NET CLR 1.1.4322)"
128.16.8.66 - - [09/Feb/2006:11:29:58 -0500] "GET /englishL/home/2006.php HTTP/1.1" 200 1525053 "http://www.darwinday.org/englishL/events/index.html" "Mozilla/4.0 (compatible; MSIE 5.5; Windows NT 5.0; (R1 1.3))"
162.119.64.111 - - [09/Feb/2006:11:29:59 -0500] "GET /images/arrow.gif HTTP/1.1" 200 112 "http://www.darwinday.org/" "Mozilla/4.0 (compatible; MSIE 6.0; Windows NT 5.0; .NET CLR 1.1.4322)"
162.119.64.111 - - [09/Feb/2006:11:29:59 -0500] "GET /englishL/home/images/darwinages.gif HTTP/1.1" 200 50309 "http://www.darwinday.org/" "Mozilla/4.0 (compatible; MSIE 6.0; Windows NT 5.0; .NET CLR 1.1.4322)"
162.119.64.111 - - [09/Feb/2006:11:29:59 -0500] "GET /images/dnahorizl.gif HTTP/1.1" 200 2130 "http://www.darwinday.org/" "Mozilla/4.0 (compatible; MSIE 6.0; Windows NT 5.0; .NET CLR 1.1.4322)"
162.119.64.111 - - [09/Feb/2006:11:29:59 -0500] "GET /images/dnahoriz.gif HTTP/1.1" 200 3391 "http://www.darwinday.org/" "Mozilla/4.0 (compatible; MSIE 6.0; Windows NT 5.0; .NET CLR 1.1.4322)"
162.119.64.111 - - [09/Feb/2006:11:29:59 -0500] "GET /images/dnahorizr.gif HTTP/1.1" 200 2104 "http://www.darwinday.org/" "Mozilla/4.0 (compatible; MSIE 6.0; Windows NT 5.0; .NET CLR 1.1.4322)"
162.119.64.111 - - [09/Feb/2006:11:29:59 -0500] "GET /englishL/home/images/lincoln.gif HTTP/1.1" 200 11057 "http://www.darwinday.org/" "Mozilla/4.0 (compatible; MSIE 6.0; Windows NT 5.0; .NET CLR 1.1.4322)"
162.119.64.111 - - [09/Feb/2006:11:29:59 -0500] "GET /englishL/home/images/darwin.gif HTTP/1.1" 200 13783 "http://www.darwinday.org/" "Mozilla/4.0 (compatible; MSIE 6.0; Windows NT 5.0; .NET CLR 1.1.4322)"
162.119.64.111 - - [09/Feb/2006:11:29:59 -0500] "GET /images/trans.gif HTTP/1.1" 200 49 "http://www.darwinday.org/" "Mozilla/4.0 (compatible; MSIE 6.0; Windows NT 5.0; .NET CLR 1.1.4322)"
162.119.64.111 - - [09/Feb/2006:11:29:59 -0500] "GET /englishL/home/images/manymore.gif HTTP/1.1" 200 581 "http://www.darwinday.org/" "Mozilla/4.0 (compatible; MSIE 6.0; Windows NT 5.0; .NET CLR 1.1.4322)"
162.119.64.111 - - [09/Feb/2006:11:29:59 -0500] "GET /englishL/home/images/joinus.gif HTTP/1.1" 200 524 "http://www.darwinday.org/" "Mozilla/4.0 (compatible; MSIE 6.0; Windows NT 5.0; .NET CLR 1.1.4322)"
162.119.64.111 - - [09/Feb/2006:11:29:59 -0500] "GET /englishL/home/images/beagle.gif HTTP/1.1" 200 37108 "http://www.darwinday.org/" "Mozilla/4.0 (compatible; MSIE 6.0; Windows NT 5.0; .NET CLR 1.1.4322)"
162.119.64.111 - - [09/Feb/2006:11:30:00 -0500] "GET /englishL/home/images/horse.evolution.jpg HTTP/1.1" 200 29612 "http://www.darwinday.org/" "Mozilla/4.0 (compatible; MSIE 6.0; Windows NT 5.0; .NET CLR 1.1.4322)"
162.119.64.111 - - [09/Feb/2006:11:30:00 -0500] "GET /images/DNAlogo.gif HTTP/1.1" 200 1370 "http://www.darwinday.org/englishL/currarts.html" "Mozilla/4.0 (compatible; MSIE 6.0; Windows NT 5.0; .NET CLR 1.1.4322)"
206.208.110.32 - - [09/Feb/2006:11:30:01 -0500] "GET /NEWlang/dispsupport/index.php HTTP/1.1" 200 469474 "-" "Mozilla/4.0 (compatible;)"
162.119.64.111 - - [09/Feb/2006:11:30:16 -0500] "GET /englishL/home/2006.php HTTP/1.1" 200 1525053 "http://www.darwinday.org/" "Mozilla/4.0 (compatible; MSIE 6.0; Windows NT 5.0; .NET CLR 1.1.4322)"
205.155.26.3 - - [09/Feb/2006:11:30:26 -0500] "GET /englishL/evolution/inheritance.html HTTP/1.1" 200 4631 "http://www.darwinday.org/englishL/evolution/index.html" "Mozilla/5.0 (Macintosh; U; PPC Mac OS X Mach-O; en-US; rv:1.8) Gecko/20051111 Firefox/1.5"
128.149.23.162 - - [09/Feb/2006:11:30:26 -0500] "GET / HTTP/1.1" 200 25315 "http://www.iidb.org/vbb/showthread.php?t=151445" "Mozilla/5.0 (X11; U; Linux i686; en-US; rv:1.7.12) Gecko/20050921 Red Hat/1.7.12-1.1.3.2"
128.149.23.162 - - [09/Feb/2006:11:30:26 -0500] "GET /stylesheets/mainenglishL.css HTTP/1.1" 200 590 "http://www.darwinday.org/" "Mozilla/5.0 (X11; U; Linux i686; en-US; rv:1.7.12) Gecko/20050921 Red Hat/1.7.12-1.1.3.2"
128.149.23.162 - - [09/Feb/2006:11:30:26 -0500] "GET /stylesheets/main.css HTTP/1.1" 200 658 "http://www.darwinday.org/" "Mozilla/5.0 (X11; U; Linux i686; en-US; rv:1.7.12) Gecko/20050921 Red Hat/1.7.12-1.1.3.2"
128.149.23.162 - - [09/Feb/2006:11:30:26 -0500] "GET /images/topleftlogo.gif HTTP/1.1" 200 6907 "http://www.darwinday.org/" "Mozilla/5.0 (X11; U; Linux i686; en-US; rv:1.7.12) Gecko/20050921 Red Hat/1.7.12-1.1.3.2"
128.149.23.162 - - [09/Feb/2006:11:30:27 -0500] "GET /images/header.gif HTTP/1.1" 200 26756 "http://www.darwinday.org/" "Mozilla/5.0 (X11; U; Linux i686; en-US; rv:1.7.12) Gecko/20050921 Red Hat/1.7.12-1.1.3.2"
128.149.23.162 - - [09/Feb/2006:11:30:27 -0500] "GET /englishL/images/titletrans.gif HTTP/1.1" 200 15588 "http://www.darwinday.org/" "Mozilla/5.0 (X11; U; Linux i686; en-US; rv:1.7.12) Gecko/20050921 Red Hat/1.7.12-1.1.3.2"
128.149.23.162 - - [09/Feb/2006:11:30:27 -0500] "GET /englishL/images/navbar.gif HTTP/1.1" 200 2667 "http://www.darwinday.org/" "Mozilla/5.0 (X11; U; Linux i686; en-US; rv:1.7.12) Gecko/20050921 Red Hat/1.7.12-1.1.3.2"
128.149.23.162 - - [09/Feb/2006:11:30:27 -0500] "GET /images/worldmaptransp.gif HTTP/1.1" 200 128893 "http://www.darwinday.org/" "Mozilla/5.0 (X11; U; Linux i686; en-US; rv:1.7.12) Gecko/20050921 Red Hat/1.7.12-1.1.3.2"
128.149.23.162 - - [09/Feb/2006:11:30:27 -0500] "GET /images/arrow.gif HTTP/1.1" 200 112 "http://www.darwinday.org/" "Mozilla/5.0 (X11; U; Linux i686; en-US; rv:1.7.12) Gecko/20050921 Red Hat/1.7.12-1.1.3.2"
128.149.23.162 - - [09/Feb/2006:11:30:27 -0500] "GET /englishL/home/images/darwinages.gif HTTP/1.1" 200 50309 "http://www.darwinday.org/" "Mozilla/5.0 (X11; U; Linux i686; en-US; rv:1.7.12) Gecko/20050921 Red Hat/1.7.12-1.1.3.2"
128.149.23.162 - - [09/Feb/2006:11:30:27 -0500] "GET /images/dnahorizl.gif HTTP/1.1" 200 2130 "http://www.darwinday.org/" "Mozilla/5.0 (X11; U; Linux i686; en-US; rv:1.7.12) Gecko/20050921 Red Hat/1.7.12-1.1.3.2"
128.149.23.162 - - [09/Feb/2006:11:30:28 -0500] "GET /images/dnahoriz.gif HTTP/1.1" 200 3391 "http://www.darwinday.org/" "Mozilla/5.0 (X11; U; Linux i686; en-US; rv:1.7.12) Gecko/20050921 Red Hat/1.7.12-1.1.3.2"
128.149.23.162 - - [09/Feb/2006:11:30:28 -0500] "GET /images/dnahorizr.gif HTTP/1.1" 200 2104 "http://www.darwinday.org/" "Mozilla/5.0 (X11; U; Linux i686; en-US; rv:1.7.12) Gecko/20050921 Red Hat/1.7.12-1.1.3.2"
128.149.23.162 - - [09/Feb/2006:11:30:28 -0500] "GET /englishL/currarts.html HTTP/1.1" 200 5653 "http://www.darwinday.org/" "Mozilla/5.0 (X11; U; Linux i686; en-US; rv:1.7.12) Gecko/20050921 Red Hat/1.7.12-1.1.3.2"
128.149.23.162 - - [09/Feb/2006:11:30:28 -0500] "GET /englishL/home/images/lincoln.gif HTTP/1.1" 200 11057 "http://www.darwinday.org/" "Mozilla/5.0 (X11; U; Linux i686; en-US; rv:1.7.12) Gecko/20050921 Red Hat/1.7.12-1.1.3.2"
128.149.23.162 - - [09/Feb/2006:11:30:28 -0500] "GET /englishL/home/images/darwin.gif HTTP/1.1" 200 13783 "http://www.darwinday.org/" "Mozilla/5.0 (X11; U; Linux i686; en-US; rv:1.7.12) Gecko/20050921 Red Hat/1.7.12-1.1.3.2"
128.149.23.162 - - [09/Feb/2006:11:30:28 -0500] "GET /englishL/home/images/beagle.gif HTTP/1.1" 200 37108 "http://www.darwinday.org/" "Mozilla/5.0 (X11; U; Linux i686; en-US; rv:1.7.12) Gecko/20050921 Red Hat/1.7.12-1.1.3.2"
128.149.23.162 - - [09/Feb/2006:11:30:28 -0500] "GET /images/trans.gif HTTP/1.1" 200 49 "http://www.darwinday.org/" "Mozilla/5.0 (X11; U; Linux i686; en-US; rv:1.7.12) Gecko/20050921 Red Hat/1.7.12-1.1.3.2"
128.149.23.162 - - [09/Feb/2006:11:30:28 -0500] "GET /englishL/home/images/manymore.gif HTTP/1.1" 200 581 "http://www.darwinday.org/" "Mozilla/5.0 (X11; U; Linux i686; en-US; rv:1.7.12) Gecko/20050921 Red Hat/1.7.12-1.1.3.2"
128.149.23.162 - - [09/Feb/2006:11:30:28 -0500] "GET /englishL/home/images/joinus.gif HTTP/1.1" 200 524 "http://www.darwinday.org/" "Mozilla/5.0 (X11; U; Linux i686; en-US; rv:1.7.12) Gecko/20050921 Red Hat/1.7.12-1.1.3.2"
128.149.23.162 - - [09/Feb/2006:11:30:28 -0500] "GET /englishL/home/images/horse.evolution.jpg HTTP/1.1" 200 29612 "http://www.darwinday.org/" "Mozilla/5.0 (X11; U; Linux i686; en-US; rv:1.7.12) Gecko/20050921 Red Hat/1.7.12-1.1.3.2"
128.149.23.162 - - [09/Feb/2006:11:30:28 -0500] "GET /images/DNAlogo.gif HTTP/1.1" 200 1370 "http://www.darwinday.org/englishL/currarts.html" "Mozilla/5.0 (X11; U; Linux i686; en-US; rv:1.7.12) Gecko/20050921 Red Hat/1.7.12-1.1.3.2"
205.155.26.3 - - [09/Feb/2006:11:30:31 -0500] "GET /englishL/events/index.html HTTP/1.1" 200 4612 "http://www.darwinday.org/englishL/evolution/inheritance.html" "Mozilla/5.0 (Macintosh; U; PPC Mac OS X Mach-O; en-US; rv:1.8) Gecko/20051111 Firefox/1.5"
216.47.189.17 - - [09/Feb/2006:11:30:54 -0500] "GET /stylesheets/main.css HTTP/1.1" 200 658 "http://www.darwinday.org/NEWlang/dispsupport/index.php" "Opera/8.50 (Windows NT 5.1; U; en)"
216.47.189.17 - - [09/Feb/2006:11:30:54 -0500] "GET /images/topleftlogo.gif HTTP/1.1" 200 6907 "http://www.darwinday.org/NEWlang/dispsupport/index.php" "Opera/8.50 (Windows NT 5.1; U; en)"
216.47.189.17 - - [09/Feb/2006:11:30:55 -0500] "GET /images/navbar.gif HTTP/1.1" 200 2667 "http://www.darwinday.org/NEWlang/dispsupport/index.php" "Opera/8.50 (Windows NT 5.1; U; en)"
216.47.189.17 - - [09/Feb/2006:11:30:55 -0500] "GET /NEWlang/images/titletrans.gif HTTP/1.1" 200 15588 "http://www.darwinday.org/NEWlang/dispsupport/index.php" "Opera/8.50 (Windows NT 5.1; U; en)"
216.47.189.17 - - [09/Feb/2006:11:30:56 -0500] "GET /images/header.gif HTTP/1.1" 200 26756 "http://www.darwinday.org/NEWlang/dispsupport/index.php" "Opera/8.50 (Windows NT 5.1; U; en)"
216.47.189.17 - - [09/Feb/2006:11:30:57 -0500] "GET /NEWlang/dispsupport/index.php HTTP/1.1" 200 469474 "http://www.google.com/search?hl=en&lr=&q=%22David+Schultz%22+%22Lebanon%2C+CT%22&btnG=Search" "Opera/8.50 (Windows NT 5.1; U; en)"
216.47.189.17 - - [09/Feb/2006:11:30:57 -0500] "GET /images/worldmaptransp.gif HTTP/1.1" 200 128893 "http://www.darwinday.org/NEWlang/dispsupport/index.php" "Opera/8.50 (Windows NT 5.1; U; en)"
216.47.189.17 - - [09/Feb/2006:11:30:58 -0500] "GET /favicon.ico HTTP/1.1" 404 3385 "http://www.darwinday.org/NEWlang/dispsupport/index.php" "Opera/8.50 (Windows NT 5.1; U; en)"
128.149.23.162 - - [09/Feb/2006:11:31:00 -0500] "GET /stylesheets/main.css HTTP/1.1" 304 - "http://www.darwinday.org/englishL/home/2006.php" "Mozilla/5.0 (X11; U; Linux i686; en-US; rv:1.7.12) Gecko/20050921 Red Hat/1.7.12-1.1.3.2"
128.149.23.162 - - [09/Feb/2006:11:31:00 -0500] "GET /images/topleftlogo.gif HTTP/1.1" 304 - "http://www.darwinday.org/englishL/home/2006.php" "Mozilla/5.0 (X11; U; Linux i686; en-US; rv:1.7.12) Gecko/20050921 Red Hat/1.7.12-1.1.3.2"
128.149.23.162 - - [09/Feb/2006:11:31:00 -0500] "GET /images/header.gif HTTP/1.1" 304 - "http://www.darwinday.org/englishL/home/2006.php" "Mozilla/5.0 (X11; U; Linux i686; en-US; rv:1.7.12) Gecko/20050921 Red Hat/1.7.12-1.1.3.2"
128.149.23.162 - - [09/Feb/2006:11:31:00 -0500] "GET /images/worldmaptransp.gif HTTP/1.1" 304 - "http://www.darwinday.org/englishL/home/2006.php" "Mozilla/5.0 (X11; U; Linux i686; en-US; rv:1.7.12) Gecko/20050921 Red Hat/1.7.12-1.1.3.2"
128.149.23.162 - - [09/Feb/2006:11:31:00 -0500] "GET /englishL/images/titletrans.gif HTTP/1.1" 304 - "http://www.darwinday.org/englishL/home/2006.php" "Mozilla/5.0 (X11; U; Linux i686; en-US; rv:1.7.12) Gecko/20050921 Red Hat/1.7.12-1.1.3.2"
128.149.23.162 - - [09/Feb/2006:11:31:00 -0500] "GET /englishL/images/navbar.gif HTTP/1.1" 304 - "http://www.darwinday.org/englishL/home/2006.php" "Mozilla/5.0 (X11; U; Linux i686; en-US; rv:1.7.12) Gecko/20050921 Red Hat/1.7.12-1.1.3.2"
128.149.23.162 - - [09/Feb/2006:11:31:08 -0500] "GET /englishL/home/2006.php HTTP/1.1" 200 1525053 "http://www.darwinday.org/" "Mozilla/5.0 (X11; U; Linux i686; en-US; rv:1.7.12) Gecko/20050921 Red Hat/1.7.12-1.1.3.2"
128.149.23.162 - - [09/Feb/2006:11:31:08 -0500] "GET /stylesheets/mainenglishL.css HTTP/1.1" 304 - "http://www.darwinday.org/englishL/home/2006.php" "Mozilla/5.0 (X11; U; Linux i686; en-US; rv:1.7.12) Gecko/20050921 Red Hat/1.7.12-1.1.3.2"
129.137.228.254 - - [09/Feb/2006:11:31:20 -0500] "GET /stylesheets/mainenglishL.css HTTP/1.1" 200 590 "http://darwinday.org/" "Mozilla/5.0 (Macintosh; U; PPC Mac OS X; en) AppleWebKit/417.9 (KHTML, like Gecko) Safari/417.8"
129.137.228.254 - - [09/Feb/2006:11:31:20 -0500] "GET /stylesheets/main.css HTTP/1.1" 200 658 "http://darwinday.org/" "Mozilla/5.0 (Macintosh; U; PPC Mac OS X; en) AppleWebKit/417.9 (KHTML, like Gecko) Safari/417.8"
129.137.228.254 - - [09/Feb/2006:11:31:20 -0500] "GET /images/topleftlogo.gif HTTP/1.1" 200 6907 "http://darwinday.org/" "Mozilla/5.0 (Macintosh; U; PPC Mac OS X; en) AppleWebKit/417.9 (KHTML, like Gecko) Safari/417.8"
129.137.228.254 - - [09/Feb/2006:11:31:20 -0500] "GET /englishL/images/titletrans.gif HTTP/1.1" 200 15588 "http://darwinday.org/" "Mozilla/5.0 (Macintosh; U; PPC Mac OS X; en) AppleWebKit/417.9 (KHTML, like Gecko) Safari/417.8"
129.137.228.254 - - [09/Feb/2006:11:31:21 -0500] "GET /images/worldmaptransp.gif HTTP/1.1" 200 128893 "http://darwinday.org/" "Mozilla/5.0 (Macintosh; U; PPC Mac OS X; en) AppleWebKit/417.9 (KHTML, like Gecko) Safari/417.8"
129.137.228.254 - - [09/Feb/2006:11:31:21 -0500] "GET /images/arrow.gif HTTP/1.1" 200 112 "http://darwinday.org/" "Mozilla/5.0 (Macintosh; U; PPC Mac OS X; en) AppleWebKit/417.9 (KHTML, like Gecko) Safari/417.8"
129.137.228.254 - - [09/Feb/2006:11:31:21 -0500] "GET /englishL/home/images/darwinages.gif HTTP/1.1" 200 50309 "http://darwinday.org/" "Mozilla/5.0 (Macintosh; U; PPC Mac OS X; en) AppleWebKit/417.9 (KHTML, like Gecko) Safari/417.8"
129.137.228.254 - - [09/Feb/2006:11:31:21 -0500] "GET /images/dnahorizl.gif HTTP/1.1" 200 2130 "http://darwinday.org/" "Mozilla/5.0 (Macintosh; U; PPC Mac OS X; en) AppleWebKit/417.9 (KHTML, like Gecko) Safari/417.8"
129.137.228.254 - - [09/Feb/2006:11:31:21 -0500] "GET /englishL/images/navbar.gif HTTP/1.1" 200 2667 "http://darwinday.org/" "Mozilla/5.0 (Macintosh; U; PPC Mac OS X; en) AppleWebKit/417.9 (KHTML, like Gecko) Safari/417.8"
129.137.228.254 - - [09/Feb/2006:11:31:21 -0500] "GET /englishL/currarts.html HTTP/1.1" 200 5653 "http://darwinday.org/" "Mozilla/5.0 (Macintosh; U; PPC Mac OS X; en) AppleWebKit/417.9 (KHTML, like Gecko) Safari/417.8"
129.137.228.254 - - [09/Feb/2006:11:31:21 -0500] "GET /images/dnahorizr.gif HTTP/1.1" 200 2104 "http://darwinday.org/" "Mozilla/5.0 (Macintosh; U; PPC Mac OS X; en) AppleWebKit/417.9 (KHTML, like Gecko) Safari/417.8"
129.137.228.254 - - [09/Feb/2006:11:31:21 -0500] "GET /images/DNAlogo.gif HTTP/1.1" 200 1370 "http://darwinday.org/englishL/currarts.html" "Mozilla/5.0 (Macintosh; U; PPC Mac OS X; en) AppleWebKit/417.9 (KHTML, like Gecko) Safari/417.8"
129.137.228.254 - - [09/Feb/2006:11:31:21 -0500] "GET /englishL/home/images/lincoln.gif HTTP/1.1" 200 11057 "http://darwinday.org/" "Mozilla/5.0 (Macintosh; U; PPC Mac OS X; en) AppleWebKit/417.9 (KHTML, like Gecko) Safari/417.8"
129.137.228.254 - - [09/Feb/2006:11:31:21 -0500] "GET /englishL/home/images/darwin.gif HTTP/1.1" 200 13783 "http://darwinday.org/" "Mozilla/5.0 (Macintosh; U; PPC Mac OS X; en) AppleWebKit/417.9 (KHTML, like Gecko) Safari/417.8"
129.137.228.254 - - [09/Feb/2006:11:31:21 -0500] "GET / HTTP/1.1" 200 25315 "http://us.f533.mail.yahoo.com/ym/ShowLetter?MsgId=2256_7885024_75168_1621_782_0_13179_1549_1700577497&Idx=0&YY=48879&inc=25&order=down&sort=date&pos=0&view=a&head=b&box=Inbox" "Mozilla/5.0 (Macintosh; U; PPC Mac OS X; en) AppleWebKit/417.9 (KHTML, like Gecko) Safari/417.8"
129.137.228.254 - - [09/Feb/2006:11:31:21 -0500] "GET /englishL/home/images/beagle.gif HTTP/1.1" 200 37108 "http://darwinday.org/" "Mozilla/5.0 (Macintosh; U; PPC Mac OS X; en) AppleWebKit/417.9 (KHTML, like Gecko) Safari/417.8"
129.137.228.254 - - [09/Feb/2006:11:31:21 -0500] "GET /images/trans.gif HTTP/1.1" 200 49 "http://darwinday.org/" "Mozilla/5.0 (Macintosh; U; PPC Mac OS X; en) AppleWebKit/417.9 (KHTML, like Gecko) Safari/417.8"
129.137.228.254 - - [09/Feb/2006:11:31:21 -0500] "GET /englishL/home/images/manymore.gif HTTP/1.1" 200 581 "http://darwinday.org/" "Mozilla/5.0 (Macintosh; U; PPC Mac OS X; en) AppleWebKit/417.9 (KHTML, like Gecko) Safari/417.8"
129.137.228.254 - - [09/Feb/2006:11:31:21 -0500] "GET /englishL/home/images/joinus.gif HTTP/1.1" 200 524 "http://darwinday.org/" "Mozilla/5.0 (Macintosh; U; PPC Mac OS X; en) AppleWebKit/417.9 (KHTML, like Gecko) Safari/417.8"
129.137.228.254 - - [09/Feb/2006:11:31:21 -0500] "GET /englishL/home/images/horse.evolution.jpg HTTP/1.1" 200 29612 "http://darwinday.org/" "Mozilla/5.0 (Macintosh; U; PPC Mac OS X; en) AppleWebKit/417.9 (KHTML, like Gecko) Safari/417.8"
129.137.228.254 - - [09/Feb/2006:11:31:21 -0500] "GET /favicon.ico HTTP/1.1" 404 3385 "-" "Mozilla/5.0 (Macintosh; U; PPC Mac OS X; en) AppleWebKit/417.9 (KHTML, like Gecko) Safari/417.8"
129.137.228.254 - - [09/Feb/2006:11:31:21 -0500] "GET /images/header.gif HTTP/1.1" 200 26756 "http://darwinday.org/" "Mozilla/5.0 (Macintosh; U; PPC Mac OS X; en) AppleWebKit/417.9 (KHTML, like Gecko) Safari/417.8"
129.137.228.254 - - [09/Feb/2006:11:31:21 -0500] "GET /images/dnahoriz.gif HTTP/1.1" 200 3391 "http://darwinday.org/" "Mozilla/5.0 (Macintosh; U; PPC Mac OS X; en) AppleWebKit/417.9 (KHTML, like Gecko) Safari/417.8"
206.208.110.32 - - [09/Feb/2006:11:32:02 -0500] "GET /NEWlang/dispsupport/index.php HTTP/1.1" 200 469474 "-" "Mozilla/4.0 (compatible;)"
4.245.27.75 - - [09/Feb/2006:11:32:29 -0500] "GET /stylesheets/mainenglishL.css HTTP/1.1" 200 590 "http://www.darwinday.org/" "Mozilla/4.0 (compatible; MSIE 6.0; Windows NT 5.1; SV1; .NET CLR 1.1.4322)"
4.245.27.75 - - [09/Feb/2006:11:32:30 -0500] "GET /stylesheets/main.css HTTP/1.1" 200 658 "http://www.darwinday.org/" "Mozilla/4.0 (compatible; MSIE 6.0; Windows NT 5.1; SV1; .NET CLR 1.1.4322)"
4.245.27.75 - - [09/Feb/2006:11:32:30 -0500] "GET / HTTP/1.1" 200 25315 "-" "Mozilla/4.0 (compatible; MSIE 6.0; Windows NT 5.1; SV1; .NET CLR 1.1.4322)"
4.245.27.75 - - [09/Feb/2006:11:32:32 -0500] "GET /englishL/currarts.html HTTP/1.1" 200 5653 "http://www.darwinday.org/" "Mozilla/4.0 (compatible; MSIE 6.0; Windows NT 5.1; SV1; .NET CLR 1.1.4322)"
4.245.27.75 - - [09/Feb/2006:11:32:34 -0500] "GET /images/header.gif HTTP/1.1" 200 26756 "http://www.darwinday.org/" "Mozilla/4.0 (compatible; MSIE 6.0; Windows NT 5.1; SV1; .NET CLR 1.1.4322)"
4.245.27.75 - - [09/Feb/2006:11:32:35 -0500] "GET /images/topleftlogo.gif HTTP/1.1" 200 6907 "http://www.darwinday.org/" "Mozilla/4.0 (compatible; MSIE 6.0; Windows NT 5.1; SV1; .NET CLR 1.1.4322)"
4.245.27.75 - - [09/Feb/2006:11:32:44 -0500] "GET /englishL/images/titletrans.gif HTTP/1.1" 200 15588 "http://www.darwinday.org/" "Mozilla/4.0 (compatible; MSIE 6.0; Windows NT 5.1; SV1; .NET CLR 1.1.4322)"
139.67.80.33 - - [09/Feb/2006:11:32:56 -0500] "GET /stylesheets/mainenglishL.css HTTP/1.1" 200 590 "http://www.darwinday.org/" "Mozilla/4.0 (compatible; MSIE 6.0; Windows NT 5.0)"
139.67.80.33 - - [09/Feb/2006:11:32:56 -0500] "GET /stylesheets/main.css HTTP/1.1" 200 658 "http://www.darwinday.org/" "Mozilla/4.0 (compatible; MSIE 6.0; Windows NT 5.0)"
4.245.27.75 - - [09/Feb/2006:11:32:56 -0500] "GET /englishL/images/navbar.gif HTTP/1.1" 200 2667 "http://www.darwinday.org/" "Mozilla/4.0 (compatible; MSIE 6.0; Windows NT 5.1; SV1; .NET CLR 1.1.4322)"
139.67.80.33 - - [09/Feb/2006:11:32:56 -0500] "GET / HTTP/1.1" 200 25315 "http://www.google.com/search?sourceid=navclient&ie=UTF-8&rls=RNWE,RNWE:2006-02,RNWE:en&q=Darwin+Day" "Mozilla/4.0 (compatible; MSIE 6.0; Windows NT 5.0)"
139.67.80.33 - - [09/Feb/2006:11:32:56 -0500] "GET /images/header.gif HTTP/1.1" 200 26756 "http://www.darwinday.org/" "Mozilla/4.0 (compatible; MSIE 6.0; Windows NT 5.0)"
139.67.80.33 - - [09/Feb/2006:11:32:56 -0500] "GET /englishL/currarts.html HTTP/1.1" 200 5653 "http://www.darwinday.org/" "Mozilla/4.0 (compatible; MSIE 6.0; Windows NT 5.0)"
139.67.80.33 - - [09/Feb/2006:11:32:56 -0500] "GET /images/topleftlogo.gif HTTP/1.1" 200 6907 "http://www.darwinday.org/" "Mozilla/4.0 (compatible; MSIE 6.0; Windows NT 5.0)"
139.67.80.33 - - [09/Feb/2006:11:32:57 -0500] "GET /englishL/images/titletrans.gif HTTP/1.1" 200 15588 "http://www.darwinday.org/" "Mozilla/4.0 (compatible; MSIE 6.0; Windows NT 5.0)"
139.67.80.33 - - [09/Feb/2006:11:32:57 -0500] "GET /englishL/images/navbar.gif HTTP/1.1" 200 2667 "http://www.darwinday.org/" "Mozilla/4.0 (compatible; MSIE 6.0; Windows NT 5.0)"
139.67.80.33 - - [09/Feb/2006:11:32:57 -0500] "GET /images/worldmaptransp.gif HTTP/1.1" 200 128893 "http://www.darwinday.org/" "Mozilla/4.0 (compatible; MSIE 6.0; Windows NT 5.0)"
139.67.80.33 - - [09/Feb/2006:11:32:57 -0500] "GET /englishL/home/images/darwinages.gif HTTP/1.1" 200 50309 "http://www.darwinday.org/" "Mozilla/4.0 (compatible; MSIE 6.0; Windows NT 5.0)"
139.67.80.33 - - [09/Feb/2006:11:32:57 -0500] "GET /images/arrow.gif HTTP/1.1" 200 112 "http://www.darwinday.org/" "Mozilla/4.0 (compatible; MSIE 6.0; Windows NT 5.0)"
139.67.80.33 - - [09/Feb/2006:11:32:57 -0500] "GET /images/dnahorizl.gif HTTP/1.1" 200 2130 "http://www.darwinday.org/" "Mozilla/4.0 (compatible; MSIE 6.0; Windows NT 5.0)"
139.67.80.33 - - [09/Feb/2006:11:32:57 -0500] "GET /images/dnahoriz.gif HTTP/1.1" 200 3391 "http://www.darwinday.org/" "Mozilla/4.0 (compatible; MSIE 6.0; Windows NT 5.0)"
139.67.80.33 - - [09/Feb/2006:11:32:57 -0500] "GET /images/dnahorizr.gif HTTP/1.1" 200 2104 "http://www.darwinday.org/" "Mozilla/4.0 (compatible; MSIE 6.0; Windows NT 5.0)"
139.67.80.33 - - [09/Feb/2006:11:32:57 -0500] "GET /englishL/home/images/lincoln.gif HTTP/1.1" 200 11057 "http://www.darwinday.org/" "Mozilla/4.0 (compatible; MSIE 6.0; Windows NT 5.0)"
139.67.80.33 - - [09/Feb/2006:11:32:57 -0500] "GET /englishL/home/images/darwin.gif HTTP/1.1" 200 13783 "http://www.darwinday.org/" "Mozilla/4.0 (compatible; MSIE 6.0; Windows NT 5.0)"
139.67.80.33 - - [09/Feb/2006:11:32:57 -0500] "GET /images/trans.gif HTTP/1.1" 200 49 "http://www.darwinday.org/" "Mozilla/4.0 (compatible; MSIE 6.0; Windows NT 5.0)"
139.67.80.33 - - [09/Feb/2006:11:32:57 -0500] "GET /englishL/home/images/manymore.gif HTTP/1.1" 200 581 "http://www.darwinday.org/" "Mozilla/4.0 (compatible; MSIE 6.0; Windows NT 5.0)"
139.67.80.33 - - [09/Feb/2006:11:32:57 -0500] "GET /englishL/home/images/joinus.gif HTTP/1.1" 200 524 "http://www.darwinday.org/" "Mozilla/4.0 (compatible; MSIE 6.0; Windows NT 5.0)"
139.67.80.33 - - [09/Feb/2006:11:32:58 -0500] "GET /englishL/home/images/horse.evolution.jpg HTTP/1.1" 200 29612 "http://www.darwinday.org/" "Mozilla/4.0 (compatible; MSIE 6.0; Windows NT 5.0)"
139.67.80.33 - - [09/Feb/2006:11:32:58 -0500] "GET /englishL/home/images/beagle.gif HTTP/1.1" 200 37108 "http://www.darwinday.org/" "Mozilla/4.0 (compatible; MSIE 6.0; Windows NT 5.0)"
139.67.80.33 - - [09/Feb/2006:11:32:58 -0500] "GET /images/DNAlogo.gif HTTP/1.1" 200 1370 "http://www.darwinday.org/englishL/currarts.html" "Mozilla/4.0 (compatible; MSIE 6.0; Windows NT 5.0)"
68.142.251.179 - - [09/Feb/2006:11:33:05 -0500] "GET /robots.txt HTTP/1.0" 404 3372 "-" "Mozilla/5.0 (compatible; Yahoo! Slurp; http://help.yahoo.com/help/us/ysearch/slurp)"
68.142.249.104 - - [09/Feb/2006:11:33:06 -0500] "GET /NEWlang/aboutddc HTTP/1.0" 301 320 "-" "Mozilla/5.0 (compatible; Yahoo! Slurp; http://help.yahoo.com/help/us/ysearch/slurp)"
68.142.251.30 - - [09/Feb/2006:11:33:06 -0500] "GET /robots.txt HTTP/1.0" 404 3372 "-" "Mozilla/5.0 (compatible; Yahoo! Slurp; http://help.yahoo.com/help/us/ysearch/slurp)"
68.142.249.104 - - [09/Feb/2006:11:33:06 -0500] "GET /NEWlang/aboutddc/ HTTP/1.0" 200 6542 "-" "Mozilla/5.0 (compatible; Yahoo! Slurp; http://help.yahoo.com/help/us/ysearch/slurp)"
129.137.228.254 - - [09/Feb/2006:11:33:08 -0500] "GET /englishL/events/index.html HTTP/1.1" 200 4612 "http://darwinday.org/" "Mozilla/5.0 (Macintosh; U; PPC Mac OS X; en) AppleWebKit/417.9 (KHTML, like Gecko) Safari/417.8"
129.137.228.254 - - [09/Feb/2006:11:33:08 -0500] "GET /favicon.ico HTTP/1.1" 404 3385 "-" "Mozilla/5.0 (Macintosh; U; PPC Mac OS X; en) AppleWebKit/417.9 (KHTML, like Gecko) Safari/417.8"
129.137.228.254 - - [09/Feb/2006:11:33:08 -0500] "GET /images/goldball.gif HTTP/1.1" 200 332 "http://darwinday.org/englishL/events/index.html" "Mozilla/5.0 (Macintosh; U; PPC Mac OS X; en) AppleWebKit/417.9 (KHTML, like Gecko) Safari/417.8"
162.119.64.111 - - [09/Feb/2006:11:33:16 -0500] "GET /stylesheets/main.css HTTP/1.1" 304 - "-" "Mozilla/4.0 (compatible; MSIE 6.0; Windows NT 5.0; .NET CLR 1.1.4322)"
129.137.228.254 - - [09/Feb/2006:11:33:18 -0500] "GET /englishL/home/2006.php HTTP/1.1" 200 1525053 "http://darwinday.org/englishL/events/index.html" "Mozilla/5.0 (Macintosh; U; PPC Mac OS X; en) AppleWebKit/417.9 (KHTML, like Gecko) Safari/417.8"
129.137.228.254 - - [09/Feb/2006:11:33:19 -0500] "GET /favicon.ico HTTP/1.1" 404 3385 "-" "Mozilla/5.0 (Macintosh; U; PPC Mac OS X; en) AppleWebKit/417.9 (KHTML, like Gecko) Safari/417.8"
4.245.27.75 - - [09/Feb/2006:11:33:23 -0500] "GET /englishL/home/images/darwinages.gif HTTP/1.1" 200 50309 "http://www.darwinday.org/" "Mozilla/4.0 (compatible; MSIE 6.0; Windows NT 5.1; SV1; .NET CLR 1.1.4322)"
139.67.80.33 - - [09/Feb/2006:11:33:24 -0500] "GET /englishL/home/2006.php HTTP/1.1" 200 1525053 "http://www.darwinday.org/" "Mozilla/4.0 (compatible; MSIE 6.0; Windows NT 5.0)"
201.17.121.94 - - [09/Feb/2006:11:33:29 -0500] "GET / HTTP/1.1" 200 25315 "-" "Mozilla/5.0 (Windows; U; Windows NT 5.1; pt-BR; rv:1.8.0.1) Gecko/20060111 Firefox/1.5.0.1"
201.17.121.94 - - [09/Feb/2006:11:33:30 -0500] "GET /stylesheets/mainenglishL.css HTTP/1.1" 200 590 "http://www.darwinday.org/" "Mozilla/5.0 (Windows; U; Windows NT 5.1; pt-BR; rv:1.8.0.1) Gecko/20060111 Firefox/1.5.0.1"
201.17.121.94 - - [09/Feb/2006:11:33:30 -0500] "GET /stylesheets/main.css HTTP/1.1" 200 658 "http://www.darwinday.org/" "Mozilla/5.0 (Windows; U; Windows NT 5.1; pt-BR; rv:1.8.0.1) Gecko/20060111 Firefox/1.5.0.1"
201.17.121.94 - - [09/Feb/2006:11:33:30 -0500] "GET /images/topleftlogo.gif HTTP/1.1" 200 6907 "http://www.darwinday.org/" "Mozilla/5.0 (Windows; U; Windows NT 5.1; pt-BR; rv:1.8.0.1) Gecko/20060111 Firefox/1.5.0.1"
201.17.121.94 - - [09/Feb/2006:11:33:31 -0500] "GET /images/header.gif HTTP/1.1" 200 26756 "http://www.darwinday.org/" "Mozilla/5.0 (Windows; U; Windows NT 5.1; pt-BR; rv:1.8.0.1) Gecko/20060111 Firefox/1.5.0.1"
201.17.121.94 - - [09/Feb/2006:11:33:32 -0500] "GET /englishL/currarts.html HTTP/1.1" 200 5653 "http://www.darwinday.org/" "Mozilla/5.0 (Windows; U; Windows NT 5.1; pt-BR; rv:1.8.0.1) Gecko/20060111 Firefox/1.5.0.1"
201.17.121.94 - - [09/Feb/2006:11:33:33 -0500] "GET /englishL/images/titletrans.gif HTTP/1.1" 200 15588 "http://www.darwinday.org/" "Mozilla/5.0 (Windows; U; Windows NT 5.1; pt-BR; rv:1.8.0.1) Gecko/20060111 Firefox/1.5.0.1"
201.17.121.94 - - [09/Feb/2006:11:33:36 -0500] "GET /englishL/images/navbar.gif HTTP/1.1" 200 2667 "http://www.darwinday.org/" "Mozilla/5.0 (Windows; U; Windows NT 5.1; pt-BR; rv:1.8.0.1) Gecko/20060111 Firefox/1.5.0.1"
201.17.121.94 - - [09/Feb/2006:11:33:37 -0500] "GET /images/worldmaptransp.gif HTTP/1.1" 200 128893 "http://www.darwinday.org/" "Mozilla/5.0 (Windows; U; Windows NT 5.1; pt-BR; rv:1.8.0.1) Gecko/20060111 Firefox/1.5.0.1"
4.245.27.75 - - [09/Feb/2006:11:33:41 -0500] "GET /images/arrow.gif HTTP/1.1" 200 112 "http://www.darwinday.org/" "Mozilla/4.0 (compatible; MSIE 6.0; Windows NT 5.1; SV1; .NET CLR 1.1.4322)"
201.17.121.94 - - [09/Feb/2006:11:33:42 -0500] "GET /images/arrow.gif HTTP/1.1" 200 112 "http://www.darwinday.org/" "Mozilla/5.0 (Windows; U; Windows NT 5.1; pt-BR; rv:1.8.0.1) Gecko/20060111 Firefox/1.5.0.1"
201.17.121.94 - - [09/Feb/2006:11:33:42 -0500] "GET /images/dnahorizl.gif HTTP/1.1" 200 2130 "http://www.darwinday.org/" "Mozilla/5.0 (Windows; U; Windows NT 5.1; pt-BR; rv:1.8.0.1) Gecko/20060111 Firefox/1.5.0.1"
201.17.121.94 - - [09/Feb/2006:11:33:43 -0500] "GET /englishL/home/images/darwinages.gif HTTP/1.1" 200 50309 "http://www.darwinday.org/" "Mozilla/5.0 (Windows; U; Windows NT 5.1; pt-BR; rv:1.8.0.1) Gecko/20060111 Firefox/1.5.0.1"
201.17.121.94 - - [09/Feb/2006:11:33:43 -0500] "GET /images/dnahoriz.gif HTTP/1.1" 200 3391 "http://www.darwinday.org/" "Mozilla/5.0 (Windows; U; Windows NT 5.1; pt-BR; rv:1.8.0.1) Gecko/20060111 Firefox/1.5.0.1"
201.17.121.94 - - [09/Feb/2006:11:33:44 -0500] "GET /images/dnahorizr.gif HTTP/1.1" 200 2104 "http://www.darwinday.org/" "Mozilla/5.0 (Windows; U; Windows NT 5.1; pt-BR; rv:1.8.0.1) Gecko/20060111 Firefox/1.5.0.1"
201.17.121.94 - - [09/Feb/2006:11:33:44 -0500] "GET /englishL/home/images/lincoln.gif HTTP/1.1" 200 11057 "http://www.darwinday.org/" "Mozilla/5.0 (Windows; U; Windows NT 5.1; pt-BR; rv:1.8.0.1) Gecko/20060111 Firefox/1.5.0.1"
4.245.27.75 - - [09/Feb/2006:11:33:44 -0500] "GET /images/worldmaptransp.gif HTTP/1.1" 200 128893 "http://www.darwinday.org/" "Mozilla/4.0 (compatible; MSIE 6.0; Windows NT 5.1; SV1; .NET CLR 1.1.4322)"
4.245.27.75 - - [09/Feb/2006:11:33:44 -0500] "GET /images/dnahoriz.gif HTTP/1.1" 200 3391 "http://www.darwinday.org/" "Mozilla/4.0 (compatible; MSIE 6.0; Windows NT 5.1; SV1; .NET CLR 1.1.4322)"
201.17.121.94 - - [09/Feb/2006:11:33:45 -0500] "GET /englishL/home/images/darwin.gif HTTP/1.1" 200 13783 "http://www.darwinday.org/" "Mozilla/5.0 (Windows; U; Windows NT 5.1; pt-BR; rv:1.8.0.1) Gecko/20060111 Firefox/1.5.0.1"
201.17.121.94 - - [09/Feb/2006:11:33:47 -0500] "GET /englishL/home/images/beagle.gif HTTP/1.1" 200 37108 "http://www.darwinday.org/" "Mozilla/5.0 (Windows; U; Windows NT 5.1; pt-BR; rv:1.8.0.1) Gecko/20060111 Firefox/1.5.0.1"
201.17.121.94 - - [09/Feb/2006:11:33:49 -0500] "GET /images/trans.gif HTTP/1.1" 200 49 "http://www.darwinday.org/" "Mozilla/5.0 (Windows; U; Windows NT 5.1; pt-BR; rv:1.8.0.1) Gecko/20060111 Firefox/1.5.0.1"
201.17.121.94 - - [09/Feb/2006:11:33:49 -0500] "GET /englishL/home/images/manymore.gif HTTP/1.1" 200 581 "http://www.darwinday.org/" "Mozilla/5.0 (Windows; U; Windows NT 5.1; pt-BR; rv:1.8.0.1) Gecko/20060111 Firefox/1.5.0.1"
201.17.121.94 - - [09/Feb/2006:11:33:49 -0500] "GET /englishL/home/images/joinus.gif HTTP/1.1" 200 524 "http://www.darwinday.org/" "Mozilla/5.0 (Windows; U; Windows NT 5.1; pt-BR; rv:1.8.0.1) Gecko/20060111 Firefox/1.5.0.1"
201.17.121.94 - - [09/Feb/2006:11:33:50 -0500] "GET /englishL/home/images/horse.evolution.jpg HTTP/1.1" 200 29612 "http://www.darwinday.org/" "Mozilla/5.0 (Windows; U; Windows NT 5.1; pt-BR; rv:1.8.0.1) Gecko/20060111 Firefox/1.5.0.1"
201.17.121.94 - - [09/Feb/2006:11:33:50 -0500] "GET /images/DNAlogo.gif HTTP/1.1" 200 1370 "http://www.darwinday.org/englishL/currarts.html" "Mozilla/5.0 (Windows; U; Windows NT 5.1; pt-BR; rv:1.8.0.1) Gecko/20060111 Firefox/1.5.0.1"
4.245.27.75 - - [09/Feb/2006:11:33:51 -0500] "GET /images/dnahorizr.gif HTTP/1.1" 200 2104 "http://www.darwinday.org/" "Mozilla/4.0 (compatible; MSIE 6.0; Windows NT 5.1; SV1; .NET CLR 1.1.4322)"
4.245.27.75 - - [09/Feb/2006:11:33:52 -0500] "GET /englishL/home/images/lincoln.gif HTTP/1.1" 200 11057 "http://www.darwinday.org/" "Mozilla/4.0 (compatible; MSIE 6.0; Windows NT 5.1; SV1; .NET CLR 1.1.4322)"
201.17.121.94 - - [09/Feb/2006:11:33:52 -0500] "GET /favicon.ico HTTP/1.1" 404 3385 "-" "Mozilla/5.0 (Windows; U; Windows NT 5.1; pt-BR; rv:1.8.0.1) Gecko/20060111 Firefox/1.5.0.1"
201.17.121.94 - - [09/Feb/2006:11:33:52 -0500] "GET /favicon.ico HTTP/1.1" 404 3385 "-" "Mozilla/5.0 (Windows; U; Windows NT 5.1; pt-BR; rv:1.8.0.1) Gecko/20060111 Firefox/1.5.0.1"
4.245.27.75 - - [09/Feb/2006:11:33:52 -0500] "GET /englishL/home/images/darwin.gif HTTP/1.1" 200 13783 "http://www.darwinday.org/" "Mozilla/4.0 (compatible; MSIE 6.0; Windows NT 5.1; SV1; .NET CLR 1.1.4322)"
162.119.64.111 - - [09/Feb/2006:11:33:58 -0500] "GET /stylesheets/main.css HTTP/1.1" 304 - "-" "Mozilla/4.0 (compatible; MSIE 6.0; Windows NT 5.0; .NET CLR 1.1.4322)"
4.245.27.75 - - [09/Feb/2006:11:34:01 -0500] "GET /images/trans.gif HTTP/1.1" 200 49 "http://www.darwinday.org/" "Mozilla/4.0 (compatible; MSIE 6.0; Windows NT 5.1; SV1; .NET CLR 1.1.4322)"
4.245.27.75 - - [09/Feb/2006:11:34:04 -0500] "GET /englishL/home/images/manymore.gif HTTP/1.1" 200 581 "http://www.darwinday.org/" "Mozilla/4.0 (compatible; MSIE 6.0; Windows NT 5.1; SV1; .NET CLR 1.1.4322)"
4.245.27.75 - - [09/Feb/2006:11:34:07 -0500] "GET /englishL/home/images/joinus.gif HTTP/1.1" 200 524 "http://www.darwinday.org/" "Mozilla/4.0 (compatible; MSIE 6.0; Windows NT 5.1; SV1; .NET CLR 1.1.4322)"
206.208.110.32 - - [09/Feb/2006:11:34:08 -0500] "GET /NEWlang/dispsupport/index.php HTTP/1.1" 200 469474 "-" "Mozilla/4.0 (compatible;)"
4.245.27.75 - - [09/Feb/2006:11:34:09 -0500] "GET /englishL/home/images/beagle.gif HTTP/1.1" 200 37108 "http://www.darwinday.org/" "Mozilla/4.0 (compatible; MSIE 6.0; Windows NT 5.1; SV1; .NET CLR 1.1.4322)"
70.17.109.189 - - [09/Feb/2006:11:34:17 -0500] "GET /englishL/home/2006.php HTTP/1.1" 200 1525053 "-" "Mozilla/4.0 (compatible; MSIE 6.0; Windows NT 5.1; SV1; .NET CLR 1.1.4322)"
4.245.27.75 - - [09/Feb/2006:11:34:19 -0500] "GET /englishL/home/images/horse.evolution.jpg HTTP/1.1" 200 29612 "http://www.darwinday.org/" "Mozilla/4.0 (compatible; MSIE 6.0; Windows NT 5.1; SV1; .NET CLR 1.1.4322)"
4.245.27.75 - - [09/Feb/2006:11:34:24 -0500] "GET /images/DNAlogo.gif HTTP/1.1" 200 1370 "http://www.darwinday.org/englishL/currarts.html" "Mozilla/4.0 (compatible; MSIE 6.0; Windows NT 5.1; SV1; .NET CLR 1.1.4322)"
4.245.27.75 - - [09/Feb/2006:11:34:24 -0500] "GET /images/dnahorizl.gif HTTP/1.1" 200 2130 "http://www.darwinday.org/" "Mozilla/4.0 (compatible; MSIE 6.0; Windows NT 5.1; SV1; .NET CLR 1.1.4322)"
162.119.64.111 - - [09/Feb/2006:11:34:54 -0500] "GET /stylesheets/main.css HTTP/1.1" 304 - "-" "Mozilla/4.0 (compatible; MSIE 6.0; Windows NT 5.0; .NET CLR 1.1.4322)"
64.65.247.81 - - [09/Feb/2006:11:35:20 -0500] "GET /stylesheets/main.css HTTP/1.1" 200 658 "http://www.darwinday.org/englishL/home/2004.html" "Mozilla/4.0 (compatible; MSIE 6.0; Windows NT 5.1; .NET CLR 1.0.3705)"
64.65.247.81 - - [09/Feb/2006:11:35:20 -0500] "GET /images/topleftlogo.gif HTTP/1.1" 200 6907 "http://www.darwinday.org/englishL/home/2004.html" "Mozilla/4.0 (compatible; MSIE 6.0; Windows NT 5.1; .NET CLR 1.0.3705)"
64.65.247.81 - - [09/Feb/2006:11:35:21 -0500] "GET /englishL/home/2004.html HTTP/1.1" 200 80150 "http://search.msn.com/results.aspx?srch=105&FORM=AS5&q=A%26E+Darwin+biography" "Mozilla/4.0 (compatible; MSIE 6.0; Windows NT 5.1; .NET CLR 1.0.3705)"
64.65.247.81 - - [09/Feb/2006:11:35:21 -0500] "GET /images/header.gif HTTP/1.1" 200 26756 "http://www.darwinday.org/englishL/home/2004.html" "Mozilla/4.0 (compatible; MSIE 6.0; Windows NT 5.1; .NET CLR 1.0.3705)"
64.65.247.81 - - [09/Feb/2006:11:35:21 -0500] "GET /englishL/images/titletrans.gif HTTP/1.1" 200 15588 "http://www.darwinday.org/englishL/home/2004.html" "Mozilla/4.0 (compatible; MSIE 6.0; Windows NT 5.1; .NET CLR 1.0.3705)"
64.65.247.81 - - [09/Feb/2006:11:35:21 -0500] "GET /englishL/images/navbar.gif HTTP/1.1" 200 2667 "http://www.darwinday.org/englishL/home/2004.html" "Mozilla/4.0 (compatible; MSIE 6.0; Windows NT 5.1; .NET CLR 1.0.3705)"
64.65.247.81 - - [09/Feb/2006:11:35:22 -0500] "GET /images/worldmaptransp.gif HTTP/1.1" 200 128893 "http://www.darwinday.org/englishL/home/2004.html" "Mozilla/4.0 (compatible; MSIE 6.0; Windows NT 5.1; .NET CLR 1.0.3705)"
129.120.41.9 - - [09/Feb/2006:11:35:25 -0500] "GET /englishL/assistevent HTTP/1.1" 301 336 "http://search.yahoo.com/search?p=darwin+scientific+method+activities&prssweb=Search&ei=UTF-8&fr=FP-tab-web-t&x=wrt" "Mozilla/5.0 (Windows; U; Windows NT 5.0; en-US; rv:1.8.0.1) Gecko/20060111 Firefox/1.5.0.1"
129.120.41.9 - - [09/Feb/2006:11:35:25 -0500] "GET /stylesheets/main.css HTTP/1.1" 200 658 "http://www.darwinday.org/englishL/assistevent/" "Mozilla/5.0 (Windows; U; Windows NT 5.0; en-US; rv:1.8.0.1) Gecko/20060111 Firefox/1.5.0.1"
129.120.41.9 - - [09/Feb/2006:11:35:25 -0500] "GET /images/topleftlogo.gif HTTP/1.1" 200 6907 "http://www.darwinday.org/englishL/assistevent/" "Mozilla/5.0 (Windows; U; Windows NT 5.0; en-US; rv:1.8.0.1) Gecko/20060111 Firefox/1.5.0.1"
129.120.41.9 - - [09/Feb/2006:11:35:26 -0500] "GET /englishL/assistevent/ HTTP/1.1" 200 25366 "http://search.yahoo.com/search?p=darwin+scientific+method+activities&prssweb=Search&ei=UTF-8&fr=FP-tab-web-t&x=wrt" "Mozilla/5.0 (Windows; U; Windows NT 5.0; en-US; rv:1.8.0.1) Gecko/20060111 Firefox/1.5.0.1"
129.120.41.9 - - [09/Feb/2006:11:35:26 -0500] "GET /images/header.gif HTTP/1.1" 200 26756 "http://www.darwinday.org/englishL/assistevent/" "Mozilla/5.0 (Windows; U; Windows NT 5.0; en-US; rv:1.8.0.1) Gecko/20060111 Firefox/1.5.0.1"
129.120.41.9 - - [09/Feb/2006:11:35:26 -0500] "GET /englishL/images/titletrans.gif HTTP/1.1" 200 15588 "http://www.darwinday.org/englishL/assistevent/" "Mozilla/5.0 (Windows; U; Windows NT 5.0; en-US; rv:1.8.0.1) Gecko/20060111 Firefox/1.5.0.1"
129.120.41.9 - - [09/Feb/2006:11:35:26 -0500] "GET /englishL/images/navbar.gif HTTP/1.1" 200 2667 "http://www.darwinday.org/englishL/assistevent/" "Mozilla/5.0 (Windows; U; Windows NT 5.0; en-US; rv:1.8.0.1) Gecko/20060111 Firefox/1.5.0.1"
129.120.41.9 - - [09/Feb/2006:11:35:26 -0500] "GET /images/worldmaptransp.gif HTTP/1.1" 200 128893 "http://www.darwinday.org/englishL/assistevent/" "Mozilla/5.0 (Windows; U; Windows NT 5.0; en-US; rv:1.8.0.1) Gecko/20060111 Firefox/1.5.0.1"
129.120.41.9 - - [09/Feb/2006:11:35:27 -0500] "GET /images/goldball.gif HTTP/1.1" 200 332 "http://www.darwinday.org/englishL/assistevent/" "Mozilla/5.0 (Windows; U; Windows NT 5.0; en-US; rv:1.8.0.1) Gecko/20060111 Firefox/1.5.0.1"
24.78.126.82 - - [09/Feb/2006:11:35:27 -0500] "GET /stylesheets/mainenglishL.css HTTP/1.1" 200 590 "http://www.darwinday.org/" "Mozilla/4.0 (compatible; MSIE 6.0; Windows NT 5.0; .NET CLR 1.1.4322)"
24.78.126.82 - - [09/Feb/2006:11:35:27 -0500] "GET /stylesheets/main.css HTTP/1.1" 200 658 "http://www.darwinday.org/" "Mozilla/4.0 (compatible; MSIE 6.0; Windows NT 5.0; .NET CLR 1.1.4322)"
24.78.126.82 - - [09/Feb/2006:11:35:27 -0500] "GET /images/topleftlogo.gif HTTP/1.1" 200 6907 "http://www.darwinday.org/" "Mozilla/4.0 (compatible; MSIE 6.0; Windows NT 5.0; .NET CLR 1.1.4322)"
129.120.41.9 - - [09/Feb/2006:11:35:27 -0500] "GET /favicon.ico HTTP/1.1" 404 3385 "-" "Mozilla/5.0 (Windows; U; Windows NT 5.0; en-US; rv:1.8.0.1) Gecko/20060111 Firefox/1.5.0.1"
24.78.126.82 - - [09/Feb/2006:11:35:27 -0500] "GET / HTTP/1.1" 200 25315 "http://www.google.ca/search?hl=en&q=darwin%27s+birthday&meta=" "Mozilla/4.0 (compatible; MSIE 6.0; Windows NT 5.0; .NET CLR 1.1.4322)"
24.78.126.82 - - [09/Feb/2006:11:35:27 -0500] "GET /englishL/currarts.html HTTP/1.1" 200 5653 "http://www.darwinday.org/" "Mozilla/4.0 (compatible; MSIE 6.0; Windows NT 5.0; .NET CLR 1.1.4322)"
24.78.126.82 - - [09/Feb/2006:11:35:28 -0500] "GET /images/header.gif HTTP/1.1" 200 26756 "http://www.darwinday.org/" "Mozilla/4.0 (compatible; MSIE 6.0; Windows NT 5.0; .NET CLR 1.1.4322)"
24.78.126.82 - - [09/Feb/2006:11:35:28 -0500] "GET /englishL/images/titletrans.gif HTTP/1.1" 200 15588 "http://www.darwinday.org/" "Mozilla/4.0 (compatible; MSIE 6.0; Windows NT 5.0; .NET CLR 1.1.4322)"
24.78.126.82 - - [09/Feb/2006:11:35:28 -0500] "GET /englishL/images/navbar.gif HTTP/1.1" 200 2667 "http://www.darwinday.org/" "Mozilla/4.0 (compatible; MSIE 6.0; Windows NT 5.0; .NET CLR 1.1.4322)"
24.78.126.82 - - [09/Feb/2006:11:35:29 -0500] "GET /englishL/home/images/darwinages.gif HTTP/1.1" 200 50309 "http://www.darwinday.org/" "Mozilla/4.0 (compatible; MSIE 6.0; Windows NT 5.0; .NET CLR 1.1.4322)"
24.78.126.82 - - [09/Feb/2006:11:35:29 -0500] "GET /images/worldmaptransp.gif HTTP/1.1" 200 128893 "http://www.darwinday.org/" "Mozilla/4.0 (compatible; MSIE 6.0; Windows NT 5.0; .NET CLR 1.1.4322)"
24.78.126.82 - - [09/Feb/2006:11:35:29 -0500] "GET /images/arrow.gif HTTP/1.1" 200 112 "http://www.darwinday.org/" "Mozilla/4.0 (compatible; MSIE 6.0; Windows NT 5.0; .NET CLR 1.1.4322)"
24.78.126.82 - - [09/Feb/2006:11:35:29 -0500] "GET /images/dnahorizl.gif HTTP/1.1" 200 2130 "http://www.darwinday.org/" "Mozilla/4.0 (compatible; MSIE 6.0; Windows NT 5.0; .NET CLR 1.1.4322)"
24.78.126.82 - - [09/Feb/2006:11:35:29 -0500] "GET /images/dnahoriz.gif HTTP/1.1" 200 3391 "http://www.darwinday.org/" "Mozilla/4.0 (compatible; MSIE 6.0; Windows NT 5.0; .NET CLR 1.1.4322)"
24.78.126.82 - - [09/Feb/2006:11:35:29 -0500] "GET /images/dnahorizr.gif HTTP/1.1" 200 2104 "http://www.darwinday.org/" "Mozilla/4.0 (compatible; MSIE 6.0; Windows NT 5.0; .NET CLR 1.1.4322)"
24.78.126.82 - - [09/Feb/2006:11:35:29 -0500] "GET /englishL/home/images/lincoln.gif HTTP/1.1" 200 11057 "http://www.darwinday.org/" "Mozilla/4.0 (compatible; MSIE 6.0; Windows NT 5.0; .NET CLR 1.1.4322)"
24.78.126.82 - - [09/Feb/2006:11:35:30 -0500] "GET /englishL/home/images/darwin.gif HTTP/1.1" 200 13783 "http://www.darwinday.org/" "Mozilla/4.0 (compatible; MSIE 6.0; Windows NT 5.0; .NET CLR 1.1.4322)"
24.78.126.82 - - [09/Feb/2006:11:35:30 -0500] "GET /images/trans.gif HTTP/1.1" 200 49 "http://www.darwinday.org/" "Mozilla/4.0 (compatible; MSIE 6.0; Windows NT 5.0; .NET CLR 1.1.4322)"
24.78.126.82 - - [09/Feb/2006:11:35:30 -0500] "GET /englishL/home/images/beagle.gif HTTP/1.1" 200 37108 "http://www.darwinday.org/" "Mozilla/4.0 (compatible; MSIE 6.0; Windows NT 5.0; .NET CLR 1.1.4322)"
24.78.126.82 - - [09/Feb/2006:11:35:30 -0500] "GET /englishL/home/images/manymore.gif HTTP/1.1" 200 581 "http://www.darwinday.org/" "Mozilla/4.0 (compatible; MSIE 6.0; Windows NT 5.0; .NET CLR 1.1.4322)"
24.78.126.82 - - [09/Feb/2006:11:35:30 -0500] "GET /englishL/home/images/joinus.gif HTTP/1.1" 200 524 "http://www.darwinday.org/" "Mozilla/4.0 (compatible; MSIE 6.0; Windows NT 5.0; .NET CLR 1.1.4322)"
24.78.126.82 - - [09/Feb/2006:11:35:30 -0500] "GET /images/DNAlogo.gif HTTP/1.1" 200 1370 "http://www.darwinday.org/englishL/currarts.html" "Mozilla/4.0 (compatible; MSIE 6.0; Windows NT 5.0; .NET CLR 1.1.4322)"
24.78.126.82 - - [09/Feb/2006:11:35:30 -0500] "GET /englishL/home/images/horse.evolution.jpg HTTP/1.1" 200 29612 "http://www.darwinday.org/" "Mozilla/4.0 (compatible; MSIE 6.0; Windows NT 5.0; .NET CLR 1.1.4322)"
129.120.41.9 - - [09/Feb/2006:11:35:36 -0500] "GET /favicon.ico HTTP/1.1" 404 3385 "-" "Mozilla/5.0 (Windows; U; Windows NT 5.0; en-US; rv:1.8.0.1) Gecko/20060111 Firefox/1.5.0.1"
209.183.141.14 - - [09/Feb/2006:11:35:42 -0500] "GET /stylesheets/mainenglishL.css HTTP/1.1" 200 590 "http://www.darwinday.org/" "Mozilla/4.0 (compatible; MSIE 6.0; Windows NT 5.1; SV1; .NET CLR 1.1.4322)"
209.183.141.14 - - [09/Feb/2006:11:35:42 -0500] "GET / HTTP/1.1" 200 25315 "http://www.google.ca/search?hl=en&q=Darwin+Day&meta=" "Mozilla/4.0 (compatible; MSIE 6.0; Windows NT 5.1; SV1; .NET CLR 1.1.4322)"
209.183.141.14 - - [09/Feb/2006:11:35:42 -0500] "GET /stylesheets/main.css HTTP/1.1" 200 658 "http://www.darwinday.org/" "Mozilla/4.0 (compatible; MSIE 6.0; Windows NT 5.1; SV1; .NET CLR 1.1.4322)"
209.183.141.14 - - [09/Feb/2006:11:35:42 -0500] "GET /images/topleftlogo.gif HTTP/1.1" 200 6907 "http://www.darwinday.org/" "Mozilla/4.0 (compatible; MSIE 6.0; Windows NT 5.1; SV1; .NET CLR 1.1.4322)"
209.183.141.14 - - [09/Feb/2006:11:35:43 -0500] "GET /images/header.gif HTTP/1.1" 200 26756 "http://www.darwinday.org/" "Mozilla/4.0 (compatible; MSIE 6.0; Windows NT 5.1; SV1; .NET CLR 1.1.4322)"
209.183.141.14 - - [09/Feb/2006:11:35:43 -0500] "GET /englishL/currarts.html HTTP/1.1" 200 5653 "http://www.darwinday.org/" "Mozilla/4.0 (compatible; MSIE 6.0; Windows NT 5.1; SV1; .NET CLR 1.1.4322)"
209.183.141.14 - - [09/Feb/2006:11:35:43 -0500] "GET /englishL/images/titletrans.gif HTTP/1.1" 200 15588 "http://www.darwinday.org/" "Mozilla/4.0 (compatible; MSIE 6.0; Windows NT 5.1; SV1; .NET CLR 1.1.4322)"
209.183.141.14 - - [09/Feb/2006:11:35:43 -0500] "GET /englishL/images/navbar.gif HTTP/1.1" 200 2667 "http://www.darwinday.org/" "Mozilla/4.0 (compatible; MSIE 6.0; Windows NT 5.1; SV1; .NET CLR 1.1.4322)"
209.183.141.14 - - [09/Feb/2006:11:35:44 -0500] "GET /images/worldmaptransp.gif HTTP/1.1" 200 128893 "http://www.darwinday.org/" "Mozilla/4.0 (compatible; MSIE 6.0; Windows NT 5.1; SV1; .NET CLR 1.1.4322)"
209.183.141.14 - - [09/Feb/2006:11:35:45 -0500] "GET /englishL/home/images/darwinages.gif HTTP/1.1" 200 50309 "http://www.darwinday.org/" "Mozilla/4.0 (compatible; MSIE 6.0; Windows NT 5.1; SV1; .NET CLR 1.1.4322)"
