61.51.93.32 - - [09/Feb/2006:05:05:30 -0500] "GET /images/worldmaptransp.gif HTTP/1.1" 200 128893 "http://www.darwinday.org/englishL/life/emma.html" "Mozilla/5.0 (Windows; U; Windows NT 5.1; en-US; rv:1.7.12) Gecko/20050915 Firefox/1.0.7"
134.184.121.175 - - [09/Feb/2006:05:07:08 -0500] "GET /stylesheets/mainenglishL.css HTTP/1.1" 200 590 "http://www.darwinday.org/" "Mozilla/5.0 (Windows; U; Windows NT 5.1; en-US; rv:1.7.12) Gecko/20050915 Firefox/1.0.7"
134.184.121.175 - - [09/Feb/2006:05:07:08 -0500] "GET /stylesheets/main.css HTTP/1.1" 200 658 "http://www.darwinday.org/" "Mozilla/5.0 (Windows; U; Windows NT 5.1; en-US; rv:1.7.12) Gecko/20050915 Firefox/1.0.7"
134.184.121.175 - - [09/Feb/2006:05:07:08 -0500] "GET /images/topleftlogo.gif HTTP/1.1" 200 6907 "http://www.darwinday.org/" "Mozilla/5.0 (Windows; U; Windows NT 5.1; en-US; rv:1.7.12) Gecko/20050915 Firefox/1.0.7"
134.184.121.175 - - [09/Feb/2006:05:07:09 -0500] "GET / HTTP/1.1" 200 25315 "http://en.wikipedia.org/wiki/Darwin_Day" "Mozilla/5.0 (Windows; U; Windows NT 5.1; en-US; rv:1.7.12) Gecko/20050915 Firefox/1.0.7"
134.184.121.175 - - [09/Feb/2006:05:07:09 -0500] "GET /images/header.gif HTTP/1.1" 200 26756 "http://www.darwinday.org/" "Mozilla/5.0 (Windows; U; Windows NT 5.1; en-US; rv:1.7.12) Gecko/20050915 Firefox/1.0.7"
134.184.121.175 - - [09/Feb/2006:05:07:10 -0500] "GET /englishL/images/titletrans.gif HTTP/1.1" 200 15588 "http://www.darwinday.org/" "Mozilla/5.0 (Windows; U; Windows NT 5.1; en-US; rv:1.7.12) Gecko/20050915 Firefox/1.0.7"
134.184.121.175 - - [09/Feb/2006:05:07:10 -0500] "GET /englishL/images/navbar.gif HTTP/1.1" 200 2667 "http://www.darwinday.org/" "Mozilla/5.0 (Windows; U; Windows NT 5.1; en-US; rv:1.7.12) Gecko/20050915 Firefox/1.0.7"
134.184.121.175 - - [09/Feb/2006:05:07:11 -0500] "GET /images/worldmaptransp.gif HTTP/1.1" 200 128893 "http://www.darwinday.org/" "Mozilla/5.0 (Windows; U; Windows NT 5.1; en-US; rv:1.7.12) Gecko/20050915 Firefox/1.0.7"
134.184.121.175 - - [09/Feb/2006:05:07:11 -0500] "GET /images/arrow.gif HTTP/1.1" 200 112 "http://www.darwinday.org/" "Mozilla/5.0 (Windows; U; Windows NT 5.1; en-US; rv:1.7.12) Gecko/20050915 Firefox/1.0.7"
134.184.121.175 - - [09/Feb/2006:05:07:11 -0500] "GET /images/dnahorizl.gif HTTP/1.1" 200 2130 "http://www.darwinday.org/" "Mozilla/5.0 (Windows; U; Windows NT 5.1; en-US; rv:1.7.12) Gecko/20050915 Firefox/1.0.7"
134.184.121.175 - - [09/Feb/2006:05:07:12 -0500] "GET /images/dnahoriz.gif HTTP/1.1" 200 3391 "http://www.darwinday.org/" "Mozilla/5.0 (Windows; U; Windows NT 5.1; en-US; rv:1.7.12) Gecko/20050915 Firefox/1.0.7"
134.184.121.175 - - [09/Feb/2006:05:07:12 -0500] "GET /englishL/home/images/darwinages.gif HTTP/1.1" 200 50309 "http://www.darwinday.org/" "Mozilla/5.0 (Windows; U; Windows NT 5.1; en-US; rv:1.7.12) Gecko/20050915 Firefox/1.0.7"
134.184.121.175 - - [09/Feb/2006:05:07:12 -0500] "GET /images/dnahorizr.gif HTTP/1.1" 200 2104 "http://www.darwinday.org/" "Mozilla/5.0 (Windows; U; Windows NT 5.1; en-US; rv:1.7.12) Gecko/20050915 Firefox/1.0.7"
134.184.121.175 - - [09/Feb/2006:05:07:12 -0500] "GET /englishL/currarts.html HTTP/1.1" 200 5653 "http://www.darwinday.org/" "Mozilla/5.0 (Windows; U; Windows NT 5.1; en-US; rv:1.7.12) Gecko/20050915 Firefox/1.0.7"
134.184.121.175 - - [09/Feb/2006:05:07:12 -0500] "GET /englishL/home/images/lincoln.gif HTTP/1.1" 200 11057 "http://www.darwinday.org/" "Mozilla/5.0 (Windows; U; Windows NT 5.1; en-US; rv:1.7.12) Gecko/20050915 Firefox/1.0.7"
134.184.121.175 - - [09/Feb/2006:05:07:12 -0500] "GET /englishL/home/images/darwin.gif HTTP/1.1" 200 13783 "http://www.darwinday.org/" "Mozilla/5.0 (Windows; U; Windows NT 5.1; en-US; rv:1.7.12) Gecko/20050915 Firefox/1.0.7"
134.184.121.175 - - [09/Feb/2006:05:07:13 -0500] "GET /images/trans.gif HTTP/1.1" 200 49 "http://www.darwinday.org/" "Mozilla/5.0 (Windows; U; Windows NT 5.1; en-US; rv:1.7.12) Gecko/20050915 Firefox/1.0.7"
134.184.121.175 - - [09/Feb/2006:05:07:13 -0500] "GET /englishL/home/images/manymore.gif HTTP/1.1" 200 581 "http://www.darwinday.org/" "Mozilla/5.0 (Windows; U; Windows NT 5.1; en-US; rv:1.7.12) Gecko/20050915 Firefox/1.0.7"
134.184.121.175 - - [09/Feb/2006:05:07:13 -0500] "GET /englishL/home/images/joinus.gif HTTP/1.1" 200 524 "http://www.darwinday.org/" "Mozilla/5.0 (Windows; U; Windows NT 5.1; en-US; rv:1.7.12) Gecko/20050915 Firefox/1.0.7"
134.184.121.175 - - [09/Feb/2006:05:07:13 -0500] "GET /englishL/home/images/horse.evolution.jpg HTTP/1.1" 200 29612 "http://www.darwinday.org/" "Mozilla/5.0 (Windows; U; Windows NT 5.1; en-US; rv:1.7.12) Gecko/20050915 Firefox/1.0.7"
134.184.121.175 - - [09/Feb/2006:05:07:14 -0500] "GET /images/DNAlogo.gif HTTP/1.1" 200 1370 "http://www.darwinday.org/englishL/currarts.html" "Mozilla/5.0 (Windows; U; Windows NT 5.1; en-US; rv:1.7.12) Gecko/20050915 Firefox/1.0.7"
134.184.121.175 - - [09/Feb/2006:05:07:15 -0500] "GET /englishL/home/images/beagle.gif HTTP/1.1" 200 37108 "http://www.darwinday.org/" "Mozilla/5.0 (Windows; U; Windows NT 5.1; en-US; rv:1.7.12) Gecko/20050915 Firefox/1.0.7"
134.184.121.175 - - [09/Feb/2006:05:07:15 -0500] "GET /favicon.ico HTTP/1.1" 404 3385 "-" "Mozilla/5.0 (Windows; U; Windows NT 5.1; en-US; rv:1.7.12) Gecko/20050915 Firefox/1.0.7"
138.37.56.95 - - [09/Feb/2006:05:07:31 -0500] "GET / HTTP/1.1" 200 25315 "http://www.google.com/search?hl=en&q=darwin%27s+birthday&spell=1" "Mozilla/5.0 (Windows; U; Windows NT 5.0; en-US; rv:1.7.12) Gecko/20050915 Firefox/1.0.7"
134.184.121.175 - - [09/Feb/2006:05:07:56 -0500] "GET /englishL/events/index.html HTTP/1.1" 200 4612 "http://www.darwinday.org/" "Mozilla/5.0 (Windows; U; Windows NT 5.1; en-US; rv:1.7.12) Gecko/20050915 Firefox/1.0.7"
134.184.121.175 - - [09/Feb/2006:05:07:56 -0500] "GET /images/goldball.gif HTTP/1.1" 200 332 "http://www.darwinday.org/englishL/events/index.html" "Mozilla/5.0 (Windows; U; Windows NT 5.1; en-US; rv:1.7.12) Gecko/20050915 Firefox/1.0.7"
134.184.121.175 - - [09/Feb/2006:05:07:57 -0500] "GET /favicon.ico HTTP/1.1" 404 3385 "-" "Mozilla/5.0 (Windows; U; Windows NT 5.1; en-US; rv:1.7.12) Gecko/20050915 Firefox/1.0.7"
134.184.121.175 - - [09/Feb/2006:05:08:12 -0500] "GET /englishL/home/2005.php HTTP/1.1" 200 362411 "http://www.darwinday.org/englishL/events/index.html" "Mozilla/5.0 (Windows; U; Windows NT 5.1; en-US; rv:1.7.12) Gecko/20050915 Firefox/1.0.7"
134.184.121.175 - - [09/Feb/2006:05:08:13 -0500] "GET /favicon.ico HTTP/1.1" 404 3385 "-" "Mozilla/5.0 (Windows; U; Windows NT 5.1; en-US; rv:1.7.12) Gecko/20050915 Firefox/1.0.7"
134.184.121.175 - - [09/Feb/2006:05:08:18 -0500] "GET /favicon.ico HTTP/1.1" 404 3385 "-" "Mozilla/5.0 (Windows; U; Windows NT 5.1; en-US; rv:1.7.12) Gecko/20050915 Firefox/1.0.7"
134.184.121.175 - - [09/Feb/2006:05:08:19 -0500] "GET /favicon.ico HTTP/1.1" 404 3385 "-" "Mozilla/5.0 (Windows; U; Windows NT 5.1; en-US; rv:1.7.12) Gecko/20050915 Firefox/1.0.7"
61.51.93.32 - - [09/Feb/2006:05:08:54 -0500] "GET /englishL/life/images/emma.gif HTTP/1.1" 200 179774 "http://images.google.com/imgres?imgurl=http://www.darwinday.org/englishL/life/images/emma.gif&imgrefurl=http://www.darwinday.org/englishL/life/emma.html&h=536&w=423&sz=176&tbnid=b2a1DHxK03B2UM:&tbnh=129&tbnw=101&hl=zh-CN&prev=/images%3Fq%3DEmma%2BWedgwood%2BDarwin%26svnum%3D10%26hl%3Dzh-CN%26lr%3D%26newwindow%3D1%26c2coff%3D1%26sa%3DG&frame=small" "Mozilla/5.0 (Windows; U; Windows NT 5.1; en-US; rv:1.7.12) Gecko/20050915 Firefox/1.0.7"
61.51.93.32 - - [09/Feb/2006:05:08:55 -0500] "GET /favicon.ico HTTP/1.1" 404 3385 "-" "Mozilla/5.0 (Windows; U; Windows NT 5.1; en-US; rv:1.7.12) Gecko/20050915 Firefox/1.0.7"
87.3.87.164 - - [09/Feb/2006:05:09:03 -0500] "GET /stylesheets/mainenglishL.css HTTP/1.1" 200 590 "http://www.darwinday.org/" "Mozilla/4.0 (compatible; MSIE 6.0; Windows NT 5.1; SV1)"
87.3.87.164 - - [09/Feb/2006:05:09:03 -0500] "GET /stylesheets/main.css HTTP/1.1" 200 658 "http://www.darwinday.org/" "Mozilla/4.0 (compatible; MSIE 6.0; Windows NT 5.1; SV1)"
87.3.87.164 - - [09/Feb/2006:05:09:03 -0500] "GET /images/topleftlogo.gif HTTP/1.1" 200 6907 "http://www.darwinday.org/" "Mozilla/4.0 (compatible; MSIE 6.0; Windows NT 5.1; SV1)"
87.3.87.164 - - [09/Feb/2006:05:09:03 -0500] "GET /englishL/images/navbar.gif HTTP/1.1" 200 2667 "http://www.darwinday.org/" "Mozilla/4.0 (compatible; MSIE 6.0; Windows NT 5.1; SV1)"
87.3.87.164 - - [09/Feb/2006:05:09:03 -0500] "GET /englishL/images/titletrans.gif HTTP/1.1" 304 - "http://www.darwinday.org/" "Mozilla/4.0 (compatible; MSIE 6.0; Windows NT 5.1; SV1)"
87.3.87.164 - - [09/Feb/2006:05:09:03 -0500] "GET / HTTP/1.1" 200 25315 "http://www.google.it/search?hl=it&q=darwin+day&spell=1" "Mozilla/4.0 (compatible; MSIE 6.0; Windows NT 5.1; SV1)"
87.3.87.164 - - [09/Feb/2006:05:09:03 -0500] "GET /images/dnahorizr.gif HTTP/1.1" 304 - "http://www.darwinday.org/" "Mozilla/4.0 (compatible; MSIE 6.0; Windows NT 5.1; SV1)"
87.3.87.164 - - [09/Feb/2006:05:09:03 -0500] "GET /englishL/home/images/lincoln.gif HTTP/1.1" 200 11057 "http://www.darwinday.org/" "Mozilla/4.0 (compatible; MSIE 6.0; Windows NT 5.1; SV1)"
87.3.87.164 - - [09/Feb/2006:05:09:03 -0500] "GET /images/arrow.gif HTTP/1.1" 200 112 "http://www.darwinday.org/" "Mozilla/4.0 (compatible; MSIE 6.0; Windows NT 5.1; SV1)"
87.3.87.164 - - [09/Feb/2006:05:09:03 -0500] "GET /images/dnahorizl.gif HTTP/1.1" 200 2130 "http://www.darwinday.org/" "Mozilla/4.0 (compatible; MSIE 6.0; Windows NT 5.1; SV1)"
87.3.87.164 - - [09/Feb/2006:05:09:03 -0500] "GET /images/dnahoriz.gif HTTP/1.1" 200 3391 "http://www.darwinday.org/" "Mozilla/4.0 (compatible; MSIE 6.0; Windows NT 5.1; SV1)"
87.3.87.164 - - [09/Feb/2006:05:09:03 -0500] "GET /images/trans.gif HTTP/1.1" 200 49 "http://www.darwinday.org/" "Mozilla/4.0 (compatible; MSIE 6.0; Windows NT 5.1; SV1)"
87.3.87.164 - - [09/Feb/2006:05:09:03 -0500] "GET /englishL/home/images/manymore.gif HTTP/1.1" 200 581 "http://www.darwinday.org/" "Mozilla/4.0 (compatible; MSIE 6.0; Windows NT 5.1; SV1)"
87.3.87.164 - - [09/Feb/2006:05:09:03 -0500] "GET /englishL/home/images/joinus.gif HTTP/1.1" 200 524 "http://www.darwinday.org/" "Mozilla/4.0 (compatible; MSIE 6.0; Windows NT 5.1; SV1)"
87.3.87.164 - - [09/Feb/2006:05:09:03 -0500] "GET /englishL/currarts.html HTTP/1.1" 200 5653 "http://www.darwinday.org/" "Mozilla/4.0 (compatible; MSIE 6.0; Windows NT 5.1; SV1)"
87.3.87.164 - - [09/Feb/2006:05:09:04 -0500] "GET /images/header.gif HTTP/1.1" 200 26756 "http://www.darwinday.org/" "Mozilla/4.0 (compatible; MSIE 6.0; Windows NT 5.1; SV1)"
87.3.87.164 - - [09/Feb/2006:05:09:04 -0500] "GET /englishL/home/images/darwin.gif HTTP/1.1" 200 13783 "http://www.darwinday.org/" "Mozilla/4.0 (compatible; MSIE 6.0; Windows NT 5.1; SV1)"
87.3.87.164 - - [09/Feb/2006:05:09:04 -0500] "GET /images/DNAlogo.gif HTTP/1.1" 200 1370 "http://www.darwinday.org/englishL/currarts.html" "Mozilla/4.0 (compatible; MSIE 6.0; Windows NT 5.1; SV1)"
87.3.87.164 - - [09/Feb/2006:05:09:04 -0500] "GET /englishL/home/images/darwinages.gif HTTP/1.1" 200 50309 "http://www.darwinday.org/" "Mozilla/4.0 (compatible; MSIE 6.0; Windows NT 5.1; SV1)"
87.3.87.164 - - [09/Feb/2006:05:09:04 -0500] "GET /englishL/home/images/beagle.gif HTTP/1.1" 200 37108 "http://www.darwinday.org/" "Mozilla/4.0 (compatible; MSIE 6.0; Windows NT 5.1; SV1)"
87.3.87.164 - - [09/Feb/2006:05:09:04 -0500] "GET /images/worldmaptransp.gif HTTP/1.1" 200 128893 "http://www.darwinday.org/" "Mozilla/4.0 (compatible; MSIE 6.0; Windows NT 5.1; SV1)"
87.3.87.164 - - [09/Feb/2006:05:09:04 -0500] "GET /englishL/home/images/horse.evolution.jpg HTTP/1.1" 200 29612 "http://www.darwinday.org/" "Mozilla/4.0 (compatible; MSIE 6.0; Windows NT 5.1; SV1)"
61.51.93.32 - - [09/Feb/2006:05:09:22 -0500] "GET /favicon.ico HTTP/1.1" 404 3385 "-" "Mozilla/5.0 (Windows; U; Windows NT 5.1; en-US; rv:1.7.12) Gecko/20050915 Firefox/1.0.7"
61.51.93.32 - - [09/Feb/2006:05:09:24 -0500] "GET /englishL/life/index.html HTTP/1.1" 200 9860 "http://www.darwinday.org/englishL/life/emma.html" "Mozilla/5.0 (Windows; U; Windows NT 5.1; en-US; rv:1.7.12) Gecko/20050915 Firefox/1.0.7"
61.51.93.32 - - [09/Feb/2006:05:09:26 -0500] "GET /images/goldball.gif HTTP/1.1" 200 332 "http://www.darwinday.org/englishL/life/index.html" "Mozilla/5.0 (Windows; U; Windows NT 5.1; en-US; rv:1.7.12) Gecko/20050915 Firefox/1.0.7"
61.51.93.32 - - [09/Feb/2006:05:09:27 -0500] "GET /favicon.ico HTTP/1.1" 404 3385 "-" "Mozilla/5.0 (Windows; U; Windows NT 5.1; en-US; rv:1.7.12) Gecko/20050915 Firefox/1.0.7"
61.51.93.32 - - [09/Feb/2006:05:09:34 -0500] "GET /englishL/life/children.html HTTP/1.1" 200 13665 "http://www.darwinday.org/englishL/life/index.html" "Mozilla/5.0 (Windows; U; Windows NT 5.1; en-US; rv:1.7.12) Gecko/20050915 Firefox/1.0.7"
61.51.93.32 - - [09/Feb/2006:05:09:35 -0500] "GET /englishL/life/images/family/william49-t.jpg HTTP/1.1" 200 27982 "http://www.darwinday.org/englishL/life/children.html" "Mozilla/5.0 (Windows; U; Windows NT 5.1; en-US; rv:1.7.12) Gecko/20050915 Firefox/1.0.7"
61.51.93.32 - - [09/Feb/2006:05:09:36 -0500] "GET /englishL/life/images/family/william-t.jpg HTTP/1.1" 200 20679 "http://www.darwinday.org/englishL/life/children.html" "Mozilla/5.0 (Windows; U; Windows NT 5.1; en-US; rv:1.7.12) Gecko/20050915 Firefox/1.0.7"
143.252.80.110 - - [09/Feb/2006:05:09:40 -0500] "GET /images/DNAlogo.gif HTTP/1.1" 200 1370 "http://www.darwinday.org/englishL/currarts.html" "Mozilla/4.0 (compatible; MSIE 6.0; Windows NT 5.1; SV1)"
61.51.93.32 - - [09/Feb/2006:05:09:40 -0500] "GET /englishL/life/images/family/anne-t.jpg HTTP/1.1" 200 33680 "http://www.darwinday.org/englishL/life/children.html" "Mozilla/5.0 (Windows; U; Windows NT 5.1; en-US; rv:1.7.12) Gecko/20050915 Firefox/1.0.7"
61.51.93.32 - - [09/Feb/2006:05:09:40 -0500] "GET /englishL/life/images/family/henrietta49-t.jpg HTTP/1.1" 200 35806 "http://www.darwinday.org/englishL/life/children.html" "Mozilla/5.0 (Windows; U; Windows NT 5.1; en-US; rv:1.7.12) Gecko/20050915 Firefox/1.0.7"
61.51.93.32 - - [09/Feb/2006:05:09:42 -0500] "GET /englishL/life/images/family/henrietta51-t.jpg HTTP/1.1" 200 26405 "http://www.darwinday.org/englishL/life/children.html" "Mozilla/5.0 (Windows; U; Windows NT 5.1; en-US; rv:1.7.12) Gecko/20050915 Firefox/1.0.7"
61.51.93.32 - - [09/Feb/2006:05:09:43 -0500] "GET /englishL/life/images/family/henrietta-emma-t.jpg HTTP/1.1" 200 19540 "http://www.darwinday.org/englishL/life/children.html" "Mozilla/5.0 (Windows; U; Windows NT 5.1; en-US; rv:1.7.12) Gecko/20050915 Firefox/1.0.7"
61.51.93.32 - - [09/Feb/2006:05:09:44 -0500] "GET /englishL/life/images/family/henrietta-brown-t.jpg HTTP/1.1" 200 22218 "http://www.darwinday.org/englishL/life/children.html" "Mozilla/5.0 (Windows; U; Windows NT 5.1; en-US; rv:1.7.12) Gecko/20050915 Firefox/1.0.7"
61.51.93.32 - - [09/Feb/2006:05:09:47 -0500] "GET /englishL/life/images/family/sirgeorge-t.jpg HTTP/1.1" 200 21838 "http://www.darwinday.org/englishL/life/children.html" "Mozilla/5.0 (Windows; U; Windows NT 5.1; en-US; rv:1.7.12) Gecko/20050915 Firefox/1.0.7"
61.51.93.32 - - [09/Feb/2006:05:09:48 -0500] "GET /englishL/life/images/family/george-t.jpg HTTP/1.1" 200 28664 "http://www.darwinday.org/englishL/life/children.html" "Mozilla/5.0 (Windows; U; Windows NT 5.1; en-US; rv:1.7.12) Gecko/20050915 Firefox/1.0.7"
61.51.93.32 - - [09/Feb/2006:05:09:49 -0500] "GET /englishL/life/images/family/elizabeth-darwin-t.jpg HTTP/1.1" 200 18932 "http://www.darwinday.org/englishL/life/children.html" "Mozilla/5.0 (Windows; U; Windows NT 5.1; en-US; rv:1.7.12) Gecko/20050915 Firefox/1.0.7"
61.51.93.32 - - [09/Feb/2006:05:09:51 -0500] "GET /englishL/life/images/family/elizabeth-brown-t.jpg HTTP/1.1" 200 24876 "http://www.darwinday.org/englishL/life/children.html" "Mozilla/5.0 (Windows; U; Windows NT 5.1; en-US; rv:1.7.12) Gecko/20050915 Firefox/1.0.7"
61.51.93.32 - - [09/Feb/2006:05:09:51 -0500] "GET /englishL/life/images/family/elizabeth-t.jpg HTTP/1.1" 200 23782 "http://www.darwinday.org/englishL/life/children.html" "Mozilla/5.0 (Windows; U; Windows NT 5.1; en-US; rv:1.7.12) Gecko/20050915 Firefox/1.0.7"
61.51.93.32 - - [09/Feb/2006:05:09:53 -0500] "GET /englishL/life/images/family/emmaleonard-t.jpg HTTP/1.1" 200 30318 "http://www.darwinday.org/englishL/life/children.html" "Mozilla/5.0 (Windows; U; Windows NT 5.1; en-US; rv:1.7.12) Gecko/20050915 Firefox/1.0.7"
125.174.137.23 - - [09/Feb/2006:05:09:54 -0500] "GET /stylesheets/main.css HTTP/1.1" 200 658 "http://www.darwinday.org/" "Mozilla/4.0 (compatible; MSIE 6.0; Windows NT 5.1; SV1)"
61.51.93.32 - - [09/Feb/2006:05:09:54 -0500] "GET /englishL/life/images/family/sirfrancis-t.jpg HTTP/1.1" 200 23752 "http://www.darwinday.org/englishL/life/children.html" "Mozilla/5.0 (Windows; U; Windows NT 5.1; en-US; rv:1.7.12) Gecko/20050915 Firefox/1.0.7"
125.174.137.23 - - [09/Feb/2006:05:09:55 -0500] "GET /stylesheets/mainenglishL.css HTTP/1.1" 200 590 "http://www.darwinday.org/" "Mozilla/4.0 (compatible; MSIE 6.0; Windows NT 5.1; SV1)"
125.174.137.23 - - [09/Feb/2006:05:09:55 -0500] "GET /images/topleftlogo.gif HTTP/1.1" 200 6907 "http://www.darwinday.org/" "Mozilla/4.0 (compatible; MSIE 6.0; Windows NT 5.1; SV1)"
125.174.137.23 - - [09/Feb/2006:05:09:56 -0500] "GET /englishL/images/navbar.gif HTTP/1.1" 200 2667 "http://www.darwinday.org/" "Mozilla/4.0 (compatible; MSIE 6.0; Windows NT 5.1; SV1)"
61.51.93.32 - - [09/Feb/2006:05:09:57 -0500] "GET /englishL/life/images/family/sirhorace-t.jpg HTTP/1.1" 200 23757 "http://www.darwinday.org/englishL/life/children.html" "Mozilla/5.0 (Windows; U; Windows NT 5.1; en-US; rv:1.7.12) Gecko/20050915 Firefox/1.0.7"
61.51.93.32 - - [09/Feb/2006:05:09:57 -0500] "GET /englishL/life/images/family/leoonard-t.jpg HTTP/1.1" 200 22160 "http://www.darwinday.org/englishL/life/children.html" "Mozilla/5.0 (Windows; U; Windows NT 5.1; en-US; rv:1.7.12) Gecko/20050915 Firefox/1.0.7"
125.174.137.23 - - [09/Feb/2006:05:09:57 -0500] "GET /images/arrow.gif HTTP/1.1" 200 112 "http://www.darwinday.org/" "Mozilla/4.0 (compatible; MSIE 6.0; Windows NT 5.1; SV1)"
125.174.137.23 - - [09/Feb/2006:05:09:59 -0500] "GET / HTTP/1.1" 200 25315 "http://www.google.com/search?hl=en&q=darwin+day" "Mozilla/4.0 (compatible; MSIE 6.0; Windows NT 5.1; SV1)"
61.51.93.32 - - [09/Feb/2006:05:09:59 -0500] "GET /englishL/life/images/family/emmacharles-t.jpg HTTP/1.1" 200 21327 "http://www.darwinday.org/englishL/life/children.html" "Mozilla/5.0 (Windows; U; Windows NT 5.1; en-US; rv:1.7.12) Gecko/20050915 Firefox/1.0.7"
125.174.137.23 - - [09/Feb/2006:05:09:59 -0500] "GET /images/dnahorizl.gif HTTP/1.1" 200 2130 "http://www.darwinday.org/" "Mozilla/4.0 (compatible; MSIE 6.0; Windows NT 5.1; SV1)"
61.51.93.32 - - [09/Feb/2006:05:10:01 -0500] "GET /favicon.ico HTTP/1.1" 404 3385 "-" "Mozilla/5.0 (Windows; U; Windows NT 5.1; en-US; rv:1.7.12) Gecko/20050915 Firefox/1.0.7"
125.174.137.23 - - [09/Feb/2006:05:10:10 -0500] "GET /images/dnahoriz.gif HTTP/1.1" 200 3391 "http://www.darwinday.org/" "Mozilla/4.0 (compatible; MSIE 6.0; Windows NT 5.1; SV1)"
125.174.137.23 - - [09/Feb/2006:05:10:10 -0500] "GET /images/dnahorizr.gif HTTP/1.1" 200 2104 "http://www.darwinday.org/" "Mozilla/4.0 (compatible; MSIE 6.0; Windows NT 5.1; SV1)"
125.174.137.23 - - [09/Feb/2006:05:10:10 -0500] "GET /englishL/currarts.html HTTP/1.1" 200 5653 "http://www.darwinday.org/" "Mozilla/4.0 (compatible; MSIE 6.0; Windows NT 5.1; SV1)"
61.51.93.32 - - [09/Feb/2006:05:10:11 -0500] "GET /favicon.ico HTTP/1.1" 404 3385 "-" "Mozilla/5.0 (Windows; U; Windows NT 5.1; en-US; rv:1.7.12) Gecko/20050915 Firefox/1.0.7"
125.174.137.23 - - [09/Feb/2006:05:10:12 -0500] "GET /englishL/images/titletrans.gif HTTP/1.1" 200 15588 "http://www.darwinday.org/" "Mozilla/4.0 (compatible; MSIE 6.0; Windows NT 5.1; SV1)"
125.174.137.23 - - [09/Feb/2006:05:10:15 -0500] "GET /englishL/home/images/lincoln.gif HTTP/1.1" 200 11057 "http://www.darwinday.org/" "Mozilla/4.0 (compatible; MSIE 6.0; Windows NT 5.1; SV1)"
61.51.93.32 - - [09/Feb/2006:05:10:19 -0500] "GET /englishL/life/beagle.html HTTP/1.1" 200 20574 "http://www.darwinday.org/englishL/life/index.html" "Mozilla/5.0 (Windows; U; Windows NT 5.1; en-US; rv:1.7.12) Gecko/20050915 Firefox/1.0.7"
61.51.93.32 - - [09/Feb/2006:05:10:20 -0500] "GET /englishL/life/images/beagle/beaglemap-t.gif HTTP/1.1" 200 17709 "http://www.darwinday.org/englishL/life/beagle.html" "Mozilla/5.0 (Windows; U; Windows NT 5.1; en-US; rv:1.7.12) Gecko/20050915 Firefox/1.0.7"
61.51.93.32 - - [09/Feb/2006:05:10:21 -0500] "GET /englishL/life/images/beagle/beaglemapsa-t.gif HTTP/1.1" 200 15500 "http://www.darwinday.org/englishL/life/beagle.html" "Mozilla/5.0 (Windows; U; Windows NT 5.1; en-US; rv:1.7.12) Gecko/20050915 Firefox/1.0.7"
61.51.93.32 - - [09/Feb/2006:05:10:21 -0500] "GET /englishL/life/images/beagle/beaglemapgal-t.gif HTTP/1.1" 200 7651 "http://www.darwinday.org/englishL/life/beagle.html" "Mozilla/5.0 (Windows; U; Windows NT 5.1; en-US; rv:1.7.12) Gecko/20050915 Firefox/1.0.7"
61.51.93.32 - - [09/Feb/2006:05:10:23 -0500] "GET /englishL/life/images/beagle/galapagos-t.jpg HTTP/1.1" 200 21187 "http://www.darwinday.org/englishL/life/beagle.html" "Mozilla/5.0 (Windows; U; Windows NT 5.1; en-US; rv:1.7.12) Gecko/20050915 Firefox/1.0.7"
61.51.93.32 - - [09/Feb/2006:05:10:25 -0500] "GET /englishL/life/images/beagle/tortoise-t.jpg HTTP/1.1" 200 41154 "http://www.darwinday.org/englishL/life/beagle.html" "Mozilla/5.0 (Windows; U; Windows NT 5.1; en-US; rv:1.7.12) Gecko/20050915 Firefox/1.0.7"
61.51.93.32 - - [09/Feb/2006:05:10:25 -0500] "GET /englishL/life/images/beagle/iguana-t.jpg HTTP/1.1" 200 32130 "http://www.darwinday.org/englishL/life/beagle.html" "Mozilla/5.0 (Windows; U; Windows NT 5.1; en-US; rv:1.7.12) Gecko/20050915 Firefox/1.0.7"
61.51.93.32 - - [09/Feb/2006:05:10:27 -0500] "GET /englishL/life/images/beagle/finch-t.jpg HTTP/1.1" 200 41018 "http://www.darwinday.org/englishL/life/beagle.html" "Mozilla/5.0 (Windows; U; Windows NT 5.1; en-US; rv:1.7.12) Gecko/20050915 Firefox/1.0.7"
61.51.93.32 - - [09/Feb/2006:05:10:27 -0500] "GET /englishL/life/images/beagle/lizard-t.jpg HTTP/1.1" 200 28277 "http://www.darwinday.org/englishL/life/beagle.html" "Mozilla/5.0 (Windows; U; Windows NT 5.1; en-US; rv:1.7.12) Gecko/20050915 Firefox/1.0.7"
125.174.137.23 - - [09/Feb/2006:05:10:31 -0500] "GET /images/DNAlogo.gif HTTP/1.1" 200 1370 "http://www.darwinday.org/englishL/currarts.html" "Mozilla/4.0 (compatible; MSIE 6.0; Windows NT 5.1; SV1)"
125.174.137.23 - - [09/Feb/2006:05:10:33 -0500] "GET /englishL/home/images/darwin.gif HTTP/1.1" 200 13783 "http://www.darwinday.org/" "Mozilla/4.0 (compatible; MSIE 6.0; Windows NT 5.1; SV1)"
61.51.93.32 - - [09/Feb/2006:05:10:36 -0500] "GET /englishL/life/images/beagle/nancy.jpg HTTP/1.1" 200 80351 "http://www.darwinday.org/englishL/life/beagle.html" "Mozilla/5.0 (Windows; U; Windows NT 5.1; en-US; rv:1.7.12) Gecko/20050915 Firefox/1.0.7"
61.51.93.32 - - [09/Feb/2006:05:10:38 -0500] "GET /favicon.ico HTTP/1.1" 404 3385 "-" "Mozilla/5.0 (Windows; U; Windows NT 5.1; en-US; rv:1.7.12) Gecko/20050915 Firefox/1.0.7"
125.174.137.23 - - [09/Feb/2006:05:10:46 -0500] "GET /images/header.gif HTTP/1.1" 200 26756 "http://www.darwinday.org/" "Mozilla/4.0 (compatible; MSIE 6.0; Windows NT 5.1; SV1)"
125.174.137.23 - - [09/Feb/2006:05:10:59 -0500] "GET /englishL/home/images/beagle.gif HTTP/1.1" 200 37108 "http://www.darwinday.org/" "Mozilla/4.0 (compatible; MSIE 6.0; Windows NT 5.1; SV1)"
125.174.137.23 - - [09/Feb/2006:05:11:00 -0500] "GET /englishL/home/images/joinus.gif HTTP/1.1" 200 524 "http://www.darwinday.org/" "Mozilla/4.0 (compatible; MSIE 6.0; Windows NT 5.1; SV1)"
125.174.137.23 - - [09/Feb/2006:05:11:01 -0500] "GET /images/trans.gif HTTP/1.1" 200 49 "http://www.darwinday.org/" "Mozilla/4.0 (compatible; MSIE 6.0; Windows NT 5.1; SV1)"
125.174.137.23 - - [09/Feb/2006:05:11:07 -0500] "GET /englishL/home/images/manymore.gif HTTP/1.1" 200 581 "http://www.darwinday.org/" "Mozilla/4.0 (compatible; MSIE 6.0; Windows NT 5.1; SV1)"
125.174.137.23 - - [09/Feb/2006:05:11:18 -0500] "GET /images/worldmaptransp.gif HTTP/1.1" 200 37555 "http://www.darwinday.org/" "Mozilla/4.0 (compatible; MSIE 6.0; Windows NT 5.1; SV1)"
125.174.137.23 - - [09/Feb/2006:05:11:18 -0500] "GET /englishL/home/images/darwinages.gif HTTP/1.1" 200 44857 "http://www.darwinday.org/" "Mozilla/4.0 (compatible; MSIE 6.0; Windows NT 5.1; SV1)"
61.51.93.32 - - [09/Feb/2006:05:11:18 -0500] "GET /favicon.ico HTTP/1.1" 404 3385 "-" "Mozilla/5.0 (Windows; U; Windows NT 5.1; en-US; rv:1.7.12) Gecko/20050915 Firefox/1.0.7"
125.174.137.23 - - [09/Feb/2006:05:11:19 -0500] "GET /englishL/home/images/horse.evolution.jpg HTTP/1.1" 200 18576 "http://www.darwinday.org/" "Mozilla/4.0 (compatible; MSIE 6.0; Windows NT 5.1; SV1)"
61.51.93.32 - - [09/Feb/2006:05:11:24 -0500] "GET /englishL/life/downhouse.html HTTP/1.1" 200 20176 "http://www.darwinday.org/englishL/life/index.html" "Mozilla/5.0 (Windows; U; Windows NT 5.1; en-US; rv:1.7.12) Gecko/20050915 Firefox/1.0.7"
61.51.93.32 - - [09/Feb/2006:05:11:28 -0500] "GET /englishL/life/images/downhouseproperty.jpg HTTP/1.1" 200 31640 "http://www.darwinday.org/englishL/life/downhouse.html" "Mozilla/5.0 (Windows; U; Windows NT 5.1; en-US; rv:1.7.12) Gecko/20050915 Firefox/1.0.7"
61.51.93.32 - - [09/Feb/2006:05:11:28 -0500] "GET /englishL/life/images/downhousefront-t.jpg HTTP/1.1" 200 31813 "http://www.darwinday.org/englishL/life/downhouse.html" "Mozilla/5.0 (Windows; U; Windows NT 5.1; en-US; rv:1.7.12) Gecko/20050915 Firefox/1.0.7"
61.51.93.32 - - [09/Feb/2006:05:11:29 -0500] "GET /englishL/life/images/downhouseback-t.jpg HTTP/1.1" 200 33209 "http://www.darwinday.org/englishL/life/downhouse.html" "Mozilla/5.0 (Windows; U; Windows NT 5.1; en-US; rv:1.7.12) Gecko/20050915 Firefox/1.0.7"
61.51.93.32 - - [09/Feb/2006:05:11:32 -0500] "GET /englishL/life/images/downgarden-t.jpg HTTP/1.1" 200 33115 "http://www.darwinday.org/englishL/life/downhouse.html" "Mozilla/5.0 (Windows; U; Windows NT 5.1; en-US; rv:1.7.12) Gecko/20050915 Firefox/1.0.7"
61.51.93.32 - - [09/Feb/2006:05:11:32 -0500] "GET /englishL/life/images/downgreenhouse-t.jpg HTTP/1.1" 200 34020 "http://www.darwinday.org/englishL/life/downhouse.html" "Mozilla/5.0 (Windows; U; Windows NT 5.1; en-US; rv:1.7.12) Gecko/20050915 Firefox/1.0.7"
61.51.93.32 - - [09/Feb/2006:05:11:34 -0500] "GET /englishL/life/images/downhousebrick-t.jpg HTTP/1.1" 200 25230 "http://www.darwinday.org/englishL/life/downhouse.html" "Mozilla/5.0 (Windows; U; Windows NT 5.1; en-US; rv:1.7.12) Gecko/20050915 Firefox/1.0.7"
61.51.93.32 - - [09/Feb/2006:05:11:34 -0500] "GET /englishL/life/images/downhouseplan-t.jpg HTTP/1.1" 200 29581 "http://www.darwinday.org/englishL/life/downhouse.html" "Mozilla/5.0 (Windows; U; Windows NT 5.1; en-US; rv:1.7.12) Gecko/20050915 Firefox/1.0.7"
61.51.93.32 - - [09/Feb/2006:05:11:36 -0500] "GET /englishL/life/images/downdrawingroom-t.jpg HTTP/1.1" 200 39782 "http://www.darwinday.org/englishL/life/downhouse.html" "Mozilla/5.0 (Windows; U; Windows NT 5.1; en-US; rv:1.7.12) Gecko/20050915 Firefox/1.0.7"
61.51.93.32 - - [09/Feb/2006:05:11:37 -0500] "GET /englishL/life/images/downpiano-t.jpg HTTP/1.1" 200 26476 "http://www.darwinday.org/englishL/life/downhouse.html" "Mozilla/5.0 (Windows; U; Windows NT 5.1; en-US; rv:1.7.12) Gecko/20050915 Firefox/1.0.7"
61.51.93.32 - - [09/Feb/2006:05:11:38 -0500] "GET /englishL/life/images/study-t.jpg HTTP/1.1" 200 37613 "http://www.darwinday.org/englishL/life/downhouse.html" "Mozilla/5.0 (Windows; U; Windows NT 5.1; en-US; rv:1.7.12) Gecko/20050915 Firefox/1.0.7"
61.51.93.32 - - [09/Feb/2006:05:11:40 -0500] "GET /englishL/life/images/downhouseplan2-t.jpg HTTP/1.1" 200 33925 "http://www.darwinday.org/englishL/life/downhouse.html" "Mozilla/5.0 (Windows; U; Windows NT 5.1; en-US; rv:1.7.12) Gecko/20050915 Firefox/1.0.7"
61.51.93.32 - - [09/Feb/2006:05:11:40 -0500] "GET /englishL/life/images/downdining-t.jpg HTTP/1.1" 200 29295 "http://www.darwinday.org/englishL/life/downhouse.html" "Mozilla/5.0 (Windows; U; Windows NT 5.1; en-US; rv:1.7.12) Gecko/20050915 Firefox/1.0.7"
61.51.93.32 - - [09/Feb/2006:05:11:42 -0500] "GET /favicon.ico HTTP/1.1" 404 3385 "-" "Mozilla/5.0 (Windows; U; Windows NT 5.1; en-US; rv:1.7.12) Gecko/20050915 Firefox/1.0.7"
61.51.93.32 - - [09/Feb/2006:05:11:47 -0500] "GET /favicon.ico HTTP/1.1" 404 3385 "-" "Mozilla/5.0 (Windows; U; Windows NT 5.1; en-US; rv:1.7.12) Gecko/20050915 Firefox/1.0.7"
61.51.93.32 - - [09/Feb/2006:05:11:51 -0500] "GET /englishL/life/paternal.html HTTP/1.1" 200 3115 "http://www.darwinday.org/englishL/life/index.html" "Mozilla/5.0 (Windows; U; Windows NT 5.1; en-US; rv:1.7.12) Gecko/20050915 Firefox/1.0.7"
61.51.93.32 - - [09/Feb/2006:05:11:52 -0500] "GET /favicon.ico HTTP/1.1" 404 3385 "-" "Mozilla/5.0 (Windows; U; Windows NT 5.1; en-US; rv:1.7.12) Gecko/20050915 Firefox/1.0.7"
61.51.93.32 - - [09/Feb/2006:05:11:56 -0500] "GET /favicon.ico HTTP/1.1" 404 3385 "-" "Mozilla/5.0 (Windows; U; Windows NT 5.1; en-US; rv:1.7.12) Gecko/20050915 Firefox/1.0.7"
61.51.93.32 - - [09/Feb/2006:05:12:17 -0500] "GET /favicon.ico HTTP/1.1" 404 3385 "-" "Mozilla/5.0 (Windows; U; Windows NT 5.1; en-US; rv:1.7.12) Gecko/20050915 Firefox/1.0.7"
61.51.93.32 - - [09/Feb/2006:05:12:23 -0500] "GET /englishL/events/index.html HTTP/1.1" 200 4612 "http://www.darwinday.org/englishL/life/index.html" "Mozilla/5.0 (Windows; U; Windows NT 5.1; en-US; rv:1.7.12) Gecko/20050915 Firefox/1.0.7"
61.51.93.32 - - [09/Feb/2006:05:12:23 -0500] "GET /favicon.ico HTTP/1.1" 404 3385 "-" "Mozilla/5.0 (Windows; U; Windows NT 5.1; en-US; rv:1.7.12) Gecko/20050915 Firefox/1.0.7"
61.51.93.32 - - [09/Feb/2006:05:12:26 -0500] "GET /englishL/evolution/index.html HTTP/1.1" 200 4606 "http://www.darwinday.org/englishL/events/index.html" "Mozilla/5.0 (Windows; U; Windows NT 5.1; en-US; rv:1.7.12) Gecko/20050915 Firefox/1.0.7"
61.51.93.32 - - [09/Feb/2006:05:12:28 -0500] "GET /images/dnagraphic.jpg HTTP/1.1" 200 25020 "http://www.darwinday.org/englishL/evolution/index.html" "Mozilla/5.0 (Windows; U; Windows NT 5.1; en-US; rv:1.7.12) Gecko/20050915 Firefox/1.0.7"
61.51.93.32 - - [09/Feb/2006:05:12:30 -0500] "GET /favicon.ico HTTP/1.1" 404 3385 "-" "Mozilla/5.0 (Windows; U; Windows NT 5.1; en-US; rv:1.7.12) Gecko/20050915 Firefox/1.0.7"
66.249.64.15 - - [09/Feb/2006:05:12:34 -0500] "GET /spanishSA/evolution/ HTTP/1.0" 200 4600 "-" "Googlebot/2.1 (+http://www.google.com/bot.html)"
66.249.64.54 - - [09/Feb/2006:05:12:37 -0500] "GET /spanishSA/aboutddc/ HTTP/1.0" 200 6563 "-" "Googlebot/2.1 (+http://www.google.com/bot.html)"
125.174.137.23 - - [09/Feb/2006:05:13:07 -0500] "GET /images/worldmaptransp.gif HTTP/1.1" 206 104478 "http://www.darwinday.org/englishL/home/2006.php" "Mozilla/4.0 (compatible; MSIE 6.0; Windows NT 5.1; SV1)"
87.3.87.164 - - [09/Feb/2006:05:15:30 -0500] "GET /englishL/home/2006.php HTTP/1.1" 200 698028 "http://search.msn.com/results.aspx?q=darwin+day+2006&FORM=USRE" "Mozilla/4.0 (compatible; MSIE 6.0; Windows NT 5.1; SV1)"
86.137.27.89 - - [09/Feb/2006:05:17:16 -0500] "GET /stylesheets/main.css HTTP/1.1" 200 658 "http://www.darwinday.org/englishL/dispsupport/index.php" "Mozilla/4.0 (compatible; MSIE 6.0; Windows NT 5.1; SV1; .NET CLR 1.1.4322)"
86.137.27.89 - - [09/Feb/2006:05:17:16 -0500] "GET /images/topleftlogo.gif HTTP/1.1" 200 6907 "http://www.darwinday.org/englishL/dispsupport/index.php" "Mozilla/4.0 (compatible; MSIE 6.0; Windows NT 5.1; SV1; .NET CLR 1.1.4322)"
86.137.27.89 - - [09/Feb/2006:05:17:18 -0500] "GET /images/header.gif HTTP/1.1" 200 26756 "http://www.darwinday.org/englishL/dispsupport/index.php" "Mozilla/4.0 (compatible; MSIE 6.0; Windows NT 5.1; SV1; .NET CLR 1.1.4322)"
86.137.27.89 - - [09/Feb/2006:05:17:19 -0500] "GET /englishL/dispsupport/index.php HTTP/1.1" 200 468297 "-" "Mozilla/4.0 (compatible; MSIE 6.0; Windows NT 5.1; SV1; .NET CLR 1.1.4322)"
196.201.74.37 - - [09/Feb/2006:05:17:19 -0500] "GET /stylesheets/main.css HTTP/1.1" 200 658 "http://72.14.207.104/search?q=cache:XwNeWGvocVEJ:www.darwinday.org/englishL/home/2003.html+email+contact+of+cancer+uk+organizers++2006&hl=en&ct=clnk&cd=44" "Mozilla/4.0 (compatible; MSIE 6.0; Windows NT 5.0)"
196.201.74.37 - - [09/Feb/2006:05:17:19 -0500] "GET /images/topleftlogo.gif HTTP/1.1" 200 6907 "http://72.14.207.104/search?q=cache:XwNeWGvocVEJ:www.darwinday.org/englishL/home/2003.html+email+contact+of+cancer+uk+organizers++2006&hl=en&ct=clnk&cd=44" "Mozilla/4.0 (compatible; MSIE 6.0; Windows NT 5.0)"
86.137.27.89 - - [09/Feb/2006:05:17:20 -0500] "GET /englishL/images/titletrans.gif HTTP/1.1" 200 15588 "http://www.darwinday.org/englishL/dispsupport/index.php" "Mozilla/4.0 (compatible; MSIE 6.0; Windows NT 5.1; SV1; .NET CLR 1.1.4322)"
86.137.27.89 - - [09/Feb/2006:05:17:20 -0500] "GET /images/navbar.gif HTTP/1.1" 200 2667 "http://www.darwinday.org/englishL/dispsupport/index.php" "Mozilla/4.0 (compatible; MSIE 6.0; Windows NT 5.1; SV1; .NET CLR 1.1.4322)"
86.137.27.89 - - [09/Feb/2006:05:17:21 -0500] "GET /images/worldmaptransp.gif HTTP/1.1" 200 128893 "http://www.darwinday.org/englishL/dispsupport/index.php" "Mozilla/4.0 (compatible; MSIE 6.0; Windows NT 5.1; SV1; .NET CLR 1.1.4322)"
196.201.74.37 - - [09/Feb/2006:05:17:22 -0500] "GET /images/header.gif HTTP/1.1" 200 26756 "http://72.14.207.104/search?q=cache:XwNeWGvocVEJ:www.darwinday.org/englishL/home/2003.html+email+contact+of+cancer+uk+organizers++2006&hl=en&ct=clnk&cd=44" "Mozilla/4.0 (compatible; MSIE 6.0; Windows NT 5.0)"
196.201.74.37 - - [09/Feb/2006:05:17:23 -0500] "GET /englishL/images/titletrans.gif HTTP/1.1" 200 15588 "http://72.14.207.104/search?q=cache:XwNeWGvocVEJ:www.darwinday.org/englishL/home/2003.html+email+contact+of+cancer+uk+organizers++2006&hl=en&ct=clnk&cd=44" "Mozilla/4.0 (compatible; MSIE 6.0; Windows NT 5.0)"
196.201.74.37 - - [09/Feb/2006:05:17:25 -0500] "GET /englishL/images/navbar.gif HTTP/1.1" 200 2667 "http://72.14.207.104/search?q=cache:XwNeWGvocVEJ:www.darwinday.org/englishL/home/2003.html+email+contact+of+cancer+uk+organizers++2006&hl=en&ct=clnk&cd=44" "Mozilla/4.0 (compatible; MSIE 6.0; Windows NT 5.0)"
196.201.74.37 - - [09/Feb/2006:05:17:31 -0500] "GET /images/worldmaptransp.gif HTTP/1.1" 200 128893 "http://72.14.207.104/search?q=cache:XwNeWGvocVEJ:www.darwinday.org/englishL/home/2003.html+email+contact+of+cancer+uk+organizers++2006&hl=en&ct=clnk&cd=44" "Mozilla/4.0 (compatible; MSIE 6.0; Windows NT 5.0)"
159.149.34.19 - - [09/Feb/2006:05:17:57 -0500] "GET / HTTP/1.1" 200 25315 "http://www.google.it/search?hl=it&q=darwin+day&btnG=Cerca+con+Google&meta=" "Mozilla/4.0 (compatible; MSIE 6.0; Windows 98; Win 9x 4.90)"
159.149.34.19 - - [09/Feb/2006:05:17:57 -0500] "GET /stylesheets/mainenglishL.css HTTP/1.1" 200 590 "http://www.darwinday.org/" "Mozilla/4.0 (compatible; MSIE 6.0; Windows 98; Win 9x 4.90)"
159.149.34.19 - - [09/Feb/2006:05:17:57 -0500] "GET /stylesheets/main.css HTTP/1.1" 200 658 "http://www.darwinday.org/" "Mozilla/4.0 (compatible; MSIE 6.0; Windows 98; Win 9x 4.90)"
159.149.34.19 - - [09/Feb/2006:05:17:58 -0500] "GET /images/topleftlogo.gif HTTP/1.1" 200 6907 "http://www.darwinday.org/" "Mozilla/4.0 (compatible; MSIE 6.0; Windows 98; Win 9x 4.90)"
159.149.34.19 - - [09/Feb/2006:05:17:58 -0500] "GET /englishL/currarts.html HTTP/1.1" 200 5653 "http://www.darwinday.org/" "Mozilla/4.0 (compatible; MSIE 6.0; Windows 98; Win 9x 4.90)"
159.149.34.19 - - [09/Feb/2006:05:17:58 -0500] "GET /images/header.gif HTTP/1.1" 200 26756 "http://www.darwinday.org/" "Mozilla/4.0 (compatible; MSIE 6.0; Windows 98; Win 9x 4.90)"
159.149.34.19 - - [09/Feb/2006:05:17:58 -0500] "GET /englishL/images/titletrans.gif HTTP/1.1" 200 15588 "http://www.darwinday.org/" "Mozilla/4.0 (compatible; MSIE 6.0; Windows 98; Win 9x 4.90)"
159.149.34.19 - - [09/Feb/2006:05:17:58 -0500] "GET /englishL/images/navbar.gif HTTP/1.1" 200 2667 "http://www.darwinday.org/" "Mozilla/4.0 (compatible; MSIE 6.0; Windows 98; Win 9x 4.90)"
159.149.34.19 - - [09/Feb/2006:05:17:59 -0500] "GET /images/worldmaptransp.gif HTTP/1.1" 200 128893 "http://www.darwinday.org/" "Mozilla/4.0 (compatible; MSIE 6.0; Windows 98; Win 9x 4.90)"
159.149.34.19 - - [09/Feb/2006:05:17:59 -0500] "GET /englishL/home/images/darwinages.gif HTTP/1.1" 200 50309 "http://www.darwinday.org/" "Mozilla/4.0 (compatible; MSIE 6.0; Windows 98; Win 9x 4.90)"
159.149.34.19 - - [09/Feb/2006:05:17:59 -0500] "GET /images/arrow.gif HTTP/1.1" 200 112 "http://www.darwinday.org/" "Mozilla/4.0 (compatible; MSIE 6.0; Windows 98; Win 9x 4.90)"
159.149.34.19 - - [09/Feb/2006:05:17:59 -0500] "GET /images/dnahorizl.gif HTTP/1.1" 200 2130 "http://www.darwinday.org/" "Mozilla/4.0 (compatible; MSIE 6.0; Windows 98; Win 9x 4.90)"
159.149.34.19 - - [09/Feb/2006:05:17:59 -0500] "GET /images/dnahoriz.gif HTTP/1.1" 200 3391 "http://www.darwinday.org/" "Mozilla/4.0 (compatible; MSIE 6.0; Windows 98; Win 9x 4.90)"
159.149.34.19 - - [09/Feb/2006:05:17:59 -0500] "GET /images/dnahorizr.gif HTTP/1.1" 200 2104 "http://www.darwinday.org/" "Mozilla/4.0 (compatible; MSIE 6.0; Windows 98; Win 9x 4.90)"
159.149.34.19 - - [09/Feb/2006:05:17:59 -0500] "GET /englishL/home/images/lincoln.gif HTTP/1.1" 200 11057 "http://www.darwinday.org/" "Mozilla/4.0 (compatible; MSIE 6.0; Windows 98; Win 9x 4.90)"
159.149.34.19 - - [09/Feb/2006:05:17:59 -0500] "GET /englishL/home/images/darwin.gif HTTP/1.1" 200 13783 "http://www.darwinday.org/" "Mozilla/4.0 (compatible; MSIE 6.0; Windows 98; Win 9x 4.90)"
159.149.34.19 - - [09/Feb/2006:05:17:59 -0500] "GET /englishL/home/images/beagle.gif HTTP/1.1" 200 37108 "http://www.darwinday.org/" "Mozilla/4.0 (compatible; MSIE 6.0; Windows 98; Win 9x 4.90)"
159.149.34.19 - - [09/Feb/2006:05:17:59 -0500] "GET /images/trans.gif HTTP/1.1" 200 49 "http://www.darwinday.org/" "Mozilla/4.0 (compatible; MSIE 6.0; Windows 98; Win 9x 4.90)"
159.149.34.19 - - [09/Feb/2006:05:17:59 -0500] "GET /englishL/home/images/horse.evolution.jpg HTTP/1.1" 200 29612 "http://www.darwinday.org/" "Mozilla/4.0 (compatible; MSIE 6.0; Windows 98; Win 9x 4.90)"
159.149.34.19 - - [09/Feb/2006:05:17:59 -0500] "GET /englishL/home/images/manymore.gif HTTP/1.1" 200 581 "http://www.darwinday.org/" "Mozilla/4.0 (compatible; MSIE 6.0; Windows 98; Win 9x 4.90)"
159.149.34.19 - - [09/Feb/2006:05:18:00 -0500] "GET /englishL/home/images/joinus.gif HTTP/1.1" 200 524 "http://www.darwinday.org/" "Mozilla/4.0 (compatible; MSIE 6.0; Windows 98; Win 9x 4.90)"
159.149.34.19 - - [09/Feb/2006:05:18:00 -0500] "GET /images/DNAlogo.gif HTTP/1.1" 200 1370 "http://www.darwinday.org/englishL/currarts.html" "Mozilla/4.0 (compatible; MSIE 6.0; Windows 98; Win 9x 4.90)"
159.149.34.19 - - [09/Feb/2006:05:18:08 -0500] "GET /stylesheets/main.css HTTP/1.1" 304 - "http://www.darwinday.org/englishL/home/2006.php" "Mozilla/4.0 (compatible; MSIE 6.0; Windows 98; Win 9x 4.90)"
159.149.34.19 - - [09/Feb/2006:05:18:08 -0500] "GET /images/topleftlogo.gif HTTP/1.1" 304 - "http://www.darwinday.org/englishL/home/2006.php" "Mozilla/4.0 (compatible; MSIE 6.0; Windows 98; Win 9x 4.90)"
159.149.34.19 - - [09/Feb/2006:05:18:08 -0500] "GET /images/header.gif HTTP/1.1" 304 - "http://www.darwinday.org/englishL/home/2006.php" "Mozilla/4.0 (compatible; MSIE 6.0; Windows 98; Win 9x 4.90)"
159.149.34.19 - - [09/Feb/2006:05:18:08 -0500] "GET /images/worldmaptransp.gif HTTP/1.1" 304 - "http://www.darwinday.org/englishL/home/2006.php" "Mozilla/4.0 (compatible; MSIE 6.0; Windows 98; Win 9x 4.90)"
159.149.34.19 - - [09/Feb/2006:05:18:08 -0500] "GET /englishL/images/titletrans.gif HTTP/1.1" 304 - "http://www.darwinday.org/englishL/home/2006.php" "Mozilla/4.0 (compatible; MSIE 6.0; Windows 98; Win 9x 4.90)"
159.149.34.19 - - [09/Feb/2006:05:18:08 -0500] "GET /englishL/images/navbar.gif HTTP/1.1" 304 - "http://www.darwinday.org/englishL/home/2006.php" "Mozilla/4.0 (compatible; MSIE 6.0; Windows 98; Win 9x 4.90)"
24.61.164.33 - - [09/Feb/2006:05:18:13 -0500] "GET /englishL/home/2005.php HTTP/1.1" 200 12084 "-" "Mozilla/4.0 (compatible ; MSIE 6.0; Windows NT 5.1)"
24.61.164.33 - - [09/Feb/2006:05:18:16 -0500] "GET /englishL/home/2005.php HTTP/1.1" 200 362411 "-" "Mozilla/4.0 (compatible ; MSIE 6.0; Windows NT 5.1)"
159.149.34.19 - - [09/Feb/2006:05:18:17 -0500] "GET /englishL/home/2006.php HTTP/1.1" 200 1522188 "http://www.darwinday.org/" "Mozilla/4.0 (compatible; MSIE 6.0; Windows 98; Win 9x 4.90)"
159.149.34.19 - - [09/Feb/2006:05:18:17 -0500] "GET /stylesheets/mainenglishL.css HTTP/1.1" 304 - "http://www.darwinday.org/englishL/home/2006.php" "Mozilla/4.0 (compatible; MSIE 6.0; Windows 98; Win 9x 4.90)"
125.174.137.23 - - [09/Feb/2006:05:18:19 -0500] "GET /englishL/home/2006.php HTTP/1.1" 200 970564 "http://www.darwinday.org/" "Mozilla/4.0 (compatible; MSIE 6.0; Windows NT 5.1; SV1)"
65.54.188.54 - - [09/Feb/2006:05:18:45 -0500] "GET /robots.txt HTTP/1.0" 404 3372 "-" "msnbot/1.0 (+http://search.msn.com/msnbot.htm)"
65.54.188.54 - - [09/Feb/2006:05:18:45 -0500] "GET /events/calendar.html HTTP/1.0" 404 3382 "-" "msnbot/1.0 (+http://search.msn.com/msnbot.htm)"
24.61.164.33 - - [09/Feb/2006:05:18:51 -0500] "GET /englishL/regevent/index.php HTTP/1.1" 200 12084 "-" "Mozilla/4.0 (compatible ; MSIE 6.0; Windows NT 5.1)"
24.61.164.33 - - [09/Feb/2006:05:19:20 -0500] "GET /englishL/newsviews/index.html HTTP/1.1" 304 - "-" "Mozilla/4.0 (compatible ; MSIE 6.0; Windows NT 5.1)"
24.61.164.33 - - [09/Feb/2006:05:19:23 -0500] "GET /englishL/aboutddc/index.html HTTP/1.1" 304 - "-" "Mozilla/4.0 (compatible ; MSIE 6.0; Windows NT 5.1)"
24.61.164.33 - - [09/Feb/2006:05:19:26 -0500] "GET /chooselang/index.html HTTP/1.1" 304 - "-" "Mozilla/4.0 (compatible ; MSIE 6.0; Windows NT 5.1)"
24.61.164.33 - - [09/Feb/2006:05:19:28 -0500] "GET /englishL/home/coming%20soon! HTTP/1.1" 404 3402 "-" "Mozilla/4.0 (compatible ; MSIE 6.0; Windows NT 5.1)"
125.174.137.23 - - [09/Feb/2006:05:19:30 -0500] "GET / HTTP/1.1" 304 - "http://www.google.com/search?hl=en&q=darwin+day" "Mozilla/4.0 (compatible; MSIE 6.0; Windows NT 5.1; SV1)"
125.174.137.23 - - [09/Feb/2006:05:19:31 -0500] "GET /stylesheets/mainenglishL.css HTTP/1.1" 304 - "http://www.darwinday.org/" "Mozilla/4.0 (compatible; MSIE 6.0; Windows NT 5.1; SV1)"
125.174.137.23 - - [09/Feb/2006:05:19:32 -0500] "GET /englishL/home/images/manymore.gif HTTP/1.1" 304 - "http://www.darwinday.org/" "Mozilla/4.0 (compatible; MSIE 6.0; Windows NT 5.1; SV1)"
125.174.137.23 - - [09/Feb/2006:05:19:32 -0500] "GET /stylesheets/main.css HTTP/1.1" 304 - "http://www.darwinday.org/" "Mozilla/4.0 (compatible; MSIE 6.0; Windows NT 5.1; SV1)"
125.174.137.23 - - [09/Feb/2006:05:19:32 -0500] "GET /images/topleftlogo.gif HTTP/1.1" 304 - "http://www.darwinday.org/" "Mozilla/4.0 (compatible; MSIE 6.0; Windows NT 5.1; SV1)"
125.174.137.23 - - [09/Feb/2006:05:19:32 -0500] "GET /images/header.gif HTTP/1.1" 304 - "http://www.darwinday.org/" "Mozilla/4.0 (compatible; MSIE 6.0; Windows NT 5.1; SV1)"
125.174.137.23 - - [09/Feb/2006:05:19:33 -0500] "GET /images/worldmaptransp.gif HTTP/1.1" 304 - "http://www.darwinday.org/" "Mozilla/4.0 (compatible; MSIE 6.0; Windows NT 5.1; SV1)"
125.174.137.23 - - [09/Feb/2006:05:19:33 -0500] "GET /englishL/images/navbar.gif HTTP/1.1" 304 - "http://www.darwinday.org/" "Mozilla/4.0 (compatible; MSIE 6.0; Windows NT 5.1; SV1)"
125.174.137.23 - - [09/Feb/2006:05:19:33 -0500] "GET /englishL/images/titletrans.gif HTTP/1.1" 304 - "http://www.darwinday.org/" "Mozilla/4.0 (compatible; MSIE 6.0; Windows NT 5.1; SV1)"
125.174.137.23 - - [09/Feb/2006:05:19:33 -0500] "GET /images/arrow.gif HTTP/1.1" 304 - "http://www.darwinday.org/" "Mozilla/4.0 (compatible; MSIE 6.0; Windows NT 5.1; SV1)"
125.174.137.23 - - [09/Feb/2006:05:19:33 -0500] "GET /images/dnahorizl.gif HTTP/1.1" 304 - "http://www.darwinday.org/" "Mozilla/4.0 (compatible; MSIE 6.0; Windows NT 5.1; SV1)"
125.174.137.23 - - [09/Feb/2006:05:19:34 -0500] "GET /images/dnahoriz.gif HTTP/1.1" 304 - "http://www.darwinday.org/" "Mozilla/4.0 (compatible; MSIE 6.0; Windows NT 5.1; SV1)"
125.174.137.23 - - [09/Feb/2006:05:19:34 -0500] "GET /images/dnahorizr.gif HTTP/1.1" 304 - "http://www.darwinday.org/" "Mozilla/4.0 (compatible; MSIE 6.0; Windows NT 5.1; SV1)"
125.174.137.23 - - [09/Feb/2006:05:19:34 -0500] "GET /englishL/home/images/lincoln.gif HTTP/1.1" 304 - "http://www.darwinday.org/" "Mozilla/4.0 (compatible; MSIE 6.0; Windows NT 5.1; SV1)"
125.174.137.23 - - [09/Feb/2006:05:19:34 -0500] "GET /englishL/home/images/beagle.gif HTTP/1.1" 304 - "http://www.darwinday.org/" "Mozilla/4.0 (compatible; MSIE 6.0; Windows NT 5.1; SV1)"
125.174.137.23 - - [09/Feb/2006:05:19:34 -0500] "GET /englishL/home/images/darwin.gif HTTP/1.1" 304 - "http://www.darwinday.org/" "Mozilla/4.0 (compatible; MSIE 6.0; Windows NT 5.1; SV1)"
125.174.137.23 - - [09/Feb/2006:05:19:34 -0500] "GET /images/trans.gif HTTP/1.1" 304 - "http://www.darwinday.org/" "Mozilla/4.0 (compatible; MSIE 6.0; Windows NT 5.1; SV1)"
125.174.137.23 - - [09/Feb/2006:05:19:35 -0500] "GET /englishL/home/images/joinus.gif HTTP/1.1" 304 - "http://www.darwinday.org/" "Mozilla/4.0 (compatible; MSIE 6.0; Windows NT 5.1; SV1)"
125.174.137.23 - - [09/Feb/2006:05:19:35 -0500] "GET /englishL/currarts.html HTTP/1.1" 304 - "http://www.darwinday.org/" "Mozilla/4.0 (compatible; MSIE 6.0; Windows NT 5.1; SV1)"
59.95.206.155 - - [09/Feb/2006:05:19:38 -0500] "GET /englishL/newsviews/news.html HTTP/1.1" 200 12650 "-" "Mozilla/4.0 (compatible; MSIE 6.0; Windows NT 5.1)"
125.174.137.23 - - [09/Feb/2006:05:19:38 -0500] "GET /images/DNAlogo.gif HTTP/1.1" 304 - "http://www.darwinday.org/englishL/currarts.html" "Mozilla/4.0 (compatible; MSIE 6.0; Windows NT 5.1; SV1)"
59.95.206.155 - - [09/Feb/2006:05:19:38 -0500] "GET /images/topleftlogo.gif HTTP/1.1" 200 6907 "-" "Mozilla/4.0 (compatible; MSIE 6.0; Windows NT 5.1)"
59.95.206.155 - - [09/Feb/2006:05:19:38 -0500] "GET /stylesheets/main.css HTTP/1.1" 200 658 "-" "Mozilla/4.0 (compatible; MSIE 6.0; Windows NT 5.1)"
125.174.137.23 - - [09/Feb/2006:05:19:38 -0500] "GET /englishL/home/images/darwinages.gif HTTP/1.1" 206 15672 "http://www.darwinday.org/" "Mozilla/4.0 (compatible; MSIE 6.0; Windows NT 5.1; SV1)"
59.95.206.155 - - [09/Feb/2006:05:19:39 -0500] "GET /images/header.gif HTTP/1.1" 200 26756 "-" "Mozilla/4.0 (compatible; MSIE 6.0; Windows NT 5.1)"
59.95.206.155 - - [09/Feb/2006:05:19:39 -0500] "GET /englishL/images/titletrans.gif HTTP/1.1" 200 15588 "-" "Mozilla/4.0 (compatible; MSIE 6.0; Windows NT 5.1)"
125.174.137.23 - - [09/Feb/2006:05:19:40 -0500] "GET /englishL/home/images/horse.evolution.jpg HTTP/1.1" 206 21256 "http://www.darwinday.org/" "Mozilla/4.0 (compatible; MSIE 6.0; Windows NT 5.1; SV1)"
59.95.206.155 - - [09/Feb/2006:05:19:41 -0500] "GET /images/worldmaptransp.gif HTTP/1.1" 200 128893 "-" "Mozilla/4.0 (compatible; MSIE 6.0; Windows NT 5.1)"
59.95.206.155 - - [09/Feb/2006:05:19:41 -0500] "GET /englishL/images/navbar.gif HTTP/1.1" 200 2667 "-" "Mozilla/4.0 (compatible; MSIE 6.0; Windows NT 5.1)"
59.95.206.155 - - [09/Feb/2006:05:19:42 -0500] "GET /englishL/newsviews/images/mayr.gif HTTP/1.1" 200 11643 "-" "Mozilla/4.0 (compatible; MSIE 6.0; Windows NT 5.1)"
59.95.206.155 - - [09/Feb/2006:05:19:42 -0500] "GET /englishL/newsviews/images/beagleproject.jpg HTTP/1.1" 200 19262 "-" "Mozilla/4.0 (compatible; MSIE 6.0; Windows NT 5.1)"
59.95.206.155 - - [09/Feb/2006:05:19:43 -0500] "GET /englishL/newsviews/images/darwinite.jpg HTTP/1.1" 200 17896 "-" "Mozilla/4.0 (compatible; MSIE 6.0; Windows NT 5.1)"
59.95.206.155 - - [09/Feb/2006:05:19:44 -0500] "GET /englishL/newsviews/images/birthplace.gif HTTP/1.1" 200 10900 "-" "Mozilla/4.0 (compatible; MSIE 6.0; Windows NT 5.1)"
59.95.206.155 - - [09/Feb/2006:05:19:45 -0500] "GET /favicon.ico HTTP/1.1" 404 3385 "-" "Mozilla/4.0 (compatible; MSIE 6.0; Windows NT 5.1)"
59.95.206.155 - - [09/Feb/2006:05:19:46 -0500] "GET /favicon.ico HTTP/1.1" 404 3385 "-" "Mozilla/4.0 (compatible; MSIE 6.0; Windows NT 5.1)"
24.61.164.33 - - [09/Feb/2006:05:20:03 -0500] "GET /stylesheets/mainenglishL.css HTTP/1.1" 200 590 "-" "Mozilla/4.0 (compatible ; MSIE 6.0; Windows NT 5.1)"
24.61.164.33 - - [09/Feb/2006:05:20:03 -0500] "GET /englishL/regevent/index.php HTTP/1.1" 200 31680 "-" "Mozilla/4.0 (compatible ; MSIE 6.0; Windows NT 5.1)"
24.61.164.33 - - [09/Feb/2006:05:20:05 -0500] "GET /englishL/events/index.html HTTP/1.1" 200 4612 "-" "Mozilla/4.0 (compatible ; MSIE 6.0; Windows NT 5.1)"
24.61.164.33 - - [09/Feb/2006:05:20:06 -0500] "GET /englishL/home/coming%20soon! HTTP/1.1" 404 3402 "-" "Mozilla/4.0 (compatible ; MSIE 6.0; Windows NT 5.1)"
24.61.164.33 - - [09/Feb/2006:05:20:12 -0500] "GET /englishL/life/index.html HTTP/1.1" 304 - "-" "Mozilla/4.0 (compatible ; MSIE 6.0; Windows NT 5.1)"
24.61.164.33 - - [09/Feb/2006:05:20:13 -0500] "GET /englishL/evolution/index.html HTTP/1.1" 304 - "-" "Mozilla/4.0 (compatible ; MSIE 6.0; Windows NT 5.1)"
24.61.164.33 - - [09/Feb/2006:05:20:15 -0500] "GET /englishL/newsviews/news.html HTTP/1.1" 304 - "-" "Mozilla/4.0 (compatible ; MSIE 6.0; Windows NT 5.1)"
24.61.164.33 - - [09/Feb/2006:05:20:16 -0500] "GET /englishL/home/index.html HTTP/1.1" 304 - "-" "Mozilla/4.0 (compatible ; MSIE 6.0; Windows NT 5.1)"
24.61.164.33 - - [09/Feb/2006:05:20:16 -0500] "GET /englishL/home/none HTTP/1.1" 404 3392 "-" "Mozilla/4.0 (compatible ; MSIE 6.0; Windows NT 5.1)"
68.254.180.128 - - [09/Feb/2006:05:20:30 -0500] "GET /englishL/life/index.html HTTP/1.0" 304 - "-" "Mozilla/4.0 (compatible; MSIE 5.5; Windows NT 5.0) Fetch API Request"
24.61.164.33 - - [09/Feb/2006:05:20:31 -0500] "GET /englishL/home/NULL HTTP/1.1" 404 3392 "-" "Mozilla/4.0 (compatible ; MSIE 6.0; Windows NT 5.1)"
24.61.164.33 - - [09/Feb/2006:05:20:31 -0500] "GET /stylesheets/main.css HTTP/1.1" 206 658 "-" "Mozilla/4.0 (compatible ; MSIE 6.0; Windows NT 5.1)"
24.61.164.33 - - [09/Feb/2006:05:20:47 -0500] "GET /englishL/events/index.html HTTP/1.1" 206 4612 "-" "Mozilla/4.0 (compatible ; MSIE 6.0; Windows NT 5.1)"
24.61.164.33 - - [09/Feb/2006:05:21:07 -0500] "GET /englishL/home/NULL HTTP/1.1" 404 3392 "-" "Mozilla/4.0 (compatible ; MSIE 6.0; Windows NT 5.1)"
