71.3.161.10 - - [09/Feb/2006:10:29:18 -0500] "GET /images/header.gif HTTP/1.1" 206 17359 "http://www.darwinday.org/" "Mozilla/4.0 (compatible; MSIE 6.0; Windows NT 5.1; SV1; .NET CLR 1.1.4322)"
71.3.161.10 - - [09/Feb/2006:10:29:19 -0500] "GET /englishL/images/titletrans.gif HTTP/1.1" 200 15588 "http://www.darwinday.org/" "Mozilla/4.0 (compatible; MSIE 6.0; Windows NT 5.1; SV1; .NET CLR 1.1.4322)"
71.3.161.10 - - [09/Feb/2006:10:29:20 -0500] "GET /englishL/images/navbar.gif HTTP/1.1" 200 2667 "http://www.darwinday.org/" "Mozilla/4.0 (compatible; MSIE 6.0; Windows NT 5.1; SV1; .NET CLR 1.1.4322)"
71.3.161.10 - - [09/Feb/2006:10:29:22 -0500] "GET /images/worldmaptransp.gif HTTP/1.1" 200 69595 "http://www.darwinday.org/" "Mozilla/4.0 (compatible; MSIE 6.0; Windows NT 5.1; SV1; .NET CLR 1.1.4322)"
71.3.161.10 - - [09/Feb/2006:10:29:22 -0500] "GET /englishL/home/images/darwinages.gif HTTP/1.1" 200 40197 "http://www.darwinday.org/" "Mozilla/4.0 (compatible; MSIE 6.0; Windows NT 5.1; SV1; .NET CLR 1.1.4322)"
71.3.161.10 - - [09/Feb/2006:10:29:29 -0500] "GET /images/worldmaptransp.gif HTTP/1.1" 206 69098 "http://www.darwinday.org/" "Mozilla/4.0 (compatible; MSIE 6.0; Windows NT 5.1; SV1; .NET CLR 1.1.4322)"
71.3.161.10 - - [09/Feb/2006:10:29:31 -0500] "GET /englishL/home/images/darwinages.gif HTTP/1.1" 206 21312 "http://www.darwinday.org/" "Mozilla/4.0 (compatible; MSIE 6.0; Windows NT 5.1; SV1; .NET CLR 1.1.4322)"
199.218.118.240 - - [09/Feb/2006:10:29:31 -0500] "GET /englishL/aboutddc/images/bateson.gif HTTP/1.1" 200 10961 "http://www.darwinday.org/englishL/aboutddc/advisory.html" "Mozilla/4.0 (compatible; MSIE 6.0; Windows NT 5.1)"
199.218.118.240 - - [09/Feb/2006:10:29:31 -0500] "GET /englishL/aboutddc/images/calvin.gif HTTP/1.1" 200 11213 "http://www.darwinday.org/englishL/aboutddc/advisory.html" "Mozilla/4.0 (compatible; MSIE 6.0; Windows NT 5.1)"
199.218.118.240 - - [09/Feb/2006:10:29:31 -0500] "GET /englishL/aboutddc/images/cronin.gif HTTP/1.1" 200 8731 "http://www.darwinday.org/englishL/aboutddc/advisory.html" "Mozilla/4.0 (compatible; MSIE 6.0; Windows NT 5.1)"
199.218.118.240 - - [09/Feb/2006:10:29:31 -0500] "GET /englishL/aboutddc/images/dawkins.gif HTTP/1.1" 200 14879 "http://www.darwinday.org/englishL/aboutddc/advisory.html" "Mozilla/4.0 (compatible; MSIE 6.0; Windows NT 5.1)"
199.218.118.240 - - [09/Feb/2006:10:29:31 -0500] "GET /englishL/aboutddc/advisory.html HTTP/1.1" 200 27384 "http://www.darwinday.org/englishL/aboutddc/index.html" "Mozilla/4.0 (compatible; MSIE 6.0; Windows NT 5.1)"
199.218.118.240 - - [09/Feb/2006:10:29:31 -0500] "GET /englishL/aboutddc/images/dennett.gif HTTP/1.1" 200 11171 "http://www.darwinday.org/englishL/aboutddc/advisory.html" "Mozilla/4.0 (compatible; MSIE 6.0; Windows NT 5.1)"
199.218.118.240 - - [09/Feb/2006:10:29:32 -0500] "GET /englishL/aboutddc/images/jones.gif HTTP/1.1" 200 9704 "http://www.darwinday.org/englishL/aboutddc/advisory.html" "Mozilla/4.0 (compatible; MSIE 6.0; Windows NT 5.1)"
199.218.118.240 - - [09/Feb/2006:10:29:32 -0500] "GET /englishL/aboutddc/images/pinker.gif HTTP/1.1" 200 11560 "http://www.darwinday.org/englishL/aboutddc/advisory.html" "Mozilla/4.0 (compatible; MSIE 6.0; Windows NT 5.1)"
199.218.118.240 - - [09/Feb/2006:10:29:33 -0500] "GET /englishL/aboutddc/images/shermer.gif HTTP/1.1" 200 9761 "http://www.darwinday.org/englishL/aboutddc/advisory.html" "Mozilla/4.0 (compatible; MSIE 6.0; Windows NT 5.1)"
199.218.118.240 - - [09/Feb/2006:10:29:33 -0500] "GET /englishL/aboutddc/images/tudge.gif HTTP/1.1" 200 14266 "http://www.darwinday.org/englishL/aboutddc/advisory.html" "Mozilla/4.0 (compatible; MSIE 6.0; Windows NT 5.1)"
199.218.118.240 - - [09/Feb/2006:10:29:34 -0500] "GET /englishL/aboutddc/images/wilson.gif HTTP/1.1" 200 9150 "http://www.darwinday.org/englishL/aboutddc/advisory.html" "Mozilla/4.0 (compatible; MSIE 6.0; Windows NT 5.1)"
199.218.118.240 - - [09/Feb/2006:10:29:34 -0500] "GET /englishL/aboutddc/images/zimmer.gif HTTP/1.1" 200 11343 "http://www.darwinday.org/englishL/aboutddc/advisory.html" "Mozilla/4.0 (compatible; MSIE 6.0; Windows NT 5.1)"
199.218.118.240 - - [09/Feb/2006:10:29:35 -0500] "GET /englishL/aboutddc/images/scott.gif HTTP/1.1" 200 12626 "http://www.darwinday.org/englishL/aboutddc/advisory.html" "Mozilla/4.0 (compatible; MSIE 6.0; Windows NT 5.1)"
71.3.161.10 - - [09/Feb/2006:10:29:36 -0500] "GET /images/arrow.gif HTTP/1.1" 200 112 "http://www.darwinday.org/" "Mozilla/4.0 (compatible; MSIE 6.0; Windows NT 5.1; SV1; .NET CLR 1.1.4322)"
71.3.161.10 - - [09/Feb/2006:10:29:36 -0500] "GET /images/dnahorizl.gif HTTP/1.1" 200 2130 "http://www.darwinday.org/" "Mozilla/4.0 (compatible; MSIE 6.0; Windows NT 5.1; SV1; .NET CLR 1.1.4322)"
71.3.161.10 - - [09/Feb/2006:10:29:37 -0500] "GET /images/dnahorizr.gif HTTP/1.1" 200 2104 "http://www.darwinday.org/" "Mozilla/4.0 (compatible; MSIE 6.0; Windows NT 5.1; SV1; .NET CLR 1.1.4322)"
71.3.161.10 - - [09/Feb/2006:10:29:37 -0500] "GET /images/dnahoriz.gif HTTP/1.1" 200 3391 "http://www.darwinday.org/" "Mozilla/4.0 (compatible; MSIE 6.0; Windows NT 5.1; SV1; .NET CLR 1.1.4322)"
71.3.161.10 - - [09/Feb/2006:10:29:37 -0500] "GET /englishL/home/images/lincoln.gif HTTP/1.1" 200 11057 "http://www.darwinday.org/" "Mozilla/4.0 (compatible; MSIE 6.0; Windows NT 5.1; SV1; .NET CLR 1.1.4322)"
71.3.161.10 - - [09/Feb/2006:10:29:39 -0500] "GET /englishL/home/images/darwin.gif HTTP/1.1" 200 13783 "http://www.darwinday.org/" "Mozilla/4.0 (compatible; MSIE 6.0; Windows NT 5.1; SV1; .NET CLR 1.1.4322)"
71.3.161.10 - - [09/Feb/2006:10:29:40 -0500] "GET /images/trans.gif HTTP/1.1" 200 49 "http://www.darwinday.org/" "Mozilla/4.0 (compatible; MSIE 6.0; Windows NT 5.1; SV1; .NET CLR 1.1.4322)"
71.3.161.10 - - [09/Feb/2006:10:29:40 -0500] "GET /englishL/home/images/manymore.gif HTTP/1.1" 200 581 "http://www.darwinday.org/" "Mozilla/4.0 (compatible; MSIE 6.0; Windows NT 5.1; SV1; .NET CLR 1.1.4322)"
71.3.161.10 - - [09/Feb/2006:10:29:40 -0500] "GET /englishL/home/images/beagle.gif HTTP/1.1" 200 37108 "http://www.darwinday.org/" "Mozilla/4.0 (compatible; MSIE 6.0; Windows NT 5.1; SV1; .NET CLR 1.1.4322)"
71.3.161.10 - - [09/Feb/2006:10:29:41 -0500] "GET /englishL/home/images/joinus.gif HTTP/1.1" 200 524 "http://www.darwinday.org/" "Mozilla/4.0 (compatible; MSIE 6.0; Windows NT 5.1; SV1; .NET CLR 1.1.4322)"
71.3.161.10 - - [09/Feb/2006:10:29:42 -0500] "GET /images/DNAlogo.gif HTTP/1.1" 200 1370 "http://www.darwinday.org/englishL/currarts.html" "Mozilla/4.0 (compatible; MSIE 6.0; Windows NT 5.1; SV1; .NET CLR 1.1.4322)"
71.3.161.10 - - [09/Feb/2006:10:29:43 -0500] "GET /englishL/home/images/horse.evolution.jpg HTTP/1.1" 200 29612 "http://www.darwinday.org/" "Mozilla/4.0 (compatible; MSIE 6.0; Windows NT 5.1; SV1; .NET CLR 1.1.4322)"
71.3.161.10 - - [09/Feb/2006:10:29:43 -0500] "GET /englishL/home/images/horse.evolution.jpg HTTP/1.1" 206 6216 "http://www.darwinday.org/" "Mozilla/4.0 (compatible; MSIE 6.0; Windows NT 5.1; SV1; .NET CLR 1.1.4322)"
71.3.161.10 - - [09/Feb/2006:10:29:43 -0500] "GET /images/DNAlogo.gif HTTP/1.1" 206 371 "http://www.darwinday.org/englishL/currarts.html" "Mozilla/4.0 (compatible; MSIE 6.0; Windows NT 5.1; SV1; .NET CLR 1.1.4322)"
134.84.177.48 - - [09/Feb/2006:10:30:19 -0500] "GET /englishL/regemail/index.php HTTP/1.1" 200 6017 "http://www.darwinday.org/" "Mozilla/5.0 (Macintosh; U; PPC Mac OS X; en) AppleWebKit/417.9 (KHTML, like Gecko) Safari/417.8"
134.84.177.48 - - [09/Feb/2006:10:30:19 -0500] "GET /favicon.ico HTTP/1.1" 404 3385 "-" "Mozilla/5.0 (Macintosh; U; PPC Mac OS X; en) AppleWebKit/417.9 (KHTML, like Gecko) Safari/417.8"
134.84.177.48 - - [09/Feb/2006:10:30:35 -0500] "POST /englishL/regemail/index.php? HTTP/1.1" 302 6017 "http://www.darwinday.org/englishL/regemail/index.php" "Mozilla/5.0 (Macintosh; U; PPC Mac OS X; en) AppleWebKit/417.9 (KHTML, like Gecko) Safari/417.8"
134.84.177.48 - - [09/Feb/2006:10:30:35 -0500] "GET /stylesheets/mainenglishL.css HTTP/1.1" 200 590 "http://www.darwinday.org/englishL/home/index.html?" "Mozilla/5.0 (Macintosh; U; PPC Mac OS X; en) AppleWebKit/417.9 (KHTML, like Gecko) Safari/417.8"
134.84.177.48 - - [09/Feb/2006:10:30:35 -0500] "GET /stylesheets/main.css HTTP/1.1" 200 658 "http://www.darwinday.org/englishL/home/index.html?" "Mozilla/5.0 (Macintosh; U; PPC Mac OS X; en) AppleWebKit/417.9 (KHTML, like Gecko) Safari/417.8"
134.84.177.48 - - [09/Feb/2006:10:30:35 -0500] "GET /images/topleftlogo.gif HTTP/1.1" 200 6907 "http://www.darwinday.org/englishL/home/index.html?" "Mozilla/5.0 (Macintosh; U; PPC Mac OS X; en) AppleWebKit/417.9 (KHTML, like Gecko) Safari/417.8"
134.84.177.48 - - [09/Feb/2006:10:30:35 -0500] "GET /englishL/home/index.html? HTTP/1.1" 200 25693 "http://www.darwinday.org/englishL/regemail/index.php" "Mozilla/5.0 (Macintosh; U; PPC Mac OS X; en) AppleWebKit/417.9 (KHTML, like Gecko) Safari/417.8"
134.84.177.48 - - [09/Feb/2006:10:30:35 -0500] "GET /englishL/images/navbar.gif HTTP/1.1" 200 2667 "http://www.darwinday.org/englishL/home/index.html?" "Mozilla/5.0 (Macintosh; U; PPC Mac OS X; en) AppleWebKit/417.9 (KHTML, like Gecko) Safari/417.8"
134.84.177.48 - - [09/Feb/2006:10:30:35 -0500] "GET /englishL/images/titletrans.gif HTTP/1.1" 200 15588 "http://www.darwinday.org/englishL/home/index.html?" "Mozilla/5.0 (Macintosh; U; PPC Mac OS X; en) AppleWebKit/417.9 (KHTML, like Gecko) Safari/417.8"
134.84.177.48 - - [09/Feb/2006:10:30:35 -0500] "GET /images/dnahorizr.gif HTTP/1.1" 200 2104 "http://www.darwinday.org/englishL/home/index.html?" "Mozilla/5.0 (Macintosh; U; PPC Mac OS X; en) AppleWebKit/417.9 (KHTML, like Gecko) Safari/417.8"
134.84.177.48 - - [09/Feb/2006:10:30:35 -0500] "GET /images/header.gif HTTP/1.1" 200 26756 "http://www.darwinday.org/englishL/home/index.html?" "Mozilla/5.0 (Macintosh; U; PPC Mac OS X; en) AppleWebKit/417.9 (KHTML, like Gecko) Safari/417.8"
134.84.177.48 - - [09/Feb/2006:10:30:35 -0500] "GET /images/dnahoriz.gif HTTP/1.1" 200 3391 "http://www.darwinday.org/englishL/home/index.html?" "Mozilla/5.0 (Macintosh; U; PPC Mac OS X; en) AppleWebKit/417.9 (KHTML, like Gecko) Safari/417.8"
134.84.177.48 - - [09/Feb/2006:10:30:35 -0500] "GET /englishL/home/images/joinus.gif HTTP/1.1" 200 524 "http://www.darwinday.org/englishL/home/index.html?" "Mozilla/5.0 (Macintosh; U; PPC Mac OS X; en) AppleWebKit/417.9 (KHTML, like Gecko) Safari/417.8"
134.84.177.48 - - [09/Feb/2006:10:30:35 -0500] "GET /images/arrow.gif HTTP/1.1" 200 112 "http://www.darwinday.org/englishL/home/index.html?" "Mozilla/5.0 (Macintosh; U; PPC Mac OS X; en) AppleWebKit/417.9 (KHTML, like Gecko) Safari/417.8"
134.84.177.48 - - [09/Feb/2006:10:30:35 -0500] "GET /englishL/home/images/lincoln.gif HTTP/1.1" 200 11057 "http://www.darwinday.org/englishL/home/index.html?" "Mozilla/5.0 (Macintosh; U; PPC Mac OS X; en) AppleWebKit/417.9 (KHTML, like Gecko) Safari/417.8"
134.84.177.48 - - [09/Feb/2006:10:30:35 -0500] "GET /englishL/home/images/beagle.gif HTTP/1.1" 200 37108 "http://www.darwinday.org/englishL/home/index.html?" "Mozilla/5.0 (Macintosh; U; PPC Mac OS X; en) AppleWebKit/417.9 (KHTML, like Gecko) Safari/417.8"
134.84.177.48 - - [09/Feb/2006:10:30:35 -0500] "GET /favicon.ico HTTP/1.1" 404 3385 "-" "Mozilla/5.0 (Macintosh; U; PPC Mac OS X; en) AppleWebKit/417.9 (KHTML, like Gecko) Safari/417.8"
134.84.177.48 - - [09/Feb/2006:10:30:35 -0500] "GET /images/worldmaptransp.gif HTTP/1.1" 200 128893 "http://www.darwinday.org/englishL/home/index.html?" "Mozilla/5.0 (Macintosh; U; PPC Mac OS X; en) AppleWebKit/417.9 (KHTML, like Gecko) Safari/417.8"
134.84.177.48 - - [09/Feb/2006:10:30:35 -0500] "GET /images/dnahorizl.gif HTTP/1.1" 200 2130 "http://www.darwinday.org/englishL/home/index.html?" "Mozilla/5.0 (Macintosh; U; PPC Mac OS X; en) AppleWebKit/417.9 (KHTML, like Gecko) Safari/417.8"
134.84.177.48 - - [09/Feb/2006:10:30:35 -0500] "GET /englishL/home/images/manymore.gif HTTP/1.1" 200 581 "http://www.darwinday.org/englishL/home/index.html?" "Mozilla/5.0 (Macintosh; U; PPC Mac OS X; en) AppleWebKit/417.9 (KHTML, like Gecko) Safari/417.8"
134.84.177.48 - - [09/Feb/2006:10:30:35 -0500] "GET /englishL/home/images/darwin.gif HTTP/1.1" 200 13783 "http://www.darwinday.org/englishL/home/index.html?" "Mozilla/5.0 (Macintosh; U; PPC Mac OS X; en) AppleWebKit/417.9 (KHTML, like Gecko) Safari/417.8"
134.84.177.48 - - [09/Feb/2006:10:30:35 -0500] "GET /images/trans.gif HTTP/1.1" 200 49 "http://www.darwinday.org/englishL/home/index.html?" "Mozilla/5.0 (Macintosh; U; PPC Mac OS X; en) AppleWebKit/417.9 (KHTML, like Gecko) Safari/417.8"
167.206.133.10 - - [09/Feb/2006:10:30:41 -0500] "GET / HTTP/1.1" 200 25315 "http://www.google.com/search?hl=en&lr=&q=darwin+day&btnG=Search" "Mozilla/4.0 (compatible; MSIE 6.0; Windows NT 5.1)"
167.206.133.10 - - [09/Feb/2006:10:30:41 -0500] "GET /images/header.gif HTTP/1.1" 200 26756 "http://www.darwinday.org/" "Mozilla/4.0 (compatible; MSIE 6.0; Windows NT 5.1)"
167.206.133.10 - - [09/Feb/2006:10:30:41 -0500] "GET /englishL/images/titletrans.gif HTTP/1.1" 200 15588 "http://www.darwinday.org/" "Mozilla/4.0 (compatible; MSIE 6.0; Windows NT 5.1)"
167.206.133.10 - - [09/Feb/2006:10:30:41 -0500] "GET /stylesheets/mainenglishL.css HTTP/1.1" 200 590 "http://www.darwinday.org/" "Mozilla/4.0 (compatible; MSIE 6.0; Windows NT 5.1)"
167.206.133.10 - - [09/Feb/2006:10:30:41 -0500] "GET /images/dnahorizl.gif HTTP/1.1" 200 2130 "http://www.darwinday.org/" "Mozilla/4.0 (compatible; MSIE 6.0; Windows NT 5.1)"
167.206.133.10 - - [09/Feb/2006:10:30:41 -0500] "GET /stylesheets/main.css HTTP/1.1" 200 658 "http://www.darwinday.org/" "Mozilla/4.0 (compatible; MSIE 6.0; Windows NT 5.1)"
167.206.133.10 - - [09/Feb/2006:10:30:41 -0500] "GET /images/arrow.gif HTTP/1.1" 200 112 "http://www.darwinday.org/" "Mozilla/4.0 (compatible; MSIE 6.0; Windows NT 5.1)"
167.206.133.10 - - [09/Feb/2006:10:30:41 -0500] "GET /images/dnahoriz.gif HTTP/1.1" 200 3391 "http://www.darwinday.org/" "Mozilla/4.0 (compatible; MSIE 6.0; Windows NT 5.1)"
167.206.133.10 - - [09/Feb/2006:10:30:41 -0500] "GET /images/dnahorizr.gif HTTP/1.1" 200 2104 "http://www.darwinday.org/" "Mozilla/4.0 (compatible; MSIE 6.0; Windows NT 5.1)"
167.206.133.10 - - [09/Feb/2006:10:30:41 -0500] "GET /englishL/currarts.html HTTP/1.1" 200 5653 "http://www.darwinday.org/" "Mozilla/4.0 (compatible; MSIE 6.0; Windows NT 5.1)"
167.206.133.10 - - [09/Feb/2006:10:30:41 -0500] "GET /englishL/home/images/lincoln.gif HTTP/1.1" 200 11057 "http://www.darwinday.org/" "Mozilla/4.0 (compatible; MSIE 6.0; Windows NT 5.1)"
167.206.133.10 - - [09/Feb/2006:10:30:41 -0500] "GET /englishL/home/images/darwin.gif HTTP/1.1" 200 13783 "http://www.darwinday.org/" "Mozilla/4.0 (compatible; MSIE 6.0; Windows NT 5.1)"
167.206.133.10 - - [09/Feb/2006:10:30:41 -0500] "GET /englishL/home/images/manymore.gif HTTP/1.1" 200 581 "http://www.darwinday.org/" "Mozilla/4.0 (compatible; MSIE 6.0; Windows NT 5.1)"
167.206.133.10 - - [09/Feb/2006:10:30:41 -0500] "GET /englishL/home/images/beagle.gif HTTP/1.1" 200 37108 "http://www.darwinday.org/" "Mozilla/4.0 (compatible; MSIE 6.0; Windows NT 5.1)"
167.206.133.10 - - [09/Feb/2006:10:30:41 -0500] "GET /images/topleftlogo.gif HTTP/1.1" 200 6907 "http://www.darwinday.org/" "Mozilla/4.0 (compatible; MSIE 6.0; Windows NT 5.1)"
167.206.133.10 - - [09/Feb/2006:10:30:41 -0500] "GET /images/trans.gif HTTP/1.1" 200 49 "http://www.darwinday.org/" "Mozilla/4.0 (compatible; MSIE 6.0; Windows NT 5.1)"
167.206.133.10 - - [09/Feb/2006:10:30:41 -0500] "GET /englishL/home/images/joinus.gif HTTP/1.1" 200 524 "http://www.darwinday.org/" "Mozilla/4.0 (compatible; MSIE 6.0; Windows NT 5.1)"
167.206.133.10 - - [09/Feb/2006:10:30:42 -0500] "GET /englishL/home/images/horse.evolution.jpg HTTP/1.1" 200 29612 "http://www.darwinday.org/" "Mozilla/4.0 (compatible; MSIE 6.0; Windows NT 5.1)"
167.206.133.10 - - [09/Feb/2006:10:30:42 -0500] "GET /images/worldmaptransp.gif HTTP/1.1" 200 128893 "http://www.darwinday.org/" "Mozilla/4.0 (compatible; MSIE 6.0; Windows NT 5.1)"
167.206.133.10 - - [09/Feb/2006:10:30:42 -0500] "GET /englishL/images/navbar.gif HTTP/1.1" 200 2667 "http://www.darwinday.org/" "Mozilla/4.0 (compatible; MSIE 6.0; Windows NT 5.1)"
167.206.133.10 - - [09/Feb/2006:10:30:42 -0500] "GET /englishL/home/images/darwinages.gif HTTP/1.1" 200 50309 "http://www.darwinday.org/" "Mozilla/4.0 (compatible; MSIE 6.0; Windows NT 5.1)"
167.206.133.10 - - [09/Feb/2006:10:30:42 -0500] "GET /images/DNAlogo.gif HTTP/1.1" 200 1370 "http://www.darwinday.org/englishL/currarts.html" "Mozilla/4.0 (compatible; MSIE 6.0; Windows NT 5.1)"
134.84.177.48 - - [09/Feb/2006:10:30:47 -0500] "GET /englishL/register/index.php HTTP/1.1" 200 19970 "http://www.darwinday.org/englishL/home/index.html?" "Mozilla/5.0 (Macintosh; U; PPC Mac OS X; en) AppleWebKit/417.9 (KHTML, like Gecko) Safari/417.8"
134.84.177.48 - - [09/Feb/2006:10:30:47 -0500] "GET /favicon.ico HTTP/1.1" 404 3385 "-" "Mozilla/5.0 (Macintosh; U; PPC Mac OS X; en) AppleWebKit/417.9 (KHTML, like Gecko) Safari/417.8"
83.243.158.2 - - [09/Feb/2006:10:31:00 -0500] "GET /englishL/life/images/mountfront2.jpg HTTP/1.1" 200 90035 "-" "Mozilla/4.0 (compatible; MSIE 6.0; Windows NT 5.1; SV1; .NET CLR 1.1.4322)"
83.243.158.2 - - [09/Feb/2006:10:31:01 -0500] "GET /favicon.ico HTTP/1.1" 404 3385 "-" "-"
134.84.177.48 - - [09/Feb/2006:10:31:03 -0500] "GET /favicon.ico HTTP/1.1" 404 3385 "-" "Mozilla/5.0 (Macintosh; U; PPC Mac OS X; en) AppleWebKit/417.9 (KHTML, like Gecko) Safari/417.8"
69.156.90.154 - - [09/Feb/2006:10:31:10 -0500] "GET /images/worldmaptransp.gif HTTP/1.1" 200 128893 "http://www.golocaljamaica.com/cgi-bin/yabb/YaBB.pl?board=othersports;action=display;num=1131197400" "Mozilla/5.0 (Windows; U; Windows NT 5.1; en-US; rv:1.0.1) Gecko/20020823 Netscape/7.0"
134.84.177.48 - - [09/Feb/2006:10:31:12 -0500] "GET /favicon.ico HTTP/1.1" 404 3385 "-" "Mozilla/5.0 (Macintosh; U; PPC Mac OS X; en) AppleWebKit/417.9 (KHTML, like Gecko) Safari/417.8"
198.30.156.42 - - [09/Feb/2006:10:31:12 -0500] "GET /stylesheets/main.css HTTP/1.1" 200 658 "http://www.darwinday.org/englishL/home/2006.php" "Mozilla/5.0 (Windows; U; Windows NT 5.1; en-US; rv:1.7.8) Gecko/20050511 Firefox/1.0.4"
198.30.156.42 - - [09/Feb/2006:10:31:13 -0500] "GET /images/topleftlogo.gif HTTP/1.1" 200 6907 "http://www.darwinday.org/englishL/home/2006.php" "Mozilla/5.0 (Windows; U; Windows NT 5.1; en-US; rv:1.7.8) Gecko/20050511 Firefox/1.0.4"
198.30.156.42 - - [09/Feb/2006:10:31:14 -0500] "GET /images/header.gif HTTP/1.1" 200 26756 "http://www.darwinday.org/englishL/home/2006.php" "Mozilla/5.0 (Windows; U; Windows NT 5.1; en-US; rv:1.7.8) Gecko/20050511 Firefox/1.0.4"
134.84.177.48 - - [09/Feb/2006:10:31:14 -0500] "GET /favicon.ico HTTP/1.1" 404 3385 "-" "Mozilla/5.0 (Macintosh; U; PPC Mac OS X; en) AppleWebKit/417.9 (KHTML, like Gecko) Safari/417.8"
198.30.156.42 - - [09/Feb/2006:10:31:15 -0500] "GET /images/worldmaptransp.gif HTTP/1.1" 200 128893 "http://www.darwinday.org/englishL/home/2006.php" "Mozilla/5.0 (Windows; U; Windows NT 5.1; en-US; rv:1.7.8) Gecko/20050511 Firefox/1.0.4"
198.30.156.42 - - [09/Feb/2006:10:31:16 -0500] "GET /englishL/images/titletrans.gif HTTP/1.1" 200 15588 "http://www.darwinday.org/englishL/home/2006.php" "Mozilla/5.0 (Windows; U; Windows NT 5.1; en-US; rv:1.7.8) Gecko/20050511 Firefox/1.0.4"
198.30.156.42 - - [09/Feb/2006:10:31:17 -0500] "GET /englishL/images/navbar.gif HTTP/1.1" 200 2667 "http://www.darwinday.org/englishL/home/2006.php" "Mozilla/5.0 (Windows; U; Windows NT 5.1; en-US; rv:1.7.8) Gecko/20050511 Firefox/1.0.4"
134.84.177.48 - - [09/Feb/2006:10:31:19 -0500] "GET /englishL/home/index.html HTTP/1.1" 200 25693 "http://www.darwinday.org/" "Mozilla/5.0 (Macintosh; U; PPC Mac OS X; en) AppleWebKit/417.9 (KHTML, like Gecko) Safari/417.8"
134.84.177.48 - - [09/Feb/2006:10:31:19 -0500] "GET /favicon.ico HTTP/1.1" 404 3385 "-" "Mozilla/5.0 (Macintosh; U; PPC Mac OS X; en) AppleWebKit/417.9 (KHTML, like Gecko) Safari/417.8"
134.84.177.48 - - [09/Feb/2006:10:31:24 -0500] "GET /englishL/aboutddc/index.html HTTP/1.1" 200 6558 "http://www.darwinday.org/englishL/home/index.html" "Mozilla/5.0 (Macintosh; U; PPC Mac OS X; en) AppleWebKit/417.9 (KHTML, like Gecko) Safari/417.8"
134.84.177.48 - - [09/Feb/2006:10:31:25 -0500] "GET /images/goldball.gif HTTP/1.1" 200 332 "http://www.darwinday.org/englishL/aboutddc/index.html" "Mozilla/5.0 (Macintosh; U; PPC Mac OS X; en) AppleWebKit/417.9 (KHTML, like Gecko) Safari/417.8"
134.84.177.48 - - [09/Feb/2006:10:31:25 -0500] "GET /favicon.ico HTTP/1.1" 404 3385 "-" "Mozilla/5.0 (Macintosh; U; PPC Mac OS X; en) AppleWebKit/417.9 (KHTML, like Gecko) Safari/417.8"
134.84.177.48 - - [09/Feb/2006:10:31:31 -0500] "GET /englishL/aboutddc/organization.html HTTP/1.1" 200 4043 "http://www.darwinday.org/englishL/aboutddc/index.html" "Mozilla/5.0 (Macintosh; U; PPC Mac OS X; en) AppleWebKit/417.9 (KHTML, like Gecko) Safari/417.8"
134.84.177.48 - - [09/Feb/2006:10:31:31 -0500] "GET /favicon.ico HTTP/1.1" 404 3385 "-" "Mozilla/5.0 (Macintosh; U; PPC Mac OS X; en) AppleWebKit/417.9 (KHTML, like Gecko) Safari/417.8"
198.30.156.42 - - [09/Feb/2006:10:31:36 -0500] "GET /englishL/home/2006.php HTTP/1.1" 200 1525053 "-" "Mozilla/5.0 (Windows; U; Windows NT 5.1; en-US; rv:1.7.8) Gecko/20050511 Firefox/1.0.4"
198.30.156.42 - - [09/Feb/2006:10:31:39 -0500] "GET /stylesheets/mainenglishL.css HTTP/1.1" 200 590 "http://www.darwinday.org/englishL/home/2006.php" "Mozilla/5.0 (Windows; U; Windows NT 5.1; en-US; rv:1.7.8) Gecko/20050511 Firefox/1.0.4"
198.30.156.42 - - [09/Feb/2006:10:31:42 -0500] "GET /favicon.ico HTTP/1.1" 404 3385 "-" "Mozilla/5.0 (Windows; U; Windows NT 5.1; en-US; rv:1.7.8) Gecko/20050511 Firefox/1.0.4"
213.79.35.188 - - [09/Feb/2006:10:31:50 -0500] "GET /stylesheets/mainenglishL.css HTTP/1.1" 200 590 "http://www.darwinday.org/" "Mozilla/4.0 (compatible; MSIE 6.0; Windows NT 5.0; .NET CLR 1.1.4322)"
213.79.35.188 - - [09/Feb/2006:10:31:50 -0500] "GET / HTTP/1.1" 200 25315 "http://www.google.ie/search?hl=en&q=darwin+day&meta=" "Mozilla/4.0 (compatible; MSIE 6.0; Windows NT 5.0; .NET CLR 1.1.4322)"
213.79.35.188 - - [09/Feb/2006:10:31:50 -0500] "GET /stylesheets/main.css HTTP/1.1" 200 658 "http://www.darwinday.org/" "Mozilla/4.0 (compatible; MSIE 6.0; Windows NT 5.0; .NET CLR 1.1.4322)"
213.79.35.188 - - [09/Feb/2006:10:31:50 -0500] "GET /images/topleftlogo.gif HTTP/1.1" 200 6907 "http://www.darwinday.org/" "Mozilla/4.0 (compatible; MSIE 6.0; Windows NT 5.0; .NET CLR 1.1.4322)"
213.79.35.188 - - [09/Feb/2006:10:31:50 -0500] "GET /englishL/currarts.html HTTP/1.1" 200 5653 "http://www.darwinday.org/" "Mozilla/4.0 (compatible; MSIE 6.0; Windows NT 5.0; .NET CLR 1.1.4322)"
213.79.35.188 - - [09/Feb/2006:10:31:50 -0500] "GET /images/header.gif HTTP/1.1" 200 26756 "http://www.darwinday.org/" "Mozilla/4.0 (compatible; MSIE 6.0; Windows NT 5.0; .NET CLR 1.1.4322)"
213.79.35.188 - - [09/Feb/2006:10:31:51 -0500] "GET /englishL/images/titletrans.gif HTTP/1.1" 200 15588 "http://www.darwinday.org/" "Mozilla/4.0 (compatible; MSIE 6.0; Windows NT 5.0; .NET CLR 1.1.4322)"
213.79.35.188 - - [09/Feb/2006:10:31:51 -0500] "GET /englishL/images/navbar.gif HTTP/1.1" 200 2667 "http://www.darwinday.org/" "Mozilla/4.0 (compatible; MSIE 6.0; Windows NT 5.0; .NET CLR 1.1.4322)"
213.79.35.188 - - [09/Feb/2006:10:31:51 -0500] "GET /englishL/home/images/darwinages.gif HTTP/1.1" 200 50309 "http://www.darwinday.org/" "Mozilla/4.0 (compatible; MSIE 6.0; Windows NT 5.0; .NET CLR 1.1.4322)"
213.79.35.188 - - [09/Feb/2006:10:31:52 -0500] "GET /images/arrow.gif HTTP/1.1" 200 112 "http://www.darwinday.org/" "Mozilla/4.0 (compatible; MSIE 6.0; Windows NT 5.0; .NET CLR 1.1.4322)"
213.79.35.188 - - [09/Feb/2006:10:31:52 -0500] "GET /images/worldmaptransp.gif HTTP/1.1" 200 128893 "http://www.darwinday.org/" "Mozilla/4.0 (compatible; MSIE 6.0; Windows NT 5.0; .NET CLR 1.1.4322)"
213.79.35.188 - - [09/Feb/2006:10:31:52 -0500] "GET /images/dnahorizl.gif HTTP/1.1" 200 2130 "http://www.darwinday.org/" "Mozilla/4.0 (compatible; MSIE 6.0; Windows NT 5.0; .NET CLR 1.1.4322)"
213.79.35.188 - - [09/Feb/2006:10:31:52 -0500] "GET /images/dnahoriz.gif HTTP/1.1" 200 3391 "http://www.darwinday.org/" "Mozilla/4.0 (compatible; MSIE 6.0; Windows NT 5.0; .NET CLR 1.1.4322)"
213.79.35.188 - - [09/Feb/2006:10:31:52 -0500] "GET /images/dnahorizr.gif HTTP/1.1" 200 2104 "http://www.darwinday.org/" "Mozilla/4.0 (compatible; MSIE 6.0; Windows NT 5.0; .NET CLR 1.1.4322)"
213.79.35.188 - - [09/Feb/2006:10:31:52 -0500] "GET /englishL/home/images/lincoln.gif HTTP/1.1" 200 11057 "http://www.darwinday.org/" "Mozilla/4.0 (compatible; MSIE 6.0; Windows NT 5.0; .NET CLR 1.1.4322)"
213.79.35.188 - - [09/Feb/2006:10:31:52 -0500] "GET /englishL/home/images/darwin.gif HTTP/1.1" 200 13783 "http://www.darwinday.org/" "Mozilla/4.0 (compatible; MSIE 6.0; Windows NT 5.0; .NET CLR 1.1.4322)"
213.79.35.188 - - [09/Feb/2006:10:31:52 -0500] "GET /images/trans.gif HTTP/1.1" 200 49 "http://www.darwinday.org/" "Mozilla/4.0 (compatible; MSIE 6.0; Windows NT 5.0; .NET CLR 1.1.4322)"
213.79.35.188 - - [09/Feb/2006:10:31:53 -0500] "GET /englishL/home/images/beagle.gif HTTP/1.1" 200 37108 "http://www.darwinday.org/" "Mozilla/4.0 (compatible; MSIE 6.0; Windows NT 5.0; .NET CLR 1.1.4322)"
213.79.35.188 - - [09/Feb/2006:10:31:53 -0500] "GET /englishL/home/images/manymore.gif HTTP/1.1" 200 581 "http://www.darwinday.org/" "Mozilla/4.0 (compatible; MSIE 6.0; Windows NT 5.0; .NET CLR 1.1.4322)"
213.79.35.188 - - [09/Feb/2006:10:31:53 -0500] "GET /englishL/home/images/joinus.gif HTTP/1.1" 200 524 "http://www.darwinday.org/" "Mozilla/4.0 (compatible; MSIE 6.0; Windows NT 5.0; .NET CLR 1.1.4322)"
213.79.35.188 - - [09/Feb/2006:10:31:53 -0500] "GET /englishL/home/images/horse.evolution.jpg HTTP/1.1" 200 29612 "http://www.darwinday.org/" "Mozilla/4.0 (compatible; MSIE 6.0; Windows NT 5.0; .NET CLR 1.1.4322)"
213.79.35.188 - - [09/Feb/2006:10:31:53 -0500] "GET /images/DNAlogo.gif HTTP/1.1" 200 1370 "http://www.darwinday.org/englishL/currarts.html" "Mozilla/4.0 (compatible; MSIE 6.0; Windows NT 5.0; .NET CLR 1.1.4322)"
66.196.91.15 - - [09/Feb/2006:10:31:58 -0500] "GET /robots.txt HTTP/1.0" 404 3372 "-" "Mozilla/5.0 (compatible; Yahoo! Slurp; http://help.yahoo.com/help/us/ysearch/slurp)"
12.159.90.110 - - [09/Feb/2006:10:32:16 -0500] "GET /images/worldmaptransp.gif HTTP/1.0" 200 128893 "http://www.golocaljamaica.com/cgi-bin/yabb/YaBB.pl?board=rel_and_advice;action=display;num=1139233430;start=30" "Mozilla/4.0 (compatible; MSIE 6.0; Windows NT 5.0; .NET CLR 1.1.4322)"
66.196.90.14 - - [09/Feb/2006:10:32:44 -0500] "GET /NEWlang/home/2006.php HTTP/1.0" 200 592816 "-" "Mozilla/5.0 (compatible; Yahoo! Slurp; http://help.yahoo.com/help/us/ysearch/slurp)"
206.77.0.155 - - [09/Feb/2006:10:32:51 -0500] "GET / HTTP/1.1" 200 25315 "http://www.google.com/search?sourceid=navclient&ie=UTF-8&rls=ATSA,ATSA:2005-30,ATSA:en&q=Darwin+Day" "Mozilla/4.0 (compatible; MSIE 6.0; Windows NT 5.0; .NET CLR 1.1.4322)"
206.77.0.155 - - [09/Feb/2006:10:32:51 -0500] "GET /stylesheets/mainenglishL.css HTTP/1.1" 200 590 "http://www.darwinday.org/" "Mozilla/4.0 (compatible; MSIE 6.0; Windows NT 5.0; .NET CLR 1.1.4322)"
206.77.0.155 - - [09/Feb/2006:10:32:51 -0500] "GET /stylesheets/main.css HTTP/1.1" 304 - "http://www.darwinday.org/" "Mozilla/4.0 (compatible; MSIE 6.0; Windows NT 5.0; .NET CLR 1.1.4322)"
206.77.0.155 - - [09/Feb/2006:10:32:51 -0500] "GET /images/header.gif HTTP/1.1" 200 26756 "http://www.darwinday.org/" "Mozilla/4.0 (compatible; MSIE 6.0; Windows NT 5.0; .NET CLR 1.1.4322)"
206.77.0.155 - - [09/Feb/2006:10:32:52 -0500] "GET /images/topleftlogo.gif HTTP/1.1" 200 6907 "http://www.darwinday.org/" "Mozilla/4.0 (compatible; MSIE 6.0; Windows NT 5.0; .NET CLR 1.1.4322)"
206.77.0.155 - - [09/Feb/2006:10:32:52 -0500] "GET /englishL/currarts.html HTTP/1.1" 200 5653 "http://www.darwinday.org/" "Mozilla/4.0 (compatible; MSIE 6.0; Windows NT 5.0; .NET CLR 1.1.4322)"
206.77.0.155 - - [09/Feb/2006:10:32:52 -0500] "GET /englishL/images/titletrans.gif HTTP/1.1" 200 15588 "http://www.darwinday.org/" "Mozilla/4.0 (compatible; MSIE 6.0; Windows NT 5.0; .NET CLR 1.1.4322)"
206.77.0.155 - - [09/Feb/2006:10:32:52 -0500] "GET /englishL/images/navbar.gif HTTP/1.1" 200 2667 "http://www.darwinday.org/" "Mozilla/4.0 (compatible; MSIE 6.0; Windows NT 5.0; .NET CLR 1.1.4322)"
206.77.0.155 - - [09/Feb/2006:10:32:53 -0500] "GET /englishL/home/images/darwinages.gif HTTP/1.1" 200 50309 "http://www.darwinday.org/" "Mozilla/4.0 (compatible; MSIE 6.0; Windows NT 5.0; .NET CLR 1.1.4322)"
206.77.0.155 - - [09/Feb/2006:10:32:53 -0500] "GET /images/arrow.gif HTTP/1.1" 200 112 "http://www.darwinday.org/" "Mozilla/4.0 (compatible; MSIE 6.0; Windows NT 5.0; .NET CLR 1.1.4322)"
206.77.0.155 - - [09/Feb/2006:10:32:53 -0500] "GET /images/dnahorizl.gif HTTP/1.1" 200 2130 "http://www.darwinday.org/" "Mozilla/4.0 (compatible; MSIE 6.0; Windows NT 5.0; .NET CLR 1.1.4322)"
206.77.0.155 - - [09/Feb/2006:10:32:53 -0500] "GET /images/dnahoriz.gif HTTP/1.1" 200 3391 "http://www.darwinday.org/" "Mozilla/4.0 (compatible; MSIE 6.0; Windows NT 5.0; .NET CLR 1.1.4322)"
206.77.0.155 - - [09/Feb/2006:10:32:53 -0500] "GET /images/dnahorizr.gif HTTP/1.1" 200 2104 "http://www.darwinday.org/" "Mozilla/4.0 (compatible; MSIE 6.0; Windows NT 5.0; .NET CLR 1.1.4322)"
206.77.0.155 - - [09/Feb/2006:10:32:53 -0500] "GET /englishL/home/images/lincoln.gif HTTP/1.1" 200 11057 "http://www.darwinday.org/" "Mozilla/4.0 (compatible; MSIE 6.0; Windows NT 5.0; .NET CLR 1.1.4322)"
206.77.0.155 - - [09/Feb/2006:10:32:53 -0500] "GET /englishL/home/images/darwin.gif HTTP/1.1" 200 13783 "http://www.darwinday.org/" "Mozilla/4.0 (compatible; MSIE 6.0; Windows NT 5.0; .NET CLR 1.1.4322)"
206.77.0.155 - - [09/Feb/2006:10:32:54 -0500] "GET /englishL/home/images/beagle.gif HTTP/1.1" 200 37108 "http://www.darwinday.org/" "Mozilla/4.0 (compatible; MSIE 6.0; Windows NT 5.0; .NET CLR 1.1.4322)"
206.77.0.155 - - [09/Feb/2006:10:32:54 -0500] "GET /images/worldmaptransp.gif HTTP/1.1" 200 128893 "http://www.darwinday.org/" "Mozilla/4.0 (compatible; MSIE 6.0; Windows NT 5.0; .NET CLR 1.1.4322)"
206.77.0.155 - - [09/Feb/2006:10:32:55 -0500] "GET /images/trans.gif HTTP/1.1" 200 49 "http://www.darwinday.org/" "Mozilla/4.0 (compatible; MSIE 6.0; Windows NT 5.0; .NET CLR 1.1.4322)"
206.77.0.155 - - [09/Feb/2006:10:32:55 -0500] "GET /englishL/home/images/manymore.gif HTTP/1.1" 200 581 "http://www.darwinday.org/" "Mozilla/4.0 (compatible; MSIE 6.0; Windows NT 5.0; .NET CLR 1.1.4322)"
206.77.0.155 - - [09/Feb/2006:10:32:55 -0500] "GET /englishL/home/images/joinus.gif HTTP/1.1" 200 524 "http://www.darwinday.org/" "Mozilla/4.0 (compatible; MSIE 6.0; Windows NT 5.0; .NET CLR 1.1.4322)"
206.77.0.155 - - [09/Feb/2006:10:32:55 -0500] "GET /images/DNAlogo.gif HTTP/1.1" 200 1370 "http://www.darwinday.org/englishL/currarts.html" "Mozilla/4.0 (compatible; MSIE 6.0; Windows NT 5.0; .NET CLR 1.1.4322)"
206.77.0.155 - - [09/Feb/2006:10:32:55 -0500] "GET /englishL/home/images/horse.evolution.jpg HTTP/1.1" 200 29612 "http://www.darwinday.org/" "Mozilla/4.0 (compatible; MSIE 6.0; Windows NT 5.0; .NET CLR 1.1.4322)"
66.154.102.131 - - [09/Feb/2006:10:32:55 -0500] "GET /robots.txt HTTP/1.0" 404 3372 "-" "Gigabot/2.0/gigablast.com/spider.html"
206.77.0.155 - - [09/Feb/2006:10:32:55 -0500] "GET /favicon.ico HTTP/1.1" 404 3385 "-" "-"
66.154.103.151 - - [09/Feb/2006:10:32:56 -0500] "GET /englishL/home/2005.php HTTP/1.0" 200 234948 "-" "Gigabot/2.0/gigablast.com/spider.html"
201.3.51.103 - - [09/Feb/2006:10:33:11 -0500] "GET /stylesheets/mainenglishL.css HTTP/1.1" 200 590 "http://www.darwinday.org/" "Mozilla/4.0 (compatible; MSIE 6.0; Windows NT 5.1)"
201.3.51.103 - - [09/Feb/2006:10:33:11 -0500] "GET /stylesheets/main.css HTTP/1.1" 200 658 "http://www.darwinday.org/" "Mozilla/4.0 (compatible; MSIE 6.0; Windows NT 5.1)"
201.3.51.103 - - [09/Feb/2006:10:33:11 -0500] "GET / HTTP/1.1" 200 25315 "http://cade.search.yahoo.com/search?p=charles+darwin&ei=UTF-8&btweb=Buscar&meta=all%3D1&fl=0&all=1&pstart=1&b=21" "Mozilla/4.0 (compatible; MSIE 6.0; Windows NT 5.1)"
201.3.51.103 - - [09/Feb/2006:10:33:11 -0500] "GET /images/topleftlogo.gif HTTP/1.1" 200 6907 "http://www.darwinday.org/" "Mozilla/4.0 (compatible; MSIE 6.0; Windows NT 5.1)"
201.3.51.103 - - [09/Feb/2006:10:33:12 -0500] "GET /englishL/currarts.html HTTP/1.1" 200 5653 "http://www.darwinday.org/" "Mozilla/4.0 (compatible; MSIE 6.0; Windows NT 5.1)"
201.3.51.103 - - [09/Feb/2006:10:33:15 -0500] "GET /images/header.gif HTTP/1.1" 200 26756 "http://www.darwinday.org/" "Mozilla/4.0 (compatible; MSIE 6.0; Windows NT 5.1)"
201.3.51.103 - - [09/Feb/2006:10:33:16 -0500] "GET /images/worldmaptransp.gif HTTP/1.1" 200 128893 "http://www.darwinday.org/" "Mozilla/4.0 (compatible; MSIE 6.0; Windows NT 5.1)"
201.3.51.103 - - [09/Feb/2006:10:33:18 -0500] "GET /englishL/images/titletrans.gif HTTP/1.1" 200 15588 "http://www.darwinday.org/" "Mozilla/4.0 (compatible; MSIE 6.0; Windows NT 5.1)"
201.3.51.103 - - [09/Feb/2006:10:33:18 -0500] "GET /englishL/images/navbar.gif HTTP/1.1" 200 2667 "http://www.darwinday.org/" "Mozilla/4.0 (compatible; MSIE 6.0; Windows NT 5.1)"
201.3.51.103 - - [09/Feb/2006:10:33:19 -0500] "GET /englishL/home/images/darwinages.gif HTTP/1.1" 200 50309 "http://www.darwinday.org/" "Mozilla/4.0 (compatible; MSIE 6.0; Windows NT 5.1)"
201.3.51.103 - - [09/Feb/2006:10:33:19 -0500] "GET /images/arrow.gif HTTP/1.1" 200 112 "http://www.darwinday.org/" "Mozilla/4.0 (compatible; MSIE 6.0; Windows NT 5.1)"
201.3.51.103 - - [09/Feb/2006:10:33:22 -0500] "GET /images/dnahorizl.gif HTTP/1.1" 200 2130 "http://www.darwinday.org/" "Mozilla/4.0 (compatible; MSIE 6.0; Windows NT 5.1)"
201.3.51.103 - - [09/Feb/2006:10:33:22 -0500] "GET /images/dnahoriz.gif HTTP/1.1" 200 3391 "http://www.darwinday.org/" "Mozilla/4.0 (compatible; MSIE 6.0; Windows NT 5.1)"
201.3.51.103 - - [09/Feb/2006:10:33:23 -0500] "GET /images/dnahorizr.gif HTTP/1.1" 200 2104 "http://www.darwinday.org/" "Mozilla/4.0 (compatible; MSIE 6.0; Windows NT 5.1)"
201.3.51.103 - - [09/Feb/2006:10:33:23 -0500] "GET /englishL/home/images/lincoln.gif HTTP/1.1" 200 11057 "http://www.darwinday.org/" "Mozilla/4.0 (compatible; MSIE 6.0; Windows NT 5.1)"
201.3.51.103 - - [09/Feb/2006:10:33:24 -0500] "GET /englishL/home/images/darwin.gif HTTP/1.1" 200 13783 "http://www.darwinday.org/" "Mozilla/4.0 (compatible; MSIE 6.0; Windows NT 5.1)"
201.3.51.103 - - [09/Feb/2006:10:33:24 -0500] "GET /englishL/home/images/beagle.gif HTTP/1.1" 200 37108 "http://www.darwinday.org/" "Mozilla/4.0 (compatible; MSIE 6.0; Windows NT 5.1)"
201.3.51.103 - - [09/Feb/2006:10:33:25 -0500] "GET /images/trans.gif HTTP/1.1" 200 49 "http://www.darwinday.org/" "Mozilla/4.0 (compatible; MSIE 6.0; Windows NT 5.1)"
12.159.90.110 - - [09/Feb/2006:10:33:29 -0500] "GET /images/worldmaptransp.gif HTTP/1.0" 200 128893 "http://www.golocaljamaica.com/cgi-bin/yabb/YaBB.pl?board=rel_and_advice;action=display;num=1139233430;start=45" "Mozilla/4.0 (compatible; MSIE 6.0; Windows NT 5.0; .NET CLR 1.1.4322)"
199.218.118.240 - - [09/Feb/2006:10:33:36 -0500] "GET /englishL/newsviews/index.html HTTP/1.1" 200 4903 "http://www.darwinday.org/englishL/aboutddc/advisory.html" "Mozilla/4.0 (compatible; MSIE 6.0; Windows NT 5.1)"
199.218.118.240 - - [09/Feb/2006:10:33:45 -0500] "GET /englishL/newsviews/essays.html HTTP/1.1" 200 7578 "http://www.darwinday.org/englishL/newsviews/index.html" "Mozilla/4.0 (compatible; MSIE 6.0; Windows NT 5.1)"
167.206.107.110 - - [09/Feb/2006:10:34:31 -0500] "GET /images/worldmaptransp.gif HTTP/1.0" 200 128893 "http://www.golocaljamaica.com/cgi-bin/yabb/YaBB.pl?board=general;action=display;num=1139344939;start=0" "Mozilla/4.0 (compatible; MSIE 6.0; Windows NT 5.0; .NET CLR 1.1.4322)"
12.125.179.78 - - [09/Feb/2006:10:35:25 -0500] "GET /englishL/life/shrewsbury.html HTTP/1.1" 200 37679 "http://www.darwinday.org/englishL/life/index.html" "Mozilla/4.0 (compatible; MSIE 6.0; Windows NT 5.1; SV1)"
64.110.238.62 - - [09/Feb/2006:10:35:25 -0500] "GET / HTTP/1.1" 200 25315 "http://www.google.ca/search?q=darwin+day&sourceid=mozilla-search&start=0&start=0&ie=utf-8&oe=utf-8&client=firefox-a&rls=org.mozilla:en-US:official" "Mozilla/5.0 (Windows; U; Windows NT 5.0; en-US; rv:1.7.12) Gecko/20050915 Firefox/1.0.7"
12.125.179.78 - - [09/Feb/2006:10:35:26 -0500] "GET /englishL/life/images/shrewsbury.jpg HTTP/1.1" 200 103773 "http://www.darwinday.org/englishL/life/shrewsbury.html" "Mozilla/4.0 (compatible; MSIE 6.0; Windows NT 5.1; SV1)"
12.125.179.78 - - [09/Feb/2006:10:35:26 -0500] "GET /englishL/life/images/mountmap-t.jpg HTTP/1.1" 200 61648 "http://www.darwinday.org/englishL/life/shrewsbury.html" "Mozilla/4.0 (compatible; MSIE 6.0; Windows NT 5.1; SV1)"
12.125.179.78 - - [09/Feb/2006:10:35:26 -0500] "GET /englishL/life/images/plaque-t.jpg HTTP/1.1" 200 43479 "http://www.darwinday.org/englishL/life/shrewsbury.html" "Mozilla/4.0 (compatible; MSIE 6.0; Windows NT 5.1; SV1)"
12.125.179.78 - - [09/Feb/2006:10:35:26 -0500] "GET /englishL/life/images/mountleft-t.jpg HTTP/1.1" 200 20725 "http://www.darwinday.org/englishL/life/shrewsbury.html" "Mozilla/4.0 (compatible; MSIE 6.0; Windows NT 5.1; SV1)"
12.125.179.78 - - [09/Feb/2006:10:35:27 -0500] "GET /englishL/life/images/mountfront-t.jpg HTTP/1.1" 200 24718 "http://www.darwinday.org/englishL/life/shrewsbury.html" "Mozilla/4.0 (compatible; MSIE 6.0; Windows NT 5.1; SV1)"
12.125.179.78 - - [09/Feb/2006:10:35:27 -0500] "GET /englishL/life/images/mountright-t.jpg HTTP/1.1" 200 19879 "http://www.darwinday.org/englishL/life/shrewsbury.html" "Mozilla/4.0 (compatible; MSIE 6.0; Windows NT 5.1; SV1)"
12.125.179.78 - - [09/Feb/2006:10:35:27 -0500] "GET /englishL/life/images/fireplace-t.jpg HTTP/1.1" 200 21734 "http://www.darwinday.org/englishL/life/shrewsbury.html" "Mozilla/4.0 (compatible; MSIE 6.0; Windows NT 5.1; SV1)"
12.125.179.78 - - [09/Feb/2006:10:35:27 -0500] "GET /englishL/life/images/mountfront2-t.jpg HTTP/1.1" 200 26445 "http://www.darwinday.org/englishL/life/shrewsbury.html" "Mozilla/4.0 (compatible; MSIE 6.0; Windows NT 5.1; SV1)"
64.110.238.62 - - [09/Feb/2006:10:35:27 -0500] "GET /stylesheets/mainenglishL.css HTTP/1.1" 200 590 "http://www.darwinday.org/" "Mozilla/5.0 (Windows; U; Windows NT 5.0; en-US; rv:1.7.12) Gecko/20050915 Firefox/1.0.7"
64.110.238.62 - - [09/Feb/2006:10:35:27 -0500] "GET /stylesheets/main.css HTTP/1.1" 200 658 "http://www.darwinday.org/" "Mozilla/5.0 (Windows; U; Windows NT 5.0; en-US; rv:1.7.12) Gecko/20050915 Firefox/1.0.7"
12.125.179.78 - - [09/Feb/2006:10:35:27 -0500] "GET /englishL/life/images/saintchads_cemetary-t.jpg HTTP/1.1" 200 34330 "http://www.darwinday.org/englishL/life/shrewsbury.html" "Mozilla/4.0 (compatible; MSIE 6.0; Windows NT 5.1; SV1)"
12.125.179.78 - - [09/Feb/2006:10:35:27 -0500] "GET /englishL/life/images/saintchads-t.jpg HTTP/1.1" 200 18660 "http://www.darwinday.org/englishL/life/shrewsbury.html" "Mozilla/4.0 (compatible; MSIE 6.0; Windows NT 5.1; SV1)"
64.110.238.62 - - [09/Feb/2006:10:35:27 -0500] "GET /images/topleftlogo.gif HTTP/1.1" 200 6907 "http://www.darwinday.org/" "Mozilla/5.0 (Windows; U; Windows NT 5.0; en-US; rv:1.7.12) Gecko/20050915 Firefox/1.0.7"
12.125.179.78 - - [09/Feb/2006:10:35:28 -0500] "GET /englishL/life/images/saintchads_dingle-t.jpg HTTP/1.1" 200 30689 "http://www.darwinday.org/englishL/life/shrewsbury.html" "Mozilla/4.0 (compatible; MSIE 6.0; Windows NT 5.1; SV1)"
12.125.179.78 - - [09/Feb/2006:10:35:28 -0500] "GET /englishL/life/images/dingleone-t.jpg HTTP/1.1" 200 38865 "http://www.darwinday.org/englishL/life/shrewsbury.html" "Mozilla/4.0 (compatible; MSIE 6.0; Windows NT 5.1; SV1)"
64.110.238.62 - - [09/Feb/2006:10:35:28 -0500] "GET /images/header.gif HTTP/1.1" 200 26756 "http://www.darwinday.org/" "Mozilla/5.0 (Windows; U; Windows NT 5.0; en-US; rv:1.7.12) Gecko/20050915 Firefox/1.0.7"
12.125.179.78 - - [09/Feb/2006:10:35:28 -0500] "GET /englishL/life/images/dingletwo-t.jpg HTTP/1.1" 200 37926 "http://www.darwinday.org/englishL/life/shrewsbury.html" "Mozilla/4.0 (compatible; MSIE 6.0; Windows NT 5.1; SV1)"
12.125.179.78 - - [09/Feb/2006:10:35:28 -0500] "GET /englishL/life/images/unitariantwo-t.jpg HTTP/1.1" 200 29648 "http://www.darwinday.org/englishL/life/shrewsbury.html" "Mozilla/4.0 (compatible; MSIE 6.0; Windows NT 5.1; SV1)"
64.110.238.62 - - [09/Feb/2006:10:35:28 -0500] "GET /englishL/images/titletrans.gif HTTP/1.1" 200 15588 "http://www.darwinday.org/" "Mozilla/5.0 (Windows; U; Windows NT 5.0; en-US; rv:1.7.12) Gecko/20050915 Firefox/1.0.7"
12.125.179.78 - - [09/Feb/2006:10:35:28 -0500] "GET /englishL/life/images/unitarianone-t.jpg HTTP/1.1" 200 39859 "http://www.darwinday.org/englishL/life/shrewsbury.html" "Mozilla/4.0 (compatible; MSIE 6.0; Windows NT 5.1; SV1)"
12.125.179.78 - - [09/Feb/2006:10:35:28 -0500] "GET /englishL/life/images/plaque-unitarian-t.jpg HTTP/1.1" 200 29898 "http://www.darwinday.org/englishL/life/shrewsbury.html" "Mozilla/4.0 (compatible; MSIE 6.0; Windows NT 5.1; SV1)"
64.110.238.62 - - [09/Feb/2006:10:35:28 -0500] "GET /images/worldmaptransp.gif HTTP/1.1" 200 128893 "http://www.darwinday.org/" "Mozilla/5.0 (Windows; U; Windows NT 5.0; en-US; rv:1.7.12) Gecko/20050915 Firefox/1.0.7"
64.110.238.62 - - [09/Feb/2006:10:35:29 -0500] "GET /englishL/images/navbar.gif HTTP/1.1" 200 2667 "http://www.darwinday.org/" "Mozilla/5.0 (Windows; U; Windows NT 5.0; en-US; rv:1.7.12) Gecko/20050915 Firefox/1.0.7"
12.125.179.78 - - [09/Feb/2006:10:35:29 -0500] "GET /englishL/life/images/casestreet-t.jpg HTTP/1.1" 200 26366 "http://www.darwinday.org/englishL/life/shrewsbury.html" "Mozilla/4.0 (compatible; MSIE 6.0; Windows NT 5.1; SV1)"
12.125.179.78 - - [09/Feb/2006:10:35:29 -0500] "GET /englishL/life/images/casesschoolfront-t.jpg HTTP/1.1" 200 27478 "http://www.darwinday.org/englishL/life/shrewsbury.html" "Mozilla/4.0 (compatible; MSIE 6.0; Windows NT 5.1; SV1)"
64.110.238.62 - - [09/Feb/2006:10:35:29 -0500] "GET /images/arrow.gif HTTP/1.1" 200 112 "http://www.darwinday.org/" "Mozilla/5.0 (Windows; U; Windows NT 5.0; en-US; rv:1.7.12) Gecko/20050915 Firefox/1.0.7"
64.110.238.62 - - [09/Feb/2006:10:35:29 -0500] "GET /images/dnahorizl.gif HTTP/1.1" 200 2130 "http://www.darwinday.org/" "Mozilla/5.0 (Windows; U; Windows NT 5.0; en-US; rv:1.7.12) Gecko/20050915 Firefox/1.0.7"
12.125.179.78 - - [09/Feb/2006:10:35:29 -0500] "GET /englishL/life/images/caseschoolback-t.jpg HTTP/1.1" 200 30209 "http://www.darwinday.org/englishL/life/shrewsbury.html" "Mozilla/4.0 (compatible; MSIE 6.0; Windows NT 5.1; SV1)"
64.110.238.62 - - [09/Feb/2006:10:35:29 -0500] "GET /images/dnahoriz.gif HTTP/1.1" 200 3391 "http://www.darwinday.org/" "Mozilla/5.0 (Windows; U; Windows NT 5.0; en-US; rv:1.7.12) Gecko/20050915 Firefox/1.0.7"
12.125.179.78 - - [09/Feb/2006:10:35:29 -0500] "GET /englishL/life/images/butlersschool-t.jpg HTTP/1.1" 200 29137 "http://www.darwinday.org/englishL/life/shrewsbury.html" "Mozilla/4.0 (compatible; MSIE 6.0; Windows NT 5.1; SV1)"
64.110.238.62 - - [09/Feb/2006:10:35:29 -0500] "GET /englishL/home/images/darwinages.gif HTTP/1.1" 200 50309 "http://www.darwinday.org/" "Mozilla/5.0 (Windows; U; Windows NT 5.0; en-US; rv:1.7.12) Gecko/20050915 Firefox/1.0.7"
64.110.238.62 - - [09/Feb/2006:10:35:29 -0500] "GET /images/dnahorizr.gif HTTP/1.1" 200 2104 "http://www.darwinday.org/" "Mozilla/5.0 (Windows; U; Windows NT 5.0; en-US; rv:1.7.12) Gecko/20050915 Firefox/1.0.7"
64.110.238.62 - - [09/Feb/2006:10:35:29 -0500] "GET /englishL/home/images/lincoln.gif HTTP/1.1" 200 11057 "http://www.darwinday.org/" "Mozilla/5.0 (Windows; U; Windows NT 5.0; en-US; rv:1.7.12) Gecko/20050915 Firefox/1.0.7"
12.125.179.78 - - [09/Feb/2006:10:35:29 -0500] "GET /englishL/life/images/butlerbeams-t.jpg HTTP/1.1" 200 24783 "http://www.darwinday.org/englishL/life/shrewsbury.html" "Mozilla/4.0 (compatible; MSIE 6.0; Windows NT 5.1; SV1)"
64.110.238.62 - - [09/Feb/2006:10:35:29 -0500] "GET /englishL/currarts.html HTTP/1.1" 200 5653 "http://www.darwinday.org/" "Mozilla/5.0 (Windows; U; Windows NT 5.0; en-US; rv:1.7.12) Gecko/20050915 Firefox/1.0.7"
12.125.179.78 - - [09/Feb/2006:10:35:29 -0500] "GET /englishL/life/images/butlerbeams2-t.jpg HTTP/1.1" 200 29943 "http://www.darwinday.org/englishL/life/shrewsbury.html" "Mozilla/4.0 (compatible; MSIE 6.0; Windows NT 5.1; SV1)"
64.110.238.62 - - [09/Feb/2006:10:35:30 -0500] "GET /englishL/home/images/darwin.gif HTTP/1.1" 200 13783 "http://www.darwinday.org/" "Mozilla/5.0 (Windows; U; Windows NT 5.0; en-US; rv:1.7.12) Gecko/20050915 Firefox/1.0.7"
64.110.238.62 - - [09/Feb/2006:10:35:30 -0500] "GET /englishL/home/images/beagle.gif HTTP/1.1" 200 37108 "http://www.darwinday.org/" "Mozilla/5.0 (Windows; U; Windows NT 5.0; en-US; rv:1.7.12) Gecko/20050915 Firefox/1.0.7"
12.125.179.78 - - [09/Feb/2006:10:35:30 -0500] "GET /englishL/life/images/darwinlib-t.jpg HTTP/1.1" 200 31187 "http://www.darwinday.org/englishL/life/shrewsbury.html" "Mozilla/4.0 (compatible; MSIE 6.0; Windows NT 5.1; SV1)"
12.125.179.78 - - [09/Feb/2006:10:35:30 -0500] "GET /englishL/life/images/shrewscastle-t.jpg HTTP/1.1" 200 26731 "http://www.darwinday.org/englishL/life/shrewsbury.html" "Mozilla/4.0 (compatible; MSIE 6.0; Windows NT 5.1; SV1)"
64.110.238.62 - - [09/Feb/2006:10:35:30 -0500] "GET /images/trans.gif HTTP/1.1" 200 49 "http://www.darwinday.org/" "Mozilla/5.0 (Windows; U; Windows NT 5.0; en-US; rv:1.7.12) Gecko/20050915 Firefox/1.0.7"
12.125.179.78 - - [09/Feb/2006:10:35:30 -0500] "GET /englishL/life/images/shrewsabbey-t.jpg HTTP/1.1" 200 22022 "http://www.darwinday.org/englishL/life/shrewsbury.html" "Mozilla/4.0 (compatible; MSIE 6.0; Windows NT 5.1; SV1)"
12.125.179.78 - - [09/Feb/2006:10:35:30 -0500] "GET /englishL/life/images/shrewsabbey2-t.jpg HTTP/1.1" 200 38605 "http://www.darwinday.org/englishL/life/shrewsbury.html" "Mozilla/4.0 (compatible; MSIE 6.0; Windows NT 5.1; SV1)"
64.110.238.62 - - [09/Feb/2006:10:35:30 -0500] "GET /englishL/home/images/manymore.gif HTTP/1.1" 200 581 "http://www.darwinday.org/" "Mozilla/5.0 (Windows; U; Windows NT 5.0; en-US; rv:1.7.12) Gecko/20050915 Firefox/1.0.7"
64.110.238.62 - - [09/Feb/2006:10:35:30 -0500] "GET /englishL/home/images/joinus.gif HTTP/1.1" 200 524 "http://www.darwinday.org/" "Mozilla/5.0 (Windows; U; Windows NT 5.0; en-US; rv:1.7.12) Gecko/20050915 Firefox/1.0.7"
64.110.238.62 - - [09/Feb/2006:10:35:30 -0500] "GET /englishL/home/images/horse.evolution.jpg HTTP/1.1" 200 29612 "http://www.darwinday.org/" "Mozilla/5.0 (Windows; U; Windows NT 5.0; en-US; rv:1.7.12) Gecko/20050915 Firefox/1.0.7"
64.110.238.62 - - [09/Feb/2006:10:35:30 -0500] "GET /images/DNAlogo.gif HTTP/1.1" 200 1370 "http://www.darwinday.org/englishL/currarts.html" "Mozilla/5.0 (Windows; U; Windows NT 5.0; en-US; rv:1.7.12) Gecko/20050915 Firefox/1.0.7"
12.125.179.78 - - [09/Feb/2006:10:35:30 -0500] "GET /englishL/life/images/statueshrewsschool-t.jpg HTTP/1.1" 200 20227 "http://www.darwinday.org/englishL/life/shrewsbury.html" "Mozilla/4.0 (compatible; MSIE 6.0; Windows NT 5.1; SV1)"
12.125.179.78 - - [09/Feb/2006:10:35:31 -0500] "GET /englishL/life/images/shoppingcentre-t.jpg HTTP/1.1" 200 33525 "http://www.darwinday.org/englishL/life/shrewsbury.html" "Mozilla/4.0 (compatible; MSIE 6.0; Windows NT 5.1; SV1)"
64.110.238.62 - - [09/Feb/2006:10:35:31 -0500] "GET /favicon.ico HTTP/1.1" 404 3385 "-" "Mozilla/5.0 (Windows; U; Windows NT 5.0; en-US; rv:1.7.12) Gecko/20050915 Firefox/1.0.7"
62.255.32.15 - - [09/Feb/2006:10:36:10 -0500] "GET /images/worldmaptransp.gif HTTP/1.1" 200 128893 "http://www.golocaljamaica.com/cgi-bin/yabb/YaBB.pl?board=news_and_politics;action=display;num=1138795197" "Mozilla/4.0 (compatible; MSIE 6.0; Windows NT 5.1; SV1; .NET CLR 1.1.4322)"
68.142.250.130 - - [09/Feb/2006:10:37:23 -0500] "GET /englishL/home/2003.html HTTP/1.0" 304 - "-" "Mozilla/5.0 (compatible; Yahoo! Slurp; http://help.yahoo.com/help/us/ysearch/slurp)"
67.105.68.130 - - [09/Feb/2006:10:38:24 -0500] "GET /englishL/evolution/dna.html HTTP/1.1" 200 7092 "http://images.google.com/imgres?imgurl=http://www.darwinday.org/images/duplicatedna.gif&imgrefurl=http://www.darwinday.org/englishL/evolution/dna.html&h=342&w=205&sz=17&tbnid=Q00GnczCtq88vM:&tbnh=115&tbnw=68&hl=en&start=33&prev=/images%3Fq%3Dmutations%26start%3D20%26dnum%3D20%26svnum%3D10%26hl%3Den%26lr%3D%26sa%3DN" "Mozilla/4.0 (compatible; MSIE 6.0; Windows NT 5.1; SV1)"
67.105.68.130 - - [09/Feb/2006:10:38:24 -0500] "GET /images/topleftlogo.gif HTTP/1.1" 200 6907 "http://www.darwinday.org/englishL/evolution/dna.html" "Mozilla/4.0 (compatible; MSIE 6.0; Windows NT 5.1; SV1)"
67.105.68.130 - - [09/Feb/2006:10:38:24 -0500] "GET /stylesheets/main.css HTTP/1.1" 200 658 "http://www.darwinday.org/englishL/evolution/dna.html" "Mozilla/4.0 (compatible; MSIE 6.0; Windows NT 5.1; SV1)"
67.105.68.130 - - [09/Feb/2006:10:38:25 -0500] "GET /images/header.gif HTTP/1.1" 200 26756 "http://www.darwinday.org/englishL/evolution/dna.html" "Mozilla/4.0 (compatible; MSIE 6.0; Windows NT 5.1; SV1)"
67.105.68.130 - - [09/Feb/2006:10:38:25 -0500] "GET /englishL/images/titletrans.gif HTTP/1.1" 200 15588 "http://www.darwinday.org/englishL/evolution/dna.html" "Mozilla/4.0 (compatible; MSIE 6.0; Windows NT 5.1; SV1)"
67.105.68.130 - - [09/Feb/2006:10:38:25 -0500] "GET /englishL/images/navbar.gif HTTP/1.1" 200 2667 "http://www.darwinday.org/englishL/evolution/dna.html" "Mozilla/4.0 (compatible; MSIE 6.0; Windows NT 5.1; SV1)"
67.105.68.130 - - [09/Feb/2006:10:38:25 -0500] "GET /images/worldmaptransp.gif HTTP/1.1" 200 128893 "http://www.darwinday.org/englishL/evolution/dna.html" "Mozilla/4.0 (compatible; MSIE 6.0; Windows NT 5.1; SV1)"
67.105.68.130 - - [09/Feb/2006:10:38:25 -0500] "GET /images/duplicatedna.gif HTTP/1.1" 200 16618 "http://www.darwinday.org/englishL/evolution/dna.html" "Mozilla/4.0 (compatible; MSIE 6.0; Windows NT 5.1; SV1)"
199.80.153.118 - - [09/Feb/2006:10:39:49 -0500] "GET /stylesheets/mainenglishL.css HTTP/1.1" 200 590 "http://www.darwinday.org/" "Mozilla/5.0 (Macintosh; U; PPC Mac OS X; en) AppleWebKit/417.9 (KHTML, like Gecko) Safari/417.8"
