66.249.65.104 - - [14/Apr/2006:01:03:00 -0400] "GET /englishL/home/2004.html HTTP/1.1" 200 80150 "-" "Mozilla/5.0 (compatible; Googlebot/2.1; +http://www.google.com/bot.html)"
64.141.15.109 - - [14/Apr/2006:01:05:50 -0400] "GET /englishL/assistevent/index.html HTTP/1.0" 200 25683 "-" "Wavefire/0.8-dev (Wavefire; http://www.wavefire.com; info@wavefire.com)"
66.249.65.104 - - [14/Apr/2006:01:06:39 -0400] "GET /englishL/newsviews/news.html HTTP/1.1" 304 - "-" "Mozilla/5.0 (compatible; Googlebot/2.1; +http://www.google.com/bot.html)"
139.18.13.204 - - [14/Apr/2006:01:12:24 -0400] "GET /englishL/evolution/index.html HTTP/1.1" 200 4606 "-" "findlinks/1.1.1-a1 (+http://wortschatz.uni-leipzig.de/findlinks/)"
66.249.65.104 - - [14/Apr/2006:01:15:21 -0400] "GET /englishL/aboutddc/mission.html HTTP/1.1" 200 5157 "-" "Mozilla/5.0 (compatible; Googlebot/2.1; +http://www.google.com/bot.html)"
209.104.141.52 - - [14/Apr/2006:01:28:21 -0400] "HEAD / HTTP/1.1" 200 0 "http://www.cantonpl.org/site_of_the_day_archive.html" "Checkbot/1.72 LWP/5.63"
141.165.126.168 - - [14/Apr/2006:01:32:37 -0400] "GET /stylesheets/main.css HTTP/1.1" 200 658 "http://www.darwinday.org/englishL/home/2005.php" "Mozilla/4.0 (compatible; MSIE 6.0; Windows NT 5.1; SV1; .NET CLR 1.0.3705; .NET CLR 1.1.4322; Media Center PC 4.0)"
141.165.126.168 - - [14/Apr/2006:01:32:38 -0400] "GET /images/header.gif HTTP/1.1" 200 26756 "http://www.darwinday.org/englishL/home/2005.php" "Mozilla/4.0 (compatible; MSIE 6.0; Windows NT 5.1; SV1; .NET CLR 1.0.3705; .NET CLR 1.1.4322; Media Center PC 4.0)"
141.165.126.168 - - [14/Apr/2006:01:32:38 -0400] "GET /englishL/home/2005.php HTTP/1.1" 200 362411 "http://images.google.com/imgres?imgurl=http://sfatheists.com/images/DarwinDayFlyer2005_small.jpg&imgrefurl=http://www.darwinday.org/englishL/home/2005.php&h=250&w=187&sz=19&tbnid=nm-QD7VDpgseKM:&tbnh=106&tbnw=79&hl=en&start=38&prev=/images%3Fq%3Dcharles%2Bdarwin%26start%3D20%26svnum%3D10%26hl%3Den%26lr%3D%26sa%3DN" "Mozilla/4.0 (compatible; MSIE 6.0; Windows NT 5.1; SV1; .NET CLR 1.0.3705; .NET CLR 1.1.4322; Media Center PC 4.0)"
141.165.126.168 - - [14/Apr/2006:01:32:38 -0400] "GET /images/topleftlogo.gif HTTP/1.1" 200 6907 "http://www.darwinday.org/englishL/home/2005.php" "Mozilla/4.0 (compatible; MSIE 6.0; Windows NT 5.1; SV1; .NET CLR 1.0.3705; .NET CLR 1.1.4322; Media Center PC 4.0)"
141.165.126.168 - - [14/Apr/2006:01:32:38 -0400] "GET /englishL/images/titletrans.gif HTTP/1.1" 200 15588 "http://www.darwinday.org/englishL/home/2005.php" "Mozilla/4.0 (compatible; MSIE 6.0; Windows NT 5.1; SV1; .NET CLR 1.0.3705; .NET CLR 1.1.4322; Media Center PC 4.0)"
141.165.126.168 - - [14/Apr/2006:01:32:38 -0400] "GET /images/worldmaptransp.gif HTTP/1.1" 200 128893 "http://www.darwinday.org/englishL/home/2005.php" "Mozilla/4.0 (compatible; MSIE 6.0; Windows NT 5.1; SV1; .NET CLR 1.0.3705; .NET CLR 1.1.4322; Media Center PC 4.0)"
141.165.126.168 - - [14/Apr/2006:01:32:38 -0400] "GET /englishL/images/navbar.gif HTTP/1.1" 200 2667 "http://www.darwinday.org/englishL/home/2005.php" "Mozilla/4.0 (compatible; MSIE 6.0; Windows NT 5.1; SV1; .NET CLR 1.0.3705; .NET CLR 1.1.4322; Media Center PC 4.0)"
141.165.126.168 - - [14/Apr/2006:01:32:38 -0400] "GET /stylesheets/mainenglishL.css HTTP/1.1" 200 590 "http://www.darwinday.org/englishL/home/2005.php" "Mozilla/4.0 (compatible; MSIE 6.0; Windows NT 5.1; SV1; .NET CLR 1.0.3705; .NET CLR 1.1.4322; Media Center PC 4.0)"
69.221.239.178 - - [14/Apr/2006:01:36:38 -0400] "GET /englishL/home/2004.html HTTP/1.1" 200 80150 "http://search.yahoo.com/search/msie?p=Ben+Troost+%2B+Holland%2C+MI&ei=UTF-8&xargs=0&pstart=1&b=11" "Mozilla/4.0 (compatible; MSIE 6.0; Windows NT 5.1; SV1; YPC 3.2.0)"
69.221.239.178 - - [14/Apr/2006:01:36:38 -0400] "GET /stylesheets/main.css HTTP/1.1" 200 658 "http://www.darwinday.org/englishL/home/2004.html" "Mozilla/4.0 (compatible; MSIE 6.0; Windows NT 5.1; SV1; YPC 3.2.0)"
69.221.239.178 - - [14/Apr/2006:01:36:38 -0400] "GET /images/topleftlogo.gif HTTP/1.1" 200 6907 "http://www.darwinday.org/englishL/home/2004.html" "Mozilla/4.0 (compatible; MSIE 6.0; Windows NT 5.1; SV1; YPC 3.2.0)"
69.221.239.178 - - [14/Apr/2006:01:36:38 -0400] "GET /images/worldmaptransp.gif HTTP/1.1" 200 128893 "http://www.darwinday.org/englishL/home/2004.html" "Mozilla/4.0 (compatible; MSIE 6.0; Windows NT 5.1; SV1; YPC 3.2.0)"
69.221.239.178 - - [14/Apr/2006:01:36:39 -0400] "GET /englishL/images/titletrans.gif HTTP/1.1" 200 15588 "http://www.darwinday.org/englishL/home/2004.html" "Mozilla/4.0 (compatible; MSIE 6.0; Windows NT 5.1; SV1; YPC 3.2.0)"
69.221.239.178 - - [14/Apr/2006:01:36:39 -0400] "GET /englishL/images/navbar.gif HTTP/1.1" 200 2667 "http://www.darwinday.org/englishL/home/2004.html" "Mozilla/4.0 (compatible; MSIE 6.0; Windows NT 5.1; SV1; YPC 3.2.0)"
69.221.239.178 - - [14/Apr/2006:01:36:39 -0400] "GET /images/header.gif HTTP/1.1" 200 26756 "http://www.darwinday.org/englishL/home/2004.html" "Mozilla/4.0 (compatible; MSIE 6.0; Windows NT 5.1; SV1; YPC 3.2.0)"
66.180.175.101 - - [14/Apr/2006:01:37:37 -0400] "GET / HTTP/1.0" 200 25731 "-" "Mozilla/4.0 (compatible; EcoEarth.Info Environment Portal http://www.ecoearth.info/)"
66.180.175.101 - - [14/Apr/2006:01:37:37 -0400] "GET /englishL/currarts.html HTTP/1.0" 200 5399 "-" "Mozilla/4.0 (compatible; EcoEarth.Info Environment Portal http://www.ecoearth.info/)"
72.30.101.200 - - [14/Apr/2006:01:39:18 -0400] "GET /NEWlang/aboutddc/organization.html HTTP/1.0" 304 - "-" "Mozilla/5.0 (compatible; Yahoo! Slurp; http://help.yahoo.com/help/us/ysearch/slurp)"
72.30.107.9 - - [14/Apr/2006:01:46:39 -0400] "GET /NEWlang/home/2007.html HTTP/1.0" 304 - "-" "Mozilla/5.0 (compatible; Yahoo! Slurp; http://help.yahoo.com/help/us/ysearch/slurp)"
68.142.250.163 - - [14/Apr/2006:01:46:41 -0400] "GET /robots.txt HTTP/1.0" 404 3372 "-" "Mozilla/5.0 (compatible; Yahoo! Slurp; http://help.yahoo.com/help/us/ysearch/slurp)"
68.142.249.124 - - [14/Apr/2006:01:46:41 -0400] "GET /NEWlang/home/2004.html HTTP/1.0" 304 - "-" "Mozilla/5.0 (compatible; Yahoo! Slurp; http://help.yahoo.com/help/us/ysearch/slurp)"
65.214.44.193 - - [14/Apr/2006:01:47:58 -0400] "GET /about/people.html HTTP/1.0" 404 3379 "-" "Mozilla/2.0 (compatible; Ask Jeeves/Teoma; +http://sp.ask.com/docs/about/tech_crawling.html)"
64.34.145.196 - - [14/Apr/2006:01:56:27 -0400] "GET /robots.txt HTTP/1.0" 404 3372 "-" "SBIder/0.8-dev (SBIder; http://www.sitesell.com/sbider.html; http://support.sitesell.com/contact-support.html)"
64.34.145.196 - - [14/Apr/2006:01:56:28 -0400] "GET /index.html HTTP/1.0" 200 25731 "-" "SBIder/0.8-dev (SBIder; http://www.sitesell.com/sbider.html; http://support.sitesell.com/contact-support.html)"
65.55.246.40 - - [14/Apr/2006:01:57:43 -0400] "GET /robots.txt HTTP/1.0" 404 3372 "-" "msnbot/0.9 (+http://search.msn.com/msnbot.htm)"
65.55.246.40 - - [14/Apr/2006:01:57:43 -0400] "GET /englishL/aboutddc/advisory.html HTTP/1.0" 200 30909 "-" "msnbot/0.9 (+http://search.msn.com/msnbot.htm)"
65.55.246.40 - - [14/Apr/2006:01:58:29 -0400] "GET /englishL/life/index.html HTTP/1.0" 200 9860 "-" "msnbot/0.9 (+http://search.msn.com/msnbot.htm)"
65.55.246.40 - - [14/Apr/2006:02:02:11 -0400] "GET / HTTP/1.0" 200 25731 "-" "msnbot/0.9 (+http://search.msn.com/msnbot.htm)"
65.124.200.21 - - [14/Apr/2006:02:04:37 -0400] "GET / HTTP/1.0" 200 25731 "-" "Retrieve_Title"
72.30.221.75 - - [14/Apr/2006:02:13:10 -0400] "GET /robots.txt HTTP/1.0" 404 3372 "-" "Mozilla/5.0 (compatible; Yahoo! Slurp; http://help.yahoo.com/help/us/ysearch/slurp)"
72.30.221.143 - - [14/Apr/2006:02:13:13 -0400] "GET /tbp HTTP/1.0" 404 3365 "-" "Mozilla/5.0 (compatible; Yahoo! Slurp; http://help.yahoo.com/help/us/ysearch/slurp)"
202.156.6.69 - - [14/Apr/2006:02:13:17 -0400] "GET /education/2002Workshop-criticalthinking.pdf HTTP/1.1" 404 3417 "-" "Mozilla/4.0 (compatible; MSIE 6.0; Windows NT 5.1; SV1)"
202.156.6.69 - - [14/Apr/2006:02:13:18 -0400] "GET /stylesheets/main.css HTTP/1.1" 200 658 "http://www.darwinday.org/education/2002Workshop-criticalthinking.pdf" "Mozilla/4.0 (compatible; MSIE 6.0; Windows NT 5.1; SV1)"
202.156.6.69 - - [14/Apr/2006:02:13:18 -0400] "GET /education/images/topleftlogo.gif HTTP/1.1" 404 3406 "http://www.darwinday.org/education/2002Workshop-criticalthinking.pdf" "Mozilla/4.0 (compatible; MSIE 6.0; Windows NT 5.1; SV1)"
202.156.6.69 - - [14/Apr/2006:02:13:19 -0400] "GET /education/images/header.gif HTTP/1.1" 404 3401 "http://www.darwinday.org/education/2002Workshop-criticalthinking.pdf" "Mozilla/4.0 (compatible; MSIE 6.0; Windows NT 5.1; SV1)"
202.156.6.69 - - [14/Apr/2006:02:13:19 -0400] "GET /education/images/worldmaptransp.gif HTTP/1.1" 404 3409 "http://www.darwinday.org/education/2002Workshop-criticalthinking.pdf" "Mozilla/4.0 (compatible; MSIE 6.0; Windows NT 5.1; SV1)"
202.156.6.69 - - [14/Apr/2006:02:13:20 -0400] "GET /education/englishL/images/titletrans.gif HTTP/1.1" 404 3414 "http://www.darwinday.org/education/2002Workshop-criticalthinking.pdf" "Mozilla/4.0 (compatible; MSIE 6.0; Windows NT 5.1; SV1)"
202.156.6.69 - - [14/Apr/2006:02:13:20 -0400] "GET /education/englishL/images/navbar.gif HTTP/1.1" 404 3410 "http://www.darwinday.org/education/2002Workshop-criticalthinking.pdf" "Mozilla/4.0 (compatible; MSIE 6.0; Windows NT 5.1; SV1)"
202.156.6.69 - - [14/Apr/2006:02:13:40 -0400] "GET /stylesheets/mainenglishL.css HTTP/1.1" 200 590 "http://www.darwinday.org/" "Mozilla/4.0 (compatible; MSIE 6.0; Windows NT 5.1; SV1)"
202.156.6.69 - - [14/Apr/2006:02:13:41 -0400] "GET / HTTP/1.1" 200 25731 "http://www.darwinday.org/education/2002Workshop-criticalthinking.pdf" "Mozilla/4.0 (compatible; MSIE 6.0; Windows NT 5.1; SV1)"
202.156.6.69 - - [14/Apr/2006:02:13:41 -0400] "GET /images/topleftlogo.gif HTTP/1.1" 200 6907 "http://www.darwinday.org/" "Mozilla/4.0 (compatible; MSIE 6.0; Windows NT 5.1; SV1)"
202.156.6.69 - - [14/Apr/2006:02:13:42 -0400] "GET /images/header.gif HTTP/1.1" 200 26756 "http://www.darwinday.org/" "Mozilla/4.0 (compatible; MSIE 6.0; Windows NT 5.1; SV1)"
202.156.6.69 - - [14/Apr/2006:02:13:42 -0400] "GET /englishL/currarts.html HTTP/1.1" 200 5399 "http://www.darwinday.org/" "Mozilla/4.0 (compatible; MSIE 6.0; Windows NT 5.1; SV1)"
202.156.6.69 - - [14/Apr/2006:02:13:44 -0400] "GET /englishL/images/titletrans.gif HTTP/1.1" 200 15588 "http://www.darwinday.org/" "Mozilla/4.0 (compatible; MSIE 6.0; Windows NT 5.1; SV1)"
202.156.6.69 - - [14/Apr/2006:02:13:44 -0400] "GET /images/worldmaptransp.gif HTTP/1.1" 200 128893 "http://www.darwinday.org/" "Mozilla/4.0 (compatible; MSIE 6.0; Windows NT 5.1; SV1)"
202.156.6.69 - - [14/Apr/2006:02:13:45 -0400] "GET /englishL/images/navbar.gif HTTP/1.1" 200 2667 "http://www.darwinday.org/" "Mozilla/4.0 (compatible; MSIE 6.0; Windows NT 5.1; SV1)"
202.156.6.69 - - [14/Apr/2006:02:13:46 -0400] "GET /images/arrow.gif HTTP/1.1" 200 112 "http://www.darwinday.org/" "Mozilla/4.0 (compatible; MSIE 6.0; Windows NT 5.1; SV1)"
202.156.6.69 - - [14/Apr/2006:02:13:46 -0400] "GET /images/dnahorizl.gif HTTP/1.1" 200 2130 "http://www.darwinday.org/" "Mozilla/4.0 (compatible; MSIE 6.0; Windows NT 5.1; SV1)"
202.156.6.69 - - [14/Apr/2006:02:13:47 -0400] "GET /englishL/home/images/darwinages.gif HTTP/1.1" 200 50309 "http://www.darwinday.org/" "Mozilla/4.0 (compatible; MSIE 6.0; Windows NT 5.1; SV1)"
202.156.6.69 - - [14/Apr/2006:02:13:47 -0400] "GET /images/dnahoriz.gif HTTP/1.1" 200 3391 "http://www.darwinday.org/" "Mozilla/4.0 (compatible; MSIE 6.0; Windows NT 5.1; SV1)"
202.156.6.69 - - [14/Apr/2006:02:13:47 -0400] "GET /images/dnahorizr.gif HTTP/1.1" 200 2104 "http://www.darwinday.org/" "Mozilla/4.0 (compatible; MSIE 6.0; Windows NT 5.1; SV1)"
202.156.6.69 - - [14/Apr/2006:02:13:48 -0400] "GET /englishL/home/images/lincoln.gif HTTP/1.1" 200 11057 "http://www.darwinday.org/" "Mozilla/4.0 (compatible; MSIE 6.0; Windows NT 5.1; SV1)"
202.156.6.69 - - [14/Apr/2006:02:13:49 -0400] "GET /englishL/home/images/darwin.gif HTTP/1.1" 200 13783 "http://www.darwinday.org/" "Mozilla/4.0 (compatible; MSIE 6.0; Windows NT 5.1; SV1)"
202.156.6.69 - - [14/Apr/2006:02:13:49 -0400] "GET /images/trans.gif HTTP/1.1" 200 49 "http://www.darwinday.org/" "Mozilla/4.0 (compatible; MSIE 6.0; Windows NT 5.1; SV1)"
202.156.6.69 - - [14/Apr/2006:02:13:50 -0400] "GET /englishL/home/images/beagle.gif HTTP/1.1" 200 37108 "http://www.darwinday.org/" "Mozilla/4.0 (compatible; MSIE 6.0; Windows NT 5.1; SV1)"
202.156.6.69 - - [14/Apr/2006:02:13:50 -0400] "GET /englishL/home/images/joinus.gif HTTP/1.1" 200 524 "http://www.darwinday.org/" "Mozilla/4.0 (compatible; MSIE 6.0; Windows NT 5.1; SV1)"
202.156.6.69 - - [14/Apr/2006:02:13:51 -0400] "GET /images/DNAlogo.gif HTTP/1.1" 200 1370 "http://www.darwinday.org/englishL/currarts.html" "Mozilla/4.0 (compatible; MSIE 6.0; Windows NT 5.1; SV1)"
202.156.6.69 - - [14/Apr/2006:02:13:52 -0400] "GET /englishL/home/images/horse.evolution.jpg HTTP/1.1" 200 29612 "http://www.darwinday.org/" "Mozilla/4.0 (compatible; MSIE 6.0; Windows NT 5.1; SV1)"
202.156.6.69 - - [14/Apr/2006:02:16:19 -0400] "GET /education/2002Workshop-criticalthinking.pdf HTTP/1.1" 404 3417 "-" "Mozilla/4.0 (compatible; MSIE 6.0; Windows NT 5.1; SV1)"
202.156.6.69 - - [14/Apr/2006:02:16:19 -0400] "GET /education/images/header.gif HTTP/1.1" 404 3401 "http://www.darwinday.org/education/2002Workshop-criticalthinking.pdf" "Mozilla/4.0 (compatible; MSIE 6.0; Windows NT 5.1; SV1)"
202.156.6.69 - - [14/Apr/2006:02:16:20 -0400] "GET /education/images/worldmaptransp.gif HTTP/1.1" 404 3409 "http://www.darwinday.org/education/2002Workshop-criticalthinking.pdf" "Mozilla/4.0 (compatible; MSIE 6.0; Windows NT 5.1; SV1)"
202.156.6.69 - - [14/Apr/2006:02:16:21 -0400] "GET /education/englishL/images/titletrans.gif HTTP/1.1" 404 3414 "http://www.darwinday.org/education/2002Workshop-criticalthinking.pdf" "Mozilla/4.0 (compatible; MSIE 6.0; Windows NT 5.1; SV1)"
202.156.6.69 - - [14/Apr/2006:02:16:22 -0400] "GET /education/englishL/images/navbar.gif HTTP/1.1" 404 3410 "http://www.darwinday.org/education/2002Workshop-criticalthinking.pdf" "Mozilla/4.0 (compatible; MSIE 6.0; Windows NT 5.1; SV1)"
202.156.6.69 - - [14/Apr/2006:02:17:06 -0400] "GET /education/2002Workshop-criticalthinking.pdf HTTP/1.1" 404 3417 "-" "Mozilla/4.0 (compatible; MSIE 6.0; Windows NT 5.1; SV1)"
202.156.6.69 - - [14/Apr/2006:02:17:06 -0400] "GET /education/images/header.gif HTTP/1.1" 404 3401 "http://www.darwinday.org/education/2002Workshop-criticalthinking.pdf" "Mozilla/4.0 (compatible; MSIE 6.0; Windows NT 5.1; SV1)"
202.156.6.69 - - [14/Apr/2006:02:17:06 -0400] "GET /education/images/topleftlogo.gif HTTP/1.1" 404 3406 "http://www.darwinday.org/education/2002Workshop-criticalthinking.pdf" "Mozilla/4.0 (compatible; MSIE 6.0; Windows NT 5.1; SV1)"
202.156.6.69 - - [14/Apr/2006:02:17:07 -0400] "GET /education/images/worldmaptransp.gif HTTP/1.1" 404 3409 "http://www.darwinday.org/education/2002Workshop-criticalthinking.pdf" "Mozilla/4.0 (compatible; MSIE 6.0; Windows NT 5.1; SV1)"
202.156.6.69 - - [14/Apr/2006:02:17:07 -0400] "GET /education/englishL/images/titletrans.gif HTTP/1.1" 404 3414 "http://www.darwinday.org/education/2002Workshop-criticalthinking.pdf" "Mozilla/4.0 (compatible; MSIE 6.0; Windows NT 5.1; SV1)"
202.156.6.69 - - [14/Apr/2006:02:17:08 -0400] "GET /education/englishL/images/navbar.gif HTTP/1.1" 404 3410 "http://www.darwinday.org/education/2002Workshop-criticalthinking.pdf" "Mozilla/4.0 (compatible; MSIE 6.0; Windows NT 5.1; SV1)"
72.30.111.143 - - [14/Apr/2006:02:18:01 -0400] "GET /robots.txt HTTP/1.0" 404 3372 "-" "Mozilla/5.0 (compatible; Yahoo! Slurp; http://help.yahoo.com/help/us/ysearch/slurp)"
72.30.103.99 - - [14/Apr/2006:02:18:03 -0400] "GET /englishL/home/2006.php HTTP/1.0" 200 595994 "-" "Mozilla/5.0 (compatible; Yahoo! Slurp; http://help.yahoo.com/help/us/ysearch/slurp)"
207.68.146.47 - - [14/Apr/2006:02:24:46 -0400] "GET /robots.txt HTTP/1.0" 404 3372 "-" "msnbot/1.0 (+http://search.msn.com/msnbot.htm)"
207.68.146.47 - - [14/Apr/2006:02:24:47 -0400] "GET /englishL/life/index.html HTTP/1.0" 200 9860 "-" "msnbot/1.0 (+http://search.msn.com/msnbot.htm)"
201.7.10.109 - - [14/Apr/2006:02:24:55 -0400] "GET /robots.txt HTTP/1.1" 404 3384 "-" "Mozilla/4.0 (compatible; MSIE 6.0; Windows NT 5.1; SV1; Sgrunt|V109|301|S-869171879|dial; snprtz|S25634000000070|2600#Service Pack 2#2#5#1; .NET CLR 1.1.4322; MSIECrawler)"
68.142.250.163 - - [14/Apr/2006:02:35:47 -0400] "GET /robots.txt HTTP/1.0" 404 3372 "-" "Mozilla/5.0 (compatible; Yahoo! Slurp; http://help.yahoo.com/help/us/ysearch/slurp)"
68.142.250.130 - - [14/Apr/2006:02:35:48 -0400] "GET /englishL/home/2003.html HTTP/1.0" 304 - "-" "Mozilla/5.0 (compatible; Yahoo! Slurp; http://help.yahoo.com/help/us/ysearch/slurp)"
202.160.180.196 - - [14/Apr/2006:02:38:06 -0400] "GET /robots.txt HTTP/1.0" 404 3372 "-" "Mozilla/5.0 (compatible; Yahoo! Slurp China; http://misc.yahoo.com.cn/help.html)"
202.160.180.126 - - [14/Apr/2006:02:38:33 -0400] "GET /englishL/home/2006.php HTTP/1.0" 200 570601 "-" "Mozilla/5.0 (compatible; Yahoo! Slurp China; http://misc.yahoo.com.cn/help.html)"
67.168.56.48 - - [14/Apr/2006:02:38:33 -0400] "GET /stylesheets/main.css HTTP/1.1" 200 658 "http://www.darwinday.org/englishL/dispsupport/index.php" "Mozilla/4.0 (compatible; MSIE 6.0; Windows NT 5.0)"
67.168.56.48 - - [14/Apr/2006:02:38:33 -0400] "GET /images/header.gif HTTP/1.1" 200 26756 "http://www.darwinday.org/englishL/dispsupport/index.php" "Mozilla/4.0 (compatible; MSIE 6.0; Windows NT 5.0)"
67.168.56.48 - - [14/Apr/2006:02:38:34 -0400] "GET /images/worldmaptransp.gif HTTP/1.1" 200 128893 "http://www.darwinday.org/englishL/dispsupport/index.php" "Mozilla/4.0 (compatible; MSIE 6.0; Windows NT 5.0)"
67.168.56.48 - - [14/Apr/2006:02:38:34 -0400] "GET /images/topleftlogo.gif HTTP/1.1" 200 6907 "http://www.darwinday.org/englishL/dispsupport/index.php" "Mozilla/4.0 (compatible; MSIE 6.0; Windows NT 5.0)"
67.168.56.48 - - [14/Apr/2006:02:38:34 -0400] "GET /englishL/images/titletrans.gif HTTP/1.1" 200 15588 "http://www.darwinday.org/englishL/dispsupport/index.php" "Mozilla/4.0 (compatible; MSIE 6.0; Windows NT 5.0)"
67.168.56.48 - - [14/Apr/2006:02:38:35 -0400] "GET /images/navbar.gif HTTP/1.1" 200 2667 "http://www.darwinday.org/englishL/dispsupport/index.php" "Mozilla/4.0 (compatible; MSIE 6.0; Windows NT 5.0)"
67.168.56.48 - - [14/Apr/2006:02:38:36 -0400] "GET /englishL/dispsupport/index.php HTTP/1.1" 200 537880 "http://www.google.com/search?hl=en&lr=&q=%22joe+wright%22+%2Bbothell" "Mozilla/4.0 (compatible; MSIE 6.0; Windows NT 5.0)"
207.68.146.47 - - [14/Apr/2006:02:46:31 -0400] "GET /englishL/evolution/index.html HTTP/1.0" 200 4606 "-" "msnbot/1.0 (+http://search.msn.com/msnbot.htm)"
64.124.85.210 - - [14/Apr/2006:02:49:32 -0400] "GET /robots.txt HTTP/1.1" 404 3384 "-" "Mozilla/5.0 (compatible; BecomeBot/2.3; MSIE 6.0 compatible; +http://www.become.com/site_owners.html)"
70.59.133.252 - - [14/Apr/2006:02:50:48 -0400] "GET / HTTP/1.1" 200 25731 "http://www.google.com/search?client=firefox-a&rls=org.mozilla%3Aen-US%3Aofficial_s&hl=en&q=darwin+day&btnG=Google+Search" "Mozilla/5.0 (Windows; U; Windows NT 5.1; en-US; rv:1.8.0.1) Gecko/20060111 Firefox/1.5.0.1"
70.59.133.252 - - [14/Apr/2006:02:50:49 -0400] "GET / HTTP/1.1" 206 14614 "http://www.google.com/search?client=firefox-a&rls=org.mozilla%3Aen-US%3Aofficial_s&hl=en&q=darwin+day&btnG=Google+Search" "Mozilla/5.0 (Windows; U; Windows NT 5.1; en-US; rv:1.8.0.1) Gecko/20060111 Firefox/1.5.0.1"
70.59.133.252 - - [14/Apr/2006:02:50:49 -0400] "GET /stylesheets/mainenglishL.css HTTP/1.1" 200 590 "http://www.darwinday.org/" "Mozilla/5.0 (Windows; U; Windows NT 5.1; en-US; rv:1.8.0.1) Gecko/20060111 Firefox/1.5.0.1"
70.59.133.252 - - [14/Apr/2006:02:50:50 -0400] "GET /stylesheets/main.css HTTP/1.1" 200 658 "http://www.darwinday.org/" "Mozilla/5.0 (Windows; U; Windows NT 5.1; en-US; rv:1.8.0.1) Gecko/20060111 Firefox/1.5.0.1"
70.59.133.252 - - [14/Apr/2006:02:50:50 -0400] "GET /images/topleftlogo.gif HTTP/1.1" 200 6907 "http://www.darwinday.org/" "Mozilla/5.0 (Windows; U; Windows NT 5.1; en-US; rv:1.8.0.1) Gecko/20060111 Firefox/1.5.0.1"
70.59.133.252 - - [14/Apr/2006:02:50:51 -0400] "GET /englishL/currarts.html HTTP/1.1" 200 5399 "http://www.darwinday.org/" "Mozilla/5.0 (Windows; U; Windows NT 5.1; en-US; rv:1.8.0.1) Gecko/20060111 Firefox/1.5.0.1"
70.59.133.252 - - [14/Apr/2006:02:50:51 -0400] "GET /images/dnahoriz.gif HTTP/1.1" 200 3391 "http://www.darwinday.org/" "Mozilla/5.0 (Windows; U; Windows NT 5.1; en-US; rv:1.8.0.1) Gecko/20060111 Firefox/1.5.0.1"
70.59.133.252 - - [14/Apr/2006:02:50:51 -0400] "GET /images/dnahorizr.gif HTTP/1.1" 200 2104 "http://www.darwinday.org/" "Mozilla/5.0 (Windows; U; Windows NT 5.1; en-US; rv:1.8.0.1) Gecko/20060111 Firefox/1.5.0.1"
70.59.133.252 - - [14/Apr/2006:02:50:51 -0400] "GET /englishL/images/navbar.gif HTTP/1.1" 200 2667 "http://www.darwinday.org/" "Mozilla/5.0 (Windows; U; Windows NT 5.1; en-US; rv:1.8.0.1) Gecko/20060111 Firefox/1.5.0.1"
70.59.133.252 - - [14/Apr/2006:02:50:51 -0400] "GET /images/arrow.gif HTTP/1.1" 200 112 "http://www.darwinday.org/" "Mozilla/5.0 (Windows; U; Windows NT 5.1; en-US; rv:1.8.0.1) Gecko/20060111 Firefox/1.5.0.1"
70.59.133.252 - - [14/Apr/2006:02:50:51 -0400] "GET /images/dnahorizl.gif HTTP/1.1" 200 2130 "http://www.darwinday.org/" "Mozilla/5.0 (Windows; U; Windows NT 5.1; en-US; rv:1.8.0.1) Gecko/20060111 Firefox/1.5.0.1"
70.59.133.252 - - [14/Apr/2006:02:50:52 -0400] "GET /images/header.gif HTTP/1.1" 200 26756 "http://www.darwinday.org/" "Mozilla/5.0 (Windows; U; Windows NT 5.1; en-US; rv:1.8.0.1) Gecko/20060111 Firefox/1.5.0.1"
70.59.133.252 - - [14/Apr/2006:02:50:53 -0400] "GET /englishL/images/titletrans.gif HTTP/1.1" 200 15588 "http://www.darwinday.org/" "Mozilla/5.0 (Windows; U; Windows NT 5.1; en-US; rv:1.8.0.1) Gecko/20060111 Firefox/1.5.0.1"
70.59.133.252 - - [14/Apr/2006:02:50:54 -0400] "GET /englishL/home/images/lincoln.gif HTTP/1.1" 200 11057 "http://www.darwinday.org/" "Mozilla/5.0 (Windows; U; Windows NT 5.1; en-US; rv:1.8.0.1) Gecko/20060111 Firefox/1.5.0.1"
70.59.133.252 - - [14/Apr/2006:02:50:57 -0400] "GET /englishL/home/images/darwin.gif HTTP/1.1" 200 13783 "http://www.darwinday.org/" "Mozilla/5.0 (Windows; U; Windows NT 5.1; en-US; rv:1.8.0.1) Gecko/20060111 Firefox/1.5.0.1"
70.59.133.252 - - [14/Apr/2006:02:50:57 -0400] "GET /englishL/home/images/horse.evolution.jpg HTTP/1.1" 200 29612 "http://www.darwinday.org/" "Mozilla/5.0 (Windows; U; Windows NT 5.1; en-US; rv:1.8.0.1) Gecko/20060111 Firefox/1.5.0.1"
70.59.133.252 - - [14/Apr/2006:02:50:57 -0400] "GET /images/DNAlogo.gif HTTP/1.1" 200 1370 "http://www.darwinday.org/englishL/currarts.html" "Mozilla/5.0 (Windows; U; Windows NT 5.1; en-US; rv:1.8.0.1) Gecko/20060111 Firefox/1.5.0.1"
70.59.133.252 - - [14/Apr/2006:02:50:58 -0400] "GET /englishL/home/images/darwinages.gif HTTP/1.1" 200 50309 "http://www.darwinday.org/" "Mozilla/5.0 (Windows; U; Windows NT 5.1; en-US; rv:1.8.0.1) Gecko/20060111 Firefox/1.5.0.1"
70.59.133.252 - - [14/Apr/2006:02:51:00 -0400] "GET /englishL/home/images/beagle.gif HTTP/1.1" 200 37108 "http://www.darwinday.org/" "Mozilla/5.0 (Windows; U; Windows NT 5.1; en-US; rv:1.8.0.1) Gecko/20060111 Firefox/1.5.0.1"
70.59.133.252 - - [14/Apr/2006:02:51:00 -0400] "GET /images/trans.gif HTTP/1.1" 200 49 "http://www.darwinday.org/" "Mozilla/5.0 (Windows; U; Windows NT 5.1; en-US; rv:1.8.0.1) Gecko/20060111 Firefox/1.5.0.1"
70.59.133.252 - - [14/Apr/2006:02:51:00 -0400] "GET /englishL/home/images/joinus.gif HTTP/1.1" 200 524 "http://www.darwinday.org/" "Mozilla/5.0 (Windows; U; Windows NT 5.1; en-US; rv:1.8.0.1) Gecko/20060111 Firefox/1.5.0.1"
70.59.133.252 - - [14/Apr/2006:02:51:01 -0400] "GET /images/trans.gif HTTP/1.1" 200 49 "http://www.darwinday.org/" "Mozilla/5.0 (Windows; U; Windows NT 5.1; en-US; rv:1.8.0.1) Gecko/20060111 Firefox/1.5.0.1"
70.59.133.252 - - [14/Apr/2006:02:51:01 -0400] "GET /favicon.ico HTTP/1.1" 404 3385 "-" "Mozilla/5.0 (Windows; U; Windows NT 5.1; en-US; rv:1.8.0.1) Gecko/20060111 Firefox/1.5.0.1"
70.59.133.252 - - [14/Apr/2006:02:51:01 -0400] "GET /images/worldmaptransp.gif HTTP/1.1" 200 78795 "http://www.darwinday.org/" "Mozilla/5.0 (Windows; U; Windows NT 5.1; en-US; rv:1.8.0.1) Gecko/20060111 Firefox/1.5.0.1"
68.142.249.133 - - [14/Apr/2006:02:52:30 -0400] "GET /NEWlang/home/2007.html HTTP/1.0" 200 4311 "-" "Mozilla/5.0 (compatible; Yahoo! Slurp; http://help.yahoo.com/help/us/ysearch/slurp)"
64.124.85.210 - - [14/Apr/2006:02:52:33 -0400] "GET / HTTP/1.1" 200 25731 "http://cse.niaes.affrc.go.jp/minaka/diary2004-02.html" "Mozilla/5.0 (compatible; BecomeBot/2.3; MSIE 6.0 compatible; +http://www.become.com/site_owners.html)"
71.145.187.214 - - [14/Apr/2006:02:54:29 -0400] "GET /englishL/home/2006.php HTTP/1.1" 200 413560 "-" "Mozilla/4.0 (compatible; MSIE 6.0; Windows NT 5.1; {0B7605BB-0763-A339-5B24-D6D5198743FC})"
71.145.187.214 - - [14/Apr/2006:02:54:36 -0400] "GET /englishL/home/2006.php HTTP/1.1" 200 703263 "-" "Mozilla/4.0 (compatible; MSIE 6.0; Windows NT 5.1; {0B7605BB-0763-A339-5B24-D6D5198743FC})"
71.145.187.214 - - [14/Apr/2006:02:54:48 -0400] "GET /englishL/home/2006.php HTTP/1.1" 200 985503 "-" "Mozilla/4.0 (compatible; MSIE 6.0; Windows NT 5.1; {0B7605BB-0763-A339-5B24-D6D5198743FC})"
68.142.249.52 - - [14/Apr/2006:02:57:37 -0400] "GET /englishL/aboutddc/organization.html HTTP/1.0" 200 4043 "-" "Mozilla/5.0 (compatible; Yahoo! Slurp; http://help.yahoo.com/help/us/ysearch/slurp)"
71.145.187.214 - - [14/Apr/2006:02:58:09 -0400] "GET /englishL/home/2006.php HTTP/1.1" 200 556383 "-" "Mozilla/4.0 (compatible; MSIE 6.0; Windows NT 5.1; {0B7605BB-0763-A339-5B24-D6D5198743FC})"
71.145.187.214 - - [14/Apr/2006:02:58:27 -0400] "GET /englishL/home/2006.php HTTP/1.1" 200 1829350 "-" "Mozilla/4.0 (compatible; MSIE 6.0; Windows NT 5.1; {0B7605BB-0763-A339-5B24-D6D5198743FC})"
68.142.249.24 - - [14/Apr/2006:02:59:23 -0400] "GET /NEWlang/home/2003.html HTTP/1.0" 200 100582 "-" "Mozilla/5.0 (compatible; Yahoo! Slurp; http://help.yahoo.com/help/us/ysearch/slurp)"
193.77.152.118 - - [14/Apr/2006:03:00:44 -0400] "GET /englishL/life/images/beagle/beaglemap-t.gif HTTP/1.0" 304 - "-" "Mozilla/4.0 (compatible; MSIE 6.0; Windows NT 5.1; SV1)"
193.77.152.118 - - [14/Apr/2006:03:00:45 -0400] "GET /englishL/life/images/beagle/galapagos.jpg HTTP/1.0" 304 - "-" "Mozilla/4.0 (compatible; MSIE 6.0; Windows NT 5.1; SV1)"
193.77.152.118 - - [14/Apr/2006:03:00:46 -0400] "GET /englishL/life/images/beagle/beaglemapsa.gif HTTP/1.0" 304 - "-" "Mozilla/4.0 (compatible; MSIE 6.0; Windows NT 5.1; SV1)"
193.77.152.118 - - [14/Apr/2006:03:01:01 -0400] "GET /englishL/life/images/beagle/iguana.jpg HTTP/1.0" 304 - "-" "Mozilla/4.0 (compatible; MSIE 6.0; Windows NT 5.1; SV1)"
71.145.187.214 - - [14/Apr/2006:03:02:01 -0400] "GET /englishL/home/2006.php HTTP/1.1" 200 1829350 "-" "Mozilla/4.0 (compatible; MSIE 6.0; Windows NT 5.1; {0B7605BB-0763-A339-5B24-D6D5198743FC})"
71.145.187.214 - - [14/Apr/2006:03:02:02 -0400] "GET /stylesheets/main.css HTTP/1.1" 200 658 "http://www.darwinday.org/englishL/home/2006.php" "Mozilla/4.0 (compatible; MSIE 6.0; Windows NT 5.1; {0B7605BB-0763-A339-5B24-D6D5198743FC})"
71.145.187.214 - - [14/Apr/2006:03:02:03 -0400] "GET /images/topleftlogo.gif HTTP/1.1" 200 6907 "http://www.darwinday.org/englishL/home/2006.php" "Mozilla/4.0 (compatible; MSIE 6.0; Windows NT 5.1; {0B7605BB-0763-A339-5B24-D6D5198743FC})"
71.145.187.214 - - [14/Apr/2006:03:02:04 -0400] "GET /images/worldmaptransp.gif HTTP/1.1" 200 128893 "http://www.darwinday.org/englishL/home/2006.php" "Mozilla/4.0 (compatible; MSIE 6.0; Windows NT 5.1; {0B7605BB-0763-A339-5B24-D6D5198743FC})"
71.145.187.214 - - [14/Apr/2006:03:02:04 -0400] "GET /englishL/home/2006.php HTTP/1.1" 200 1615069 "-" "Mozilla/4.0 (compatible; MSIE 6.0; Windows NT 5.1; {0B7605BB-0763-A339-5B24-D6D5198743FC})"
71.145.187.214 - - [14/Apr/2006:03:02:05 -0400] "GET /stylesheets/mainenglishL.css HTTP/1.1" 200 590 "http://www.darwinday.org/englishL/home/2006.php" "Mozilla/4.0 (compatible; MSIE 6.0; Windows NT 5.1; {0B7605BB-0763-A339-5B24-D6D5198743FC})"
71.145.187.214 - - [14/Apr/2006:03:02:05 -0400] "GET /englishL/images/titletrans.gif HTTP/1.1" 200 15588 "http://www.darwinday.org/englishL/home/2006.php" "Mozilla/4.0 (compatible; MSIE 6.0; Windows NT 5.1; {0B7605BB-0763-A339-5B24-D6D5198743FC})"
71.145.187.214 - - [14/Apr/2006:03:02:05 -0400] "GET /englishL/images/navbar.gif HTTP/1.1" 200 2667 "http://www.darwinday.org/englishL/home/2006.php" "Mozilla/4.0 (compatible; MSIE 6.0; Windows NT 5.1; {0B7605BB-0763-A339-5B24-D6D5198743FC})"
71.145.187.214 - - [14/Apr/2006:03:02:06 -0400] "GET /images/header.gif HTTP/1.1" 200 26756 "http://www.darwinday.org/englishL/home/2006.php" "Mozilla/4.0 (compatible; MSIE 6.0; Windows NT 5.1; {0B7605BB-0763-A339-5B24-D6D5198743FC})"
71.145.187.214 - - [14/Apr/2006:03:02:06 -0400] "GET /images/header.gif HTTP/1.1" 200 26756 "http://www.darwinday.org/englishL/home/2006.php" "Mozilla/4.0 (compatible; MSIE 6.0; Windows NT 5.1; {0B7605BB-0763-A339-5B24-D6D5198743FC})"
71.145.187.214 - - [14/Apr/2006:03:02:06 -0400] "GET /englishL/images/titletrans.gif HTTP/1.1" 200 15588 "http://www.darwinday.org/englishL/home/2006.php" "Mozilla/4.0 (compatible; MSIE 6.0; Windows NT 5.1; {0B7605BB-0763-A339-5B24-D6D5198743FC})"
71.145.187.214 - - [14/Apr/2006:03:02:07 -0400] "GET /englishL/images/navbar.gif HTTP/1.1" 200 2667 "http://www.darwinday.org/englishL/home/2006.php" "Mozilla/4.0 (compatible; MSIE 6.0; Windows NT 5.1; {0B7605BB-0763-A339-5B24-D6D5198743FC})"
71.145.187.214 - - [14/Apr/2006:03:02:07 -0400] "GET /images/worldmaptransp.gif HTTP/1.1" 200 128893 "http://www.darwinday.org/englishL/home/2006.php" "Mozilla/4.0 (compatible; MSIE 6.0; Windows NT 5.1; {0B7605BB-0763-A339-5B24-D6D5198743FC})"
71.145.187.214 - - [14/Apr/2006:03:02:07 -0400] "GET /stylesheets/mainenglishL.css HTTP/1.1" 200 590 "http://www.darwinday.org/englishL/home/2006.php" "Mozilla/4.0 (compatible; MSIE 6.0; Windows NT 5.1; {0B7605BB-0763-A339-5B24-D6D5198743FC})"
65.214.44.193 - - [14/Apr/2006:03:06:15 -0400] "GET /about/about_program.html HTTP/1.0" 404 3386 "-" "Mozilla/2.0 (compatible; Ask Jeeves/Teoma; +http://sp.ask.com/docs/about/tech_crawling.html)"
72.30.221.75 - - [14/Apr/2006:03:08:46 -0400] "GET /robots.txt HTTP/1.0" 404 3372 "-" "Mozilla/5.0 (compatible; Yahoo! Slurp; http://help.yahoo.com/help/us/ysearch/slurp)"
72.30.221.149 - - [14/Apr/2006:03:08:47 -0400] "GET /event_info/2003.html HTTP/1.0" 404 3382 "-" "Mozilla/5.0 (compatible; Yahoo! Slurp; http://help.yahoo.com/help/us/ysearch/slurp)"
68.142.250.191 - - [14/Apr/2006:03:09:44 -0400] "GET /NEWlang/life/siblings.html HTTP/1.0" 200 7748 "-" "Mozilla/5.0 (compatible; Yahoo! Slurp; http://help.yahoo.com/help/us/ysearch/slurp)"
85.214.36.241 - - [14/Apr/2006:03:10:17 -0400] "GET /chooselang/index.html HTTP/1.0" 200 6101 "-" "Snoopy v1.2.3"
72.30.221.139 - - [14/Apr/2006:03:14:05 -0400] "GET /welcome HTTP/1.0" 404 3369 "-" "Mozilla/5.0 (compatible; Yahoo! Slurp; http://help.yahoo.com/help/us/ysearch/slurp)"
68.254.180.14 - - [14/Apr/2006:03:17:38 -0400] "GET /englishL/life/index.html HTTP/1.0" 304 - "-" "Mozilla/4.0 (compatible; MSIE 5.5; Windows NT 5.0) Fetch API Request"
66.147.154.3 - - [14/Apr/2006:03:18:04 -0400] "GET /robots.txt HTTP/1.0" 404 3372 "-" "http://www.almaden.ibm.com/cs/crawler [fc3]"
58.167.106.177 - - [14/Apr/2006:03:18:07 -0400] "GET /englishL/life/downhouse.html HTTP/1.1" 200 19495 "-" "Mozilla/4.0 (compatible; MSIE 6.0; Windows NT 5.1; SV1; TheFreeDictionary.com)"
58.167.106.177 - - [14/Apr/2006:03:18:07 -0400] "GET /stylesheets/main.css HTTP/1.1" 200 658 "http://www.darwinday.org/englishL/life/downhouse.html" "Mozilla/4.0 (compatible; MSIE 6.0; Windows NT 5.1; SV1; TheFreeDictionary.com)"
58.167.106.177 - - [14/Apr/2006:03:18:08 -0400] "GET /images/topleftlogo.gif HTTP/1.1" 200 6907 "http://www.darwinday.org/englishL/life/downhouse.html" "Mozilla/4.0 (compatible; MSIE 6.0; Windows NT 5.1; SV1; TheFreeDictionary.com)"
58.167.106.177 - - [14/Apr/2006:03:18:09 -0400] "GET /images/header.gif HTTP/1.1" 200 26756 "http://www.darwinday.org/englishL/life/downhouse.html" "Mozilla/4.0 (compatible; MSIE 6.0; Windows NT 5.1; SV1; TheFreeDictionary.com)"
58.167.106.177 - - [14/Apr/2006:03:18:12 -0400] "GET /englishL/images/titletrans.gif HTTP/1.1" 200 15588 "http://www.darwinday.org/englishL/life/downhouse.html" "Mozilla/4.0 (compatible; MSIE 6.0; Windows NT 5.1; SV1; TheFreeDictionary.com)"
58.167.106.177 - - [14/Apr/2006:03:18:13 -0400] "GET /englishL/images/navbar.gif HTTP/1.1" 200 2667 "http://www.darwinday.org/englishL/life/downhouse.html" "Mozilla/4.0 (compatible; MSIE 6.0; Windows NT 5.1; SV1; TheFreeDictionary.com)"
58.167.106.177 - - [14/Apr/2006:03:18:15 -0400] "GET /englishL/life/images/downhouseproperty.jpg HTTP/1.1" 200 31640 "http://www.darwinday.org/englishL/life/downhouse.html" "Mozilla/4.0 (compatible; MSIE 6.0; Windows NT 5.1; SV1; TheFreeDictionary.com)"
58.167.106.177 - - [14/Apr/2006:03:18:17 -0400] "GET /englishL/life/images/downhousefront-t.jpg HTTP/1.1" 200 31813 "http://www.darwinday.org/englishL/life/downhouse.html" "Mozilla/4.0 (compatible; MSIE 6.0; Windows NT 5.1; SV1; TheFreeDictionary.com)"
66.147.154.3 - - [14/Apr/2006:03:18:17 -0400] "GET / HTTP/1.0" 200 25731 "-" "http://www.almaden.ibm.com/cs/crawler [fc3]"
58.167.106.177 - - [14/Apr/2006:03:18:20 -0400] "GET /englishL/life/images/downhouseback-t.jpg HTTP/1.1" 200 33209 "http://www.darwinday.org/englishL/life/downhouse.html" "Mozilla/4.0 (compatible; MSIE 6.0; Windows NT 5.1; SV1; TheFreeDictionary.com)"
58.167.106.177 - - [14/Apr/2006:03:18:21 -0400] "GET /images/worldmaptransp.gif HTTP/1.1" 200 128893 "http://www.darwinday.org/englishL/life/downhouse.html" "Mozilla/4.0 (compatible; MSIE 6.0; Windows NT 5.1; SV1; TheFreeDictionary.com)"
58.167.106.177 - - [14/Apr/2006:03:18:22 -0400] "GET /englishL/life/images/downgarden-t.jpg HTTP/1.1" 200 33115 "http://www.darwinday.org/englishL/life/downhouse.html" "Mozilla/4.0 (compatible; MSIE 6.0; Windows NT 5.1; SV1; TheFreeDictionary.com)"
58.167.106.177 - - [14/Apr/2006:03:18:23 -0400] "GET /englishL/life/images/downhousebrick-t.jpg HTTP/1.1" 200 25230 "http://www.darwinday.org/englishL/life/downhouse.html" "Mozilla/4.0 (compatible; MSIE 6.0; Windows NT 5.1; SV1; TheFreeDictionary.com)"
58.167.106.177 - - [14/Apr/2006:03:18:25 -0400] "GET /englishL/life/images/downgreenhouse-t.jpg HTTP/1.1" 200 34020 "http://www.darwinday.org/englishL/life/downhouse.html" "Mozilla/4.0 (compatible; MSIE 6.0; Windows NT 5.1; SV1; TheFreeDictionary.com)"
58.167.106.177 - - [14/Apr/2006:03:18:27 -0400] "GET /englishL/life/images/downhouseplan-t.jpg HTTP/1.1" 200 29581 "http://www.darwinday.org/englishL/life/downhouse.html" "Mozilla/4.0 (compatible; MSIE 6.0; Windows NT 5.1; SV1; TheFreeDictionary.com)"
66.147.154.3 - - [14/Apr/2006:03:18:28 -0400] "GET /welcome/index.html HTTP/1.0" 404 3380 "-" "http://www.almaden.ibm.com/cs/crawler [fc3]"
58.167.106.177 - - [14/Apr/2006:03:18:28 -0400] "GET /englishL/life/images/downdrawingroom-t.jpg HTTP/1.1" 200 39782 "http://www.darwinday.org/englishL/life/downhouse.html" "Mozilla/4.0 (compatible; MSIE 6.0; Windows NT 5.1; SV1; TheFreeDictionary.com)"
58.167.106.177 - - [14/Apr/2006:03:18:28 -0400] "GET /englishL/life/images/downpiano-t.jpg HTTP/1.1" 200 26476 "http://www.darwinday.org/englishL/life/downhouse.html" "Mozilla/4.0 (compatible; MSIE 6.0; Windows NT 5.1; SV1; TheFreeDictionary.com)"
58.167.106.177 - - [14/Apr/2006:03:18:30 -0400] "GET /englishL/life/images/study-t.jpg HTTP/1.1" 200 37613 "http://www.darwinday.org/englishL/life/downhouse.html" "Mozilla/4.0 (compatible; MSIE 6.0; Windows NT 5.1; SV1; TheFreeDictionary.com)"
58.167.106.177 - - [14/Apr/2006:03:18:31 -0400] "GET /englishL/life/images/downdining-t.jpg HTTP/1.1" 200 29295 "http://www.darwinday.org/englishL/life/downhouse.html" "Mozilla/4.0 (compatible; MSIE 6.0; Windows NT 5.1; SV1; TheFreeDictionary.com)"
58.167.106.177 - - [14/Apr/2006:03:18:33 -0400] "GET /englishL/life/images/downhouseplan2-t.jpg HTTP/1.1" 200 33925 "http://www.darwinday.org/englishL/life/downhouse.html" "Mozilla/4.0 (compatible; MSIE 6.0; Windows NT 5.1; SV1; TheFreeDictionary.com)"
66.147.154.3 - - [14/Apr/2006:03:18:40 -0400] "GET /index.html HTTP/1.0" 200 25731 "-" "http://www.almaden.ibm.com/cs/crawler [fc3]"
58.167.106.177 - - [14/Apr/2006:03:21:05 -0400] "GET /favicon.ico HTTP/1.1" 404 3385 "-" "Mozilla/4.0 (compatible; MSIE 6.0; Windows NT 5.1; SV1; TheFreeDictionary.com)"
65.55.246.40 - - [14/Apr/2006:03:22:31 -0400] "GET /chooselang/index.html HTTP/1.0" 200 6101 "-" "msnbot/0.9 (+http://search.msn.com/msnbot.htm)"
65.55.246.40 - - [14/Apr/2006:03:22:31 -0400] "GET /englishL/evolution/index.html HTTP/1.0" 200 4606 "-" "msnbot/0.9 (+http://search.msn.com/msnbot.htm)"
65.55.246.40 - - [14/Apr/2006:03:22:32 -0400] "GET /home/index.html HTTP/1.0" 200 25935 "-" "msnbot/0.9 (+http://search.msn.com/msnbot.htm)"
65.55.246.40 - - [14/Apr/2006:03:22:34 -0400] "GET /englishL/dispsupport/index.php HTTP/1.0" 200 536272 "-" "msnbot/0.9 (+http://search.msn.com/msnbot.htm)"
65.55.246.40 - - [14/Apr/2006:03:22:37 -0400] "GET /englishL/home/2006.php HTTP/1.0" 200 1824050 "-" "msnbot/0.9 (+http://search.msn.com/msnbot.htm)"
65.55.246.40 - - [14/Apr/2006:03:22:37 -0400] "GET /englishL/register/index.php HTTP/1.0" 200 19903 "-" "msnbot/0.9 (+http://search.msn.com/msnbot.htm)"
65.55.246.40 - - [14/Apr/2006:03:22:38 -0400] "GET /englishL/home/2002.html HTTP/1.0" 200 26407 "-" "msnbot/0.9 (+http://search.msn.com/msnbot.htm)"
65.55.246.40 - - [14/Apr/2006:03:22:38 -0400] "GET /englishL/currarts.html HTTP/1.0" 200 5399 "-" "msnbot/0.9 (+http://search.msn.com/msnbot.htm)"
65.55.246.40 - - [14/Apr/2006:03:22:39 -0400] "GET /englishL/home/2004.html HTTP/1.0" 200 80150 "-" "msnbot/0.9 (+http://search.msn.com/msnbot.htm)"
65.55.246.40 - - [14/Apr/2006:03:22:39 -0400] "GET /englishL/regemail/index.php HTTP/1.0" 200 5991 "-" "msnbot/0.9 (+http://search.msn.com/msnbot.htm)"
65.55.246.40 - - [14/Apr/2006:03:22:39 -0400] "GET /englishL/home/2009.html HTTP/1.0" 200 4495 "-" "msnbot/0.9 (+http://search.msn.com/msnbot.htm)"
65.55.246.40 - - [14/Apr/2006:03:22:40 -0400] "GET /englishL/home/2008.html HTTP/1.0" 200 3869 "-" "msnbot/0.9 (+http://search.msn.com/msnbot.htm)"
65.55.246.40 - - [14/Apr/2006:03:22:41 -0400] "GET /englishL/home/2005.php HTTP/1.0" 200 361328 "-" "msnbot/0.9 (+http://search.msn.com/msnbot.htm)"
65.55.246.40 - - [14/Apr/2006:03:22:42 -0400] "GET /englishL/home/2003.html HTTP/1.0" 200 100585 "-" "msnbot/0.9 (+http://search.msn.com/msnbot.htm)"
65.55.246.40 - - [14/Apr/2006:03:22:42 -0400] "GET /englishL/newsviews/darlin.html HTTP/1.0" 200 21534 "-" "msnbot/0.9 (+http://search.msn.com/msnbot.htm)"
65.55.246.40 - - [14/Apr/2006:03:22:43 -0400] "GET /englishL/donate/index.html HTTP/1.0" 200 5626 "-" "msnbot/0.9 (+http://search.msn.com/msnbot.htm)"
65.55.246.40 - - [14/Apr/2006:03:22:43 -0400] "GET /englishL/home/2007.html HTTP/1.0" 200 4314 "-" "msnbot/0.9 (+http://search.msn.com/msnbot.htm)"
66.249.65.104 - - [14/Apr/2006:03:25:40 -0400] "GET / HTTP/1.1" 304 - "-" "Mozilla/5.0 (compatible; Googlebot/2.1; +http://www.google.com/bot.html)"
66.249.65.104 - - [14/Apr/2006:03:25:42 -0400] "GET /englishL/newsviews/essays.html HTTP/1.1" 200 7578 "-" "Mozilla/5.0 (compatible; Googlebot/2.1; +http://www.google.com/bot.html)"
65.54.188.59 - - [14/Apr/2006:03:26:35 -0400] "GET /robots.txt HTTP/1.0" 404 3372 "-" "msnbot/1.0 (+http://search.msn.com/msnbot.htm)"
65.54.188.59 - - [14/Apr/2006:03:26:35 -0400] "GET /englishL/life/london.html HTTP/1.0" 200 6084 "-" "msnbot/1.0 (+http://search.msn.com/msnbot.htm)"
66.249.65.104 - - [14/Apr/2006:03:29:10 -0400] "GET / HTTP/1.1" 304 - "-" "Mozilla/5.0 (compatible; Googlebot/2.1; +http://www.google.com/bot.html)"
65.55.246.40 - - [14/Apr/2006:03:38:47 -0400] "GET /englishL/newsviews/essays.html HTTP/1.0" 200 7578 "-" "msnbot/0.9 (+http://search.msn.com/msnbot.htm)"
66.249.65.104 - - [14/Apr/2006:03:43:49 -0400] "GET /englishL/newsviews/darlin.html HTTP/1.1" 200 21534 "-" "Mozilla/5.0 (compatible; Googlebot/2.1; +http://www.google.com/bot.html)"
65.55.246.40 - - [14/Apr/2006:03:48:21 -0400] "GET /englishL/home/index.html HTTP/1.0" 200 26100 "-" "msnbot/0.9 (+http://search.msn.com/msnbot.htm)"
65.55.246.40 - - [14/Apr/2006:03:48:22 -0400] "GET /englishL/regevent/index.php HTTP/1.0" 200 31570 "-" "msnbot/0.9 (+http://search.msn.com/msnbot.htm)"
207.68.146.47 - - [14/Apr/2006:03:49:33 -0400] "GET /englishL/aboutddc/contact.html HTTP/1.0" 200 3359 "-" "msnbot/1.0 (+http://search.msn.com/msnbot.htm)"
65.214.44.193 - - [14/Apr/2006:03:50:32 -0400] "GET /event_info/2003_brazil.html HTTP/1.0" 404 3389 "-" "Mozilla/2.0 (compatible; Ask Jeeves/Teoma; +http://sp.ask.com/docs/about/tech_crawling.html)"
65.55.246.40 - - [14/Apr/2006:03:57:11 -0400] "GET /englishL/aboutddc/index.html HTTP/1.0" 200 6558 "-" "msnbot/0.9 (+http://search.msn.com/msnbot.htm)"
65.55.246.40 - - [14/Apr/2006:03:57:30 -0400] "GET /englishL/events/index.html HTTP/1.0" 200 4612 "-" "msnbot/0.9 (+http://search.msn.com/msnbot.htm)"
68.44.91.83 - - [14/Apr/2006:03:58:58 -0400] "GET /englishL/home/2005.php HTTP/1.1" 200 12804 "-" "Mozilla/4.0 (compatible ; MSIE 6.0; Windows NT 5.1)"
68.44.91.83 - - [14/Apr/2006:04:02:27 -0400] "GET /englishL/home/2005.php HTTP/1.1" 200 362411 "-" "Mozilla/4.0 (compatible ; MSIE 6.0; Windows NT 5.1)"
69.248.26.83 - - [14/Apr/2006:04:02:27 -0400] "GET /robots.txt HTTP/1.0" 404 3372 "-" "Comrite/0.7.1 (Nutch; http://lucene.apache.org/nutch/bot.html; nutch-agent@lucene.apache.org)"
69.248.26.83 - - [14/Apr/2006:04:02:28 -0400] "GET / HTTP/1.0" 200 25731 "-" "Comrite/0.7.1 (Nutch; http://lucene.apache.org/nutch/bot.html; nutch-agent@lucene.apache.org)"
85.214.36.241 - - [14/Apr/2006:04:06:58 -0400] "GET /Ital2English/index.html HTTP/1.0" 200 3491 "-" "Snoopy v1.2.3"
85.214.36.241 - - [14/Apr/2006:04:08:44 -0400] "GET /englishL/aboutddc/contact.html HTTP/1.0" 200 3359 "-" "Snoopy v1.2.3"
65.55.246.40 - - [14/Apr/2006:04:09:59 -0400] "GET /englishL/life/children.html HTTP/1.0" 200 13665 "-" "msnbot/0.9 (+http://search.msn.com/msnbot.htm)"
70.189.142.111 - - [14/Apr/2006:04:11:11 -0400] "GET /englishL/life/beagle.html HTTP/1.1" 200 20574 "http://images.google.com/imgres?imgurl=http://www.darwinday.org/englishL/life/images/beagle/beaglemapgal.gif&imgrefurl=http://www.darwinday.org/englishL/life/beagle.html&h=369&w=500&sz=15&tbnid=D_AolNwIqDNQXM:&tbnh=93&tbnw=127&hl=en&start=15&prev=/images%3Fq%3Dbeagle%2Bvoyage%26svnum%3D10%26hl%3Den%26lr%3D" "Mozilla/4.0 (compatible; MSIE 6.0; Windows NT 5.1; SV1; .NET CLR 1.1.4322; .NET CLR 2.0.50727)"
70.189.142.111 - - [14/Apr/2006:04:11:11 -0400] "GET /stylesheets/main.css HTTP/1.1" 200 658 "http://www.darwinday.org/englishL/life/beagle.html" "Mozilla/4.0 (compatible; MSIE 6.0; Windows NT 5.1; SV1; .NET CLR 1.1.4322; .NET CLR 2.0.50727)"
70.189.142.111 - - [14/Apr/2006:04:11:11 -0400] "GET /images/topleftlogo.gif HTTP/1.1" 200 6907 "http://www.darwinday.org/englishL/life/beagle.html" "Mozilla/4.0 (compatible; MSIE 6.0; Windows NT 5.1; SV1; .NET CLR 1.1.4322; .NET CLR 2.0.50727)"
70.189.142.111 - - [14/Apr/2006:04:11:11 -0400] "GET /images/header.gif HTTP/1.1" 200 26756 "http://www.darwinday.org/englishL/life/beagle.html" "Mozilla/4.0 (compatible; MSIE 6.0; Windows NT 5.1; SV1; .NET CLR 1.1.4322; .NET CLR 2.0.50727)"
70.189.142.111 - - [14/Apr/2006:04:11:12 -0400] "GET /englishL/images/titletrans.gif HTTP/1.1" 200 15588 "http://www.darwinday.org/englishL/life/beagle.html" "Mozilla/4.0 (compatible; MSIE 6.0; Windows NT 5.1; SV1; .NET CLR 1.1.4322; .NET CLR 2.0.50727)"
70.189.142.111 - - [14/Apr/2006:04:11:12 -0400] "GET /englishL/images/navbar.gif HTTP/1.1" 200 2667 "http://www.darwinday.org/englishL/life/beagle.html" "Mozilla/4.0 (compatible; MSIE 6.0; Windows NT 5.1; SV1; .NET CLR 1.1.4322; .NET CLR 2.0.50727)"
70.189.142.111 - - [14/Apr/2006:04:11:12 -0400] "GET /englishL/life/images/beagle/beaglemap-t.gif HTTP/1.1" 200 17709 "http://www.darwinday.org/englishL/life/beagle.html" "Mozilla/4.0 (compatible; MSIE 6.0; Windows NT 5.1; SV1; .NET CLR 1.1.4322; .NET CLR 2.0.50727)"
70.189.142.111 - - [14/Apr/2006:04:11:12 -0400] "GET /images/worldmaptransp.gif HTTP/1.1" 200 128893 "http://www.darwinday.org/englishL/life/beagle.html" "Mozilla/4.0 (compatible; MSIE 6.0; Windows NT 5.1; SV1; .NET CLR 1.1.4322; .NET CLR 2.0.50727)"
70.189.142.111 - - [14/Apr/2006:04:11:12 -0400] "GET /englishL/life/images/beagle/beaglemapsa-t.gif HTTP/1.1" 200 15500 "http://www.darwinday.org/englishL/life/beagle.html" "Mozilla/4.0 (compatible; MSIE 6.0; Windows NT 5.1; SV1; .NET CLR 1.1.4322; .NET CLR 2.0.50727)"
70.189.142.111 - - [14/Apr/2006:04:11:12 -0400] "GET /englishL/life/images/beagle/beaglemapgal-t.gif HTTP/1.1" 200 7651 "http://www.darwinday.org/englishL/life/beagle.html" "Mozilla/4.0 (compatible; MSIE 6.0; Windows NT 5.1; SV1; .NET CLR 1.1.4322; .NET CLR 2.0.50727)"
70.189.142.111 - - [14/Apr/2006:04:11:12 -0400] "GET /englishL/life/images/beagle/galapagos-t.jpg HTTP/1.1" 200 21187 "http://www.darwinday.org/englishL/life/beagle.html" "Mozilla/4.0 (compatible; MSIE 6.0; Windows NT 5.1; SV1; .NET CLR 1.1.4322; .NET CLR 2.0.50727)"
70.189.142.111 - - [14/Apr/2006:04:11:12 -0400] "GET /englishL/life/images/beagle/tortoise-t.jpg HTTP/1.1" 200 41154 "http://www.darwinday.org/englishL/life/beagle.html" "Mozilla/4.0 (compatible; MSIE 6.0; Windows NT 5.1; SV1; .NET CLR 1.1.4322; .NET CLR 2.0.50727)"
70.189.142.111 - - [14/Apr/2006:04:11:12 -0400] "GET /englishL/life/images/beagle/iguana-t.jpg HTTP/1.1" 200 32130 "http://www.darwinday.org/englishL/life/beagle.html" "Mozilla/4.0 (compatible; MSIE 6.0; Windows NT 5.1; SV1; .NET CLR 1.1.4322; .NET CLR 2.0.50727)"
70.189.142.111 - - [14/Apr/2006:04:11:12 -0400] "GET /englishL/life/images/beagle/finch-t.jpg HTTP/1.1" 200 41018 "http://www.darwinday.org/englishL/life/beagle.html" "Mozilla/4.0 (compatible; MSIE 6.0; Windows NT 5.1; SV1; .NET CLR 1.1.4322; .NET CLR 2.0.50727)"
70.189.142.111 - - [14/Apr/2006:04:11:13 -0400] "GET /englishL/life/images/beagle/lizard-t.jpg HTTP/1.1" 200 28277 "http://www.darwinday.org/englishL/life/beagle.html" "Mozilla/4.0 (compatible; MSIE 6.0; Windows NT 5.1; SV1; .NET CLR 1.1.4322; .NET CLR 2.0.50727)"
70.189.142.111 - - [14/Apr/2006:04:11:13 -0400] "GET /englishL/life/images/beagle/nancy.jpg HTTP/1.1" 200 80351 "http://www.darwinday.org/englishL/life/beagle.html" "Mozilla/4.0 (compatible; MSIE 6.0; Windows NT 5.1; SV1; .NET CLR 1.1.4322; .NET CLR 2.0.50727)"
70.189.142.111 - - [14/Apr/2006:04:11:14 -0400] "GET /englishL/life/images/beagle/beaglemapgal.gif HTTP/1.1" 200 15078 "http://images.google.com/imgres?imgurl=http://www.darwinday.org/englishL/life/images/beagle/beaglemapgal.gif&imgrefurl=http://www.darwinday.org/englishL/life/beagle.html&h=369&w=500&sz=15&tbnid=D_AolNwIqDNQXM:&tbnh=93&tbnw=127&hl=en&prev=/images%3Fq%3Dbeagle%2Bvoyage%26svnum%3D10%26hl%3Den%26lr%3D&frame=small" "Mozilla/4.0 (compatible; MSIE 6.0; Windows NT 5.1; SV1; .NET CLR 1.1.4322; .NET CLR 2.0.50727)"
213.222.54.222 - - [14/Apr/2006:04:12:11 -0400] "GET /stylesheets/main.css HTTP/1.0" 200 658 "http://www.darwinday.org/englishL/life/beagle.html" "Mozilla/4.0 (compatible; MSIE 6.0; Windows NT 5.1)"
213.222.54.222 - - [14/Apr/2006:04:12:11 -0400] "GET /images/topleftlogo.gif HTTP/1.0" 200 6907 "http://www.darwinday.org/englishL/life/beagle.html" "Mozilla/4.0 (compatible; MSIE 6.0; Windows NT 5.1)"
213.222.54.222 - - [14/Apr/2006:04:12:11 -0400] "GET /englishL/life/beagle.html HTTP/1.0" 200 20574 "http://images.google.com/imgres?imgurl=http://www.darwinday.org/englishL/life/images/beagle/galapagos.jpg&imgrefurl=http://www.darwinday.org/englishL/life/beagle.html&h=384&w=271&sz=53&tbnid=UTPDBXOCOHrazM:&tbnh=119&tbnw=83&hl=en&start=57&prev=/images%3Fq%3Dgalapagos%26start%3D40%26svnum%3D10%26hl%3Den%26lr%3D%26sa%3DN" "Mozilla/4.0 (compatible; MSIE 6.0; Windows NT 5.1)"
213.222.54.222 - - [14/Apr/2006:04:12:11 -0400] "GET /englishL/images/navbar.gif HTTP/1.0" 200 2667 "http://www.darwinday.org/englishL/life/beagle.html" "Mozilla/4.0 (compatible; MSIE 6.0; Windows NT 5.1)"
213.222.54.222 - - [14/Apr/2006:04:12:11 -0400] "GET /images/header.gif HTTP/1.0" 200 26756 "http://www.darwinday.org/englishL/life/beagle.html" "Mozilla/4.0 (compatible; MSIE 6.0; Windows NT 5.1)"
213.222.54.222 - - [14/Apr/2006:04:12:12 -0400] "GET /englishL/images/titletrans.gif HTTP/1.0" 200 15588 "http://www.darwinday.org/englishL/life/beagle.html" "Mozilla/4.0 (compatible; MSIE 6.0; Windows NT 5.1)"
213.222.54.222 - - [14/Apr/2006:04:12:12 -0400] "GET /englishL/life/images/beagle/beaglemap-t.gif HTTP/1.0" 200 17709 "http://www.darwinday.org/englishL/life/beagle.html" "Mozilla/4.0 (compatible; MSIE 6.0; Windows NT 5.1)"
213.222.54.222 - - [14/Apr/2006:04:12:12 -0400] "GET /englishL/life/images/beagle/beaglemapsa-t.gif HTTP/1.0" 200 15500 "http://www.darwinday.org/englishL/life/beagle.html" "Mozilla/4.0 (compatible; MSIE 6.0; Windows NT 5.1)"
213.222.54.222 - - [14/Apr/2006:04:12:12 -0400] "GET /englishL/life/images/beagle/beaglemapgal-t.gif HTTP/1.0" 200 7651 "http://www.darwinday.org/englishL/life/beagle.html" "Mozilla/4.0 (compatible; MSIE 6.0; Windows NT 5.1)"
213.222.54.222 - - [14/Apr/2006:04:12:13 -0400] "GET /englishL/life/images/beagle/galapagos-t.jpg HTTP/1.0" 200 21187 "http://www.darwinday.org/englishL/life/beagle.html" "Mozilla/4.0 (compatible; MSIE 6.0; Windows NT 5.1)"
213.222.54.222 - - [14/Apr/2006:04:12:14 -0400] "GET /englishL/life/images/beagle/iguana-t.jpg HTTP/1.0" 200 32130 "http://www.darwinday.org/englishL/life/beagle.html" "Mozilla/4.0 (compatible; MSIE 6.0; Windows NT 5.1)"
213.222.54.222 - - [14/Apr/2006:04:12:14 -0400] "GET /englishL/life/images/beagle/tortoise-t.jpg HTTP/1.0" 200 41154 "http://www.darwinday.org/englishL/life/beagle.html" "Mozilla/4.0 (compatible; MSIE 6.0; Windows NT 5.1)"
