206.45.72.49 - - [28/Aug/2006:12:20:59 -0400] "GET /images/alllangimages/darwin.gif HTTP/1.1" 200 13783 "http://darwinday.org/englishL/home/index.html" "Mozilla/5.0 (Windows; U; Windows NT 5.0; en-US; rv:1.8.0.6) Gecko/20060728 Firefox/1.5.0.6"
67.185.89.191 - - [28/Aug/2006:12:20:59 -0400] "GET /englishL/images/titletrans.gif HTTP/1.1" 200 15588 "http://darwinday.org/englishL/home/index.html" "Mozilla/5.0 (Windows; U; Windows NT 5.1; en-US; rv:1.8.0.6) Gecko/20060728 Firefox/1.5.0.6"
206.45.72.49 - - [28/Aug/2006:12:20:59 -0400] "GET /englishL/home/images/darwinages.gif HTTP/1.1" 200 50309 "http://darwinday.org/englishL/home/index.html" "Mozilla/5.0 (Windows; U; Windows NT 5.0; en-US; rv:1.8.0.6) Gecko/20060728 Firefox/1.5.0.6"
67.185.89.191 - - [28/Aug/2006:12:20:59 -0400] "GET /images/alllangimages/header.gif HTTP/1.1" 200 20989 "http://darwinday.org/englishL/home/index.html" "Mozilla/5.0 (Windows; U; Windows NT 5.1; en-US; rv:1.8.0.6) Gecko/20060728 Firefox/1.5.0.6"
67.41.153.111 - - [28/Aug/2006:12:20:59 -0400] "GET /englishL/images/navbar.gif HTTP/1.1" 200 2667 "http://darwinday.org/englishL/home/index.html" "Mozilla/5.0 (Windows; U; Windows NT 5.1; en-US; rv:1.7.12) Gecko/20050915 Firefox/1.0.7"
206.45.72.49 - - [28/Aug/2006:12:20:59 -0400] "GET /images/alllangimages/worldmaptransp.gif HTTP/1.1" 200 128893 "http://darwinday.org/englishL/home/index.html" "Mozilla/5.0 (Windows; U; Windows NT 5.0; en-US; rv:1.8.0.6) Gecko/20060728 Firefox/1.5.0.6"
67.185.89.191 - - [28/Aug/2006:12:20:59 -0400] "GET /images/alllangimages/arrow.gif HTTP/1.1" 200 112 "http://darwinday.org/englishL/home/index.html" "Mozilla/5.0 (Windows; U; Windows NT 5.1; en-US; rv:1.8.0.6) Gecko/20060728 Firefox/1.5.0.6"
67.185.89.191 - - [28/Aug/2006:12:20:59 -0400] "GET /images/alllangimages/dnahoriz.gif HTTP/1.1" 200 3391 "http://darwinday.org/englishL/home/index.html" "Mozilla/5.0 (Windows; U; Windows NT 5.1; en-US; rv:1.8.0.6) Gecko/20060728 Firefox/1.5.0.6"
67.185.89.191 - - [28/Aug/2006:12:20:59 -0400] "GET /images/alllangimages/dnahorizl.gif HTTP/1.1" 200 2130 "http://darwinday.org/englishL/home/index.html" "Mozilla/5.0 (Windows; U; Windows NT 5.1; en-US; rv:1.8.0.6) Gecko/20060728 Firefox/1.5.0.6"
67.185.89.191 - - [28/Aug/2006:12:20:59 -0400] "GET /images/alllangimages/dnahorizr.gif HTTP/1.1" 200 2104 "http://darwinday.org/englishL/home/index.html" "Mozilla/5.0 (Windows; U; Windows NT 5.1; en-US; rv:1.8.0.6) Gecko/20060728 Firefox/1.5.0.6"
206.45.72.49 - - [28/Aug/2006:12:20:59 -0400] "GET /englishL/home/images/beagle.gif HTTP/1.1" 200 37108 "http://darwinday.org/englishL/home/index.html" "Mozilla/5.0 (Windows; U; Windows NT 5.0; en-US; rv:1.8.0.6) Gecko/20060728 Firefox/1.5.0.6"
206.45.72.49 - - [28/Aug/2006:12:20:59 -0400] "GET /images/alllangimages/trans.gif HTTP/1.1" 200 49 "http://darwinday.org/englishL/home/index.html" "Mozilla/5.0 (Windows; U; Windows NT 5.0; en-US; rv:1.8.0.6) Gecko/20060728 Firefox/1.5.0.6"
67.185.89.191 - - [28/Aug/2006:12:20:59 -0400] "GET /englishL/currarts.html HTTP/1.1" 200 4902 "http://darwinday.org/englishL/home/index.html" "Mozilla/5.0 (Windows; U; Windows NT 5.1; en-US; rv:1.8.0.6) Gecko/20060728 Firefox/1.5.0.6"
206.45.72.49 - - [28/Aug/2006:12:20:59 -0400] "GET /englishL/home/images/joinus.gif HTTP/1.1" 200 524 "http://darwinday.org/englishL/home/index.html" "Mozilla/5.0 (Windows; U; Windows NT 5.0; en-US; rv:1.8.0.6) Gecko/20060728 Firefox/1.5.0.6"
67.185.89.191 - - [28/Aug/2006:12:20:59 -0400] "GET /images/alllangimages/lincoln.gif HTTP/1.1" 200 11057 "http://darwinday.org/englishL/home/index.html" "Mozilla/5.0 (Windows; U; Windows NT 5.1; en-US; rv:1.8.0.6) Gecko/20060728 Firefox/1.5.0.6"
67.185.89.191 - - [28/Aug/2006:12:21:00 -0400] "GET /images/alllangimages/DNAlogo.gif HTTP/1.1" 200 1370 "http://darwinday.org/englishL/currarts.html" "Mozilla/5.0 (Windows; U; Windows NT 5.1; en-US; rv:1.8.0.6) Gecko/20060728 Firefox/1.5.0.6"
67.185.89.191 - - [28/Aug/2006:12:21:00 -0400] "GET /englishL/home/index.html HTTP/1.1" 200 26022 "http://www.stumbleupon.com/refer.php?url=http%3A//darwinday.org/englishL/home/index.html" "Mozilla/5.0 (Windows; U; Windows NT 5.1; en-US; rv:1.8.0.6) Gecko/20060728 Firefox/1.5.0.6"
206.45.72.49 - - [28/Aug/2006:12:21:00 -0400] "GET /favicon.ico HTTP/1.1" 404 3475 "-" "Mozilla/5.0 (Windows; U; Windows NT 5.0; en-US; rv:1.8.0.6) Gecko/20060728 Firefox/1.5.0.6"
67.185.89.191 - - [28/Aug/2006:12:21:00 -0400] "GET /images/alllangimages/darwin.gif HTTP/1.1" 200 13783 "http://darwinday.org/englishL/home/index.html" "Mozilla/5.0 (Windows; U; Windows NT 5.1; en-US; rv:1.8.0.6) Gecko/20060728 Firefox/1.5.0.6"
67.185.89.191 - - [28/Aug/2006:12:21:00 -0400] "GET /englishL/home/images/darwinages.gif HTTP/1.1" 200 50309 "http://darwinday.org/englishL/home/index.html" "Mozilla/5.0 (Windows; U; Windows NT 5.1; en-US; rv:1.8.0.6) Gecko/20060728 Firefox/1.5.0.6"
67.185.89.191 - - [28/Aug/2006:12:21:00 -0400] "GET /images/alllangimages/trans.gif HTTP/1.1" 200 49 "http://darwinday.org/englishL/home/index.html" "Mozilla/5.0 (Windows; U; Windows NT 5.1; en-US; rv:1.8.0.6) Gecko/20060728 Firefox/1.5.0.6"
67.185.89.191 - - [28/Aug/2006:12:21:00 -0400] "GET /englishL/home/images/joinus.gif HTTP/1.1" 200 524 "http://darwinday.org/englishL/home/index.html" "Mozilla/5.0 (Windows; U; Windows NT 5.1; en-US; rv:1.8.0.6) Gecko/20060728 Firefox/1.5.0.6"
67.185.89.191 - - [28/Aug/2006:12:21:00 -0400] "GET /englishL/home/images/horse.evolution.jpg HTTP/1.1" 200 29612 "http://darwinday.org/englishL/home/index.html" "Mozilla/5.0 (Windows; U; Windows NT 5.1; en-US; rv:1.8.0.6) Gecko/20060728 Firefox/1.5.0.6"
67.185.89.191 - - [28/Aug/2006:12:21:00 -0400] "GET /englishL/home/images/beagle.gif HTTP/1.1" 200 37108 "http://darwinday.org/englishL/home/index.html" "Mozilla/5.0 (Windows; U; Windows NT 5.1; en-US; rv:1.8.0.6) Gecko/20060728 Firefox/1.5.0.6"
67.41.153.111 - - [28/Aug/2006:12:21:01 -0400] "GET /englishL/home/images/darwinages.gif HTTP/1.1" 200 50309 "http://darwinday.org/englishL/home/index.html" "Mozilla/5.0 (Windows; U; Windows NT 5.1; en-US; rv:1.7.12) Gecko/20050915 Firefox/1.0.7"
67.41.153.111 - - [28/Aug/2006:12:21:01 -0400] "GET /images/alllangimages/arrow.gif HTTP/1.1" 200 112 "http://darwinday.org/englishL/home/index.html" "Mozilla/5.0 (Windows; U; Windows NT 5.1; en-US; rv:1.7.12) Gecko/20050915 Firefox/1.0.7"
67.41.153.111 - - [28/Aug/2006:12:21:01 -0400] "GET /images/alllangimages/dnahorizl.gif HTTP/1.1" 200 2130 "http://darwinday.org/englishL/home/index.html" "Mozilla/5.0 (Windows; U; Windows NT 5.1; en-US; rv:1.7.12) Gecko/20050915 Firefox/1.0.7"
67.41.153.111 - - [28/Aug/2006:12:21:01 -0400] "GET /images/alllangimages/dnahoriz.gif HTTP/1.1" 200 3391 "http://darwinday.org/englishL/home/index.html" "Mozilla/5.0 (Windows; U; Windows NT 5.1; en-US; rv:1.7.12) Gecko/20050915 Firefox/1.0.7"
67.41.153.111 - - [28/Aug/2006:12:21:01 -0400] "GET /images/alllangimages/dnahorizr.gif HTTP/1.1" 200 2104 "http://darwinday.org/englishL/home/index.html" "Mozilla/5.0 (Windows; U; Windows NT 5.1; en-US; rv:1.7.12) Gecko/20050915 Firefox/1.0.7"
67.41.153.111 - - [28/Aug/2006:12:21:01 -0400] "GET /englishL/currarts.html HTTP/1.1" 200 4902 "http://darwinday.org/englishL/home/index.html" "Mozilla/5.0 (Windows; U; Windows NT 5.1; en-US; rv:1.7.12) Gecko/20050915 Firefox/1.0.7"
67.41.153.111 - - [28/Aug/2006:12:21:02 -0400] "GET /images/alllangimages/lincoln.gif HTTP/1.1" 200 11057 "http://darwinday.org/englishL/home/index.html" "Mozilla/5.0 (Windows; U; Windows NT 5.1; en-US; rv:1.7.12) Gecko/20050915 Firefox/1.0.7"
67.41.153.111 - - [28/Aug/2006:12:21:03 -0400] "GET /images/alllangimages/darwin.gif HTTP/1.1" 200 13783 "http://darwinday.org/englishL/home/index.html" "Mozilla/5.0 (Windows; U; Windows NT 5.1; en-US; rv:1.7.12) Gecko/20050915 Firefox/1.0.7"
67.41.153.111 - - [28/Aug/2006:12:21:04 -0400] "GET /englishL/home/images/beagle.gif HTTP/1.1" 200 37108 "http://darwinday.org/englishL/home/index.html" "Mozilla/5.0 (Windows; U; Windows NT 5.1; en-US; rv:1.7.12) Gecko/20050915 Firefox/1.0.7"
67.41.153.111 - - [28/Aug/2006:12:21:04 -0400] "GET /images/alllangimages/trans.gif HTTP/1.1" 200 49 "http://darwinday.org/englishL/home/index.html" "Mozilla/5.0 (Windows; U; Windows NT 5.1; en-US; rv:1.7.12) Gecko/20050915 Firefox/1.0.7"
67.41.153.111 - - [28/Aug/2006:12:21:04 -0400] "GET /englishL/home/images/joinus.gif HTTP/1.1" 200 524 "http://darwinday.org/englishL/home/index.html" "Mozilla/5.0 (Windows; U; Windows NT 5.1; en-US; rv:1.7.12) Gecko/20050915 Firefox/1.0.7"
67.41.153.111 - - [28/Aug/2006:12:21:05 -0400] "GET /images/alllangimages/worldmaptransp.gif HTTP/1.1" 200 128893 "http://darwinday.org/englishL/home/index.html" "Mozilla/5.0 (Windows; U; Windows NT 5.1; en-US; rv:1.7.12) Gecko/20050915 Firefox/1.0.7"
67.41.153.111 - - [28/Aug/2006:12:21:05 -0400] "GET /englishL/home/images/horse.evolution.jpg HTTP/1.1" 200 29612 "http://darwinday.org/englishL/home/index.html" "Mozilla/5.0 (Windows; U; Windows NT 5.1; en-US; rv:1.7.12) Gecko/20050915 Firefox/1.0.7"
67.41.153.111 - - [28/Aug/2006:12:21:05 -0400] "GET /images/alllangimages/DNAlogo.gif HTTP/1.1" 200 1370 "http://darwinday.org/englishL/currarts.html" "Mozilla/5.0 (Windows; U; Windows NT 5.1; en-US; rv:1.7.12) Gecko/20050915 Firefox/1.0.7"
83.142.122.156 - - [28/Aug/2006:12:21:14 -0400] "GET /englishL/home/index.html HTTP/1.1" 200 24213 "http://www.stumbleupon.com/refer.php?url=http%3A//darwinday.org/englishL/home/index.html" "Mozilla/5.0 (X11; U; Linux i686; en-US; rv:1.8.0.6) Gecko/20060728 Firefox/1.5.0.6"
81.86.149.80 - - [28/Aug/2006:12:21:15 -0400] "GET /stylesheets/mainenglishL.css HTTP/1.1" 200 590 "http://darwinday.org/englishL/home/index.html" "Mozilla/5.0 (Windows; U; Windows NT 5.1; en-GB; rv:1.8.0.6) Gecko/20060728 Firefox/1.5.0.6"
81.86.149.80 - - [28/Aug/2006:12:21:15 -0400] "GET /englishL/home/index.html HTTP/1.1" 200 26022 "http://www.stumbleupon.com/refer.php?url=http%3A//darwinday.org/englishL/home/index.html" "Mozilla/5.0 (Windows; U; Windows NT 5.1; en-GB; rv:1.8.0.6) Gecko/20060728 Firefox/1.5.0.6"
81.86.149.80 - - [28/Aug/2006:12:21:18 -0400] "GET /stylesheets/main.css HTTP/1.1" 200 638 "http://darwinday.org/englishL/home/index.html" "Mozilla/5.0 (Windows; U; Windows NT 5.1; en-GB; rv:1.8.0.6) Gecko/20060728 Firefox/1.5.0.6"
81.86.149.80 - - [28/Aug/2006:12:21:19 -0400] "GET /images/alllangimages/header.gif HTTP/1.1" 200 20989 "http://darwinday.org/englishL/home/index.html" "Mozilla/5.0 (Windows; U; Windows NT 5.1; en-GB; rv:1.8.0.6) Gecko/20060728 Firefox/1.5.0.6"
81.86.149.80 - - [28/Aug/2006:12:21:19 -0400] "GET /images/alllangimages/topleftlogo.gif HTTP/1.1" 200 6907 "http://darwinday.org/englishL/home/index.html" "Mozilla/5.0 (Windows; U; Windows NT 5.1; en-GB; rv:1.8.0.6) Gecko/20060728 Firefox/1.5.0.6"
81.86.149.80 - - [28/Aug/2006:12:21:19 -0400] "GET /englishL/currarts.html HTTP/1.1" 200 4902 "http://darwinday.org/englishL/home/index.html" "Mozilla/5.0 (Windows; U; Windows NT 5.1; en-GB; rv:1.8.0.6) Gecko/20060728 Firefox/1.5.0.6"
81.86.149.80 - - [28/Aug/2006:12:21:19 -0400] "GET /englishL/images/titletrans.gif HTTP/1.1" 200 15588 "http://darwinday.org/englishL/home/index.html" "Mozilla/5.0 (Windows; U; Windows NT 5.1; en-GB; rv:1.8.0.6) Gecko/20060728 Firefox/1.5.0.6"
67.185.89.191 - - [28/Aug/2006:12:21:19 -0400] "GET /favicon.ico HTTP/1.1" 404 3475 "-" "Mozilla/5.0 (Windows; U; Windows NT 5.1; en-US; rv:1.8.0.6) Gecko/20060728 Firefox/1.5.0.6"
81.86.149.80 - - [28/Aug/2006:12:21:20 -0400] "GET /englishL/images/navbar.gif HTTP/1.1" 200 2667 "http://darwinday.org/englishL/home/index.html" "Mozilla/5.0 (Windows; U; Windows NT 5.1; en-GB; rv:1.8.0.6) Gecko/20060728 Firefox/1.5.0.6"
81.86.149.80 - - [28/Aug/2006:12:21:20 -0400] "GET /englishL/home/images/darwinages.gif HTTP/1.1" 200 50309 "http://darwinday.org/englishL/home/index.html" "Mozilla/5.0 (Windows; U; Windows NT 5.1; en-GB; rv:1.8.0.6) Gecko/20060728 Firefox/1.5.0.6"
81.86.149.80 - - [28/Aug/2006:12:21:21 -0400] "GET /images/alllangimages/arrow.gif HTTP/1.1" 200 112 "http://darwinday.org/englishL/home/index.html" "Mozilla/5.0 (Windows; U; Windows NT 5.1; en-GB; rv:1.8.0.6) Gecko/20060728 Firefox/1.5.0.6"
81.86.149.80 - - [28/Aug/2006:12:21:21 -0400] "GET /images/alllangimages/dnahorizl.gif HTTP/1.1" 200 2130 "http://darwinday.org/englishL/home/index.html" "Mozilla/5.0 (Windows; U; Windows NT 5.1; en-GB; rv:1.8.0.6) Gecko/20060728 Firefox/1.5.0.6"
81.86.149.80 - - [28/Aug/2006:12:21:21 -0400] "GET /images/alllangimages/worldmaptransp.gif HTTP/1.1" 200 46851 "http://darwinday.org/englishL/home/index.html" "Mozilla/5.0 (Windows; U; Windows NT 5.1; en-GB; rv:1.8.0.6) Gecko/20060728 Firefox/1.5.0.6"
81.86.149.80 - - [28/Aug/2006:12:21:21 -0400] "GET /images/alllangimages/dnahorizl.gif HTTP/1.1" 200 2130 "http://darwinday.org/englishL/home/index.html" "Mozilla/5.0 (Windows; U; Windows NT 5.1; en-GB; rv:1.8.0.6) Gecko/20060728 Firefox/1.5.0.6"
81.86.149.80 - - [28/Aug/2006:12:21:21 -0400] "GET /images/alllangimages/dnahoriz.gif HTTP/1.1" 200 3391 "http://darwinday.org/englishL/home/index.html" "Mozilla/5.0 (Windows; U; Windows NT 5.1; en-GB; rv:1.8.0.6) Gecko/20060728 Firefox/1.5.0.6"
81.86.149.80 - - [28/Aug/2006:12:21:22 -0400] "GET /images/alllangimages/dnahorizr.gif HTTP/1.1" 200 2104 "http://darwinday.org/englishL/home/index.html" "Mozilla/5.0 (Windows; U; Windows NT 5.1; en-GB; rv:1.8.0.6) Gecko/20060728 Firefox/1.5.0.6"
81.86.149.80 - - [28/Aug/2006:12:21:22 -0400] "GET /images/alllangimages/worldmaptransp.gif HTTP/1.1" 206 36773 "http://darwinday.org/englishL/home/index.html" "Mozilla/5.0 (Windows; U; Windows NT 5.1; en-GB; rv:1.8.0.6) Gecko/20060728 Firefox/1.5.0.6"
81.86.149.80 - - [28/Aug/2006:12:21:23 -0400] "GET /images/alllangimages/dnahorizr.gif HTTP/1.1" 200 2104 "http://darwinday.org/englishL/home/index.html" "Mozilla/5.0 (Windows; U; Windows NT 5.1; en-GB; rv:1.8.0.6) Gecko/20060728 Firefox/1.5.0.6"
81.86.149.80 - - [28/Aug/2006:12:21:23 -0400] "GET /images/alllangimages/lincoln.gif HTTP/1.1" 200 11057 "http://darwinday.org/englishL/home/index.html" "Mozilla/5.0 (Windows; U; Windows NT 5.1; en-GB; rv:1.8.0.6) Gecko/20060728 Firefox/1.5.0.6"
81.86.149.80 - - [28/Aug/2006:12:21:24 -0400] "GET /images/alllangimages/darwin.gif HTTP/1.1" 200 13783 "http://darwinday.org/englishL/home/index.html" "Mozilla/5.0 (Windows; U; Windows NT 5.1; en-GB; rv:1.8.0.6) Gecko/20060728 Firefox/1.5.0.6"
81.86.149.80 - - [28/Aug/2006:12:21:25 -0400] "GET /images/alllangimages/worldmaptransp.gif HTTP/1.1" 206 82501 "http://darwinday.org/englishL/home/index.html" "Mozilla/5.0 (Windows; U; Windows NT 5.1; en-GB; rv:1.8.0.6) Gecko/20060728 Firefox/1.5.0.6"
81.86.149.80 - - [28/Aug/2006:12:21:25 -0400] "GET /englishL/home/images/beagle.gif HTTP/1.1" 200 37108 "http://darwinday.org/englishL/home/index.html" "Mozilla/5.0 (Windows; U; Windows NT 5.1; en-GB; rv:1.8.0.6) Gecko/20060728 Firefox/1.5.0.6"
81.86.149.80 - - [28/Aug/2006:12:21:26 -0400] "GET /images/alllangimages/trans.gif HTTP/1.1" 200 49 "http://darwinday.org/englishL/home/index.html" "Mozilla/5.0 (Windows; U; Windows NT 5.1; en-GB; rv:1.8.0.6) Gecko/20060728 Firefox/1.5.0.6"
81.86.149.80 - - [28/Aug/2006:12:21:26 -0400] "GET /englishL/home/images/joinus.gif HTTP/1.1" 200 524 "http://darwinday.org/englishL/home/index.html" "Mozilla/5.0 (Windows; U; Windows NT 5.1; en-GB; rv:1.8.0.6) Gecko/20060728 Firefox/1.5.0.6"
81.86.149.80 - - [28/Aug/2006:12:21:26 -0400] "GET /images/alllangimages/DNAlogo.gif HTTP/1.1" 200 1370 "http://darwinday.org/englishL/currarts.html" "Mozilla/5.0 (Windows; U; Windows NT 5.1; en-GB; rv:1.8.0.6) Gecko/20060728 Firefox/1.5.0.6"
81.86.149.80 - - [28/Aug/2006:12:21:26 -0400] "GET /englishL/home/images/horse.evolution.jpg HTTP/1.1" 200 29612 "http://darwinday.org/englishL/home/index.html" "Mozilla/5.0 (Windows; U; Windows NT 5.1; en-GB; rv:1.8.0.6) Gecko/20060728 Firefox/1.5.0.6"
63.231.81.84 - - [28/Aug/2006:12:21:34 -0400] "GET /englishL/home/index.html HTTP/1.1" 200 26022 "http://www.stumbleupon.com/refer.html" "Mozilla/4.0 (compatible; MSIE 6.0; Windows NT 5.1)"
63.231.81.84 - - [28/Aug/2006:12:21:35 -0400] "GET /englishL/home/images/darwinages.gif HTTP/1.1" 200 50309 "http://darwinday.org/englishL/home/index.html" "Mozilla/4.0 (compatible; MSIE 6.0; Windows NT 5.1)"
83.142.122.156 - - [28/Aug/2006:12:21:35 -0400] "GET /englishL/home/index.html HTTP/1.1" 206 24977 "http://www.stumbleupon.com/refer.php?url=http%3A//darwinday.org/englishL/home/index.html" "Mozilla/5.0 (X11; U; Linux i686; en-US; rv:1.8.0.6) Gecko/20060728 Firefox/1.5.0.6"
63.231.81.84 - - [28/Aug/2006:12:21:36 -0400] "GET /englishL/home/images/horse.evolution.jpg HTTP/1.1" 200 29612 "http://darwinday.org/englishL/home/index.html" "Mozilla/4.0 (compatible; MSIE 6.0; Windows NT 5.1)"
83.142.122.156 - - [28/Aug/2006:12:21:37 -0400] "GET /stylesheets/mainenglishL.css HTTP/1.1" 200 590 "http://darwinday.org/englishL/home/index.html" "Mozilla/5.0 (X11; U; Linux i686; en-US; rv:1.8.0.6) Gecko/20060728 Firefox/1.5.0.6"
83.142.122.156 - - [28/Aug/2006:12:21:37 -0400] "GET /stylesheets/main.css HTTP/1.1" 200 638 "http://darwinday.org/englishL/home/index.html" "Mozilla/5.0 (X11; U; Linux i686; en-US; rv:1.8.0.6) Gecko/20060728 Firefox/1.5.0.6"
63.231.81.84 - - [28/Aug/2006:12:21:37 -0400] "GET /englishL/home/images/joinus.gif HTTP/1.1" 200 524 "http://darwinday.org/englishL/home/index.html" "Mozilla/4.0 (compatible; MSIE 6.0; Windows NT 5.1)"
63.231.81.84 - - [28/Aug/2006:12:21:38 -0400] "GET /englishL/images/navbar.gif HTTP/1.1" 200 2667 "http://darwinday.org/englishL/home/index.html" "Mozilla/4.0 (compatible; MSIE 6.0; Windows NT 5.1)"
63.231.81.84 - - [28/Aug/2006:12:21:38 -0400] "GET /englishL/images/titletrans.gif HTTP/1.1" 200 15588 "http://darwinday.org/englishL/home/index.html" "Mozilla/4.0 (compatible; MSIE 6.0; Windows NT 5.1)"
83.142.122.156 - - [28/Aug/2006:12:21:38 -0400] "GET /images/alllangimages/header.gif HTTP/1.1" 200 20989 "http://darwinday.org/englishL/home/index.html" "Mozilla/5.0 (X11; U; Linux i686; en-US; rv:1.8.0.6) Gecko/20060728 Firefox/1.5.0.6"
83.142.122.156 - - [28/Aug/2006:12:21:38 -0400] "GET /images/alllangimages/topleftlogo.gif HTTP/1.1" 200 6907 "http://darwinday.org/englishL/home/index.html" "Mozilla/5.0 (X11; U; Linux i686; en-US; rv:1.8.0.6) Gecko/20060728 Firefox/1.5.0.6"
63.231.81.84 - - [28/Aug/2006:12:21:39 -0400] "GET /images/alllangimages/arrow.gif HTTP/1.1" 200 112 "http://darwinday.org/englishL/home/index.html" "Mozilla/4.0 (compatible; MSIE 6.0; Windows NT 5.1)"
63.231.81.84 - - [28/Aug/2006:12:21:39 -0400] "GET /images/alllangimages/darwin.gif HTTP/1.1" 200 13783 "http://darwinday.org/englishL/home/index.html" "Mozilla/4.0 (compatible; MSIE 6.0; Windows NT 5.1)"
63.231.81.84 - - [28/Aug/2006:12:21:40 -0400] "GET /images/alllangimages/header.gif HTTP/1.1" 200 20989 "http://darwinday.org/englishL/home/index.html" "Mozilla/4.0 (compatible; MSIE 6.0; Windows NT 5.1)"
64.84.20.230 - - [28/Aug/2006:12:21:40 -0400] "GET /images/alllangimages/darwin.gif HTTP/1.1" 200 13783 "http://darwinday.org/englishL/home/index.html" "Mozilla/5.0 (Windows; U; Windows NT 5.1; en-US; rv:1.8.0.6) Gecko/20060728 Firefox/1.5.0.6"
63.231.81.84 - - [28/Aug/2006:12:21:40 -0400] "GET /images/alllangimages/lincoln.gif HTTP/1.1" 200 11057 "http://darwinday.org/englishL/home/index.html" "Mozilla/4.0 (compatible; MSIE 6.0; Windows NT 5.1)"
63.231.81.84 - - [28/Aug/2006:12:21:40 -0400] "GET /images/alllangimages/topleftlogo.gif HTTP/1.1" 200 6907 "http://darwinday.org/englishL/home/index.html" "Mozilla/4.0 (compatible; MSIE 6.0; Windows NT 5.1)"
64.84.20.230 - - [28/Aug/2006:12:21:41 -0400] "GET /englishL/home/images/beagle.gif HTTP/1.1" 200 37108 "http://darwinday.org/englishL/home/index.html" "Mozilla/5.0 (Windows; U; Windows NT 5.1; en-US; rv:1.8.0.6) Gecko/20060728 Firefox/1.5.0.6"
83.142.122.156 - - [28/Aug/2006:12:21:41 -0400] "GET /englishL/currarts.html HTTP/1.1" 200 4902 "http://darwinday.org/englishL/home/index.html" "Mozilla/5.0 (X11; U; Linux i686; en-US; rv:1.8.0.6) Gecko/20060728 Firefox/1.5.0.6"
64.84.20.230 - - [28/Aug/2006:12:21:41 -0400] "GET /images/alllangimages/trans.gif HTTP/1.1" 200 49 "http://darwinday.org/englishL/home/index.html" "Mozilla/5.0 (Windows; U; Windows NT 5.1; en-US; rv:1.8.0.6) Gecko/20060728 Firefox/1.5.0.6"
64.84.20.230 - - [28/Aug/2006:12:21:41 -0400] "GET /images/alllangimages/worldmaptransp.gif HTTP/1.1" 200 65295 "http://darwinday.org/englishL/home/index.html" "Mozilla/5.0 (Windows; U; Windows NT 5.1; en-US; rv:1.8.0.6) Gecko/20060728 Firefox/1.5.0.6"
63.231.81.84 - - [28/Aug/2006:12:21:43 -0400] "GET /images/alllangimages/worldmaptransp.gif HTTP/1.1" 200 128893 "http://darwinday.org/englishL/home/index.html" "Mozilla/4.0 (compatible; MSIE 6.0; Windows NT 5.1)"
63.231.81.84 - - [28/Aug/2006:12:21:44 -0400] "GET /images/alllangimages/trans.gif HTTP/1.1" 200 49 "http://darwinday.org/englishL/home/index.html" "Mozilla/4.0 (compatible; MSIE 6.0; Windows NT 5.1)"
83.142.122.156 - - [28/Aug/2006:12:21:46 -0400] "GET /images/alllangimages/worldmaptransp.gif HTTP/1.1" 200 28555 "http://darwinday.org/englishL/home/index.html" "Mozilla/5.0 (X11; U; Linux i686; en-US; rv:1.8.0.6) Gecko/20060728 Firefox/1.5.0.6"
80.4.224.9 - - [28/Aug/2006:12:21:47 -0400] "GET /favicon.ico HTTP/1.1" 404 3475 "-" "Mozilla/5.0 (Windows; U; Windows NT 5.1; en-GB; rv:1.8.0.6) Gecko/20060728 Firefox/1.5.0.6"
63.231.81.84 - - [28/Aug/2006:12:21:50 -0400] "GET /stylesheets/mainenglishL.css HTTP/1.1" 200 590 "http://www.stumbleupon.com/refer.html" "Mozilla/4.0 (compatible; MSIE 7.0; Windows NT 5.1; stumbleupon.com 1.927; .NET CLR 2.0.50727)"
63.231.81.84 - - [28/Aug/2006:12:21:50 -0400] "GET /stylesheets/main.css HTTP/1.1" 200 638 "http://www.stumbleupon.com/refer.html" "Mozilla/4.0 (compatible; MSIE 7.0; Windows NT 5.1; stumbleupon.com 1.927; .NET CLR 2.0.50727)"
63.231.81.84 - - [28/Aug/2006:12:21:50 -0400] "GET /images/alllangimages/dnahorizl.gif HTTP/1.1" 200 2130 "http://www.stumbleupon.com/refer.html" "Mozilla/4.0 (compatible; MSIE 7.0; Windows NT 5.1; stumbleupon.com 1.927; .NET CLR 2.0.50727)"
63.231.81.84 - - [28/Aug/2006:12:21:51 -0400] "GET /images/alllangimages/dnahorizr.gif HTTP/1.1" 200 2104 "http://www.stumbleupon.com/refer.html" "Mozilla/4.0 (compatible; MSIE 7.0; Windows NT 5.1; stumbleupon.com 1.927; .NET CLR 2.0.50727)"
63.231.81.84 - - [28/Aug/2006:12:21:51 -0400] "GET /englishL/currarts.html HTTP/1.1" 200 4902 "http://darwinday.org/englishL/home/index.html" "Mozilla/4.0 (compatible; MSIE 7.0; Windows NT 5.1; stumbleupon.com 1.927; .NET CLR 2.0.50727)"
63.231.81.84 - - [28/Aug/2006:12:21:51 -0400] "GET /images/alllangimages/dnahoriz.gif HTTP/1.1" 200 3391 "http://www.stumbleupon.com/refer.html" "Mozilla/4.0 (compatible; MSIE 7.0; Windows NT 5.1; stumbleupon.com 1.927; .NET CLR 2.0.50727)"
63.231.81.84 - - [28/Aug/2006:12:21:51 -0400] "GET /images/alllangimages/DNAlogo.gif HTTP/1.1" 200 1370 "http://darwinday.org/englishL/currarts.html" "Mozilla/4.0 (compatible; MSIE 7.0; Windows NT 5.1; stumbleupon.com 1.927; .NET CLR 2.0.50727)"
63.231.81.84 - - [28/Aug/2006:12:21:51 -0400] "GET /englishL/home/images/beagle.gif HTTP/1.1" 200 37108 "http://www.stumbleupon.com/refer.html" "Mozilla/4.0 (compatible; MSIE 7.0; Windows NT 5.1; stumbleupon.com 1.927; .NET CLR 2.0.50727)"
63.231.81.84 - - [28/Aug/2006:12:21:52 -0400] "GET /favicon.ico HTTP/1.1" 404 3475 "-" "Mozilla/4.0 (compatible; MSIE 7.0; Windows NT 5.1; stumbleupon.com 1.927; .NET CLR 2.0.50727)"
67.41.153.111 - - [28/Aug/2006:12:22:13 -0400] "GET /favicon.ico HTTP/1.1" 404 3475 "-" "Mozilla/5.0 (Windows; U; Windows NT 5.1; en-US; rv:1.7.12) Gecko/20050915 Firefox/1.0.7"
203.59.182.172 - - [28/Aug/2006:12:22:42 -0400] "GET /stylesheets/mainenglishL.css HTTP/1.1" 200 590 "http://www.stumbleupon.com/refer.php?url=http%3A%2F%2Fdarwinday.org%2FenglishL%2Fhome%2Findex.html" "Mozilla/4.0 (compatible; MSIE 7.0; Windows NT 5.1; FunWebProducts; .NET CLR 1.1.4322; InfoPath.1; .NET CLR 2.0.50727)"
203.59.182.172 - - [28/Aug/2006:12:22:42 -0400] "GET /stylesheets/main.css HTTP/1.1" 200 638 "http://www.stumbleupon.com/refer.php?url=http%3A%2F%2Fdarwinday.org%2FenglishL%2Fhome%2Findex.html" "Mozilla/4.0 (compatible; MSIE 7.0; Windows NT 5.1; FunWebProducts; .NET CLR 1.1.4322; InfoPath.1; .NET CLR 2.0.50727)"
203.59.182.172 - - [28/Aug/2006:12:22:42 -0400] "GET /images/alllangimages/topleftlogo.gif HTTP/1.1" 200 6907 "http://www.stumbleupon.com/refer.php?url=http%3A%2F%2Fdarwinday.org%2FenglishL%2Fhome%2Findex.html" "Mozilla/4.0 (compatible; MSIE 7.0; Windows NT 5.1; FunWebProducts; .NET CLR 1.1.4322; InfoPath.1; .NET CLR 2.0.50727)"
203.59.182.172 - - [28/Aug/2006:12:22:43 -0400] "GET /englishL/currarts.html HTTP/1.1" 200 4902 "http://darwinday.org/englishL/home/index.html" "Mozilla/4.0 (compatible; MSIE 7.0; Windows NT 5.1; FunWebProducts; .NET CLR 1.1.4322; InfoPath.1; .NET CLR 2.0.50727)"
203.59.182.172 - - [28/Aug/2006:12:22:43 -0400] "GET /images/alllangimages/header.gif HTTP/1.1" 200 20989 "http://www.stumbleupon.com/refer.php?url=http%3A%2F%2Fdarwinday.org%2FenglishL%2Fhome%2Findex.html" "Mozilla/4.0 (compatible; MSIE 7.0; Windows NT 5.1; FunWebProducts; .NET CLR 1.1.4322; InfoPath.1; .NET CLR 2.0.50727)"
203.59.182.172 - - [28/Aug/2006:12:22:46 -0400] "GET /englishL/images/titletrans.gif HTTP/1.1" 200 15588 "http://www.stumbleupon.com/refer.php?url=http%3A%2F%2Fdarwinday.org%2FenglishL%2Fhome%2Findex.html" "Mozilla/4.0 (compatible; MSIE 7.0; Windows NT 5.1; FunWebProducts; .NET CLR 1.1.4322; InfoPath.1; .NET CLR 2.0.50727)"
203.59.182.172 - - [28/Aug/2006:12:22:47 -0400] "GET /englishL/images/navbar.gif HTTP/1.1" 200 2667 "http://www.stumbleupon.com/refer.php?url=http%3A%2F%2Fdarwinday.org%2FenglishL%2Fhome%2Findex.html" "Mozilla/4.0 (compatible; MSIE 7.0; Windows NT 5.1; FunWebProducts; .NET CLR 1.1.4322; InfoPath.1; .NET CLR 2.0.50727)"
203.59.182.172 - - [28/Aug/2006:12:22:48 -0400] "GET /images/alllangimages/worldmaptransp.gif HTTP/1.1" 200 128893 "http://www.stumbleupon.com/refer.php?url=http%3A%2F%2Fdarwinday.org%2FenglishL%2Fhome%2Findex.html" "Mozilla/4.0 (compatible; MSIE 7.0; Windows NT 5.1; FunWebProducts; .NET CLR 1.1.4322; InfoPath.1; .NET CLR 2.0.50727)"
203.59.182.172 - - [28/Aug/2006:12:22:48 -0400] "GET /images/alllangimages/arrow.gif HTTP/1.1" 200 112 "http://www.stumbleupon.com/refer.php?url=http%3A%2F%2Fdarwinday.org%2FenglishL%2Fhome%2Findex.html" "Mozilla/4.0 (compatible; MSIE 7.0; Windows NT 5.1; FunWebProducts; .NET CLR 1.1.4322; InfoPath.1; .NET CLR 2.0.50727)"
203.59.182.172 - - [28/Aug/2006:12:22:49 -0400] "GET /images/alllangimages/dnahorizl.gif HTTP/1.1" 200 2130 "http://www.stumbleupon.com/refer.php?url=http%3A%2F%2Fdarwinday.org%2FenglishL%2Fhome%2Findex.html" "Mozilla/4.0 (compatible; MSIE 7.0; Windows NT 5.1; FunWebProducts; .NET CLR 1.1.4322; InfoPath.1; .NET CLR 2.0.50727)"
203.59.182.172 - - [28/Aug/2006:12:22:49 -0400] "GET /images/alllangimages/dnahoriz.gif HTTP/1.1" 200 3391 "http://www.stumbleupon.com/refer.php?url=http%3A%2F%2Fdarwinday.org%2FenglishL%2Fhome%2Findex.html" "Mozilla/4.0 (compatible; MSIE 7.0; Windows NT 5.1; FunWebProducts; .NET CLR 1.1.4322; InfoPath.1; .NET CLR 2.0.50727)"
203.59.182.172 - - [28/Aug/2006:12:22:50 -0400] "GET /images/alllangimages/dnahorizr.gif HTTP/1.1" 200 2104 "http://www.stumbleupon.com/refer.php?url=http%3A%2F%2Fdarwinday.org%2FenglishL%2Fhome%2Findex.html" "Mozilla/4.0 (compatible; MSIE 7.0; Windows NT 5.1; FunWebProducts; .NET CLR 1.1.4322; InfoPath.1; .NET CLR 2.0.50727)"
203.59.182.172 - - [28/Aug/2006:12:22:50 -0400] "GET /images/alllangimages/lincoln.gif HTTP/1.1" 200 11057 "http://www.stumbleupon.com/refer.php?url=http%3A%2F%2Fdarwinday.org%2FenglishL%2Fhome%2Findex.html" "Mozilla/4.0 (compatible; MSIE 7.0; Windows NT 5.1; FunWebProducts; .NET CLR 1.1.4322; InfoPath.1; .NET CLR 2.0.50727)"
203.59.182.172 - - [28/Aug/2006:12:22:51 -0400] "GET /images/alllangimages/darwin.gif HTTP/1.1" 200 13783 "http://www.stumbleupon.com/refer.php?url=http%3A%2F%2Fdarwinday.org%2FenglishL%2Fhome%2Findex.html" "Mozilla/4.0 (compatible; MSIE 7.0; Windows NT 5.1; FunWebProducts; .NET CLR 1.1.4322; InfoPath.1; .NET CLR 2.0.50727)"
203.59.182.172 - - [28/Aug/2006:12:22:51 -0400] "GET /englishL/home/images/darwinages.gif HTTP/1.1" 200 50309 "http://www.stumbleupon.com/refer.php?url=http%3A%2F%2Fdarwinday.org%2FenglishL%2Fhome%2Findex.html" "Mozilla/4.0 (compatible; MSIE 7.0; Windows NT 5.1; FunWebProducts; .NET CLR 1.1.4322; InfoPath.1; .NET CLR 2.0.50727)"
203.59.182.172 - - [28/Aug/2006:12:22:52 -0400] "GET /images/alllangimages/trans.gif HTTP/1.1" 200 49 "http://www.stumbleupon.com/refer.php?url=http%3A%2F%2Fdarwinday.org%2FenglishL%2Fhome%2Findex.html" "Mozilla/4.0 (compatible; MSIE 7.0; Windows NT 5.1; FunWebProducts; .NET CLR 1.1.4322; InfoPath.1; .NET CLR 2.0.50727)"
203.59.182.172 - - [28/Aug/2006:12:22:52 -0400] "GET /englishL/home/images/joinus.gif HTTP/1.1" 200 524 "http://www.stumbleupon.com/refer.php?url=http%3A%2F%2Fdarwinday.org%2FenglishL%2Fhome%2Findex.html" "Mozilla/4.0 (compatible; MSIE 7.0; Windows NT 5.1; FunWebProducts; .NET CLR 1.1.4322; InfoPath.1; .NET CLR 2.0.50727)"
203.59.182.172 - - [28/Aug/2006:12:22:52 -0400] "GET /englishL/home/images/beagle.gif HTTP/1.1" 200 37108 "http://www.stumbleupon.com/refer.php?url=http%3A%2F%2Fdarwinday.org%2FenglishL%2Fhome%2Findex.html" "Mozilla/4.0 (compatible; MSIE 7.0; Windows NT 5.1; FunWebProducts; .NET CLR 1.1.4322; InfoPath.1; .NET CLR 2.0.50727)"
203.59.182.172 - - [28/Aug/2006:12:22:53 -0400] "GET /images/alllangimages/DNAlogo.gif HTTP/1.1" 200 1370 "http://darwinday.org/englishL/currarts.html" "Mozilla/4.0 (compatible; MSIE 7.0; Windows NT 5.1; FunWebProducts; .NET CLR 1.1.4322; InfoPath.1; .NET CLR 2.0.50727)"
203.59.182.172 - - [28/Aug/2006:12:22:53 -0400] "GET /englishL/home/images/horse.evolution.jpg HTTP/1.1" 200 29612 "http://www.stumbleupon.com/refer.php?url=http%3A%2F%2Fdarwinday.org%2FenglishL%2Fhome%2Findex.html" "Mozilla/4.0 (compatible; MSIE 7.0; Windows NT 5.1; FunWebProducts; .NET CLR 1.1.4322; InfoPath.1; .NET CLR 2.0.50727)"
203.59.182.172 - - [28/Aug/2006:12:22:54 -0400] "GET /favicon.ico HTTP/1.1" 404 3475 "-" "Mozilla/4.0 (compatible; MSIE 7.0; Windows NT 5.1; FunWebProducts; .NET CLR 1.1.4322; InfoPath.1; .NET CLR 2.0.50727)"
83.142.122.156 - - [28/Aug/2006:12:22:57 -0400] "GET /englishL/images/titletrans.gif HTTP/1.1" 200 15588 "http://darwinday.org/englishL/home/index.html" "Mozilla/5.0 (X11; U; Linux i686; en-US; rv:1.8.0.6) Gecko/20060728 Firefox/1.5.0.6"
83.142.122.156 - - [28/Aug/2006:12:22:57 -0400] "GET /englishL/images/navbar.gif HTTP/1.1" 200 2667 "http://darwinday.org/englishL/home/index.html" "Mozilla/5.0 (X11; U; Linux i686; en-US; rv:1.8.0.6) Gecko/20060728 Firefox/1.5.0.6"
83.142.122.156 - - [28/Aug/2006:12:23:00 -0400] "GET /englishL/currarts.html HTTP/1.1" 206 3855 "http://darwinday.org/englishL/home/index.html" "Mozilla/5.0 (X11; U; Linux i686; en-US; rv:1.8.0.6) Gecko/20060728 Firefox/1.5.0.6"
83.142.122.156 - - [28/Aug/2006:12:23:05 -0400] "GET /images/alllangimages/arrow.gif HTTP/1.1" 200 112 "http://darwinday.org/englishL/home/index.html" "Mozilla/5.0 (X11; U; Linux i686; en-US; rv:1.8.0.6) Gecko/20060728 Firefox/1.5.0.6"
83.142.122.156 - - [28/Aug/2006:12:23:05 -0400] "GET /images/alllangimages/dnahorizl.gif HTTP/1.1" 200 2130 "http://darwinday.org/englishL/home/index.html" "Mozilla/5.0 (X11; U; Linux i686; en-US; rv:1.8.0.6) Gecko/20060728 Firefox/1.5.0.6"
83.142.122.156 - - [28/Aug/2006:12:23:06 -0400] "GET /images/alllangimages/dnahoriz.gif HTTP/1.1" 200 3391 "http://darwinday.org/englishL/home/index.html" "Mozilla/5.0 (X11; U; Linux i686; en-US; rv:1.8.0.6) Gecko/20060728 Firefox/1.5.0.6"
83.142.122.156 - - [28/Aug/2006:12:23:07 -0400] "GET /images/alllangimages/dnahorizr.gif HTTP/1.1" 200 2104 "http://darwinday.org/englishL/home/index.html" "Mozilla/5.0 (X11; U; Linux i686; en-US; rv:1.8.0.6) Gecko/20060728 Firefox/1.5.0.6"
83.142.122.156 - - [28/Aug/2006:12:23:08 -0400] "GET /images/alllangimages/lincoln.gif HTTP/1.1" 200 11057 "http://darwinday.org/englishL/home/index.html" "Mozilla/5.0 (X11; U; Linux i686; en-US; rv:1.8.0.6) Gecko/20060728 Firefox/1.5.0.6"
83.142.122.156 - - [28/Aug/2006:12:23:10 -0400] "GET /englishL/home/images/darwinages.gif HTTP/1.1" 200 50309 "http://darwinday.org/englishL/home/index.html" "Mozilla/5.0 (X11; U; Linux i686; en-US; rv:1.8.0.6) Gecko/20060728 Firefox/1.5.0.6"
83.142.122.156 - - [28/Aug/2006:12:23:10 -0400] "GET /images/alllangimages/darwin.gif HTTP/1.1" 200 13783 "http://darwinday.org/englishL/home/index.html" "Mozilla/5.0 (X11; U; Linux i686; en-US; rv:1.8.0.6) Gecko/20060728 Firefox/1.5.0.6"
65.73.173.114 - - [28/Aug/2006:12:23:13 -0400] "GET /stylesheets/main.css HTTP/1.1" 200 638 "http://www.darwinday.org/englishL/home/2003.html" "Mozilla/4.0 (compatible; MSIE 7.0; Windows NT 5.1; .NET CLR 1.1.4322; .NET CLR 2.0.50727)"
65.73.173.114 - - [28/Aug/2006:12:23:13 -0400] "GET /images/alllangimages/topleftlogo.gif HTTP/1.1" 200 6907 "http://www.darwinday.org/englishL/home/2003.html" "Mozilla/4.0 (compatible; MSIE 7.0; Windows NT 5.1; .NET CLR 1.1.4322; .NET CLR 2.0.50727)"
65.73.173.114 - - [28/Aug/2006:12:23:13 -0400] "GET /images/alllangimages/header.gif HTTP/1.1" 200 20989 "http://www.darwinday.org/englishL/home/2003.html" "Mozilla/4.0 (compatible; MSIE 7.0; Windows NT 5.1; .NET CLR 1.1.4322; .NET CLR 2.0.50727)"
65.73.173.114 - - [28/Aug/2006:12:23:15 -0400] "GET /englishL/home/2003.html HTTP/1.1" 200 100721 "-" "Mozilla/4.0 (compatible; MSIE 7.0; Windows NT 5.1; .NET CLR 1.1.4322; .NET CLR 2.0.50727)"
65.73.173.114 - - [28/Aug/2006:12:23:15 -0400] "GET /englishL/images/titletrans.gif HTTP/1.1" 200 15588 "http://www.darwinday.org/englishL/home/2003.html" "Mozilla/4.0 (compatible; MSIE 7.0; Windows NT 5.1; .NET CLR 1.1.4322; .NET CLR 2.0.50727)"
65.73.173.114 - - [28/Aug/2006:12:23:17 -0400] "GET /englishL/images/navbar.gif HTTP/1.1" 200 2667 "http://www.darwinday.org/englishL/home/2003.html" "Mozilla/4.0 (compatible; MSIE 7.0; Windows NT 5.1; .NET CLR 1.1.4322; .NET CLR 2.0.50727)"
65.73.173.114 - - [28/Aug/2006:12:23:18 -0400] "GET /images/alllangimages/worldmaptransp.gif HTTP/1.1" 200 128893 "http://www.darwinday.org/englishL/home/2003.html" "Mozilla/4.0 (compatible; MSIE 7.0; Windows NT 5.1; .NET CLR 1.1.4322; .NET CLR 2.0.50727)"
65.73.173.114 - - [28/Aug/2006:12:23:18 -0400] "GET /favicon.ico HTTP/1.1" 404 3475 "-" "Mozilla/4.0 (compatible; MSIE 7.0; Windows NT 5.1; .NET CLR 1.1.4322; .NET CLR 2.0.50727)"
83.142.122.156 - - [28/Aug/2006:12:23:19 -0400] "GET /images/alllangimages/worldmaptransp.gif HTTP/1.1" 200 128893 "http://darwinday.org/englishL/home/index.html" "Mozilla/5.0 (X11; U; Linux i686; en-US; rv:1.8.0.6) Gecko/20060728 Firefox/1.5.0.6"
83.142.122.156 - - [28/Aug/2006:12:23:19 -0400] "GET /englishL/home/images/beagle.gif HTTP/1.1" 200 24213 "http://darwinday.org/englishL/home/index.html" "Mozilla/5.0 (X11; U; Linux i686; en-US; rv:1.8.0.6) Gecko/20060728 Firefox/1.5.0.6"
81.86.149.80 - - [28/Aug/2006:12:23:19 -0400] "GET /favicon.ico HTTP/1.1" 404 3475 "-" "Mozilla/5.0 (Windows; U; Windows NT 5.1; en-GB; rv:1.8.0.6) Gecko/20060728 Firefox/1.5.0.6"
86.105.200.142 - - [28/Aug/2006:12:23:51 -0400] "GET /chooselang/index.html HTTP/1.0" 200 6143 "-" "Mozilla/4.0 (compatible ; MSIE 6.0; Windows NT 5.1)"
86.105.200.142 - - [28/Aug/2006:12:23:52 -0400] "GET /stylesheets/main.css HTTP/1.0" 200 638 "-" "Mozilla/4.0 (compatible ; MSIE 6.0; Windows NT 5.1)"
86.105.200.142 - - [28/Aug/2006:12:23:52 -0400] "GET / HTTP/1.0" 200 25696 "-" "Mozilla/4.0 (compatible ; MSIE 6.0; Windows NT 5.1)"
86.105.200.170 - - [28/Aug/2006:12:25:25 -0400] "GET /AutoTrans/newsviews/index.html HTTP/1.0" 200 5011 "-" "Mozilla/4.0 (compatible ; MSIE 6.0; Windows NT 5.1)"
83.142.122.156 - - [28/Aug/2006:12:25:29 -0400] "GET /images/alllangimages/worldmaptransp.gif HTTP/1.1" 206 20698 "http://darwinday.org/englishL/home/index.html" "Mozilla/5.0 (X11; U; Linux i686; en-US; rv:1.8.0.6) Gecko/20060728 Firefox/1.5.0.6"
86.105.200.170 - - [28/Aug/2006:12:25:35 -0400] "GET /AutoTrans/regevent/index.php HTTP/1.0" 200 25710 "-" "Mozilla/4.0 (compatible ; MSIE 6.0; Windows NT 5.1)"
216.79.146.254 - - [28/Aug/2006:12:25:37 -0400] "GET /englishL/life/parents.html HTTP/1.1" 200 7250 "http://msxml.excite.com/info.xcite/search/web/charles%2Bdarwin%2527s%2Bparents/1/-/1/-/-/-/-/-/-/-/-/-/-/-/-/-/-/-/-/-/-/-/-/-/-/-/-/-/-/-/-/-/-/-/-/-/-/-/-/-/-/-/-/-/-/-/-/-/-/-/-/-/417/top" "Mozilla/4.0 (compatible; MSIE 6.0; Windows NT 5.0)"
83.142.122.156 - - [28/Aug/2006:12:25:38 -0400] "GET /favicon.ico HTTP/1.1" 404 3475 "-" "Mozilla/5.0 (X11; U; Linux i686; en-US; rv:1.8.0.6) Gecko/20060728 Firefox/1.5.0.6"
86.105.200.162 - - [28/Aug/2006:12:25:38 -0400] "GET /AutoTrans/evolution/index.html HTTP/1.0" 200 4709 "-" "Mozilla/4.0 (compatible ; MSIE 6.0; Windows NT 5.1)"
216.79.146.254 - - [28/Aug/2006:12:25:38 -0400] "GET /stylesheets/main.css HTTP/1.1" 200 638 "http://www.darwinday.org/englishL/life/parents.html" "Mozilla/4.0 (compatible; MSIE 6.0; Windows NT 5.0)"
216.79.146.254 - - [28/Aug/2006:12:25:38 -0400] "GET /images/alllangimages/topleftlogo.gif HTTP/1.1" 200 6907 "http://www.darwinday.org/englishL/life/parents.html" "Mozilla/4.0 (compatible; MSIE 6.0; Windows NT 5.0)"
86.105.200.162 - - [28/Aug/2006:12:25:39 -0400] "GET /AutoTrans/aboutddc/index.html HTTP/1.0" 200 6714 "-" "Mozilla/4.0 (compatible ; MSIE 6.0; Windows NT 5.1)"
216.79.146.254 - - [28/Aug/2006:12:25:40 -0400] "GET /images/alllangimages/header.gif HTTP/1.1" 200 20989 "http://www.darwinday.org/englishL/life/parents.html" "Mozilla/4.0 (compatible; MSIE 6.0; Windows NT 5.0)"
216.79.146.254 - - [28/Aug/2006:12:25:40 -0400] "GET /englishL/images/titletrans.gif HTTP/1.1" 200 15588 "http://www.darwinday.org/englishL/life/parents.html" "Mozilla/4.0 (compatible; MSIE 6.0; Windows NT 5.0)"
216.79.146.254 - - [28/Aug/2006:12:25:41 -0400] "GET /englishL/images/navbar.gif HTTP/1.1" 200 2667 "http://www.darwinday.org/englishL/life/parents.html" "Mozilla/4.0 (compatible; MSIE 6.0; Windows NT 5.0)"
216.79.146.254 - - [28/Aug/2006:12:25:41 -0400] "GET /images/lifeimages/family/robert-t.jpg HTTP/1.1" 200 25046 "http://www.darwinday.org/englishL/life/parents.html" "Mozilla/4.0 (compatible; MSIE 6.0; Windows NT 5.0)"
216.79.146.254 - - [28/Aug/2006:12:25:41 -0400] "GET /images/lifeimages/mountold-t.jpg HTTP/1.1" 200 9960 "http://www.darwinday.org/englishL/life/parents.html" "Mozilla/4.0 (compatible; MSIE 6.0; Windows NT 5.0)"
216.79.146.254 - - [28/Aug/2006:12:25:42 -0400] "GET /images/alllangimages/worldmaptransp.gif HTTP/1.1" 200 128893 "http://www.darwinday.org/englishL/life/parents.html" "Mozilla/4.0 (compatible; MSIE 6.0; Windows NT 5.0)"
83.142.122.156 - - [28/Aug/2006:12:25:44 -0400] "GET /englishL/home/images/darwinages.gif HTTP/1.1" 206 25608 "http://darwinday.org/englishL/home/index.html" "Mozilla/5.0 (X11; U; Linux i686; en-US; rv:1.8.0.6) Gecko/20060728 Firefox/1.5.0.6"
86.105.200.142 - - [28/Aug/2006:12:25:51 -0400] "GET /AutoTrans/home/index.html HTTP/1.0" 200 26538 "-" "Mozilla/4.0 (compatible ; MSIE 6.0; Windows NT 5.1)"
87.74.235.46 - - [28/Aug/2006:12:25:57 -0400] "GET /stylesheets/mainenglishL.css HTTP/1.1" 200 590 "http://darwinday.org/englishL/home/index.html" "Mozilla/5.0 (Windows; U; Windows NT 5.1; en-GB; rv:1.8.0.6) Gecko/20060728 Firefox/1.5.0.6"
87.74.235.46 - - [28/Aug/2006:12:25:57 -0400] "GET /englishL/home/index.html HTTP/1.1" 200 26022 "http://www.stumbleupon.com/refer.php?url=http%3A//darwinday.org/englishL/home/index.html" "Mozilla/5.0 (Windows; U; Windows NT 5.1; en-GB; rv:1.8.0.6) Gecko/20060728 Firefox/1.5.0.6"
87.74.235.46 - - [28/Aug/2006:12:25:57 -0400] "GET /stylesheets/main.css HTTP/1.1" 200 638 "http://darwinday.org/englishL/home/index.html" "Mozilla/5.0 (Windows; U; Windows NT 5.1; en-GB; rv:1.8.0.6) Gecko/20060728 Firefox/1.5.0.6"
87.74.235.46 - - [28/Aug/2006:12:25:57 -0400] "GET /images/alllangimages/topleftlogo.gif HTTP/1.1" 200 6907 "http://darwinday.org/englishL/home/index.html" "Mozilla/5.0 (Windows; U; Windows NT 5.1; en-GB; rv:1.8.0.6) Gecko/20060728 Firefox/1.5.0.6"
87.74.235.46 - - [28/Aug/2006:12:25:58 -0400] "GET /englishL/currarts.html HTTP/1.1" 200 4902 "http://darwinday.org/englishL/home/index.html" "Mozilla/5.0 (Windows; U; Windows NT 5.1; en-GB; rv:1.8.0.6) Gecko/20060728 Firefox/1.5.0.6"
87.74.235.46 - - [28/Aug/2006:12:25:58 -0400] "GET /images/alllangimages/header.gif HTTP/1.1" 200 20989 "http://darwinday.org/englishL/home/index.html" "Mozilla/5.0 (Windows; U; Windows NT 5.1; en-GB; rv:1.8.0.6) Gecko/20060728 Firefox/1.5.0.6"
87.74.235.46 - - [28/Aug/2006:12:25:59 -0400] "GET /englishL/images/titletrans.gif HTTP/1.1" 200 15588 "http://darwinday.org/englishL/home/index.html" "Mozilla/5.0 (Windows; U; Windows NT 5.1; en-GB; rv:1.8.0.6) Gecko/20060728 Firefox/1.5.0.6"
87.74.235.46 - - [28/Aug/2006:12:25:59 -0400] "GET /englishL/images/navbar.gif HTTP/1.1" 200 2667 "http://darwinday.org/englishL/home/index.html" "Mozilla/5.0 (Windows; U; Windows NT 5.1; en-GB; rv:1.8.0.6) Gecko/20060728 Firefox/1.5.0.6"
87.74.235.46 - - [28/Aug/2006:12:26:01 -0400] "GET /englishL/home/images/darwinages.gif HTTP/1.1" 200 50309 "http://darwinday.org/englishL/home/index.html" "Mozilla/5.0 (Windows; U; Windows NT 5.1; en-GB; rv:1.8.0.6) Gecko/20060728 Firefox/1.5.0.6"
87.74.235.46 - - [28/Aug/2006:12:26:01 -0400] "GET /images/alllangimages/worldmaptransp.gif HTTP/1.1" 200 128893 "http://darwinday.org/englishL/home/index.html" "Mozilla/5.0 (Windows; U; Windows NT 5.1; en-GB; rv:1.8.0.6) Gecko/20060728 Firefox/1.5.0.6"
87.74.235.46 - - [28/Aug/2006:12:26:02 -0400] "GET /images/alllangimages/arrow.gif HTTP/1.1" 200 112 "http://darwinday.org/englishL/home/index.html" "Mozilla/5.0 (Windows; U; Windows NT 5.1; en-GB; rv:1.8.0.6) Gecko/20060728 Firefox/1.5.0.6"
87.74.235.46 - - [28/Aug/2006:12:26:02 -0400] "GET /images/alllangimages/dnahorizl.gif HTTP/1.1" 200 2130 "http://darwinday.org/englishL/home/index.html" "Mozilla/5.0 (Windows; U; Windows NT 5.1; en-GB; rv:1.8.0.6) Gecko/20060728 Firefox/1.5.0.6"
87.74.235.46 - - [28/Aug/2006:12:26:02 -0400] "GET /images/alllangimages/dnahoriz.gif HTTP/1.1" 200 3391 "http://darwinday.org/englishL/home/index.html" "Mozilla/5.0 (Windows; U; Windows NT 5.1; en-GB; rv:1.8.0.6) Gecko/20060728 Firefox/1.5.0.6"
87.74.235.46 - - [28/Aug/2006:12:26:02 -0400] "GET /images/alllangimages/dnahorizr.gif HTTP/1.1" 200 2104 "http://darwinday.org/englishL/home/index.html" "Mozilla/5.0 (Windows; U; Windows NT 5.1; en-GB; rv:1.8.0.6) Gecko/20060728 Firefox/1.5.0.6"
87.74.235.46 - - [28/Aug/2006:12:26:02 -0400] "GET /images/alllangimages/lincoln.gif HTTP/1.1" 200 11057 "http://darwinday.org/englishL/home/index.html" "Mozilla/5.0 (Windows; U; Windows NT 5.1; en-GB; rv:1.8.0.6) Gecko/20060728 Firefox/1.5.0.6"
87.74.235.46 - - [28/Aug/2006:12:26:02 -0400] "GET /images/alllangimages/darwin.gif HTTP/1.1" 200 13783 "http://darwinday.org/englishL/home/index.html" "Mozilla/5.0 (Windows; U; Windows NT 5.1; en-GB; rv:1.8.0.6) Gecko/20060728 Firefox/1.5.0.6"
87.74.235.46 - - [28/Aug/2006:12:26:03 -0400] "GET /englishL/home/images/beagle.gif HTTP/1.1" 200 11837 "http://darwinday.org/englishL/home/index.html" "Mozilla/5.0 (Windows; U; Windows NT 5.1; en-GB; rv:1.8.0.6) Gecko/20060728 Firefox/1.5.0.6"
87.74.235.46 - - [28/Aug/2006:12:26:06 -0400] "GET /images/alllangimages/darwin.gif HTTP/1.1" 206 8746 "http://darwinday.org/englishL/home/index.html" "Mozilla/5.0 (Windows; U; Windows NT 5.1; en-GB; rv:1.8.0.6) Gecko/20060728 Firefox/1.5.0.6"
87.74.235.46 - - [28/Aug/2006:12:26:06 -0400] "GET /images/alllangimages/trans.gif HTTP/1.1" 200 49 "http://darwinday.org/englishL/home/index.html" "Mozilla/5.0 (Windows; U; Windows NT 5.1; en-GB; rv:1.8.0.6) Gecko/20060728 Firefox/1.5.0.6"
87.74.235.46 - - [28/Aug/2006:12:26:06 -0400] "GET /englishL/home/images/joinus.gif HTTP/1.1" 200 524 "http://darwinday.org/englishL/home/index.html" "Mozilla/5.0 (Windows; U; Windows NT 5.1; en-GB; rv:1.8.0.6) Gecko/20060728 Firefox/1.5.0.6"
87.74.235.46 - - [28/Aug/2006:12:26:06 -0400] "GET /englishL/home/images/beagle.gif HTTP/1.1" 200 37108 "http://darwinday.org/englishL/home/index.html" "Mozilla/5.0 (Windows; U; Windows NT 5.1; en-GB; rv:1.8.0.6) Gecko/20060728 Firefox/1.5.0.6"
87.74.235.46 - - [28/Aug/2006:12:26:07 -0400] "GET /images/alllangimages/DNAlogo.gif HTTP/1.1" 200 1370 "http://darwinday.org/englishL/currarts.html" "Mozilla/5.0 (Windows; U; Windows NT 5.1; en-GB; rv:1.8.0.6) Gecko/20060728 Firefox/1.5.0.6"
87.74.235.46 - - [28/Aug/2006:12:26:07 -0400] "GET /englishL/home/images/horse.evolution.jpg HTTP/1.1" 200 29612 "http://darwinday.org/englishL/home/index.html" "Mozilla/5.0 (Windows; U; Windows NT 5.1; en-GB; rv:1.8.0.6) Gecko/20060728 Firefox/1.5.0.6"
86.105.200.142 - - [28/Aug/2006:12:26:10 -0400] "GET /AutoTrans/life/index.html HTTP/1.0" 200 10119 "-" "Mozilla/4.0 (compatible ; MSIE 6.0; Windows NT 5.1)"
86.105.200.142 - - [28/Aug/2006:12:26:11 -0400] "GET /AutoTrans/events/index.html HTTP/1.0" 200 4714 "-" "Mozilla/4.0 (compatible ; MSIE 6.0; Windows NT 5.1)"
86.105.200.167 - - [28/Aug/2006:12:26:11 -0400] "GET /AutoTrans/home/www.retecivica.trieste.it/triestecultura/musei/scientifici HTTP/1.0" 404 3525 "-" "Mozilla/4.0 (compatible ; MSIE 6.0; Windows NT 5.1)"
86.105.200.142 - - [28/Aug/2006:12:26:12 -0400] "GET /AutoTrans/home/eeb.bio.utk.edu/darwin HTTP/1.0" 404 3489 "-" "Mozilla/4.0 (compatible ; MSIE 6.0; Windows NT 5.1)"
86.105.200.142 - - [28/Aug/2006:12:26:12 -0400] "GET /stylesheets/mainAutoTrans.css HTTP/1.0" 200 590 "-" "Mozilla/4.0 (compatible ; MSIE 6.0; Windows NT 5.1)"
146.103.254.11 - - [28/Aug/2006:12:26:31 -0400] "GET /favicon.ico HTTP/1.1" 404 3475 "-" "Mozilla/5.0 (Windows; U; Windows NT 5.1; en-US; rv:1.8.0.6) Gecko/20060728 Firefox/1.5.0.6"
87.74.235.46 - - [28/Aug/2006:12:26:32 -0400] "GET /favicon.ico HTTP/1.1" 404 3475 "-" "Mozilla/5.0 (Windows; U; Windows NT 5.1; en-GB; rv:1.8.0.6) Gecko/20060728 Firefox/1.5.0.6"
83.116.135.31 - - [28/Aug/2006:12:28:46 -0400] "GET /favicon.ico HTTP/1.1" 404 3475 "-" "Mozilla/5.0 (Windows; U; Windows NT 5.1; en-US; rv:1.8.0.6) Gecko/20060728 Firefox/1.5.0.6"
86.105.200.142 - - [28/Aug/2006:12:29:29 -0400] "GET /englishL/donate/index.html HTTP/1.0" 200 5762 "-" "Mozilla/4.0 (compatible ; MSIE 6.0; Windows NT 5.1)"
86.105.200.142 - - [28/Aug/2006:12:29:30 -0400] "GET /englishL/home/2005.php HTTP/1.0" 200 17013 "-" "Mozilla/4.0 (compatible ; MSIE 6.0; Windows NT 5.1)"
86.105.200.142 - - [28/Aug/2006:12:29:32 -0400] "GET /englishL/home/2010.php HTTP/1.0" 200 7287 "-" "Mozilla/4.0 (compatible ; MSIE 6.0; Windows NT 5.1)"
86.105.200.142 - - [28/Aug/2006:12:29:36 -0400] "GET /stylesheets/mainenglishL.css HTTP/1.0" 200 590 "-" "Mozilla/4.0 (compatible ; MSIE 6.0; Windows NT 5.1)"
86.105.200.165 - - [28/Aug/2006:12:29:38 -0400] "GET /englishL/home/2007.php HTTP/1.0" 200 14078 "-" "Mozilla/4.0 (compatible ; MSIE 6.0; Windows NT 5.1)"
86.105.200.162 - - [28/Aug/2006:12:29:42 -0400] "GET /englishL/home/2005.php HTTP/1.0" 200 25255 "-" "Mozilla/4.0 (compatible ; MSIE 6.0; Windows NT 5.1)"
86.105.200.142 - - [28/Aug/2006:12:29:57 -0400] "GET /englishL/register/index.php HTTP/1.0" 200 20039 "-" "Mozilla/4.0 (compatible ; MSIE 6.0; Windows NT 5.1)"
86.105.200.142 - - [28/Aug/2006:12:29:58 -0400] "GET /englishL/regemail/index.php HTTP/1.0" 200 6127 "-" "Mozilla/4.0 (compatible ; MSIE 6.0; Windows NT 5.1)"
86.105.200.142 - - [28/Aug/2006:12:29:58 -0400] "GET /englishL/home/2009.php HTTP/1.0" 200 9093 "-" "Mozilla/4.0 (compatible ; MSIE 6.0; Windows NT 5.1)"
86.105.200.142 - - [28/Aug/2006:12:29:58 -0400] "GET /englishL/newsviews/index.html HTTP/1.0" 200 5095 "-" "Mozilla/4.0 (compatible ; MSIE 6.0; Windows NT 5.1)"
86.105.200.142 - - [28/Aug/2006:12:29:59 -0400] "GET /englishL/regevent/index.php HTTP/1.0" 200 17079 "-" "Mozilla/4.0 (compatible ; MSIE 6.0; Windows NT 5.1)"
86.105.200.142 - - [28/Aug/2006:12:29:59 -0400] "GET /englishL/home/2004.html HTTP/1.0" 200 16972 "-" "Mozilla/4.0 (compatible ; MSIE 6.0; Windows NT 5.1)"
86.105.200.142 - - [28/Aug/2006:12:30:00 -0400] "GET /englishL/home/2006.php HTTP/1.0" 200 44445 "-" "Mozilla/4.0 (compatible ; MSIE 6.0; Windows NT 5.1)"
86.105.200.162 - - [28/Aug/2006:12:30:07 -0400] "GET /englishL/events/index.html HTTP/1.0" 200 5073 "-" "Mozilla/4.0 (compatible ; MSIE 6.0; Windows NT 5.1)"
86.105.200.142 - - [28/Aug/2006:12:30:11 -0400] "GET /englishL/aboutddc/index.html HTTP/1.0" 200 6792 "-" "Mozilla/4.0 (compatible ; MSIE 6.0; Windows NT 5.1)"
86.105.200.142 - - [28/Aug/2006:12:30:14 -0400] "GET /englishL/home/2008.php HTTP/1.0" 200 7402 "-" "Mozilla/4.0 (compatible ; MSIE 6.0; Windows NT 5.1)"
86.105.200.142 - - [28/Aug/2006:12:30:25 -0400] "GET /englishL/home/2011.php HTTP/1.0" 200 7213 "-" "Mozilla/4.0 (compatible ; MSIE 6.0; Windows NT 5.1)"
86.105.200.178 - - [28/Aug/2006:12:30:25 -0400] "GET /englishL/evolution/index.html HTTP/1.0" 200 4798 "-" "Mozilla/4.0 (compatible ; MSIE 6.0; Windows NT 5.1)"
86.105.200.142 - - [28/Aug/2006:12:30:25 -0400] "GET /englishL/life/index.html HTTP/1.0" 200 10178 "-" "Mozilla/4.0 (compatible ; MSIE 6.0; Windows NT 5.1)"
83.116.135.31 - - [28/Aug/2006:12:30:31 -0400] "GET /favicon.ico HTTP/1.1" 404 3475 "-" "Mozilla/5.0 (Windows; U; Windows NT 5.1; en-US; rv:1.8.0.6) Gecko/20060728 Firefox/1.5.0.6"
70.56.254.138 - - [28/Aug/2006:12:30:47 -0400] "GET /stylesheets/mainenglishL.css HTTP/1.1" 200 590 "http://darwinday.org/englishL/home/index.html" "Mozilla/5.0 (X11; U; Linux i686; en-US; rv:1.8.0.6) Gecko/20060824 Firefox/1.5.0.6"
70.56.254.138 - - [28/Aug/2006:12:30:47 -0400] "GET /stylesheets/main.css HTTP/1.1" 200 638 "http://darwinday.org/englishL/home/index.html" "Mozilla/5.0 (X11; U; Linux i686; en-US; rv:1.8.0.6) Gecko/20060824 Firefox/1.5.0.6"
