86.134.22.32 - - [28/Aug/2006:15:53:16 -0400] "GET /englishL/home/index.html HTTP/1.1" 200 26022 "http://www.stumbleupon.com/refer.php?url=http%3A//darwinday.org/englishL/home/index.html" "Mozilla/5.0 (Windows; U; Windows NT 5.1; en-US; rv:1.8.0.6) Gecko/20060728 Firefox/1.5.0.6"
86.134.22.32 - - [28/Aug/2006:15:53:16 -0400] "GET /stylesheets/mainenglishL.css HTTP/1.1" 200 590 "http://darwinday.org/englishL/home/index.html" "Mozilla/5.0 (Windows; U; Windows NT 5.1; en-US; rv:1.8.0.6) Gecko/20060728 Firefox/1.5.0.6"
85.176.25.159 - - [28/Aug/2006:15:53:16 -0400] "GET /englishL/home/images/horse.evolution.jpg HTTP/1.1" 200 29612 "http://darwinday.org/englishL/home/index.html" "Mozilla/5.0 (Windows; U; Windows NT 5.1; de; rv:1.8.0.6) Gecko/20060728 Firefox/1.5.0.6"
86.134.22.32 - - [28/Aug/2006:15:53:17 -0400] "GET /stylesheets/main.css HTTP/1.1" 200 638 "http://darwinday.org/englishL/home/index.html" "Mozilla/5.0 (Windows; U; Windows NT 5.1; en-US; rv:1.8.0.6) Gecko/20060728 Firefox/1.5.0.6"
85.176.25.159 - - [28/Aug/2006:15:53:17 -0400] "GET /englishL/home/images/beagle.gif HTTP/1.1" 200 37108 "http://darwinday.org/englishL/home/index.html" "Mozilla/5.0 (Windows; U; Windows NT 5.1; de; rv:1.8.0.6) Gecko/20060728 Firefox/1.5.0.6"
86.134.22.32 - - [28/Aug/2006:15:53:17 -0400] "GET /images/alllangimages/topleftlogo.gif HTTP/1.1" 200 6907 "http://darwinday.org/englishL/home/index.html" "Mozilla/5.0 (Windows; U; Windows NT 5.1; en-US; rv:1.8.0.6) Gecko/20060728 Firefox/1.5.0.6"
85.167.22.115 - - [28/Aug/2006:15:53:17 -0400] "GET /images/alllangimages/worldmaptransp.gif HTTP/1.1" 200 128893 "http://darwinday.org/englishL/home/index.html" "Mozilla/5.0 (Windows; U; Windows NT 5.1; en-US; rv:1.8.0.6) Gecko/20060728 Firefox/1.5.0.6"
85.176.25.159 - - [28/Aug/2006:15:53:17 -0400] "GET /images/alllangimages/DNAlogo.gif HTTP/1.1" 200 1370 "http://darwinday.org/englishL/currarts.html" "Mozilla/5.0 (Windows; U; Windows NT 5.1; de; rv:1.8.0.6) Gecko/20060728 Firefox/1.5.0.6"
85.167.22.115 - - [28/Aug/2006:15:53:17 -0400] "GET /englishL/home/images/darwinages.gif HTTP/1.1" 200 50309 "http://darwinday.org/englishL/home/index.html" "Mozilla/5.0 (Windows; U; Windows NT 5.1; en-US; rv:1.8.0.6) Gecko/20060728 Firefox/1.5.0.6"
85.176.25.159 - - [28/Aug/2006:15:53:17 -0400] "GET /favicon.ico HTTP/1.1" 404 3475 "-" "Mozilla/5.0 (Windows; U; Windows NT 5.1; de; rv:1.8.0.6) Gecko/20060728 Firefox/1.5.0.6"
85.167.22.115 - - [28/Aug/2006:15:53:17 -0400] "GET /images/alllangimages/arrow.gif HTTP/1.1" 200 112 "http://darwinday.org/englishL/home/index.html" "Mozilla/5.0 (Windows; U; Windows NT 5.1; en-US; rv:1.8.0.6) Gecko/20060728 Firefox/1.5.0.6"
86.134.22.32 - - [28/Aug/2006:15:53:17 -0400] "GET /images/alllangimages/header.gif HTTP/1.1" 200 20989 "http://darwinday.org/englishL/home/index.html" "Mozilla/5.0 (Windows; U; Windows NT 5.1; en-US; rv:1.8.0.6) Gecko/20060728 Firefox/1.5.0.6"
85.167.22.115 - - [28/Aug/2006:15:53:17 -0400] "GET /images/alllangimages/dnahorizl.gif HTTP/1.1" 200 2130 "http://darwinday.org/englishL/home/index.html" "Mozilla/5.0 (Windows; U; Windows NT 5.1; en-US; rv:1.8.0.6) Gecko/20060728 Firefox/1.5.0.6"
85.167.22.115 - - [28/Aug/2006:15:53:17 -0400] "GET /images/alllangimages/dnahoriz.gif HTTP/1.1" 200 3391 "http://darwinday.org/englishL/home/index.html" "Mozilla/5.0 (Windows; U; Windows NT 5.1; en-US; rv:1.8.0.6) Gecko/20060728 Firefox/1.5.0.6"
86.134.22.32 - - [28/Aug/2006:15:53:17 -0400] "GET /englishL/currarts.html HTTP/1.1" 200 4902 "http://darwinday.org/englishL/home/index.html" "Mozilla/5.0 (Windows; U; Windows NT 5.1; en-US; rv:1.8.0.6) Gecko/20060728 Firefox/1.5.0.6"
86.134.22.32 - - [28/Aug/2006:15:53:17 -0400] "GET /images/alllangimages/lincoln.gif HTTP/1.1" 200 11057 "http://darwinday.org/englishL/home/index.html" "Mozilla/5.0 (Windows; U; Windows NT 5.1; en-US; rv:1.8.0.6) Gecko/20060728 Firefox/1.5.0.6"
62.169.78.127 - - [28/Aug/2006:15:53:17 -0400] "GET /stylesheets/main.css HTTP/1.1" 200 638 "http://darwinday.org/englishL/home/index.html" "Mozilla/5.0 (Windows; U; Windows NT 5.1; en-US; rv:1.8.0.6) Gecko/20060728 (CK-IBM) Firefox/1.5.0.6"
86.134.22.32 - - [28/Aug/2006:15:53:17 -0400] "GET /images/alllangimages/dnahorizl.gif HTTP/1.1" 200 2130 "http://darwinday.org/englishL/home/index.html" "Mozilla/5.0 (Windows; U; Windows NT 5.1; en-US; rv:1.8.0.6) Gecko/20060728 Firefox/1.5.0.6"
86.134.22.32 - - [28/Aug/2006:15:53:17 -0400] "GET /images/alllangimages/arrow.gif HTTP/1.1" 200 112 "http://darwinday.org/englishL/home/index.html" "Mozilla/5.0 (Windows; U; Windows NT 5.1; en-US; rv:1.8.0.6) Gecko/20060728 Firefox/1.5.0.6"
86.134.22.32 - - [28/Aug/2006:15:53:17 -0400] "GET /englishL/images/navbar.gif HTTP/1.1" 200 2667 "http://darwinday.org/englishL/home/index.html" "Mozilla/5.0 (Windows; U; Windows NT 5.1; en-US; rv:1.8.0.6) Gecko/20060728 Firefox/1.5.0.6"
85.167.22.115 - - [28/Aug/2006:15:53:17 -0400] "GET /images/alllangimages/dnahorizr.gif HTTP/1.1" 200 2104 "http://darwinday.org/englishL/home/index.html" "Mozilla/5.0 (Windows; U; Windows NT 5.1; en-US; rv:1.8.0.6) Gecko/20060728 Firefox/1.5.0.6"
86.134.22.32 - - [28/Aug/2006:15:53:17 -0400] "GET /images/alllangimages/dnahoriz.gif HTTP/1.1" 200 3391 "http://darwinday.org/englishL/home/index.html" "Mozilla/5.0 (Windows; U; Windows NT 5.1; en-US; rv:1.8.0.6) Gecko/20060728 Firefox/1.5.0.6"
86.134.22.32 - - [28/Aug/2006:15:53:17 -0400] "GET /images/alllangimages/dnahorizr.gif HTTP/1.1" 200 2104 "http://darwinday.org/englishL/home/index.html" "Mozilla/5.0 (Windows; U; Windows NT 5.1; en-US; rv:1.8.0.6) Gecko/20060728 Firefox/1.5.0.6"
85.167.22.115 - - [28/Aug/2006:15:53:18 -0400] "GET /images/alllangimages/lincoln.gif HTTP/1.1" 200 11057 "http://darwinday.org/englishL/home/index.html" "Mozilla/5.0 (Windows; U; Windows NT 5.1; en-US; rv:1.8.0.6) Gecko/20060728 Firefox/1.5.0.6"
85.167.22.115 - - [28/Aug/2006:15:53:18 -0400] "GET /images/alllangimages/darwin.gif HTTP/1.1" 200 13783 "http://darwinday.org/englishL/home/index.html" "Mozilla/5.0 (Windows; U; Windows NT 5.1; en-US; rv:1.8.0.6) Gecko/20060728 Firefox/1.5.0.6"
86.134.22.32 - - [28/Aug/2006:15:53:18 -0400] "GET /images/alllangimages/DNAlogo.gif HTTP/1.1" 200 1370 "http://darwinday.org/englishL/currarts.html" "Mozilla/5.0 (Windows; U; Windows NT 5.1; en-US; rv:1.8.0.6) Gecko/20060728 Firefox/1.5.0.6"
86.134.22.32 - - [28/Aug/2006:15:53:18 -0400] "GET /englishL/images/titletrans.gif HTTP/1.1" 200 15588 "http://darwinday.org/englishL/home/index.html" "Mozilla/5.0 (Windows; U; Windows NT 5.1; en-US; rv:1.8.0.6) Gecko/20060728 Firefox/1.5.0.6"
86.134.22.32 - - [28/Aug/2006:15:53:18 -0400] "GET /images/alllangimages/darwin.gif HTTP/1.1" 200 13783 "http://darwinday.org/englishL/home/index.html" "Mozilla/5.0 (Windows; U; Windows NT 5.1; en-US; rv:1.8.0.6) Gecko/20060728 Firefox/1.5.0.6"
62.169.78.127 - - [28/Aug/2006:15:53:18 -0400] "GET /images/alllangimages/topleftlogo.gif HTTP/1.1" 200 6907 "http://darwinday.org/englishL/home/index.html" "Mozilla/5.0 (Windows; U; Windows NT 5.1; en-US; rv:1.8.0.6) Gecko/20060728 (CK-IBM) Firefox/1.5.0.6"
86.134.22.32 - - [28/Aug/2006:15:53:18 -0400] "GET /englishL/home/images/darwinages.gif HTTP/1.1" 200 50309 "http://darwinday.org/englishL/home/index.html" "Mozilla/5.0 (Windows; U; Windows NT 5.1; en-US; rv:1.8.0.6) Gecko/20060728 Firefox/1.5.0.6"
85.167.22.115 - - [28/Aug/2006:15:53:18 -0400] "GET /images/alllangimages/trans.gif HTTP/1.1" 200 49 "http://darwinday.org/englishL/home/index.html" "Mozilla/5.0 (Windows; U; Windows NT 5.1; en-US; rv:1.8.0.6) Gecko/20060728 Firefox/1.5.0.6"
85.167.22.115 - - [28/Aug/2006:15:53:18 -0400] "GET /englishL/home/images/joinus.gif HTTP/1.1" 200 524 "http://darwinday.org/englishL/home/index.html" "Mozilla/5.0 (Windows; U; Windows NT 5.1; en-US; rv:1.8.0.6) Gecko/20060728 Firefox/1.5.0.6"
85.167.22.115 - - [28/Aug/2006:15:53:18 -0400] "GET /englishL/home/images/beagle.gif HTTP/1.1" 200 37108 "http://darwinday.org/englishL/home/index.html" "Mozilla/5.0 (Windows; U; Windows NT 5.1; en-US; rv:1.8.0.6) Gecko/20060728 Firefox/1.5.0.6"
62.169.78.127 - - [28/Aug/2006:15:53:18 -0400] "GET /englishL/images/navbar.gif HTTP/1.1" 200 2667 "http://darwinday.org/englishL/home/index.html" "Mozilla/5.0 (Windows; U; Windows NT 5.1; en-US; rv:1.8.0.6) Gecko/20060728 (CK-IBM) Firefox/1.5.0.6"
86.134.22.32 - - [28/Aug/2006:15:53:18 -0400] "GET /images/alllangimages/worldmaptransp.gif HTTP/1.1" 200 128893 "http://darwinday.org/englishL/home/index.html" "Mozilla/5.0 (Windows; U; Windows NT 5.1; en-US; rv:1.8.0.6) Gecko/20060728 Firefox/1.5.0.6"
85.167.22.115 - - [28/Aug/2006:15:53:19 -0400] "GET /images/alllangimages/DNAlogo.gif HTTP/1.1" 200 1370 "http://darwinday.org/englishL/currarts.html" "Mozilla/5.0 (Windows; U; Windows NT 5.1; en-US; rv:1.8.0.6) Gecko/20060728 Firefox/1.5.0.6"
85.167.22.115 - - [28/Aug/2006:15:53:19 -0400] "GET /englishL/home/images/horse.evolution.jpg HTTP/1.1" 200 29612 "http://darwinday.org/englishL/home/index.html" "Mozilla/5.0 (Windows; U; Windows NT 5.1; en-US; rv:1.8.0.6) Gecko/20060728 Firefox/1.5.0.6"
86.134.22.32 - - [28/Aug/2006:15:53:19 -0400] "GET /englishL/home/images/beagle.gif HTTP/1.1" 200 37108 "http://darwinday.org/englishL/home/index.html" "Mozilla/5.0 (Windows; U; Windows NT 5.1; en-US; rv:1.8.0.6) Gecko/20060728 Firefox/1.5.0.6"
86.134.22.32 - - [28/Aug/2006:15:53:19 -0400] "GET /images/alllangimages/trans.gif HTTP/1.1" 200 49 "http://darwinday.org/englishL/home/index.html" "Mozilla/5.0 (Windows; U; Windows NT 5.1; en-US; rv:1.8.0.6) Gecko/20060728 Firefox/1.5.0.6"
86.134.22.32 - - [28/Aug/2006:15:53:19 -0400] "GET /englishL/home/images/joinus.gif HTTP/1.1" 200 524 "http://darwinday.org/englishL/home/index.html" "Mozilla/5.0 (Windows; U; Windows NT 5.1; en-US; rv:1.8.0.6) Gecko/20060728 Firefox/1.5.0.6"
62.169.78.127 - - [28/Aug/2006:15:53:19 -0400] "GET /images/alllangimages/arrow.gif HTTP/1.1" 200 112 "http://darwinday.org/englishL/home/index.html" "Mozilla/5.0 (Windows; U; Windows NT 5.1; en-US; rv:1.8.0.6) Gecko/20060728 (CK-IBM) Firefox/1.5.0.6"
62.169.78.127 - - [28/Aug/2006:15:53:19 -0400] "GET /images/alllangimages/dnahorizl.gif HTTP/1.1" 200 2130 "http://darwinday.org/englishL/home/index.html" "Mozilla/5.0 (Windows; U; Windows NT 5.1; en-US; rv:1.8.0.6) Gecko/20060728 (CK-IBM) Firefox/1.5.0.6"
85.167.22.115 - - [28/Aug/2006:15:53:19 -0400] "GET /favicon.ico HTTP/1.1" 404 3475 "-" "Mozilla/5.0 (Windows; U; Windows NT 5.1; en-US; rv:1.8.0.6) Gecko/20060728 Firefox/1.5.0.6"
62.169.78.127 - - [28/Aug/2006:15:53:19 -0400] "GET /englishL/currarts.html HTTP/1.1" 200 4902 "http://darwinday.org/englishL/home/index.html" "Mozilla/5.0 (Windows; U; Windows NT 5.1; en-US; rv:1.8.0.6) Gecko/20060728 (CK-IBM) Firefox/1.5.0.6"
62.169.78.127 - - [28/Aug/2006:15:53:20 -0400] "GET /images/alllangimages/header.gif HTTP/1.1" 200 20989 "http://darwinday.org/englishL/home/index.html" "Mozilla/5.0 (Windows; U; Windows NT 5.1; en-US; rv:1.8.0.6) Gecko/20060728 (CK-IBM) Firefox/1.5.0.6"
62.169.78.127 - - [28/Aug/2006:15:53:20 -0400] "GET /images/alllangimages/dnahoriz.gif HTTP/1.1" 200 3391 "http://darwinday.org/englishL/home/index.html" "Mozilla/5.0 (Windows; U; Windows NT 5.1; en-US; rv:1.8.0.6) Gecko/20060728 (CK-IBM) Firefox/1.5.0.6"
62.169.78.127 - - [28/Aug/2006:15:53:20 -0400] "GET /images/alllangimages/dnahorizr.gif HTTP/1.1" 200 2104 "http://darwinday.org/englishL/home/index.html" "Mozilla/5.0 (Windows; U; Windows NT 5.1; en-US; rv:1.8.0.6) Gecko/20060728 (CK-IBM) Firefox/1.5.0.6"
62.169.78.127 - - [28/Aug/2006:15:53:20 -0400] "GET /images/alllangimages/lincoln.gif HTTP/1.1" 200 11057 "http://darwinday.org/englishL/home/index.html" "Mozilla/5.0 (Windows; U; Windows NT 5.1; en-US; rv:1.8.0.6) Gecko/20060728 (CK-IBM) Firefox/1.5.0.6"
86.134.22.32 - - [28/Aug/2006:15:53:20 -0400] "GET /englishL/home/images/horse.evolution.jpg HTTP/1.1" 200 29612 "http://darwinday.org/englishL/home/index.html" "Mozilla/5.0 (Windows; U; Windows NT 5.1; en-US; rv:1.8.0.6) Gecko/20060728 Firefox/1.5.0.6"
62.169.78.127 - - [28/Aug/2006:15:53:20 -0400] "GET /images/alllangimages/darwin.gif HTTP/1.1" 200 13783 "http://darwinday.org/englishL/home/index.html" "Mozilla/5.0 (Windows; U; Windows NT 5.1; en-US; rv:1.8.0.6) Gecko/20060728 (CK-IBM) Firefox/1.5.0.6"
62.169.78.127 - - [28/Aug/2006:15:53:21 -0400] "GET /englishL/images/titletrans.gif HTTP/1.1" 200 15588 "http://darwinday.org/englishL/home/index.html" "Mozilla/5.0 (Windows; U; Windows NT 5.1; en-US; rv:1.8.0.6) Gecko/20060728 (CK-IBM) Firefox/1.5.0.6"
62.169.78.127 - - [28/Aug/2006:15:53:22 -0400] "GET /images/alllangimages/trans.gif HTTP/1.1" 200 49 "http://darwinday.org/englishL/home/index.html" "Mozilla/5.0 (Windows; U; Windows NT 5.1; en-US; rv:1.8.0.6) Gecko/20060728 (CK-IBM) Firefox/1.5.0.6"
62.169.78.127 - - [28/Aug/2006:15:53:22 -0400] "GET /englishL/home/images/joinus.gif HTTP/1.1" 200 524 "http://darwinday.org/englishL/home/index.html" "Mozilla/5.0 (Windows; U; Windows NT 5.1; en-US; rv:1.8.0.6) Gecko/20060728 (CK-IBM) Firefox/1.5.0.6"
62.169.78.127 - - [28/Aug/2006:15:53:22 -0400] "GET /images/alllangimages/DNAlogo.gif HTTP/1.1" 200 1370 "http://darwinday.org/englishL/currarts.html" "Mozilla/5.0 (Windows; U; Windows NT 5.1; en-US; rv:1.8.0.6) Gecko/20060728 (CK-IBM) Firefox/1.5.0.6"
62.169.78.127 - - [28/Aug/2006:15:53:22 -0400] "GET /englishL/home/images/beagle.gif HTTP/1.1" 200 37108 "http://darwinday.org/englishL/home/index.html" "Mozilla/5.0 (Windows; U; Windows NT 5.1; en-US; rv:1.8.0.6) Gecko/20060728 (CK-IBM) Firefox/1.5.0.6"
85.167.22.115 - - [28/Aug/2006:15:53:23 -0400] "GET /favicon.ico HTTP/1.1" 404 3475 "-" "Mozilla/5.0 (Windows; U; Windows NT 5.1; en-US; rv:1.8.0.6) Gecko/20060728 Firefox/1.5.0.6"
64.131.214.102 - - [28/Aug/2006:15:53:23 -0400] "GET /stylesheets/mainenglishL.css HTTP/1.1" 200 590 "http://darwinday.org/englishL/home/index.html" "Mozilla/5.0 (Macintosh; U; PPC Mac OS X Mach-O; en-US; rv:1.8.0.6) Gecko/20060728 Firefox/1.5.0.6"
64.131.214.102 - - [28/Aug/2006:15:53:23 -0400] "GET /stylesheets/main.css HTTP/1.1" 200 638 "http://darwinday.org/englishL/home/index.html" "Mozilla/5.0 (Macintosh; U; PPC Mac OS X Mach-O; en-US; rv:1.8.0.6) Gecko/20060728 Firefox/1.5.0.6"
62.169.78.127 - - [28/Aug/2006:15:53:23 -0400] "GET /englishL/home/images/horse.evolution.jpg HTTP/1.1" 200 29612 "http://darwinday.org/englishL/home/index.html" "Mozilla/5.0 (Windows; U; Windows NT 5.1; en-US; rv:1.8.0.6) Gecko/20060728 (CK-IBM) Firefox/1.5.0.6"
64.131.214.102 - - [28/Aug/2006:15:53:23 -0400] "GET /images/alllangimages/topleftlogo.gif HTTP/1.1" 200 6907 "http://darwinday.org/englishL/home/index.html" "Mozilla/5.0 (Macintosh; U; PPC Mac OS X Mach-O; en-US; rv:1.8.0.6) Gecko/20060728 Firefox/1.5.0.6"
64.131.214.102 - - [28/Aug/2006:15:53:23 -0400] "GET /englishL/home/index.html HTTP/1.1" 200 26022 "http://www.stumbleupon.com/refer.php?url=http%3A//darwinday.org/englishL/home/index.html" "Mozilla/5.0 (Macintosh; U; PPC Mac OS X Mach-O; en-US; rv:1.8.0.6) Gecko/20060728 Firefox/1.5.0.6"
64.131.214.102 - - [28/Aug/2006:15:53:23 -0400] "GET /images/alllangimages/header.gif HTTP/1.1" 200 20989 "http://darwinday.org/englishL/home/index.html" "Mozilla/5.0 (Macintosh; U; PPC Mac OS X Mach-O; en-US; rv:1.8.0.6) Gecko/20060728 Firefox/1.5.0.6"
64.131.214.102 - - [28/Aug/2006:15:53:24 -0400] "GET /englishL/currarts.html HTTP/1.1" 200 4902 "http://darwinday.org/englishL/home/index.html" "Mozilla/5.0 (Macintosh; U; PPC Mac OS X Mach-O; en-US; rv:1.8.0.6) Gecko/20060728 Firefox/1.5.0.6"
64.131.214.102 - - [28/Aug/2006:15:53:24 -0400] "GET /englishL/images/titletrans.gif HTTP/1.1" 200 15588 "http://darwinday.org/englishL/home/index.html" "Mozilla/5.0 (Macintosh; U; PPC Mac OS X Mach-O; en-US; rv:1.8.0.6) Gecko/20060728 Firefox/1.5.0.6"
64.131.214.102 - - [28/Aug/2006:15:53:24 -0400] "GET /englishL/images/navbar.gif HTTP/1.1" 200 2667 "http://darwinday.org/englishL/home/index.html" "Mozilla/5.0 (Macintosh; U; PPC Mac OS X Mach-O; en-US; rv:1.8.0.6) Gecko/20060728 Firefox/1.5.0.6"
64.131.214.102 - - [28/Aug/2006:15:53:24 -0400] "GET /images/alllangimages/worldmaptransp.gif HTTP/1.1" 200 128893 "http://darwinday.org/englishL/home/index.html" "Mozilla/5.0 (Macintosh; U; PPC Mac OS X Mach-O; en-US; rv:1.8.0.6) Gecko/20060728 Firefox/1.5.0.6"
64.131.214.102 - - [28/Aug/2006:15:53:24 -0400] "GET /images/alllangimages/arrow.gif HTTP/1.1" 200 112 "http://darwinday.org/englishL/home/index.html" "Mozilla/5.0 (Macintosh; U; PPC Mac OS X Mach-O; en-US; rv:1.8.0.6) Gecko/20060728 Firefox/1.5.0.6"
64.131.214.102 - - [28/Aug/2006:15:53:24 -0400] "GET /images/alllangimages/dnahorizl.gif HTTP/1.1" 200 2130 "http://darwinday.org/englishL/home/index.html" "Mozilla/5.0 (Macintosh; U; PPC Mac OS X Mach-O; en-US; rv:1.8.0.6) Gecko/20060728 Firefox/1.5.0.6"
64.131.214.102 - - [28/Aug/2006:15:53:24 -0400] "GET /images/alllangimages/dnahoriz.gif HTTP/1.1" 200 3391 "http://darwinday.org/englishL/home/index.html" "Mozilla/5.0 (Macintosh; U; PPC Mac OS X Mach-O; en-US; rv:1.8.0.6) Gecko/20060728 Firefox/1.5.0.6"
64.131.214.102 - - [28/Aug/2006:15:53:24 -0400] "GET /images/alllangimages/dnahorizr.gif HTTP/1.1" 200 2104 "http://darwinday.org/englishL/home/index.html" "Mozilla/5.0 (Macintosh; U; PPC Mac OS X Mach-O; en-US; rv:1.8.0.6) Gecko/20060728 Firefox/1.5.0.6"
64.131.214.102 - - [28/Aug/2006:15:53:24 -0400] "GET /images/alllangimages/lincoln.gif HTTP/1.1" 200 11057 "http://darwinday.org/englishL/home/index.html" "Mozilla/5.0 (Macintosh; U; PPC Mac OS X Mach-O; en-US; rv:1.8.0.6) Gecko/20060728 Firefox/1.5.0.6"
64.131.214.102 - - [28/Aug/2006:15:53:24 -0400] "GET /images/alllangimages/darwin.gif HTTP/1.1" 200 13783 "http://darwinday.org/englishL/home/index.html" "Mozilla/5.0 (Macintosh; U; PPC Mac OS X Mach-O; en-US; rv:1.8.0.6) Gecko/20060728 Firefox/1.5.0.6"
64.131.214.102 - - [28/Aug/2006:15:53:25 -0400] "GET /englishL/home/images/beagle.gif HTTP/1.1" 200 37108 "http://darwinday.org/englishL/home/index.html" "Mozilla/5.0 (Macintosh; U; PPC Mac OS X Mach-O; en-US; rv:1.8.0.6) Gecko/20060728 Firefox/1.5.0.6"
64.131.214.102 - - [28/Aug/2006:15:53:25 -0400] "GET /images/alllangimages/trans.gif HTTP/1.1" 200 49 "http://darwinday.org/englishL/home/index.html" "Mozilla/5.0 (Macintosh; U; PPC Mac OS X Mach-O; en-US; rv:1.8.0.6) Gecko/20060728 Firefox/1.5.0.6"
64.131.214.102 - - [28/Aug/2006:15:53:25 -0400] "GET /englishL/home/images/joinus.gif HTTP/1.1" 200 524 "http://darwinday.org/englishL/home/index.html" "Mozilla/5.0 (Macintosh; U; PPC Mac OS X Mach-O; en-US; rv:1.8.0.6) Gecko/20060728 Firefox/1.5.0.6"
64.131.214.102 - - [28/Aug/2006:15:53:25 -0400] "GET /englishL/home/images/horse.evolution.jpg HTTP/1.1" 200 29612 "http://darwinday.org/englishL/home/index.html" "Mozilla/5.0 (Macintosh; U; PPC Mac OS X Mach-O; en-US; rv:1.8.0.6) Gecko/20060728 Firefox/1.5.0.6"
64.131.214.102 - - [28/Aug/2006:15:53:25 -0400] "GET /englishL/home/images/darwinages.gif HTTP/1.1" 200 50309 "http://darwinday.org/englishL/home/index.html" "Mozilla/5.0 (Macintosh; U; PPC Mac OS X Mach-O; en-US; rv:1.8.0.6) Gecko/20060728 Firefox/1.5.0.6"
64.131.214.102 - - [28/Aug/2006:15:53:25 -0400] "GET /images/alllangimages/DNAlogo.gif HTTP/1.1" 200 1370 "http://darwinday.org/englishL/currarts.html" "Mozilla/5.0 (Macintosh; U; PPC Mac OS X Mach-O; en-US; rv:1.8.0.6) Gecko/20060728 Firefox/1.5.0.6"
200.94.149.253 - - [28/Aug/2006:15:53:29 -0400] "GET /favicon.ico HTTP/1.1" 404 3475 "-" "Mozilla/5.0 (Macintosh; U; Intel Mac OS X; en-US; rv:1.8.0.4) Gecko/20060604 Firefox/1.5.0.4"
62.169.78.127 - - [28/Aug/2006:15:53:30 -0400] "GET /images/alllangimages/worldmaptransp.gif HTTP/1.1" 200 128893 "http://darwinday.org/englishL/home/index.html" "Mozilla/5.0 (Windows; U; Windows NT 5.1; en-US; rv:1.8.0.6) Gecko/20060728 (CK-IBM) Firefox/1.5.0.6"
62.169.78.127 - - [28/Aug/2006:15:53:31 -0400] "GET /englishL/home/images/darwinages.gif HTTP/1.1" 200 50309 "http://darwinday.org/englishL/home/index.html" "Mozilla/5.0 (Windows; U; Windows NT 5.1; en-US; rv:1.8.0.6) Gecko/20060728 (CK-IBM) Firefox/1.5.0.6"
62.169.78.127 - - [28/Aug/2006:15:53:32 -0400] "GET /favicon.ico HTTP/1.1" 404 3475 "-" "Mozilla/5.0 (Windows; U; Windows NT 5.1; en-US; rv:1.8.0.6) Gecko/20060728 (CK-IBM) Firefox/1.5.0.6"
64.83.36.8 - - [28/Aug/2006:15:53:32 -0400] "GET /stylesheets/mainenglishL.css HTTP/1.1" 200 590 "http://darwinday.org/englishL/home/index.html" "Mozilla/5.0 (Windows; U; Windows NT 5.1; en-US; rv:1.8.0.6) Gecko/20060728 Firefox/1.5.0.6"
71.107.141.207 - - [28/Aug/2006:15:53:34 -0400] "GET /stylesheets/mainenglishL.css HTTP/1.1" 200 590 "http://darwinday.org/englishL/home/index.html" "Mozilla/5.0 (Windows; U; Windows NT 5.1; en-US; rv:1.8.0.6) Gecko/20060728 Firefox/1.5.0.6"
64.83.36.8 - - [28/Aug/2006:15:53:34 -0400] "GET /stylesheets/main.css HTTP/1.1" 200 638 "http://darwinday.org/englishL/home/index.html" "Mozilla/5.0 (Windows; U; Windows NT 5.1; en-US; rv:1.8.0.6) Gecko/20060728 Firefox/1.5.0.6"
66.18.50.242 - - [28/Aug/2006:15:53:34 -0400] "GET /englishL/home/index.html HTTP/1.1" 200 26022 "http://www.stumbleupon.com/refer.php?url=http%3A//darwinday.org/englishL/home/index.html" "Mozilla/5.0 (Windows; U; Windows NT 5.1; en-US; rv:1.8.0.6) Gecko/20060728 Firefox/1.5.0.6"
71.107.141.207 - - [28/Aug/2006:15:53:34 -0400] "GET /stylesheets/main.css HTTP/1.1" 200 638 "http://darwinday.org/englishL/home/index.html" "Mozilla/5.0 (Windows; U; Windows NT 5.1; en-US; rv:1.8.0.6) Gecko/20060728 Firefox/1.5.0.6"
66.18.50.242 - - [28/Aug/2006:15:53:34 -0400] "GET /stylesheets/main.css HTTP/1.1" 200 638 "http://darwinday.org/englishL/home/index.html" "Mozilla/5.0 (Windows; U; Windows NT 5.1; en-US; rv:1.8.0.6) Gecko/20060728 Firefox/1.5.0.6"
64.83.36.8 - - [28/Aug/2006:15:53:34 -0400] "GET /images/alllangimages/topleftlogo.gif HTTP/1.1" 200 6907 "http://darwinday.org/englishL/home/index.html" "Mozilla/5.0 (Windows; U; Windows NT 5.1; en-US; rv:1.8.0.6) Gecko/20060728 Firefox/1.5.0.6"
71.107.141.207 - - [28/Aug/2006:15:53:34 -0400] "GET /englishL/home/index.html HTTP/1.1" 200 26022 "http://www.stumbleupon.com/refer.php?url=http%3A//darwinday.org/englishL/home/index.html" "Mozilla/5.0 (Windows; U; Windows NT 5.1; en-US; rv:1.8.0.6) Gecko/20060728 Firefox/1.5.0.6"
66.18.50.242 - - [28/Aug/2006:15:53:34 -0400] "GET /stylesheets/mainenglishL.css HTTP/1.1" 200 590 "http://darwinday.org/englishL/home/index.html" "Mozilla/5.0 (Windows; U; Windows NT 5.1; en-US; rv:1.8.0.6) Gecko/20060728 Firefox/1.5.0.6"
66.146.203.106 - - [28/Aug/2006:15:53:34 -0400] "GET /stylesheets/mainenglishL.css HTTP/1.1" 200 590 "http://darwinday.org/englishL/home/index.html" "Mozilla/5.0 (Windows; U; Windows NT 5.1; en-US; rv:1.8.0.6) Gecko/20060728 Firefox/1.5.0.6"
66.146.203.106 - - [28/Aug/2006:15:53:34 -0400] "GET /englishL/home/index.html HTTP/1.1" 200 26022 "http://www.stumbleupon.com/refer.php?url=http%3A//darwinday.org/englishL/home/index.html" "Mozilla/5.0 (Windows; U; Windows NT 5.1; en-US; rv:1.8.0.6) Gecko/20060728 Firefox/1.5.0.6"
64.83.36.8 - - [28/Aug/2006:15:53:34 -0400] "GET /englishL/home/index.html HTTP/1.1" 200 26022 "http://www.stumbleupon.com/refer.php?url=http%3A//darwinday.org/englishL/home/index.html" "Mozilla/5.0 (Windows; U; Windows NT 5.1; en-US; rv:1.8.0.6) Gecko/20060728 Firefox/1.5.0.6"
66.146.203.106 - - [28/Aug/2006:15:53:34 -0400] "GET /stylesheets/main.css HTTP/1.1" 200 638 "http://darwinday.org/englishL/home/index.html" "Mozilla/5.0 (Windows; U; Windows NT 5.1; en-US; rv:1.8.0.6) Gecko/20060728 Firefox/1.5.0.6"
64.83.36.8 - - [28/Aug/2006:15:53:34 -0400] "GET /favicon.ico HTTP/1.1" 404 3475 "-" "Mozilla/4.0 (compatible; Google Desktop)"
64.83.36.8 - - [28/Aug/2006:15:53:34 -0400] "GET /englishL/currarts.html HTTP/1.1" 200 4902 "http://darwinday.org/englishL/home/index.html" "Mozilla/5.0 (Windows; U; Windows NT 5.1; en-US; rv:1.8.0.6) Gecko/20060728 Firefox/1.5.0.6"
66.18.50.242 - - [28/Aug/2006:15:53:34 -0400] "GET /images/alllangimages/topleftlogo.gif HTTP/1.1" 200 6907 "http://darwinday.org/englishL/home/index.html" "Mozilla/5.0 (Windows; U; Windows NT 5.1; en-US; rv:1.8.0.6) Gecko/20060728 Firefox/1.5.0.6"
66.146.203.106 - - [28/Aug/2006:15:53:34 -0400] "GET /images/alllangimages/topleftlogo.gif HTTP/1.1" 200 6907 "http://darwinday.org/englishL/home/index.html" "Mozilla/5.0 (Windows; U; Windows NT 5.1; en-US; rv:1.8.0.6) Gecko/20060728 Firefox/1.5.0.6"
71.107.141.207 - - [28/Aug/2006:15:53:34 -0400] "GET /images/alllangimages/topleftlogo.gif HTTP/1.1" 200 6907 "http://darwinday.org/englishL/home/index.html" "Mozilla/5.0 (Windows; U; Windows NT 5.1; en-US; rv:1.8.0.6) Gecko/20060728 Firefox/1.5.0.6"
66.18.50.242 - - [28/Aug/2006:15:53:34 -0400] "GET /images/alllangimages/header.gif HTTP/1.1" 200 20989 "http://darwinday.org/englishL/home/index.html" "Mozilla/5.0 (Windows; U; Windows NT 5.1; en-US; rv:1.8.0.6) Gecko/20060728 Firefox/1.5.0.6"
66.18.50.242 - - [28/Aug/2006:15:53:34 -0400] "GET /englishL/currarts.html HTTP/1.1" 200 4902 "http://darwinday.org/englishL/home/index.html" "Mozilla/5.0 (Windows; U; Windows NT 5.1; en-US; rv:1.8.0.6) Gecko/20060728 Firefox/1.5.0.6"
66.146.203.106 - - [28/Aug/2006:15:53:34 -0400] "GET /images/alllangimages/header.gif HTTP/1.1" 200 20989 "http://darwinday.org/englishL/home/index.html" "Mozilla/5.0 (Windows; U; Windows NT 5.1; en-US; rv:1.8.0.6) Gecko/20060728 Firefox/1.5.0.6"
66.146.203.106 - - [28/Aug/2006:15:53:34 -0400] "GET /englishL/currarts.html HTTP/1.1" 200 4902 "http://darwinday.org/englishL/home/index.html" "Mozilla/5.0 (Windows; U; Windows NT 5.1; en-US; rv:1.8.0.6) Gecko/20060728 Firefox/1.5.0.6"
66.146.203.106 - - [28/Aug/2006:15:53:34 -0400] "GET /images/alllangimages/dnahoriz.gif HTTP/1.1" 200 3391 "http://darwinday.org/englishL/home/index.html" "Mozilla/5.0 (Windows; U; Windows NT 5.1; en-US; rv:1.8.0.6) Gecko/20060728 Firefox/1.5.0.6"
66.146.203.106 - - [28/Aug/2006:15:53:34 -0400] "GET /images/alllangimages/arrow.gif HTTP/1.1" 200 112 "http://darwinday.org/englishL/home/index.html" "Mozilla/5.0 (Windows; U; Windows NT 5.1; en-US; rv:1.8.0.6) Gecko/20060728 Firefox/1.5.0.6"
66.146.203.106 - - [28/Aug/2006:15:53:34 -0400] "GET /images/alllangimages/dnahorizr.gif HTTP/1.1" 200 2104 "http://darwinday.org/englishL/home/index.html" "Mozilla/5.0 (Windows; U; Windows NT 5.1; en-US; rv:1.8.0.6) Gecko/20060728 Firefox/1.5.0.6"
66.146.203.106 - - [28/Aug/2006:15:53:34 -0400] "GET /englishL/images/navbar.gif HTTP/1.1" 200 2667 "http://darwinday.org/englishL/home/index.html" "Mozilla/5.0 (Windows; U; Windows NT 5.1; en-US; rv:1.8.0.6) Gecko/20060728 Firefox/1.5.0.6"
66.146.203.106 - - [28/Aug/2006:15:53:34 -0400] "GET /images/alllangimages/dnahorizl.gif HTTP/1.1" 200 2130 "http://darwinday.org/englishL/home/index.html" "Mozilla/5.0 (Windows; U; Windows NT 5.1; en-US; rv:1.8.0.6) Gecko/20060728 Firefox/1.5.0.6"
66.18.50.242 - - [28/Aug/2006:15:53:34 -0400] "GET /englishL/images/titletrans.gif HTTP/1.1" 200 15588 "http://darwinday.org/englishL/home/index.html" "Mozilla/5.0 (Windows; U; Windows NT 5.1; en-US; rv:1.8.0.6) Gecko/20060728 Firefox/1.5.0.6"
66.146.203.106 - - [28/Aug/2006:15:53:34 -0400] "GET /englishL/images/titletrans.gif HTTP/1.1" 200 15588 "http://darwinday.org/englishL/home/index.html" "Mozilla/5.0 (Windows; U; Windows NT 5.1; en-US; rv:1.8.0.6) Gecko/20060728 Firefox/1.5.0.6"
66.18.50.242 - - [28/Aug/2006:15:53:34 -0400] "GET /englishL/images/navbar.gif HTTP/1.1" 200 2667 "http://darwinday.org/englishL/home/index.html" "Mozilla/5.0 (Windows; U; Windows NT 5.1; en-US; rv:1.8.0.6) Gecko/20060728 Firefox/1.5.0.6"
71.107.141.207 - - [28/Aug/2006:15:53:35 -0400] "GET /englishL/currarts.html HTTP/1.1" 200 4902 "http://darwinday.org/englishL/home/index.html" "Mozilla/5.0 (Windows; U; Windows NT 5.1; en-US; rv:1.8.0.6) Gecko/20060728 Firefox/1.5.0.6"
66.146.203.106 - - [28/Aug/2006:15:53:35 -0400] "GET /englishL/home/images/horse.evolution.jpg HTTP/1.1" 200 29612 "http://darwinday.org/englishL/home/index.html" "Mozilla/5.0 (Windows; U; Windows NT 5.1; en-US; rv:1.8.0.6) Gecko/20060728 Firefox/1.5.0.6"
66.18.50.242 - - [28/Aug/2006:15:53:35 -0400] "GET /englishL/home/images/darwinages.gif HTTP/1.1" 200 50309 "http://darwinday.org/englishL/home/index.html" "Mozilla/5.0 (Windows; U; Windows NT 5.1; en-US; rv:1.8.0.6) Gecko/20060728 Firefox/1.5.0.6"
64.83.36.8 - - [28/Aug/2006:15:53:35 -0400] "GET /images/alllangimages/header.gif HTTP/1.1" 200 20989 "http://darwinday.org/englishL/home/index.html" "Mozilla/5.0 (Windows; U; Windows NT 5.1; en-US; rv:1.8.0.6) Gecko/20060728 Firefox/1.5.0.6"
64.83.36.8 - - [28/Aug/2006:15:53:35 -0400] "GET /englishL/images/titletrans.gif HTTP/1.1" 200 15588 "http://darwinday.org/englishL/home/index.html" "Mozilla/5.0 (Windows; U; Windows NT 5.1; en-US; rv:1.8.0.6) Gecko/20060728 Firefox/1.5.0.6"
66.18.50.242 - - [28/Aug/2006:15:53:35 -0400] "GET /images/alllangimages/arrow.gif HTTP/1.1" 200 112 "http://darwinday.org/englishL/home/index.html" "Mozilla/5.0 (Windows; U; Windows NT 5.1; en-US; rv:1.8.0.6) Gecko/20060728 Firefox/1.5.0.6"
66.18.50.242 - - [28/Aug/2006:15:53:35 -0400] "GET /images/alllangimages/dnahorizl.gif HTTP/1.1" 200 2130 "http://darwinday.org/englishL/home/index.html" "Mozilla/5.0 (Windows; U; Windows NT 5.1; en-US; rv:1.8.0.6) Gecko/20060728 Firefox/1.5.0.6"
66.18.50.242 - - [28/Aug/2006:15:53:35 -0400] "GET /images/alllangimages/dnahoriz.gif HTTP/1.1" 200 3391 "http://darwinday.org/englishL/home/index.html" "Mozilla/5.0 (Windows; U; Windows NT 5.1; en-US; rv:1.8.0.6) Gecko/20060728 Firefox/1.5.0.6"
64.83.36.8 - - [28/Aug/2006:15:53:35 -0400] "GET /englishL/images/navbar.gif HTTP/1.1" 200 2667 "http://darwinday.org/englishL/home/index.html" "Mozilla/5.0 (Windows; U; Windows NT 5.1; en-US; rv:1.8.0.6) Gecko/20060728 Firefox/1.5.0.6"
66.18.50.242 - - [28/Aug/2006:15:53:35 -0400] "GET /images/alllangimages/worldmaptransp.gif HTTP/1.1" 200 128893 "http://darwinday.org/englishL/home/index.html" "Mozilla/5.0 (Windows; U; Windows NT 5.1; en-US; rv:1.8.0.6) Gecko/20060728 Firefox/1.5.0.6"
66.18.50.242 - - [28/Aug/2006:15:53:35 -0400] "GET /images/alllangimages/dnahorizr.gif HTTP/1.1" 200 2104 "http://darwinday.org/englishL/home/index.html" "Mozilla/5.0 (Windows; U; Windows NT 5.1; en-US; rv:1.8.0.6) Gecko/20060728 Firefox/1.5.0.6"
66.146.203.106 - - [28/Aug/2006:15:53:35 -0400] "GET /images/alllangimages/lincoln.gif HTTP/1.1" 200 11057 "http://darwinday.org/englishL/home/index.html" "Mozilla/5.0 (Windows; U; Windows NT 5.1; en-US; rv:1.8.0.6) Gecko/20060728 Firefox/1.5.0.6"
66.18.50.242 - - [28/Aug/2006:15:53:35 -0400] "GET /images/alllangimages/lincoln.gif HTTP/1.1" 200 11057 "http://darwinday.org/englishL/home/index.html" "Mozilla/5.0 (Windows; U; Windows NT 5.1; en-US; rv:1.8.0.6) Gecko/20060728 Firefox/1.5.0.6"
66.18.50.242 - - [28/Aug/2006:15:53:36 -0400] "GET /images/alllangimages/darwin.gif HTTP/1.1" 200 13783 "http://darwinday.org/englishL/home/index.html" "Mozilla/5.0 (Windows; U; Windows NT 5.1; en-US; rv:1.8.0.6) Gecko/20060728 Firefox/1.5.0.6"
66.18.50.242 - - [28/Aug/2006:15:53:36 -0400] "GET /englishL/home/images/beagle.gif HTTP/1.1" 200 37108 "http://darwinday.org/englishL/home/index.html" "Mozilla/5.0 (Windows; U; Windows NT 5.1; en-US; rv:1.8.0.6) Gecko/20060728 Firefox/1.5.0.6"
66.146.203.106 - - [28/Aug/2006:15:53:36 -0400] "GET /englishL/home/images/darwinages.gif HTTP/1.1" 200 50309 "http://darwinday.org/englishL/home/index.html" "Mozilla/5.0 (Windows; U; Windows NT 5.1; en-US; rv:1.8.0.6) Gecko/20060728 Firefox/1.5.0.6"
66.146.203.106 - - [28/Aug/2006:15:53:36 -0400] "GET /images/alllangimages/darwin.gif HTTP/1.1" 200 13783 "http://darwinday.org/englishL/home/index.html" "Mozilla/5.0 (Windows; U; Windows NT 5.1; en-US; rv:1.8.0.6) Gecko/20060728 Firefox/1.5.0.6"
66.18.50.242 - - [28/Aug/2006:15:53:36 -0400] "GET /favicon.ico HTTP/1.1" 404 3475 "-" "Mozilla/5.0 (Windows; U; Windows NT 5.1; en-US; rv:1.8.0.6) Gecko/20060728 Firefox/1.5.0.6"
66.146.203.106 - - [28/Aug/2006:15:53:36 -0400] "GET /images/alllangimages/DNAlogo.gif HTTP/1.1" 200 1370 "http://darwinday.org/englishL/currarts.html" "Mozilla/5.0 (Windows; U; Windows NT 5.1; en-US; rv:1.8.0.6) Gecko/20060728 Firefox/1.5.0.6"
64.83.36.8 - - [28/Aug/2006:15:53:36 -0400] "GET /englishL/home/images/darwinages.gif HTTP/1.1" 200 50309 "http://darwinday.org/englishL/home/index.html" "Mozilla/5.0 (Windows; U; Windows NT 5.1; en-US; rv:1.8.0.6) Gecko/20060728 Firefox/1.5.0.6"
64.83.36.8 - - [28/Aug/2006:15:53:36 -0400] "GET /images/alllangimages/arrow.gif HTTP/1.1" 200 112 "http://darwinday.org/englishL/home/index.html" "Mozilla/5.0 (Windows; U; Windows NT 5.1; en-US; rv:1.8.0.6) Gecko/20060728 Firefox/1.5.0.6"
64.83.36.8 - - [28/Aug/2006:15:53:36 -0400] "GET /images/alllangimages/dnahorizl.gif HTTP/1.1" 200 2130 "http://darwinday.org/englishL/home/index.html" "Mozilla/5.0 (Windows; U; Windows NT 5.1; en-US; rv:1.8.0.6) Gecko/20060728 Firefox/1.5.0.6"
86.134.22.32 - - [28/Aug/2006:15:53:36 -0400] "GET /favicon.ico HTTP/1.1" 404 3475 "-" "Mozilla/5.0 (Windows; U; Windows NT 5.1; en-US; rv:1.8.0.6) Gecko/20060728 Firefox/1.5.0.6"
64.83.36.8 - - [28/Aug/2006:15:53:36 -0400] "GET /images/alllangimages/dnahoriz.gif HTTP/1.1" 200 3391 "http://darwinday.org/englishL/home/index.html" "Mozilla/5.0 (Windows; U; Windows NT 5.1; en-US; rv:1.8.0.6) Gecko/20060728 Firefox/1.5.0.6"
64.83.36.8 - - [28/Aug/2006:15:53:36 -0400] "GET /images/alllangimages/dnahorizr.gif HTTP/1.1" 200 2104 "http://darwinday.org/englishL/home/index.html" "Mozilla/5.0 (Windows; U; Windows NT 5.1; en-US; rv:1.8.0.6) Gecko/20060728 Firefox/1.5.0.6"
64.83.36.8 - - [28/Aug/2006:15:53:37 -0400] "GET /images/alllangimages/lincoln.gif HTTP/1.1" 200 11057 "http://darwinday.org/englishL/home/index.html" "Mozilla/5.0 (Windows; U; Windows NT 5.1; en-US; rv:1.8.0.6) Gecko/20060728 Firefox/1.5.0.6"
71.107.141.207 - - [28/Aug/2006:15:53:37 -0400] "GET /images/alllangimages/header.gif HTTP/1.1" 200 20989 "http://darwinday.org/englishL/home/index.html" "Mozilla/5.0 (Windows; U; Windows NT 5.1; en-US; rv:1.8.0.6) Gecko/20060728 Firefox/1.5.0.6"
66.146.203.106 - - [28/Aug/2006:15:53:37 -0400] "GET /images/alllangimages/worldmaptransp.gif HTTP/1.1" 200 128893 "http://darwinday.org/englishL/home/index.html" "Mozilla/5.0 (Windows; U; Windows NT 5.1; en-US; rv:1.8.0.6) Gecko/20060728 Firefox/1.5.0.6"
66.146.203.106 - - [28/Aug/2006:15:53:37 -0400] "GET /englishL/home/images/beagle.gif HTTP/1.1" 200 37108 "http://darwinday.org/englishL/home/index.html" "Mozilla/5.0 (Windows; U; Windows NT 5.1; en-US; rv:1.8.0.6) Gecko/20060728 Firefox/1.5.0.6"
66.146.203.106 - - [28/Aug/2006:15:53:37 -0400] "GET /images/alllangimages/trans.gif HTTP/1.1" 200 49 "http://darwinday.org/englishL/home/index.html" "Mozilla/5.0 (Windows; U; Windows NT 5.1; en-US; rv:1.8.0.6) Gecko/20060728 Firefox/1.5.0.6"
66.146.203.106 - - [28/Aug/2006:15:53:37 -0400] "GET /englishL/home/images/joinus.gif HTTP/1.1" 200 524 "http://darwinday.org/englishL/home/index.html" "Mozilla/5.0 (Windows; U; Windows NT 5.1; en-US; rv:1.8.0.6) Gecko/20060728 Firefox/1.5.0.6"
212.242.171.77 - - [28/Aug/2006:15:53:37 -0400] "GET /englishL/home/index.html HTTP/1.1" 200 26022 "http://www.stumbleupon.com/refer.php?url=http%3A//darwinday.org/englishL/home/index.html" "Mozilla/5.0 (Windows; U; Windows NT 5.1; da; rv:1.8.0.6) Gecko/20060728 Firefox/1.5.0.6"
71.107.141.207 - - [28/Aug/2006:15:53:37 -0400] "GET /images/alllangimages/worldmaptransp.gif HTTP/1.1" 200 128893 "http://darwinday.org/englishL/home/index.html" "Mozilla/5.0 (Windows; U; Windows NT 5.1; en-US; rv:1.8.0.6) Gecko/20060728 Firefox/1.5.0.6"
212.242.171.77 - - [28/Aug/2006:15:53:37 -0400] "GET /stylesheets/mainenglishL.css HTTP/1.1" 200 590 "http://darwinday.org/englishL/home/index.html" "Mozilla/5.0 (Windows; U; Windows NT 5.1; da; rv:1.8.0.6) Gecko/20060728 Firefox/1.5.0.6"
71.107.141.207 - - [28/Aug/2006:15:53:37 -0400] "GET /images/alllangimages/header.gif HTTP/1.1" 206 952 "http://darwinday.org/englishL/home/index.html" "Mozilla/5.0 (Windows; U; Windows NT 5.1; en-US; rv:1.8.0.6) Gecko/20060728 Firefox/1.5.0.6"
212.242.171.77 - - [28/Aug/2006:15:53:37 -0400] "GET /stylesheets/main.css HTTP/1.1" 200 638 "http://darwinday.org/englishL/home/index.html" "Mozilla/5.0 (Windows; U; Windows NT 5.1; da; rv:1.8.0.6) Gecko/20060728 Firefox/1.5.0.6"
66.146.203.106 - - [28/Aug/2006:15:53:38 -0400] "GET /favicon.ico HTTP/1.1" 404 3475 "-" "Mozilla/5.0 (Windows; U; Windows NT 5.1; en-US; rv:1.8.0.6) Gecko/20060728 Firefox/1.5.0.6"
66.146.203.106 - - [28/Aug/2006:15:53:38 -0400] "GET /favicon.ico HTTP/1.1" 404 3475 "-" "Mozilla/5.0 (Windows; U; Windows NT 5.1; en-US; rv:1.8.0.6) Gecko/20060728 Firefox/1.5.0.6"
64.83.36.8 - - [28/Aug/2006:15:53:38 -0400] "GET /images/alllangimages/darwin.gif HTTP/1.1" 200 13783 "http://darwinday.org/englishL/home/index.html" "Mozilla/5.0 (Windows; U; Windows NT 5.1; en-US; rv:1.8.0.6) Gecko/20060728 Firefox/1.5.0.6"
71.107.141.207 - - [28/Aug/2006:15:53:38 -0400] "GET /englishL/images/titletrans.gif HTTP/1.1" 200 15588 "http://darwinday.org/englishL/home/index.html" "Mozilla/5.0 (Windows; U; Windows NT 5.1; en-US; rv:1.8.0.6) Gecko/20060728 Firefox/1.5.0.6"
71.107.141.207 - - [28/Aug/2006:15:53:38 -0400] "GET /images/alllangimages/worldmaptransp.gif HTTP/1.1" 206 46078 "http://darwinday.org/englishL/home/index.html" "Mozilla/5.0 (Windows; U; Windows NT 5.1; en-US; rv:1.8.0.6) Gecko/20060728 Firefox/1.5.0.6"
212.242.171.77 - - [28/Aug/2006:15:53:38 -0400] "GET /englishL/currarts.html HTTP/1.1" 200 4902 "http://darwinday.org/englishL/home/index.html" "Mozilla/5.0 (Windows; U; Windows NT 5.1; da; rv:1.8.0.6) Gecko/20060728 Firefox/1.5.0.6"
212.242.171.77 - - [28/Aug/2006:15:53:38 -0400] "GET /englishL/images/navbar.gif HTTP/1.1" 200 2667 "http://darwinday.org/englishL/home/index.html" "Mozilla/5.0 (Windows; U; Windows NT 5.1; da; rv:1.8.0.6) Gecko/20060728 Firefox/1.5.0.6"
71.107.141.207 - - [28/Aug/2006:15:53:38 -0400] "GET /englishL/images/navbar.gif HTTP/1.1" 200 2667 "http://darwinday.org/englishL/home/index.html" "Mozilla/5.0 (Windows; U; Windows NT 5.1; en-US; rv:1.8.0.6) Gecko/20060728 Firefox/1.5.0.6"
212.242.171.77 - - [28/Aug/2006:15:53:38 -0400] "GET /images/alllangimages/arrow.gif HTTP/1.1" 200 112 "http://darwinday.org/englishL/home/index.html" "Mozilla/5.0 (Windows; U; Windows NT 5.1; da; rv:1.8.0.6) Gecko/20060728 Firefox/1.5.0.6"
212.242.171.77 - - [28/Aug/2006:15:53:38 -0400] "GET /images/alllangimages/topleftlogo.gif HTTP/1.1" 200 6907 "http://darwinday.org/englishL/home/index.html" "Mozilla/5.0 (Windows; U; Windows NT 5.1; da; rv:1.8.0.6) Gecko/20060728 Firefox/1.5.0.6"
64.83.36.8 - - [28/Aug/2006:15:53:38 -0400] "GET /images/alllangimages/worldmaptransp.gif HTTP/1.1" 200 128893 "http://darwinday.org/englishL/home/index.html" "Mozilla/5.0 (Windows; U; Windows NT 5.1; en-US; rv:1.8.0.6) Gecko/20060728 Firefox/1.5.0.6"
212.242.171.77 - - [28/Aug/2006:15:53:38 -0400] "GET /images/alllangimages/dnahorizl.gif HTTP/1.1" 200 2130 "http://darwinday.org/englishL/home/index.html" "Mozilla/5.0 (Windows; U; Windows NT 5.1; da; rv:1.8.0.6) Gecko/20060728 Firefox/1.5.0.6"
212.242.171.77 - - [28/Aug/2006:15:53:38 -0400] "GET /images/alllangimages/dnahoriz.gif HTTP/1.1" 200 3391 "http://darwinday.org/englishL/home/index.html" "Mozilla/5.0 (Windows; U; Windows NT 5.1; da; rv:1.8.0.6) Gecko/20060728 Firefox/1.5.0.6"
71.107.141.207 - - [28/Aug/2006:15:53:39 -0400] "GET /images/alllangimages/arrow.gif HTTP/1.1" 200 112 "http://darwinday.org/englishL/home/index.html" "Mozilla/5.0 (Windows; U; Windows NT 5.1; en-US; rv:1.8.0.6) Gecko/20060728 Firefox/1.5.0.6"
212.242.171.77 - - [28/Aug/2006:15:53:39 -0400] "GET /images/alllangimages/dnahorizr.gif HTTP/1.1" 200 2104 "http://darwinday.org/englishL/home/index.html" "Mozilla/5.0 (Windows; U; Windows NT 5.1; da; rv:1.8.0.6) Gecko/20060728 Firefox/1.5.0.6"
212.242.171.77 - - [28/Aug/2006:15:53:39 -0400] "GET /images/alllangimages/lincoln.gif HTTP/1.1" 200 11057 "http://darwinday.org/englishL/home/index.html" "Mozilla/5.0 (Windows; U; Windows NT 5.1; da; rv:1.8.0.6) Gecko/20060728 Firefox/1.5.0.6"
64.83.36.8 - - [28/Aug/2006:15:53:39 -0400] "GET /images/alllangimages/trans.gif HTTP/1.1" 200 49 "http://darwinday.org/englishL/home/index.html" "Mozilla/5.0 (Windows; U; Windows NT 5.1; en-US; rv:1.8.0.6) Gecko/20060728 Firefox/1.5.0.6"
212.242.171.77 - - [28/Aug/2006:15:53:39 -0400] "GET /images/alllangimages/darwin.gif HTTP/1.1" 200 13783 "http://darwinday.org/englishL/home/index.html" "Mozilla/5.0 (Windows; U; Windows NT 5.1; da; rv:1.8.0.6) Gecko/20060728 Firefox/1.5.0.6"
71.107.141.207 - - [28/Aug/2006:15:53:39 -0400] "GET /englishL/home/images/darwinages.gif HTTP/1.1" 200 50309 "http://darwinday.org/englishL/home/index.html" "Mozilla/5.0 (Windows; U; Windows NT 5.1; en-US; rv:1.8.0.6) Gecko/20060728 Firefox/1.5.0.6"
71.107.141.207 - - [28/Aug/2006:15:53:39 -0400] "GET /images/alllangimages/dnahorizl.gif HTTP/1.1" 200 2130 "http://darwinday.org/englishL/home/index.html" "Mozilla/5.0 (Windows; U; Windows NT 5.1; en-US; rv:1.8.0.6) Gecko/20060728 Firefox/1.5.0.6"
212.242.171.77 - - [28/Aug/2006:15:53:39 -0400] "GET /images/alllangimages/header.gif HTTP/1.1" 200 20989 "http://darwinday.org/englishL/home/index.html" "Mozilla/5.0 (Windows; U; Windows NT 5.1; da; rv:1.8.0.6) Gecko/20060728 Firefox/1.5.0.6"
64.83.36.8 - - [28/Aug/2006:15:53:39 -0400] "GET /englishL/home/images/beagle.gif HTTP/1.1" 200 37108 "http://darwinday.org/englishL/home/index.html" "Mozilla/5.0 (Windows; U; Windows NT 5.1; en-US; rv:1.8.0.6) Gecko/20060728 Firefox/1.5.0.6"
64.83.36.8 - - [28/Aug/2006:15:53:39 -0400] "GET /englishL/home/images/joinus.gif HTTP/1.1" 200 524 "http://darwinday.org/englishL/home/index.html" "Mozilla/5.0 (Windows; U; Windows NT 5.1; en-US; rv:1.8.0.6) Gecko/20060728 Firefox/1.5.0.6"
212.242.171.77 - - [28/Aug/2006:15:53:39 -0400] "GET /englishL/images/titletrans.gif HTTP/1.1" 200 15588 "http://darwinday.org/englishL/home/index.html" "Mozilla/5.0 (Windows; U; Windows NT 5.1; da; rv:1.8.0.6) Gecko/20060728 Firefox/1.5.0.6"
71.107.141.207 - - [28/Aug/2006:15:53:39 -0400] "GET /images/alllangimages/dnahoriz.gif HTTP/1.1" 200 3391 "http://darwinday.org/englishL/home/index.html" "Mozilla/5.0 (Windows; U; Windows NT 5.1; en-US; rv:1.8.0.6) Gecko/20060728 Firefox/1.5.0.6"
71.107.141.207 - - [28/Aug/2006:15:53:39 -0400] "GET /images/alllangimages/dnahorizr.gif HTTP/1.1" 200 2104 "http://darwinday.org/englishL/home/index.html" "Mozilla/5.0 (Windows; U; Windows NT 5.1; en-US; rv:1.8.0.6) Gecko/20060728 Firefox/1.5.0.6"
212.242.171.77 - - [28/Aug/2006:15:53:39 -0400] "GET /images/alllangimages/trans.gif HTTP/1.1" 200 49 "http://darwinday.org/englishL/home/index.html" "Mozilla/5.0 (Windows; U; Windows NT 5.1; da; rv:1.8.0.6) Gecko/20060728 Firefox/1.5.0.6"
71.107.141.207 - - [28/Aug/2006:15:53:39 -0400] "GET /images/alllangimages/lincoln.gif HTTP/1.1" 200 11057 "http://darwinday.org/englishL/home/index.html" "Mozilla/5.0 (Windows; U; Windows NT 5.1; en-US; rv:1.8.0.6) Gecko/20060728 Firefox/1.5.0.6"
212.242.171.77 - - [28/Aug/2006:15:53:39 -0400] "GET /englishL/home/images/joinus.gif HTTP/1.1" 200 524 "http://darwinday.org/englishL/home/index.html" "Mozilla/5.0 (Windows; U; Windows NT 5.1; da; rv:1.8.0.6) Gecko/20060728 Firefox/1.5.0.6"
212.242.171.77 - - [28/Aug/2006:15:53:39 -0400] "GET /images/alllangimages/DNAlogo.gif HTTP/1.1" 200 1370 "http://darwinday.org/englishL/currarts.html" "Mozilla/5.0 (Windows; U; Windows NT 5.1; da; rv:1.8.0.6) Gecko/20060728 Firefox/1.5.0.6"
212.242.171.77 - - [28/Aug/2006:15:53:39 -0400] "GET /englishL/home/images/beagle.gif HTTP/1.1" 200 37108 "http://darwinday.org/englishL/home/index.html" "Mozilla/5.0 (Windows; U; Windows NT 5.1; da; rv:1.8.0.6) Gecko/20060728 Firefox/1.5.0.6"
71.107.141.207 - - [28/Aug/2006:15:53:39 -0400] "GET /images/alllangimages/darwin.gif HTTP/1.1" 200 13783 "http://darwinday.org/englishL/home/index.html" "Mozilla/5.0 (Windows; U; Windows NT 5.1; en-US; rv:1.8.0.6) Gecko/20060728 Firefox/1.5.0.6"
64.83.36.8 - - [28/Aug/2006:15:53:39 -0400] "GET /images/alllangimages/DNAlogo.gif HTTP/1.1" 200 1370 "http://darwinday.org/englishL/currarts.html" "Mozilla/5.0 (Windows; U; Windows NT 5.1; en-US; rv:1.8.0.6) Gecko/20060728 Firefox/1.5.0.6"
71.107.141.207 - - [28/Aug/2006:15:53:40 -0400] "GET /images/alllangimages/trans.gif HTTP/1.1" 200 49 "http://darwinday.org/englishL/home/index.html" "Mozilla/5.0 (Windows; U; Windows NT 5.1; en-US; rv:1.8.0.6) Gecko/20060728 Firefox/1.5.0.6"
71.107.141.207 - - [28/Aug/2006:15:53:40 -0400] "GET /englishL/home/images/joinus.gif HTTP/1.1" 200 524 "http://darwinday.org/englishL/home/index.html" "Mozilla/5.0 (Windows; U; Windows NT 5.1; en-US; rv:1.8.0.6) Gecko/20060728 Firefox/1.5.0.6"
71.107.141.207 - - [28/Aug/2006:15:53:40 -0400] "GET /englishL/home/images/horse.evolution.jpg HTTP/1.1" 200 29612 "http://darwinday.org/englishL/home/index.html" "Mozilla/5.0 (Windows; U; Windows NT 5.1; en-US; rv:1.8.0.6) Gecko/20060728 Firefox/1.5.0.6"
212.242.171.77 - - [28/Aug/2006:15:53:40 -0400] "GET /englishL/home/images/horse.evolution.jpg HTTP/1.1" 200 29612 "http://darwinday.org/englishL/home/index.html" "Mozilla/5.0 (Windows; U; Windows NT 5.1; da; rv:1.8.0.6) Gecko/20060728 Firefox/1.5.0.6"
71.107.141.207 - - [28/Aug/2006:15:53:40 -0400] "GET /englishL/home/images/beagle.gif HTTP/1.1" 200 37108 "http://darwinday.org/englishL/home/index.html" "Mozilla/5.0 (Windows; U; Windows NT 5.1; en-US; rv:1.8.0.6) Gecko/20060728 Firefox/1.5.0.6"
64.83.36.8 - - [28/Aug/2006:15:53:40 -0400] "GET /englishL/home/images/horse.evolution.jpg HTTP/1.1" 200 29612 "http://darwinday.org/englishL/home/index.html" "Mozilla/5.0 (Windows; U; Windows NT 5.1; en-US; rv:1.8.0.6) Gecko/20060728 Firefox/1.5.0.6"
212.242.171.77 - - [28/Aug/2006:15:53:40 -0400] "GET /englishL/home/images/darwinages.gif HTTP/1.1" 200 50309 "http://darwinday.org/englishL/home/index.html" "Mozilla/5.0 (Windows; U; Windows NT 5.1; da; rv:1.8.0.6) Gecko/20060728 Firefox/1.5.0.6"
71.107.141.207 - - [28/Aug/2006:15:53:40 -0400] "GET /images/alllangimages/DNAlogo.gif HTTP/1.1" 200 1370 "http://darwinday.org/englishL/currarts.html" "Mozilla/5.0 (Windows; U; Windows NT 5.1; en-US; rv:1.8.0.6) Gecko/20060728 Firefox/1.5.0.6"
64.83.36.8 - - [28/Aug/2006:15:53:42 -0400] "GET /favicon.ico HTTP/1.1" 404 3475 "-" "Mozilla/5.0 (Windows; U; Windows NT 5.1; en-US; rv:1.8.0.6) Gecko/20060728 Firefox/1.5.0.6"
71.107.141.207 - - [28/Aug/2006:15:53:42 -0400] "GET /favicon.ico HTTP/1.1" 404 3475 "-" "Mozilla/5.0 (Windows; U; Windows NT 5.1; en-US; rv:1.8.0.6) Gecko/20060728 Firefox/1.5.0.6"
212.242.171.77 - - [28/Aug/2006:15:53:42 -0400] "GET /images/alllangimages/worldmaptransp.gif HTTP/1.1" 200 128893 "http://darwinday.org/englishL/home/index.html" "Mozilla/5.0 (Windows; U; Windows NT 5.1; da; rv:1.8.0.6) Gecko/20060728 Firefox/1.5.0.6"
141.211.79.156 - - [28/Aug/2006:15:53:45 -0400] "GET /stylesheets/mainenglishL.css HTTP/1.1" 200 590 "http://darwinday.org/englishL/home/index.html" "Mozilla/5.0 (Windows; U; Windows NT 5.1; en-US; rv:1.8.1b1) Gecko/20060710 Firefox/2.0b1"
141.211.79.156 - - [28/Aug/2006:15:53:45 -0400] "GET /englishL/home/index.html HTTP/1.1" 200 26022 "http://www.stumbleupon.com/refer.php?url=http%3A//darwinday.org/englishL/home/index.html" "Mozilla/5.0 (Windows; U; Windows NT 5.1; en-US; rv:1.8.1b1) Gecko/20060710 Firefox/2.0b1"
141.211.79.156 - - [28/Aug/2006:15:53:45 -0400] "GET /stylesheets/main.css HTTP/1.1" 200 638 "http://darwinday.org/englishL/home/index.html" "Mozilla/5.0 (Windows; U; Windows NT 5.1; en-US; rv:1.8.1b1) Gecko/20060710 Firefox/2.0b1"
141.211.79.156 - - [28/Aug/2006:15:53:45 -0400] "GET /images/alllangimages/topleftlogo.gif HTTP/1.1" 200 6907 "http://darwinday.org/englishL/home/index.html" "Mozilla/5.0 (Windows; U; Windows NT 5.1; en-US; rv:1.8.1b1) Gecko/20060710 Firefox/2.0b1"
141.211.79.156 - - [28/Aug/2006:15:53:45 -0400] "GET /images/alllangimages/header.gif HTTP/1.1" 200 20989 "http://darwinday.org/englishL/home/index.html" "Mozilla/5.0 (Windows; U; Windows NT 5.1; en-US; rv:1.8.1b1) Gecko/20060710 Firefox/2.0b1"
141.211.79.156 - - [28/Aug/2006:15:53:45 -0400] "GET /englishL/currarts.html HTTP/1.1" 200 4902 "http://darwinday.org/englishL/home/index.html" "Mozilla/5.0 (Windows; U; Windows NT 5.1; en-US; rv:1.8.1b1) Gecko/20060710 Firefox/2.0b1"
141.211.79.156 - - [28/Aug/2006:15:53:46 -0400] "GET /englishL/images/titletrans.gif HTTP/1.1" 200 15588 "http://darwinday.org/englishL/home/index.html" "Mozilla/5.0 (Windows; U; Windows NT 5.1; en-US; rv:1.8.1b1) Gecko/20060710 Firefox/2.0b1"
141.211.79.156 - - [28/Aug/2006:15:53:46 -0400] "GET /englishL/images/navbar.gif HTTP/1.1" 200 2667 "http://darwinday.org/englishL/home/index.html" "Mozilla/5.0 (Windows; U; Windows NT 5.1; en-US; rv:1.8.1b1) Gecko/20060710 Firefox/2.0b1"
68.183.108.228 - - [28/Aug/2006:15:53:46 -0400] "GET /stylesheets/mainenglishL.css HTTP/1.1" 200 590 "http://darwinday.org/englishL/home/index.html" "Mozilla/5.0 (Windows; U; Windows NT 5.1; en-US; rv:1.8.0.6) Gecko/20060728 Firefox/1.5.0.6"
68.183.108.228 - - [28/Aug/2006:15:53:46 -0400] "GET /englishL/home/index.html HTTP/1.1" 200 26022 "http://www.stumbleupon.com/refer.php?url=http%3A//darwinday.org/englishL/home/index.html" "Mozilla/5.0 (Windows; U; Windows NT 5.1; en-US; rv:1.8.0.6) Gecko/20060728 Firefox/1.5.0.6"
141.211.79.156 - - [28/Aug/2006:15:53:46 -0400] "GET /englishL/home/images/darwinages.gif HTTP/1.1" 200 50309 "http://darwinday.org/englishL/home/index.html" "Mozilla/5.0 (Windows; U; Windows NT 5.1; en-US; rv:1.8.1b1) Gecko/20060710 Firefox/2.0b1"
68.183.108.228 - - [28/Aug/2006:15:53:46 -0400] "GET /stylesheets/main.css HTTP/1.1" 200 638 "http://darwinday.org/englishL/home/index.html" "Mozilla/5.0 (Windows; U; Windows NT 5.1; en-US; rv:1.8.0.6) Gecko/20060728 Firefox/1.5.0.6"
