83.253.2.134 - - [28/Aug/2006:01:09:46 -0400] "GET /favicon.ico HTTP/1.1" 404 3475 "-" "Mozilla/5.0 (Windows; U; Win98; en-US; rv:1.8.0.6) Gecko/20060728 Firefox/1.5.0.6"
83.253.2.134 - - [28/Aug/2006:01:11:09 -0400] "GET /englishL/aboutddc/index.html HTTP/1.1" 200 6792 "http://darwinday.org/" "Mozilla/5.0 (Windows; U; Win98; en-US; rv:1.8.0.6) Gecko/20060728 Firefox/1.5.0.6"
83.253.2.134 - - [28/Aug/2006:01:11:10 -0400] "GET /images/alllangimages/goldball.gif HTTP/1.1" 200 332 "http://darwinday.org/englishL/aboutddc/index.html" "Mozilla/5.0 (Windows; U; Win98; en-US; rv:1.8.0.6) Gecko/20060728 Firefox/1.5.0.6"
83.253.2.134 - - [28/Aug/2006:01:11:17 -0400] "GET /englishL/newsviews/darlin.html HTTP/1.1" 200 21687 "http://darwinday.org/" "Mozilla/5.0 (Windows; U; Win98; en-US; rv:1.8.0.6) Gecko/20060728 Firefox/1.5.0.6"
83.253.2.134 - - [28/Aug/2006:01:11:17 -0400] "GET /images/alllangimages/medallion.jpg HTTP/1.1" 200 5652 "http://darwinday.org/englishL/newsviews/darlin.html" "Mozilla/5.0 (Windows; U; Win98; en-US; rv:1.8.0.6) Gecko/20060728 Firefox/1.5.0.6"
83.253.2.134 - - [28/Aug/2006:01:11:33 -0400] "GET /englishL/aboutddc/mission.html HTTP/1.1" 200 5301 "http://darwinday.org/englishL/aboutddc/index.html" "Mozilla/5.0 (Windows; U; Win98; en-US; rv:1.8.0.6) Gecko/20060728 Firefox/1.5.0.6"
72.30.214.233 - - [28/Aug/2006:01:13:20 -0400] "GET /robots.txt HTTP/1.0" 404 3462 "-" "Mozilla/5.0 (compatible; Yahoo! Slurp; http://help.yahoo.com/help/us/ysearch/slurp)"
72.30.214.236 - - [28/Aug/2006:01:13:20 -0400] "GET /spanishSA/home/index.html HTTP/1.0" 304 - "-" "Mozilla/5.0 (compatible; Yahoo! Slurp; http://help.yahoo.com/help/us/ysearch/slurp)"
61.19.225.227 - - [28/Aug/2006:01:14:29 -0400] "GET /englishL/home/images/darwinages.gif HTTP/1.0" 304 - "http://www.muslimthai.com/forum/index.php?topic=309.msg3184;topicseen" "Mozilla/4.0 (compatible; MSIE 6.0; Windows NT 5.1; SV1; .NET CLR 2.0.50727)"
83.253.2.134 - - [28/Aug/2006:01:15:29 -0400] "GET /favicon.ico HTTP/1.1" 404 3475 "-" "Mozilla/5.0 (Windows; U; Win98; en-US; rv:1.8.0.6) Gecko/20060728 Firefox/1.5.0.6"
207.68.157.161 - - [28/Aug/2006:01:17:01 -0400] "GET /robots.txt HTTP/1.0" 404 3462 "-" "msnbot-Products/1.0 (+http://search.msn.com/msnbot.htm)"
207.68.157.161 - - [28/Aug/2006:01:17:01 -0400] "GET /dispevent/index.php HTTP/1.0" 404 3471 "-" "msnbot-Products/1.0 (+http://search.msn.com/msnbot.htm)"
207.68.157.161 - - [28/Aug/2006:01:17:03 -0400] "GET / HTTP/1.0" 200 25696 "-" "msnbot-Products/1.0 (+http://search.msn.com/msnbot.htm)"
61.88.131.189 - - [28/Aug/2006:01:17:43 -0400] "GET / HTTP/1.0" 200 25696 "http://www.google.com.au/search?hl=en&q=when+was+darwin+founded&meta=" "Mozilla/4.0 (compatible; MSIE 6.0; Windows NT 5.1; SV1; .NET CLR 1.1.4322; .NET CLR 2.0.50727)"
61.88.131.189 - - [28/Aug/2006:01:17:43 -0400] "GET / HTTP/1.0" 200 25696 "http://www.google.com.au/search?hl=en&q=when+was+darwin+founded&meta=" "Mozilla/4.0 (compatible; MSIE 6.0; Windows NT 5.1; SV1; .NET CLR 1.1.4322; .NET CLR 2.0.50727)"
61.88.131.189 - - [28/Aug/2006:01:17:43 -0400] "GET /stylesheets/main.css HTTP/1.0" 200 638 "http://www.darwinday.org/" "Mozilla/4.0 (compatible; MSIE 6.0; Windows NT 5.1; SV1; .NET CLR 1.1.4322; .NET CLR 2.0.50727)"
61.88.131.189 - - [28/Aug/2006:01:17:44 -0400] "GET /images/alllangimages/topleftlogo.gif HTTP/1.0" 200 6907 "http://www.darwinday.org/" "Mozilla/4.0 (compatible; MSIE 6.0; Windows NT 5.1; SV1; .NET CLR 1.1.4322; .NET CLR 2.0.50727)"
61.88.131.189 - - [28/Aug/2006:01:17:44 -0400] "GET /stylesheets/mainenglishL.css HTTP/1.0" 200 590 "http://www.darwinday.org/" "Mozilla/4.0 (compatible; MSIE 6.0; Windows NT 5.1; SV1; .NET CLR 1.1.4322; .NET CLR 2.0.50727)"
61.88.131.189 - - [28/Aug/2006:01:17:44 -0400] "GET /images/alllangimages/header.gif HTTP/1.0" 200 20989 "http://www.darwinday.org/" "Mozilla/4.0 (compatible; MSIE 6.0; Windows NT 5.1; SV1; .NET CLR 1.1.4322; .NET CLR 2.0.50727)"
61.88.131.189 - - [28/Aug/2006:01:17:45 -0400] "GET /englishL/images/titletrans.gif HTTP/1.0" 200 15588 "http://www.darwinday.org/" "Mozilla/4.0 (compatible; MSIE 6.0; Windows NT 5.1; SV1; .NET CLR 1.1.4322; .NET CLR 2.0.50727)"
61.88.131.189 - - [28/Aug/2006:01:17:45 -0400] "GET /englishL/currarts.html HTTP/1.0" 200 4902 "http://www.darwinday.org/" "Mozilla/4.0 (compatible; MSIE 6.0; Windows NT 5.1; SV1; .NET CLR 1.1.4322; .NET CLR 2.0.50727)"
61.88.131.189 - - [28/Aug/2006:01:17:45 -0400] "GET /englishL/images/navbar.gif HTTP/1.0" 200 2667 "http://www.darwinday.org/" "Mozilla/4.0 (compatible; MSIE 6.0; Windows NT 5.1; SV1; .NET CLR 1.1.4322; .NET CLR 2.0.50727)"
61.88.131.189 - - [28/Aug/2006:01:17:46 -0400] "GET /images/alllangimages/arrow.gif HTTP/1.0" 200 112 "http://www.darwinday.org/" "Mozilla/4.0 (compatible; MSIE 6.0; Windows NT 5.1; SV1; .NET CLR 1.1.4322; .NET CLR 2.0.50727)"
61.88.131.189 - - [28/Aug/2006:01:17:46 -0400] "GET /images/alllangimages/dnahorizl.gif HTTP/1.0" 200 2130 "http://www.darwinday.org/" "Mozilla/4.0 (compatible; MSIE 6.0; Windows NT 5.1; SV1; .NET CLR 1.1.4322; .NET CLR 2.0.50727)"
61.88.131.189 - - [28/Aug/2006:01:17:46 -0400] "GET /images/alllangimages/dnahoriz.gif HTTP/1.0" 200 3391 "http://www.darwinday.org/" "Mozilla/4.0 (compatible; MSIE 6.0; Windows NT 5.1; SV1; .NET CLR 1.1.4322; .NET CLR 2.0.50727)"
61.88.131.189 - - [28/Aug/2006:01:17:47 -0400] "GET /images/alllangimages/dnahorizr.gif HTTP/1.0" 200 2104 "http://www.darwinday.org/" "Mozilla/4.0 (compatible; MSIE 6.0; Windows NT 5.1; SV1; .NET CLR 1.1.4322; .NET CLR 2.0.50727)"
61.88.131.189 - - [28/Aug/2006:01:17:47 -0400] "GET /images/alllangimages/lincoln.gif HTTP/1.0" 200 11057 "http://www.darwinday.org/" "Mozilla/4.0 (compatible; MSIE 6.0; Windows NT 5.1; SV1; .NET CLR 1.1.4322; .NET CLR 2.0.50727)"
61.88.131.189 - - [28/Aug/2006:01:17:47 -0400] "GET /englishL/home/images/darwinages.gif HTTP/1.0" 200 50309 "http://www.darwinday.org/" "Mozilla/4.0 (compatible; MSIE 6.0; Windows NT 5.1; SV1; .NET CLR 1.1.4322; .NET CLR 2.0.50727)"
61.88.131.189 - - [28/Aug/2006:01:17:48 -0400] "GET /images/alllangimages/worldmaptransp.gif HTTP/1.0" 200 128893 "http://www.darwinday.org/" "Mozilla/4.0 (compatible; MSIE 6.0; Windows NT 5.1; SV1; .NET CLR 1.1.4322; .NET CLR 2.0.50727)"
61.88.131.189 - - [28/Aug/2006:01:17:48 -0400] "GET /images/alllangimages/darwin.gif HTTP/1.0" 200 13783 "http://www.darwinday.org/" "Mozilla/4.0 (compatible; MSIE 6.0; Windows NT 5.1; SV1; .NET CLR 1.1.4322; .NET CLR 2.0.50727)"
61.88.131.189 - - [28/Aug/2006:01:17:49 -0400] "GET /images/alllangimages/trans.gif HTTP/1.0" 200 49 "http://www.darwinday.org/" "Mozilla/4.0 (compatible; MSIE 6.0; Windows NT 5.1; SV1; .NET CLR 1.1.4322; .NET CLR 2.0.50727)"
61.88.131.189 - - [28/Aug/2006:01:17:49 -0400] "GET /englishL/home/images/joinus.gif HTTP/1.0" 200 524 "http://www.darwinday.org/" "Mozilla/4.0 (compatible; MSIE 6.0; Windows NT 5.1; SV1; .NET CLR 1.1.4322; .NET CLR 2.0.50727)"
61.88.131.189 - - [28/Aug/2006:01:17:49 -0400] "GET /englishL/home/images/beagle.gif HTTP/1.0" 200 37108 "http://www.darwinday.org/" "Mozilla/4.0 (compatible; MSIE 6.0; Windows NT 5.1; SV1; .NET CLR 1.1.4322; .NET CLR 2.0.50727)"
61.88.131.189 - - [28/Aug/2006:01:17:49 -0400] "GET /images/alllangimages/DNAlogo.gif HTTP/1.0" 200 1370 "http://www.darwinday.org/englishL/currarts.html" "Mozilla/4.0 (compatible; MSIE 6.0; Windows NT 5.1; SV1; .NET CLR 1.1.4322; .NET CLR 2.0.50727)"
61.88.131.189 - - [28/Aug/2006:01:17:50 -0400] "GET /englishL/home/images/horse.evolution.jpg HTTP/1.0" 200 29612 "http://www.darwinday.org/" "Mozilla/4.0 (compatible; MSIE 6.0; Windows NT 5.1; SV1; .NET CLR 1.1.4322; .NET CLR 2.0.50727)"
83.253.2.134 - - [28/Aug/2006:01:18:23 -0400] "GET /favicon.ico HTTP/1.1" 404 3475 "-" "Mozilla/5.0 (Windows; U; Win98; en-US; rv:1.8.0.6) Gecko/20060728 Firefox/1.5.0.6"
83.253.2.134 - - [28/Aug/2006:01:19:12 -0400] "GET /englishL/aboutddc/history.html HTTP/1.1" 200 11187 "http://darwinday.org/englishL/aboutddc/index.html" "Mozilla/5.0 (Windows; U; Win98; en-US; rv:1.8.0.6) Gecko/20060728 Firefox/1.5.0.6"
83.253.2.134 - - [28/Aug/2006:01:22:20 -0400] "GET /favicon.ico HTTP/1.1" 404 3475 "-" "Mozilla/5.0 (Windows; U; Win98; en-US; rv:1.8.0.6) Gecko/20060728 Firefox/1.5.0.6"
83.253.2.134 - - [28/Aug/2006:01:22:47 -0400] "GET /favicon.ico HTTP/1.1" 404 3475 "-" "Mozilla/5.0 (Windows; U; Win98; en-US; rv:1.8.0.6) Gecko/20060728 Firefox/1.5.0.6"
4.245.96.34 - - [28/Aug/2006:01:24:48 -0400] "GET /stylesheets/main.css HTTP/1.1" 200 638 "http://www.darwinday.org/AutoTrans/home/2006.php" "Mozilla/4.0 (compatible; MSIE 6.0; Windows NT 5.1; SV1; .NET CLR 1.0.3705)"
4.245.96.34 - - [28/Aug/2006:01:24:48 -0400] "GET /images/alllangimages/topleftlogo.gif HTTP/1.1" 200 6907 "http://www.darwinday.org/AutoTrans/home/2006.php" "Mozilla/4.0 (compatible; MSIE 6.0; Windows NT 5.1; SV1; .NET CLR 1.0.3705)"
83.253.2.134 - - [28/Aug/2006:01:24:55 -0400] "GET /favicon.ico HTTP/1.1" 404 3475 "-" "Mozilla/5.0 (Windows; U; Win98; en-US; rv:1.8.0.6) Gecko/20060728 Firefox/1.5.0.6"
4.245.96.34 - - [28/Aug/2006:01:24:56 -0400] "GET /images/alllangimages/header.gif HTTP/1.1" 200 20989 "http://www.darwinday.org/AutoTrans/home/2006.php" "Mozilla/4.0 (compatible; MSIE 6.0; Windows NT 5.1; SV1; .NET CLR 1.0.3705)"
207.68.157.161 - - [28/Aug/2006:01:25:03 -0400] "GET /englishL/currarts.html HTTP/1.0" 200 4902 "-" "msnbot-Products/1.0 (+http://search.msn.com/msnbot.htm)"
207.68.157.161 - - [28/Aug/2006:01:25:04 -0400] "GET /englishL/regemail/index.php HTTP/1.0" 200 6127 "-" "msnbot-Products/1.0 (+http://search.msn.com/msnbot.htm)"
66.196.65.37 - - [28/Aug/2006:01:25:57 -0400] "GET /robots.txt HTTP/1.0" 404 3462 "-" "Mozilla/5.0 (compatible; Yahoo! Slurp; http://help.yahoo.com/help/us/ysearch/slurp)"
72.30.215.146 - - [28/Aug/2006:01:25:57 -0400] "GET /chooselang/index.html HTTP/1.0" 200 6143 "-" "Mozilla/5.0 (compatible; Yahoo! Slurp; http://help.yahoo.com/help/us/ysearch/slurp)"
4.245.96.34 - - [28/Aug/2006:01:26:01 -0400] "GET /images/alllangimages/worldmaptransp.gif HTTP/1.1" 200 128893 "http://www.darwinday.org/AutoTrans/home/2006.php" "Mozilla/4.0 (compatible; MSIE 6.0; Windows NT 5.1; SV1; .NET CLR 1.0.3705)"
4.245.96.34 - - [28/Aug/2006:01:26:08 -0400] "GET /AutoTrans/images/titletrans.gif HTTP/1.1" 200 15588 "http://www.darwinday.org/AutoTrans/home/2006.php" "Mozilla/4.0 (compatible; MSIE 6.0; Windows NT 5.1; SV1; .NET CLR 1.0.3705)"
4.245.96.34 - - [28/Aug/2006:01:26:17 -0400] "GET /AutoTrans/home/2006.php HTTP/1.1" 200 262649 "http://www.google.com/search?q=%22Rev.Casey%22+Christian+Church+(Disciples+of+Christ)+Texas&hl=en&lr=&start=10&sa=N" "Mozilla/4.0 (compatible; MSIE 6.0; Windows NT 5.1; SV1; .NET CLR 1.0.3705)"
125.24.175.39 - - [28/Aug/2006:01:26:30 -0400] "GET /englishL/home/images/darwinages.gif HTTP/1.1" 304 - "http://www.muslimthai.com/forum/index.php?topic=309.msg3189;topicseen" "Mozilla/4.0 (compatible; MSIE 6.0; Windows NT 5.1; SV1)"
207.68.157.161 - - [28/Aug/2006:01:26:44 -0400] "GET /englishL/donate/index.html HTTP/1.0" 200 5762 "-" "msnbot-Products/1.0 (+http://search.msn.com/msnbot.htm)"
72.30.215.146 - - [28/Aug/2006:01:28:08 -0400] "GET /englishL/newsviews/index.html HTTP/1.0" 200 5095 "-" "Mozilla/5.0 (compatible; Yahoo! Slurp; http://help.yahoo.com/help/us/ysearch/slurp)"
125.24.175.39 - - [28/Aug/2006:01:28:34 -0400] "GET /englishL/home/images/darwinages.gif HTTP/1.1" 304 - "http://www.muslimthai.com/forum/index.php?topic=309.msg3189;topicseen" "Mozilla/4.0 (compatible; MSIE 6.0; Windows NT 5.1; SV1)"
72.30.132.30 - - [28/Aug/2006:01:30:39 -0400] "GET /robots.txt HTTP/1.0" 404 3462 "-" "Mozilla/5.0 (compatible; Yahoo! Slurp; http://help.yahoo.com/help/us/ysearch/slurp)"
72.30.104.211 - - [28/Aug/2006:01:30:40 -0400] "GET /NEWlang/aboutddc/contact.html HTTP/1.0" 304 - "-" "Mozilla/5.0 (compatible; Yahoo! Slurp; http://help.yahoo.com/help/us/ysearch/slurp)"
203.148.160.98 - - [28/Aug/2006:01:33:06 -0400] "GET /englishL/home/images/darwinages.gif HTTP/1.1" 304 - "http://www.muslimthai.com/forum/index.php?topic=309.msg3184;topicseen" "Mozilla/4.0 (compatible; MSIE 6.0; Windows 98; Win 9x 4.90)"
207.68.157.161 - - [28/Aug/2006:01:33:32 -0400] "GET /englishL/register/index.php HTTP/1.0" 200 20039 "-" "msnbot-Products/1.0 (+http://search.msn.com/msnbot.htm)"
207.68.157.161 - - [28/Aug/2006:01:33:34 -0400] "GET /englishL/home/2008.php HTTP/1.0" 200 7402 "-" "msnbot-Products/1.0 (+http://search.msn.com/msnbot.htm)"
66.249.65.226 - - [28/Aug/2006:01:33:38 -0400] "GET /events/index.html HTTP/1.1" 404 3481 "-" "Mozilla/5.0 (compatible; Googlebot/2.1; +http://www.google.com/bot.html)"
125.24.175.39 - - [28/Aug/2006:01:34:28 -0400] "GET /englishL/home/images/darwinages.gif HTTP/1.1" 304 - "http://www.muslimthai.com/forum/index.php?topic=309.msg3189;topicseen" "Mozilla/4.0 (compatible; MSIE 6.0; Windows NT 5.1; SV1)"
65.54.188.56 - - [28/Aug/2006:01:36:00 -0400] "GET /robots.txt HTTP/1.0" 404 3462 "-" "msnbot/1.0 (+http://search.msn.com/msnbot.htm)"
65.54.188.56 - - [28/Aug/2006:01:36:01 -0400] "GET /englishL/home/coming%20soon! HTTP/1.0" 404 3480 "-" "msnbot/1.0 (+http://search.msn.com/msnbot.htm)"
203.146.113.131 - - [28/Aug/2006:01:39:58 -0400] "GET /englishL/home/images/darwinages.gif HTTP/1.1" 200 50309 "http://www.muslimthai.com/forum/index.php?topic=309.msg3189;topicseen" "Mozilla/4.0 (compatible; MSIE 6.0; Windows 98)"
125.24.175.39 - - [28/Aug/2006:01:45:43 -0400] "GET /englishL/home/images/darwinages.gif HTTP/1.1" 304 - "http://www.muslimthai.com/forum/index.php?topic=309.msg3189;topicseen" "Mozilla/4.0 (compatible; MSIE 6.0; Windows NT 5.1; SV1)"
125.24.175.39 - - [28/Aug/2006:01:49:08 -0400] "GET /englishL/home/images/darwinages.gif HTTP/1.1" 304 - "http://www.muslimthai.com/forum/index.php?topic=309.msg3189;topicseen" "Mozilla/4.0 (compatible; MSIE 6.0; Windows NT 5.1; SV1)"
65.54.188.57 - - [28/Aug/2006:01:53:34 -0400] "GET /englishL/home/NULL HTTP/1.0" 404 3470 "-" "msnbot/1.0 (+http://search.msn.com/msnbot.htm)"
203.158.177.3 - - [28/Aug/2006:01:54:55 -0400] "GET /englishL/home/images/darwinages.gif HTTP/1.0" 200 50309 "http://www.muslimthai.com/forum/index.php?PHPSESSID=84b3376f3702ccb70300e3263248c7e1&topic=309.msg3189;topicseen" "Mozilla/4.0 (compatible; MSIE 6.0; Windows NT 5.1; SV1; .NET CLR 1.1.4322)"
125.24.175.39 - - [28/Aug/2006:01:57:13 -0400] "GET /englishL/home/images/darwinages.gif HTTP/1.1" 304 - "http://www.muslimthai.com/forum/index.php?topic=309.msg3189;topicseen" "Mozilla/4.0 (compatible; MSIE 6.0; Windows NT 5.1; SV1)"
125.24.239.73 - - [28/Aug/2006:02:02:26 -0400] "GET /englishL/home/images/darwinages.gif HTTP/1.0" 200 50309 "http://www.muslimthai.com/forum/index.php?topic=309.msg2840;topicseen" "Mozilla/4.0 (compatible; MSIE 6.0; Windows NT 5.1; SV1; .NET CLR 1.1.4322)"
125.24.175.39 - - [28/Aug/2006:02:03:23 -0400] "GET /englishL/home/images/darwinages.gif HTTP/1.1" 304 - "http://www.muslimthai.com/forum/index.php?topic=309.msg3189;topicseen" "Mozilla/4.0 (compatible; MSIE 6.0; Windows NT 5.1; SV1)"
207.68.157.161 - - [28/Aug/2006:02:07:01 -0400] "GET /englishL/home/ HTTP/1.0" 200 26022 "-" "msnbot-Products/1.0 (+http://search.msn.com/msnbot.htm)"
58.62.105.167 - - [28/Aug/2006:02:08:22 -0400] "GET /englishL/home/2007.php HTTP/1.1" 200 14130 "-" "Mozilla/4.0(compatible; MSIE 5.0; Windows 98; DigExt)"
88.198.43.39 - - [28/Aug/2006:02:10:04 -0400] "HEAD / HTTP/1.1" 200 0 "-" "-"
193.47.80.42 - - [28/Aug/2006:02:11:22 -0400] "GET /spanishSA/assistevent/index.html HTTP/1.1" 200 25518 "-" "Exabot/3.0"
193.47.80.42 - - [28/Aug/2006:02:11:27 -0400] "GET /spanishSA/life/shrewsbury.html HTTP/1.1" 200 37690 "-" "Exabot/3.0"
193.47.80.42 - - [28/Aug/2006:02:11:30 -0400] "GET /spanishSA/life/college.html HTTP/1.1" 200 16936 "-" "Exabot/3.0"
193.47.80.42 - - [28/Aug/2006:02:11:34 -0400] "GET /spanishSA/life/informal.html HTTP/1.1" 200 13834 "-" "Exabot/3.0"
193.47.80.42 - - [28/Aug/2006:02:11:37 -0400] "GET /spanishSA/life/beagle.html HTTP/1.1" 200 20623 "-" "Exabot/3.0"
193.47.80.42 - - [28/Aug/2006:02:11:39 -0400] "GET /spanishSA/life/cambridgeafter.html HTTP/1.1" 200 7418 "-" "Exabot/3.0"
193.47.80.42 - - [28/Aug/2006:02:11:41 -0400] "GET /spanishSA/life/london.html HTTP/1.1" 200 6117 "-" "Exabot/3.0"
193.47.80.42 - - [28/Aug/2006:02:11:45 -0400] "GET /spanishSA/life/downhouse.html HTTP/1.1" 200 19530 "-" "Exabot/3.0"
193.47.80.42 - - [28/Aug/2006:02:11:48 -0400] "GET /spanishSA/life/paternal.html HTTP/1.1" 200 3148 "-" "Exabot/3.0"
193.47.80.42 - - [28/Aug/2006:02:11:51 -0400] "GET /spanishSA/life/maternal.html HTTP/1.1" 200 9400 "-" "Exabot/3.0"
193.47.80.42 - - [28/Aug/2006:02:12:12 -0400] "GET /spanishSA/life/parents.html HTTP/1.1" 200 7250 "-" "Exabot/3.0"
193.47.80.42 - - [28/Aug/2006:02:12:15 -0400] "GET /spanishSA/life/siblings.html HTTP/1.1" 200 7783 "-" "Exabot/3.0"
193.47.80.42 - - [28/Aug/2006:02:12:20 -0400] "GET /spanishSA/life/emma.html HTTP/1.1" 200 12982 "-" "Exabot/3.0"
193.47.80.42 - - [28/Aug/2006:02:12:22 -0400] "GET /spanishSA/life/children.html HTTP/1.1" 200 13715 "-" "Exabot/3.0"
193.47.80.42 - - [28/Aug/2006:02:12:25 -0400] "GET /spanishSA/evolution/theory.html HTTP/1.1" 200 9445 "-" "Exabot/3.0"
193.47.80.42 - - [28/Aug/2006:02:12:29 -0400] "GET /spanishSA/evolution/inheritance.html HTTP/1.1" 200 4664 "-" "Exabot/3.0"
193.47.80.42 - - [28/Aug/2006:02:12:34 -0400] "GET /spanishSA/evolution/dna.html HTTP/1.1" 200 7139 "-" "Exabot/3.0"
193.47.80.42 - - [28/Aug/2006:02:12:36 -0400] "GET /spanishSA/newsviews/evolution.html HTTP/1.1" 200 9615 "-" "Exabot/3.0"
193.47.80.42 - - [28/Aug/2006:02:12:40 -0400] "GET /spanishSA/newsviews/news.html HTTP/1.1" 200 12688 "-" "Exabot/3.0"
193.47.80.42 - - [28/Aug/2006:02:12:43 -0400] "GET /spanishSA/aboutddc/mission.html HTTP/1.1" 200 5190 "-" "Exabot/3.0"
193.47.80.42 - - [28/Aug/2006:02:12:45 -0400] "GET /spanishSA/aboutddc/history.html HTTP/1.1" 200 10948 "-" "Exabot/3.0"
193.47.80.42 - - [28/Aug/2006:02:12:50 -0400] "GET /spanishSA/aboutddc/organization.html HTTP/1.1" 200 4076 "-" "Exabot/3.0"
193.47.80.42 - - [28/Aug/2006:02:13:05 -0400] "GET /spanishSA/aboutddc/creators.html HTTP/1.1" 200 4427 "-" "Exabot/3.0"
193.47.80.42 - - [28/Aug/2006:02:13:10 -0400] "GET /spanishSA/aboutddc/support.html HTTP/1.1" 200 4559 "-" "Exabot/3.0"
193.47.80.42 - - [28/Aug/2006:02:13:13 -0400] "GET /spanishSA/aboutddc/contact.html HTTP/1.1" 200 3392 "-" "Exabot/3.0"
193.47.80.42 - - [28/Aug/2006:02:13:17 -0400] "GET /spanishSA/register/privacy.html HTTP/1.1" 200 3506 "-" "Exabot/3.0"
193.47.80.42 - - [28/Aug/2006:02:13:20 -0400] "GET /spanishSA/donate/irsletter.html HTTP/1.1" 200 3808 "-" "Exabot/3.0"
193.47.80.42 - - [28/Aug/2006:02:17:00 -0400] "GET /spanishSA/newsviews/articles/notopinion.html HTTP/1.1" 200 9525 "-" "Exabot/3.0"
193.47.80.42 - - [28/Aug/2006:02:17:03 -0400] "GET /spanishSA/newsviews/articles/showme.html HTTP/1.1" 200 19171 "-" "Exabot/3.0"
193.47.80.42 - - [28/Aug/2006:02:17:07 -0400] "GET /spanishSA/newsviews/articles/oneside.html HTTP/1.1" 200 19609 "-" "Exabot/3.0"
220.226.147.132 - - [28/Aug/2006:02:17:09 -0400] "GET /stylesheets/main.css HTTP/1.1" 200 638 "http://www.darwinday.org/AutoTrans/home/2003.html" "Mozilla/4.0 (compatible; MSIE 6.0; Windows NT 5.1; SV1; 811TBSTE(0); 811TBSTE({E555E616-8170-452f-8144-1E024159FDB8}))"
220.226.147.132 - - [28/Aug/2006:02:17:09 -0400] "GET /images/alllangimages/topleftlogo.gif HTTP/1.1" 200 6907 "http://www.darwinday.org/AutoTrans/home/2003.html" "Mozilla/4.0 (compatible; MSIE 6.0; Windows NT 5.1; SV1; 811TBSTE(0); 811TBSTE({E555E616-8170-452f-8144-1E024159FDB8}))"
220.226.147.132 - - [28/Aug/2006:02:17:11 -0400] "GET /AutoTrans/home/2003.html HTTP/1.1" 200 100630 "http://www.google.com/search?hl=en&sa=X&oi=spell&resnum=0&ct=result&cd=1&q=birthday+celebration+text+message+download+free+delhi&spell=1" "Mozilla/4.0 (compatible; MSIE 6.0; Windows NT 5.1; SV1; 811TBSTE(0); 811TBSTE({E555E616-8170-452f-8144-1E024159FDB8}))"
220.226.147.132 - - [28/Aug/2006:02:17:12 -0400] "GET /images/alllangimages/header.gif HTTP/1.1" 200 20989 "http://www.darwinday.org/AutoTrans/home/2003.html" "Mozilla/4.0 (compatible; MSIE 6.0; Windows NT 5.1; SV1; 811TBSTE(0); 811TBSTE({E555E616-8170-452f-8144-1E024159FDB8}))"
220.226.147.132 - - [28/Aug/2006:02:17:14 -0400] "GET /AutoTrans/images/titletrans.gif HTTP/1.1" 200 15588 "http://www.darwinday.org/AutoTrans/home/2003.html" "Mozilla/4.0 (compatible; MSIE 6.0; Windows NT 5.1; SV1; 811TBSTE(0); 811TBSTE({E555E616-8170-452f-8144-1E024159FDB8}))"
220.226.147.132 - - [28/Aug/2006:02:17:15 -0400] "GET /AutoTrans/images/navbar.gif HTTP/1.1" 200 2667 "http://www.darwinday.org/AutoTrans/home/2003.html" "Mozilla/4.0 (compatible; MSIE 6.0; Windows NT 5.1; SV1; 811TBSTE(0); 811TBSTE({E555E616-8170-452f-8144-1E024159FDB8}))"
220.226.147.132 - - [28/Aug/2006:02:17:17 -0400] "GET /images/alllangimages/worldmaptransp.gif HTTP/1.1" 200 128893 "http://www.darwinday.org/AutoTrans/home/2003.html" "Mozilla/4.0 (compatible; MSIE 6.0; Windows NT 5.1; SV1; 811TBSTE(0); 811TBSTE({E555E616-8170-452f-8144-1E024159FDB8}))"
220.226.147.132 - - [28/Aug/2006:02:17:21 -0400] "GET /favicon.ico HTTP/1.1" 404 3475 "-" "-"
67.185.97.214 - - [28/Aug/2006:02:26:16 -0400] "GET /favicon.ico HTTP/1.1" 404 3475 "-" "Mozilla/4.0 (compatible; MSIE 7.0; Windows NT 5.1)"
67.185.97.214 - - [28/Aug/2006:02:26:16 -0400] "GET /stylesheets/main.css HTTP/1.1" 200 638 "http://www.darwinday.org/englishL/aboutddc/advisory.html" "Mozilla/4.0 (compatible; MSIE 7.0; Windows NT 5.1)"
67.185.97.214 - - [28/Aug/2006:02:26:16 -0400] "GET /images/alllangimages/topleftlogo.gif HTTP/1.1" 200 6907 "http://www.darwinday.org/englishL/aboutddc/advisory.html" "Mozilla/4.0 (compatible; MSIE 7.0; Windows NT 5.1)"
67.185.97.214 - - [28/Aug/2006:02:26:16 -0400] "GET /englishL/images/navbar.gif HTTP/1.1" 200 2667 "http://www.darwinday.org/englishL/aboutddc/advisory.html" "Mozilla/4.0 (compatible; MSIE 7.0; Windows NT 5.1)"
67.185.97.214 - - [28/Aug/2006:02:26:16 -0400] "GET /images/advisorpics/cronin.gif HTTP/1.1" 200 8731 "http://www.darwinday.org/englishL/aboutddc/advisory.html" "Mozilla/4.0 (compatible; MSIE 7.0; Windows NT 5.1)"
67.185.97.214 - - [28/Aug/2006:02:26:16 -0400] "GET /images/advisorpics/calvin.gif HTTP/1.1" 200 11213 "http://www.darwinday.org/englishL/aboutddc/advisory.html" "Mozilla/4.0 (compatible; MSIE 7.0; Windows NT 5.1)"
67.185.97.214 - - [28/Aug/2006:02:26:16 -0400] "GET /images/advisorpics/bateson.gif HTTP/1.1" 200 10961 "http://www.darwinday.org/englishL/aboutddc/advisory.html" "Mozilla/4.0 (compatible; MSIE 7.0; Windows NT 5.1)"
67.185.97.214 - - [28/Aug/2006:02:26:16 -0400] "GET /englishL/aboutddc/advisory.html HTTP/1.1" 200 31045 "http://www.google.com/search?q=exploring+the+unknown+shermer&hl=en&lr=&rls=SUNA,SUNA:2006-24,SUNA:en&start=30&sa=N" "Mozilla/4.0 (compatible; MSIE 7.0; Windows NT 5.1)"
67.185.97.214 - - [28/Aug/2006:02:26:16 -0400] "GET /englishL/images/titletrans.gif HTTP/1.1" 200 15588 "http://www.darwinday.org/englishL/aboutddc/advisory.html" "Mozilla/4.0 (compatible; MSIE 7.0; Windows NT 5.1)"
67.185.97.214 - - [28/Aug/2006:02:26:16 -0400] "GET /images/advisorpics/dennett.gif HTTP/1.1" 200 11171 "http://www.darwinday.org/englishL/aboutddc/advisory.html" "Mozilla/4.0 (compatible; MSIE 7.0; Windows NT 5.1)"
67.185.97.214 - - [28/Aug/2006:02:26:16 -0400] "GET /images/advisorpics/durham.jpg HTTP/1.1" 200 3507 "http://www.darwinday.org/englishL/aboutddc/advisory.html" "Mozilla/4.0 (compatible; MSIE 7.0; Windows NT 5.1)"
67.185.97.214 - - [28/Aug/2006:02:26:17 -0400] "GET /images/advisorpics/jones.gif HTTP/1.1" 200 9704 "http://www.darwinday.org/englishL/aboutddc/advisory.html" "Mozilla/4.0 (compatible; MSIE 7.0; Windows NT 5.1)"
67.185.97.214 - - [28/Aug/2006:02:26:17 -0400] "GET /images/alllangimages/header.gif HTTP/1.1" 200 20989 "http://www.darwinday.org/englishL/aboutddc/advisory.html" "Mozilla/4.0 (compatible; MSIE 7.0; Windows NT 5.1)"
67.185.97.214 - - [28/Aug/2006:02:26:17 -0400] "GET /images/advisorpics/mckie.jpg HTTP/1.1" 200 12438 "http://www.darwinday.org/englishL/aboutddc/advisory.html" "Mozilla/4.0 (compatible; MSIE 7.0; Windows NT 5.1)"
67.185.97.214 - - [28/Aug/2006:02:26:17 -0400] "GET /images/advisorpics/pinker.gif HTTP/1.1" 200 11560 "http://www.darwinday.org/englishL/aboutddc/advisory.html" "Mozilla/4.0 (compatible; MSIE 7.0; Windows NT 5.1)"
67.185.97.214 - - [28/Aug/2006:02:26:17 -0400] "GET /images/advisorpics/scott.gif HTTP/1.1" 200 12626 "http://www.darwinday.org/englishL/aboutddc/advisory.html" "Mozilla/4.0 (compatible; MSIE 7.0; Windows NT 5.1)"
67.185.97.214 - - [28/Aug/2006:02:26:17 -0400] "GET /images/advisorpics/shermer.gif HTTP/1.1" 200 9761 "http://www.darwinday.org/englishL/aboutddc/advisory.html" "Mozilla/4.0 (compatible; MSIE 7.0; Windows NT 5.1)"
67.185.97.214 - - [28/Aug/2006:02:26:17 -0400] "GET /images/advisorpics/dawkins.gif HTTP/1.1" 200 14879 "http://www.darwinday.org/englishL/aboutddc/advisory.html" "Mozilla/4.0 (compatible; MSIE 7.0; Windows NT 5.1)"
67.185.97.214 - - [28/Aug/2006:02:26:17 -0400] "GET /images/advisorpics/tudge.gif HTTP/1.1" 200 14266 "http://www.darwinday.org/englishL/aboutddc/advisory.html" "Mozilla/4.0 (compatible; MSIE 7.0; Windows NT 5.1)"
67.185.97.214 - - [28/Aug/2006:02:26:17 -0400] "GET /images/advisorpics/wilson.gif HTTP/1.1" 200 9150 "http://www.darwinday.org/englishL/aboutddc/advisory.html" "Mozilla/4.0 (compatible; MSIE 7.0; Windows NT 5.1)"
67.185.97.214 - - [28/Aug/2006:02:26:17 -0400] "GET /images/advisorpics/zimmer.gif HTTP/1.1" 200 11343 "http://www.darwinday.org/englishL/aboutddc/advisory.html" "Mozilla/4.0 (compatible; MSIE 7.0; Windows NT 5.1)"
67.185.97.214 - - [28/Aug/2006:02:26:17 -0400] "GET /images/advisorpics/sulloway.jpg HTTP/1.1" 200 34017 "http://www.darwinday.org/englishL/aboutddc/advisory.html" "Mozilla/4.0 (compatible; MSIE 7.0; Windows NT 5.1)"
67.185.97.214 - - [28/Aug/2006:02:26:17 -0400] "GET /images/alllangimages/worldmaptransp.gif HTTP/1.1" 200 128893 "http://www.darwinday.org/englishL/aboutddc/advisory.html" "Mozilla/4.0 (compatible; MSIE 7.0; Windows NT 5.1)"
67.185.97.214 - - [28/Aug/2006:02:26:18 -0400] "GET /favicon.ico HTTP/1.1" 404 3475 "-" "Mozilla/4.0 (compatible; MSIE 7.0; Windows NT 5.1)"
89.106.102.38 - - [28/Aug/2006:02:28:00 -0400] "GET /englishL/life/images/study.jpg HTTP/1.1" 200 113093 "http://hogwartsbg.com/forum/index.php?showtopic=6088&st=0&" "Mozilla/5.0 (Windows; U; Windows NT 5.1; en-US; rv:1.8.0.5) Gecko/20060731 Firefox/1.5.0.5 Flock/0.7.4.1"
66.196.65.37 - - [28/Aug/2006:02:39:47 -0400] "GET /robots.txt HTTP/1.0" 404 3462 "-" "Mozilla/5.0 (compatible; Yahoo! Slurp; http://help.yahoo.com/help/us/ysearch/slurp)"
72.30.215.142 - - [28/Aug/2006:02:39:48 -0400] "GET /englishL/aboutddc/support.html HTTP/1.0" 200 4662 "-" "Mozilla/5.0 (compatible; Yahoo! Slurp; http://help.yahoo.com/help/us/ysearch/slurp)"
24.15.210.237 - - [28/Aug/2006:02:45:14 -0400] "GET /stylesheets/mainenglishL.css HTTP/1.1" 200 590 "http://www.darwinday.org/" "Mozilla/4.0 (compatible; MSIE 6.0; Windows NT 5.1; SV1)"
24.15.210.237 - - [28/Aug/2006:02:45:14 -0400] "GET /images/alllangimages/topleftlogo.gif HTTP/1.1" 200 6907 "http://www.darwinday.org/" "Mozilla/4.0 (compatible; MSIE 6.0; Windows NT 5.1; SV1)"
24.15.210.237 - - [28/Aug/2006:02:45:14 -0400] "GET /stylesheets/main.css HTTP/1.1" 200 638 "http://www.darwinday.org/" "Mozilla/4.0 (compatible; MSIE 6.0; Windows NT 5.1; SV1)"
24.15.210.237 - - [28/Aug/2006:02:45:14 -0400] "GET / HTTP/1.1" 200 25696 "http://www.google.com/search?hl=en&q=influence+of+charles+darwin" "Mozilla/4.0 (compatible; MSIE 6.0; Windows NT 5.1; SV1)"
24.15.210.237 - - [28/Aug/2006:02:45:14 -0400] "GET /images/alllangimages/header.gif HTTP/1.1" 200 20989 "http://www.darwinday.org/" "Mozilla/4.0 (compatible; MSIE 6.0; Windows NT 5.1; SV1)"
24.15.210.237 - - [28/Aug/2006:02:45:14 -0400] "GET /englishL/currarts.html HTTP/1.1" 200 4902 "http://www.darwinday.org/" "Mozilla/4.0 (compatible; MSIE 6.0; Windows NT 5.1; SV1)"
24.15.210.237 - - [28/Aug/2006:02:45:14 -0400] "GET /englishL/images/titletrans.gif HTTP/1.1" 200 15588 "http://www.darwinday.org/" "Mozilla/4.0 (compatible; MSIE 6.0; Windows NT 5.1; SV1)"
24.15.210.237 - - [28/Aug/2006:02:45:15 -0400] "GET /englishL/images/navbar.gif HTTP/1.1" 200 2667 "http://www.darwinday.org/" "Mozilla/4.0 (compatible; MSIE 6.0; Windows NT 5.1; SV1)"
24.15.210.237 - - [28/Aug/2006:02:45:15 -0400] "GET /images/alllangimages/worldmaptransp.gif HTTP/1.1" 200 128893 "http://www.darwinday.org/" "Mozilla/4.0 (compatible; MSIE 6.0; Windows NT 5.1; SV1)"
24.15.210.237 - - [28/Aug/2006:02:45:15 -0400] "GET /englishL/home/images/darwinages.gif HTTP/1.1" 200 50309 "http://www.darwinday.org/" "Mozilla/4.0 (compatible; MSIE 6.0; Windows NT 5.1; SV1)"
24.15.210.237 - - [28/Aug/2006:02:45:15 -0400] "GET /images/alllangimages/arrow.gif HTTP/1.1" 200 112 "http://www.darwinday.org/" "Mozilla/4.0 (compatible; MSIE 6.0; Windows NT 5.1; SV1)"
24.15.210.237 - - [28/Aug/2006:02:45:16 -0400] "GET /images/alllangimages/dnahorizl.gif HTTP/1.1" 200 2130 "http://www.darwinday.org/" "Mozilla/4.0 (compatible; MSIE 6.0; Windows NT 5.1; SV1)"
24.15.210.237 - - [28/Aug/2006:02:45:16 -0400] "GET /images/alllangimages/dnahoriz.gif HTTP/1.1" 200 3391 "http://www.darwinday.org/" "Mozilla/4.0 (compatible; MSIE 6.0; Windows NT 5.1; SV1)"
24.15.210.237 - - [28/Aug/2006:02:45:16 -0400] "GET /images/alllangimages/dnahorizr.gif HTTP/1.1" 200 2104 "http://www.darwinday.org/" "Mozilla/4.0 (compatible; MSIE 6.0; Windows NT 5.1; SV1)"
24.15.210.237 - - [28/Aug/2006:02:45:16 -0400] "GET /images/alllangimages/lincoln.gif HTTP/1.1" 200 11057 "http://www.darwinday.org/" "Mozilla/4.0 (compatible; MSIE 6.0; Windows NT 5.1; SV1)"
24.15.210.237 - - [28/Aug/2006:02:45:16 -0400] "GET /images/alllangimages/darwin.gif HTTP/1.1" 200 13783 "http://www.darwinday.org/" "Mozilla/4.0 (compatible; MSIE 6.0; Windows NT 5.1; SV1)"
24.15.210.237 - - [28/Aug/2006:02:45:16 -0400] "GET /images/alllangimages/DNAlogo.gif HTTP/1.1" 200 1370 "http://www.darwinday.org/englishL/currarts.html" "Mozilla/4.0 (compatible; MSIE 6.0; Windows NT 5.1; SV1)"
24.15.210.237 - - [28/Aug/2006:02:45:16 -0400] "GET /images/alllangimages/trans.gif HTTP/1.1" 200 49 "http://www.darwinday.org/" "Mozilla/4.0 (compatible; MSIE 6.0; Windows NT 5.1; SV1)"
24.15.210.237 - - [28/Aug/2006:02:45:16 -0400] "GET /englishL/home/images/joinus.gif HTTP/1.1" 200 524 "http://www.darwinday.org/" "Mozilla/4.0 (compatible; MSIE 6.0; Windows NT 5.1; SV1)"
24.15.210.237 - - [28/Aug/2006:02:45:17 -0400] "GET /englishL/home/images/horse.evolution.jpg HTTP/1.1" 200 29612 "http://www.darwinday.org/" "Mozilla/4.0 (compatible; MSIE 6.0; Windows NT 5.1; SV1)"
24.15.210.237 - - [28/Aug/2006:02:45:17 -0400] "GET /englishL/home/images/beagle.gif HTTP/1.1" 200 37108 "http://www.darwinday.org/" "Mozilla/4.0 (compatible; MSIE 6.0; Windows NT 5.1; SV1)"
65.54.188.58 - - [28/Aug/2006:02:47:02 -0400] "GET /robots.txt HTTP/1.0" 404 3462 "-" "msnbot/1.0 (+http://search.msn.com/msnbot.htm)"
65.54.188.58 - - [28/Aug/2006:02:47:03 -0400] "GET /tbp/collection-one.html HTTP/1.0" 404 3475 "-" "msnbot/1.0 (+http://search.msn.com/msnbot.htm)"
212.36.9.179 - - [28/Aug/2006:02:49:29 -0400] "GET /englishL/life/images/study.jpg HTTP/1.1" 200 113093 "http://hogwartsbg.com/forum/index.php?showtopic=6088&pid=98085&st=0&" "Mozilla/5.0 (Windows; U; Windows NT 5.1; en-US; rv:1.7.9) Gecko/20050620 Firefox/1.0.5"
65.55.212.53 - - [28/Aug/2006:02:50:40 -0400] "GET /robots.txt HTTP/1.0" 404 3462 "-" "msnbot/0.9 (+http://search.msn.com/msnbot.htm)"
65.55.212.53 - - [28/Aug/2006:02:50:40 -0400] "GET /englishL.ORIG/dispsupport/index.php HTTP/1.0" 404 3487 "-" "msnbot/0.9 (+http://search.msn.com/msnbot.htm)"
209.133.64.218 - - [28/Aug/2006:02:51:30 -0400] "GET /robots.txt HTTP/1.1" 404 3474 "-" "MSRBOT"
209.133.64.218 - - [28/Aug/2006:02:51:31 -0400] "GET /events/index.html HTTP/1.1" 404 3481 "http://maketeanotwar.blogspot.com/2005/02/four-more-sleeps-till-darwin-day.html" "MSRBOT"
193.52.24.125 - - [28/Aug/2006:02:53:22 -0400] "GET /favicon.ico HTTP/1.1" 404 3475 "-" "Mozilla/4.0 (compatible; GoogleToolbar 4.0.1019.2378-big; Windows XP 5.1; MSIE 6.0.2900.2180)"
125.24.175.39 - - [28/Aug/2006:02:53:52 -0400] "GET /englishL/home/images/darwinages.gif HTTP/1.1" 304 - "http://www.muslimthai.com/forum/index.php?topic=309.msg3189;topicseen" "Mozilla/4.0 (compatible; MSIE 6.0; Windows NT 5.1; SV1)"
72.30.216.41 - - [28/Aug/2006:02:53:55 -0400] "GET /robots.txt HTTP/1.0" 404 3462 "-" "Mozilla/5.0 (compatible; Yahoo! Slurp; http://help.yahoo.com/help/us/ysearch/slurp)"
72.30.216.45 - - [28/Aug/2006:02:53:57 -0400] "GET / HTTP/1.0" 200 25696 "-" "Mozilla/5.0 (compatible; Yahoo! Slurp; http://help.yahoo.com/help/us/ysearch/slurp)"
203.151.140.112 - - [28/Aug/2006:02:54:19 -0400] "GET /englishL/home/images/darwinages.gif HTTP/1.0" 206 31732 "http://www.muslimthai.com/forum/index.php?PHPSESSID=a8500d4f158152c5fc5672231929e89e&topic=309.msg3189;topicseen" "Mozilla/4.0 (compatible; MSIE 6.0; Windows NT 5.1)"
125.24.175.39 - - [28/Aug/2006:02:54:29 -0400] "GET /englishL/home/images/darwinages.gif HTTP/1.1" 304 - "http://www.muslimthai.com/forum/index.php?topic=309.msg3189;topicseen" "Mozilla/4.0 (compatible; MSIE 6.0; Windows NT 5.1; SV1)"
65.55.212.53 - - [28/Aug/2006:02:55:57 -0400] "GET /englishL.ORIG/events/index.html HTTP/1.0" 404 3483 "-" "msnbot/0.9 (+http://search.msn.com/msnbot.htm)"
65.55.212.53 - - [28/Aug/2006:02:55:57 -0400] "GET /englishL.ORIG/CHANGELIFE.DELETE/index.html HTTP/1.0" 404 3494 "-" "msnbot/0.9 (+http://search.msn.com/msnbot.htm)"
65.55.212.53 - - [28/Aug/2006:02:55:57 -0400] "GET /englishL.ORIG/evolution/index.html HTTP/1.0" 404 3486 "-" "msnbot/0.9 (+http://search.msn.com/msnbot.htm)"
65.55.212.53 - - [28/Aug/2006:02:55:57 -0400] "GET /englishL.ORIG/home/index.html HTTP/1.0" 404 3481 "-" "msnbot/0.9 (+http://search.msn.com/msnbot.htm)"
203.144.198.62 - - [28/Aug/2006:02:59:23 -0400] "GET /englishL/home/images/darwinages.gif HTTP/1.0" 200 50309 "http://www.muslimthai.com/forum/index.php?PHPSESSID=964b57792b5546983a4ecfef66fb72b7&topic=309.msg3189;topicseen" "Mozilla/4.0 (compatible; MSIE 6.0; Windows NT 5.1; SV1)"
72.30.215.142 - - [28/Aug/2006:03:02:21 -0400] "GET /Ital2English/index.html HTTP/1.0" 200 3533 "-" "Mozilla/5.0 (compatible; Yahoo! Slurp; http://help.yahoo.com/help/us/ysearch/slurp)"
64.4.8.112 - - [28/Aug/2006:03:03:44 -0400] "GET /robots.txt HTTP/1.0" 404 3462 "-" "msnbot/1.0 (+http://search.msn.com/msnbot.htm)"
64.4.8.112 - - [28/Aug/2006:03:03:46 -0400] "GET /AutoTrans/life/siblings.html HTTP/1.0" 200 7794 "-" "msnbot/1.0 (+http://search.msn.com/msnbot.htm)"
203.113.13.11 - - [28/Aug/2006:03:05:30 -0400] "GET /englishL/home/images/darwinages.gif HTTP/1.1" 200 50309 "http://www.muslimthai.com/forum/index.php?topic=309.msg3203;topicseen" "Mozilla/4.0 (compatible; MSIE 6.0; Windows NT 5.1; SV1)"
125.24.175.39 - - [28/Aug/2006:03:07:34 -0400] "GET /englishL/home/images/darwinages.gif HTTP/1.1" 304 - "http://www.muslimthai.com/forum/index.php?topic=309.msg3203;topicseen" "Mozilla/4.0 (compatible; MSIE 6.0; Windows NT 5.1; SV1)"
158.108.2.8 - - [28/Aug/2006:03:08:40 -0400] "GET /englishL/home/images/darwinages.gif HTTP/1.0" 304 - "http://www.muslimthai.com/forum/index.php?topic=309.msg3203;topicseen" "Mozilla/4.0 (compatible; MSIE 6.0; Windows NT 5.1; SV1; .NET CLR 1.1.4322)"
125.24.175.39 - - [28/Aug/2006:03:12:53 -0400] "GET /englishL/home/images/darwinages.gif HTTP/1.1" 304 - "http://www.muslimthai.com/forum/index.php?topic=309.msg3203;topicseen" "Mozilla/4.0 (compatible; MSIE 6.0; Windows NT 5.1; SV1)"
125.24.175.39 - - [28/Aug/2006:03:13:55 -0400] "GET /englishL/home/images/darwinages.gif HTTP/1.1" 304 - "http://www.muslimthai.com/forum/index.php?topic=309.msg3203;topicseen" "Mozilla/4.0 (compatible; MSIE 6.0; Windows NT 5.1; SV1)"
72.30.177.10 - - [28/Aug/2006:03:16:47 -0400] "GET /robots.txt HTTP/1.0" 404 3462 "-" "Mozilla/5.0 (compatible; Yahoo! Slurp; http://help.yahoo.com/help/us/ysearch/slurp)"
72.30.216.94 - - [28/Aug/2006:03:16:47 -0400] "GET / HTTP/1.0" 304 - "-" "Mozilla/5.0 (compatible; Yahoo! Slurp; http://help.yahoo.com/help/us/ysearch/slurp)"
72.30.132.30 - - [28/Aug/2006:03:16:58 -0400] "GET /robots.txt HTTP/1.0" 404 3462 "-" "Mozilla/5.0 (compatible; Yahoo! Slurp; http://help.yahoo.com/help/us/ysearch/slurp)"
72.30.103.14 - - [28/Aug/2006:03:16:58 -0400] "GET /englishL/life/college.html HTTP/1.0" 304 - "-" "Mozilla/5.0 (compatible; Yahoo! Slurp; http://help.yahoo.com/help/us/ysearch/slurp)"
124.157.209.184 - - [28/Aug/2006:03:18:03 -0400] "GET /englishL/home/images/darwinages.gif HTTP/1.1" 200 50309 "http://www.muslimthai.com/forum/index.php?topic=309.msg3189;topicseen" "Mozilla/4.0 (compatible; MSIE 6.0; Windows NT 5.1; SV1; SIMBAR Enabled; .NET CLR 1.1.4322)"
202.143.128.131 - - [28/Aug/2006:03:19:22 -0400] "GET /stylesheets/mainenglishL.css HTTP/1.0" 200 590 "http://darwinday.org/" "Mozilla/4.0 (compatible; MSIE 6.0; Windows NT 5.1; SV1; .NET CLR 1.1.4322; InfoPath.1)"
202.143.128.131 - - [28/Aug/2006:03:19:22 -0400] "GET /stylesheets/main.css HTTP/1.0" 200 638 "http://darwinday.org/" "Mozilla/4.0 (compatible; MSIE 6.0; Windows NT 5.1; SV1; .NET CLR 1.1.4322; InfoPath.1)"
202.143.128.131 - - [28/Aug/2006:03:19:23 -0400] "GET /images/alllangimages/topleftlogo.gif HTTP/1.0" 200 6907 "http://darwinday.org/" "Mozilla/4.0 (compatible; MSIE 6.0; Windows NT 5.1; SV1; .NET CLR 1.1.4322; InfoPath.1)"
202.143.128.131 - - [28/Aug/2006:03:19:24 -0400] "GET / HTTP/1.0" 200 25696 "http://images.search.yahoo.com/search/images/view?back=http%3A%2F%2Fimages.search.yahoo.com%2Fsearch%2Fimages%3Fp%3Devolution%2Bof%2Bhorse%26ei%3DUTF-8%26fr%3DFP-tab-web-t500%26x%3Dwrt&w=580&h=135&imgurl=darwinday.org%2FenglishL%2Fhome%2Fimages%2Fhorse.evolution.jpg&rurl=http%3A%2F%2Fdarwinday.org%2F&size=28.9kB&name=horse.evolution.jpg&p=evolution+of+horse&type=jpeg&no=13&tt=917&oid=f40982531b030408&ei=UTF-8" "Mozilla/4.0 (compatible; MSIE 6.0; Windows NT 5.1; SV1; .NET CLR 1.1.4322; InfoPath.1)"
210.203.186.168 - - [28/Aug/2006:03:19:26 -0400] "GET /englishL/home/images/darwinages.gif HTTP/1.1" 200 50309 "http://www.muslimthai.com/forum/index.php?topic=309.msg3203;topicseen" "Mozilla/4.0 (compatible; MSIE 6.0; Windows NT 5.1; SV1)"
202.143.128.131 - - [28/Aug/2006:03:19:27 -0400] "GET /images/alllangimages/header.gif HTTP/1.0" 200 20989 "http://darwinday.org/" "Mozilla/4.0 (compatible; MSIE 6.0; Windows NT 5.1; SV1; .NET CLR 1.1.4322; InfoPath.1)"
202.143.128.131 - - [28/Aug/2006:03:19:28 -0400] "GET /englishL/images/titletrans.gif HTTP/1.0" 200 15588 "http://darwinday.org/" "Mozilla/4.0 (compatible; MSIE 6.0; Windows NT 5.1; SV1; .NET CLR 1.1.4322; InfoPath.1)"
202.143.128.131 - - [28/Aug/2006:03:19:28 -0400] "GET /englishL/home/images/horse.evolution.jpg HTTP/1.0" 200 29612 "http://images.search.yahoo.com/search/images/view?frame=top&back=http%3A%2F%2Fimages.search.yahoo.com%2Fsearch%2Fimages%3Fp%3Devolution%2Bof%2Bhorse%26ei%3DUTF-8%26fr%3DFP-tab-web-t500%26x%3Dwrt&w=580&h=135&imgurl=darwinday.org%2FenglishL%2Fhome%2Fimages%2Fhorse.evolution.jpg&rurl=http%3A%2F%2Fdarwinday.org%2F&size=28.9kB&name=horse.evolution.jpg&p=evolution+of+horse&type=jpeg&no=13&tt=917&oid=f40982531b030408&ei=UTF-8" "Mozilla/4.0 (compatible; MSIE 6.0; Windows NT 5.1; SV1; .NET CLR 1.1.4322; InfoPath.1)"
202.143.128.131 - - [28/Aug/2006:03:19:29 -0400] "GET /englishL/images/navbar.gif HTTP/1.0" 200 2667 "http://darwinday.org/" "Mozilla/4.0 (compatible; MSIE 6.0; Windows NT 5.1; SV1; .NET CLR 1.1.4322; InfoPath.1)"
203.113.77.68 - - [28/Aug/2006:03:19:30 -0400] "GET /englishL/home/images/darwinages.gif HTTP/1.1" 304 - "http://www.muslimthai.com/forum/index.php?topic=309.msg3203;topicseen" "Mozilla/4.0 (compatible; MSIE 6.0; Windows 98; Win 9x 4.90)"
202.143.128.131 - - [28/Aug/2006:03:19:32 -0400] "GET /images/alllangimages/arrow.gif HTTP/1.0" 200 112 "http://darwinday.org/" "Mozilla/4.0 (compatible; MSIE 6.0; Windows NT 5.1; SV1; .NET CLR 1.1.4322; InfoPath.1)"
202.143.128.131 - - [28/Aug/2006:03:19:32 -0400] "GET /images/alllangimages/dnahorizl.gif HTTP/1.0" 200 2130 "http://darwinday.org/" "Mozilla/4.0 (compatible; MSIE 6.0; Windows NT 5.1; SV1; .NET CLR 1.1.4322; InfoPath.1)"
202.143.128.131 - - [28/Aug/2006:03:19:33 -0400] "GET /images/alllangimages/dnahoriz.gif HTTP/1.0" 200 3391 "http://darwinday.org/" "Mozilla/4.0 (compatible; MSIE 6.0; Windows NT 5.1; SV1; .NET CLR 1.1.4322; InfoPath.1)"
202.143.128.131 - - [28/Aug/2006:03:19:35 -0400] "GET /images/alllangimages/dnahorizr.gif HTTP/1.0" 200 2104 "http://darwinday.org/" "Mozilla/4.0 (compatible; MSIE 6.0; Windows NT 5.1; SV1; .NET CLR 1.1.4322; InfoPath.1)"
202.143.128.131 - - [28/Aug/2006:03:19:35 -0400] "GET /images/alllangimages/lincoln.gif HTTP/1.0" 200 11057 "http://darwinday.org/" "Mozilla/4.0 (compatible; MSIE 6.0; Windows NT 5.1; SV1; .NET CLR 1.1.4322; InfoPath.1)"
202.143.128.131 - - [28/Aug/2006:03:19:39 -0400] "GET /images/alllangimages/darwin.gif HTTP/1.0" 200 13783 "http://darwinday.org/" "Mozilla/4.0 (compatible; MSIE 6.0; Windows NT 5.1; SV1; .NET CLR 1.1.4322; InfoPath.1)"
202.143.128.131 - - [28/Aug/2006:03:19:41 -0400] "GET /englishL/home/images/beagle.gif HTTP/1.0" 200 37108 "http://darwinday.org/" "Mozilla/4.0 (compatible; MSIE 6.0; Windows NT 5.1; SV1; .NET CLR 1.1.4322; InfoPath.1)"
202.143.128.131 - - [28/Aug/2006:03:19:44 -0400] "GET /images/alllangimages/trans.gif HTTP/1.0" 200 49 "http://darwinday.org/" "Mozilla/4.0 (compatible; MSIE 6.0; Windows NT 5.1; SV1; .NET CLR 1.1.4322; InfoPath.1)"
202.143.128.131 - - [28/Aug/2006:03:19:45 -0400] "GET /englishL/home/images/darwinages.gif HTTP/1.0" 200 50309 "http://darwinday.org/" "Mozilla/4.0 (compatible; MSIE 6.0; Windows NT 5.1; SV1; .NET CLR 1.1.4322; InfoPath.1)"
202.143.128.131 - - [28/Aug/2006:03:19:45 -0400] "GET /englishL/home/images/joinus.gif HTTP/1.0" 200 524 "http://darwinday.org/" "Mozilla/4.0 (compatible; MSIE 6.0; Windows NT 5.1; SV1; .NET CLR 1.1.4322; InfoPath.1)"
202.143.128.131 - - [28/Aug/2006:03:20:00 -0400] "GET /images/alllangimages/worldmaptransp.gif HTTP/1.0" 200 128893 "http://darwinday.org/" "Mozilla/4.0 (compatible; MSIE 6.0; Windows NT 5.1; SV1; .NET CLR 1.1.4322; InfoPath.1)"
64.4.8.112 - - [28/Aug/2006:03:20:45 -0400] "GET /AutoTrans/life/maternal.html HTTP/1.0" 200 9411 "-" "msnbot/1.0 (+http://search.msn.com/msnbot.htm)"
202.143.128.131 - - [28/Aug/2006:03:21:17 -0400] "GET /englishL/regevent/index.php HTTP/1.0" 200 31760 "http://darwinday.org/" "Mozilla/4.0 (compatible; MSIE 6.0; Windows NT 5.1; SV1; .NET CLR 1.1.4322; InfoPath.1)"
213.65.106.83 - - [28/Aug/2006:03:22:18 -0400] "GET /stylesheets/main.css HTTP/1.1" 200 638 "http://www.darwinday.org/englishL/home/2006.php" "Mozilla/4.0 (compatible; MSIE 6.0; Windows NT 5.1)"
213.65.106.83 - - [28/Aug/2006:03:22:18 -0400] "GET /images/alllangimages/topleftlogo.gif HTTP/1.1" 200 6907 "http://www.darwinday.org/englishL/home/2006.php" "Mozilla/4.0 (compatible; MSIE 6.0; Windows NT 5.1)"
213.65.106.83 - - [28/Aug/2006:03:22:20 -0400] "GET /images/alllangimages/header.gif HTTP/1.1" 200 20989 "http://www.darwinday.org/englishL/home/2006.php" "Mozilla/4.0 (compatible; MSIE 6.0; Windows NT 5.1)"
213.65.106.83 - - [28/Aug/2006:03:22:23 -0400] "GET /images/alllangimages/worldmaptransp.gif HTTP/1.1" 200 128893 "http://www.darwinday.org/englishL/home/2006.php" "Mozilla/4.0 (compatible; MSIE 6.0; Windows NT 5.1)"
213.65.106.83 - - [28/Aug/2006:03:22:23 -0400] "GET /englishL/images/titletrans.gif HTTP/1.1" 200 15588 "http://www.darwinday.org/englishL/home/2006.php" "Mozilla/4.0 (compatible; MSIE 6.0; Windows NT 5.1)"
213.65.106.83 - - [28/Aug/2006:03:22:24 -0400] "GET /englishL/images/navbar.gif HTTP/1.1" 200 2667 "http://www.darwinday.org/englishL/home/2006.php" "Mozilla/4.0 (compatible; MSIE 6.0; Windows NT 5.1)"
213.65.106.83 - - [28/Aug/2006:03:23:03 -0400] "GET /englishL/home/2006.php HTTP/1.1" 200 1545972 "http://www.google.se/search?hl=sv&q=%22dave+schmidt%22+%22Trinity+college%22&btnG=Google-s%C3%B6kning&meta=" "Mozilla/4.0 (compatible; MSIE 6.0; Windows NT 5.1)"
65.54.188.57 - - [28/Aug/2006:03:23:48 -0400] "GET /event_info/evoeating.html HTTP/1.0" 404 3477 "-" "msnbot/1.0 (+http://search.msn.com/msnbot.htm)"
70.245.176.165 - - [28/Aug/2006:03:25:06 -0400] "GET / HTTP/1.1" 200 25696 "http://www.google.com/maps?hl=en&lr=&q=charter+school&near=Kansas+City,+MO&sa=X&oi=local&ct=title" "Mozilla/4.0 (compatible; MSIE 6.0; Windows 98; yie6_SBC; .NET CLR 1.1.4322)"
70.245.176.165 - - [28/Aug/2006:03:25:06 -0400] "GET /stylesheets/mainenglishL.css HTTP/1.1" 200 590 "http://www.darwinday.org/" "Mozilla/4.0 (compatible; MSIE 6.0; Windows 98; yie6_SBC; .NET CLR 1.1.4322)"
70.245.176.165 - - [28/Aug/2006:03:25:07 -0400] "GET /stylesheets/main.css HTTP/1.1" 200 638 "http://www.darwinday.org/" "Mozilla/4.0 (compatible; MSIE 6.0; Windows 98; yie6_SBC; .NET CLR 1.1.4322)"
70.245.176.165 - - [28/Aug/2006:03:25:07 -0400] "GET /images/alllangimages/topleftlogo.gif HTTP/1.1" 200 6907 "http://www.darwinday.org/" "Mozilla/4.0 (compatible; MSIE 6.0; Windows 98; yie6_SBC; .NET CLR 1.1.4322)"
70.245.176.165 - - [28/Aug/2006:03:25:07 -0400] "GET /englishL/currarts.html HTTP/1.1" 200 4902 "http://www.darwinday.org/" "Mozilla/4.0 (compatible; MSIE 6.0; Windows 98; yie6_SBC; .NET CLR 1.1.4322)"
70.245.176.165 - - [28/Aug/2006:03:25:07 -0400] "GET /images/alllangimages/header.gif HTTP/1.1" 200 20989 "http://www.darwinday.org/" "Mozilla/4.0 (compatible; MSIE 6.0; Windows 98; yie6_SBC; .NET CLR 1.1.4322)"
70.245.176.165 - - [28/Aug/2006:03:25:08 -0400] "GET /englishL/images/titletrans.gif HTTP/1.1" 200 15588 "http://www.darwinday.org/" "Mozilla/4.0 (compatible; MSIE 6.0; Windows 98; yie6_SBC; .NET CLR 1.1.4322)"
70.245.176.165 - - [28/Aug/2006:03:25:08 -0400] "GET /englishL/images/navbar.gif HTTP/1.1" 200 2667 "http://www.darwinday.org/" "Mozilla/4.0 (compatible; MSIE 6.0; Windows 98; yie6_SBC; .NET CLR 1.1.4322)"
70.245.176.165 - - [28/Aug/2006:03:25:09 -0400] "GET /englishL/home/images/darwinages.gif HTTP/1.1" 200 50309 "http://www.darwinday.org/" "Mozilla/4.0 (compatible; MSIE 6.0; Windows 98; yie6_SBC; .NET CLR 1.1.4322)"
70.245.176.165 - - [28/Aug/2006:03:25:10 -0400] "GET /images/alllangimages/worldmaptransp.gif HTTP/1.1" 200 128893 "http://www.darwinday.org/" "Mozilla/4.0 (compatible; MSIE 6.0; Windows 98; yie6_SBC; .NET CLR 1.1.4322)"
70.245.176.165 - - [28/Aug/2006:03:25:10 -0400] "GET /images/alllangimages/arrow.gif HTTP/1.1" 200 112 "http://www.darwinday.org/" "Mozilla/4.0 (compatible; MSIE 6.0; Windows 98; yie6_SBC; .NET CLR 1.1.4322)"
70.245.176.165 - - [28/Aug/2006:03:25:10 -0400] "GET /images/alllangimages/dnahorizl.gif HTTP/1.1" 200 2130 "http://www.darwinday.org/" "Mozilla/4.0 (compatible; MSIE 6.0; Windows 98; yie6_SBC; .NET CLR 1.1.4322)"
70.245.176.165 - - [28/Aug/2006:03:25:10 -0400] "GET /images/alllangimages/dnahoriz.gif HTTP/1.1" 200 3391 "http://www.darwinday.org/" "Mozilla/4.0 (compatible; MSIE 6.0; Windows 98; yie6_SBC; .NET CLR 1.1.4322)"
70.245.176.165 - - [28/Aug/2006:03:25:11 -0400] "GET /images/alllangimages/lincoln.gif HTTP/1.1" 200 11057 "http://www.darwinday.org/" "Mozilla/4.0 (compatible; MSIE 6.0; Windows 98; yie6_SBC; .NET CLR 1.1.4322)"
70.245.176.165 - - [28/Aug/2006:03:25:11 -0400] "GET /images/alllangimages/trans.gif HTTP/1.1" 200 49 "http://www.darwinday.org/" "Mozilla/4.0 (compatible; MSIE 6.0; Windows 98; yie6_SBC; .NET CLR 1.1.4322)"
70.245.176.165 - - [28/Aug/2006:03:25:11 -0400] "GET /englishL/home/images/joinus.gif HTTP/1.1" 200 524 "http://www.darwinday.org/" "Mozilla/4.0 (compatible; MSIE 6.0; Windows 98; yie6_SBC; .NET CLR 1.1.4322)"
70.245.176.165 - - [28/Aug/2006:03:25:11 -0400] "GET /englishL/home/images/beagle.gif HTTP/1.1" 200 37108 "http://www.darwinday.org/" "Mozilla/4.0 (compatible; MSIE 6.0; Windows 98; yie6_SBC; .NET CLR 1.1.4322)"
70.245.176.165 - - [28/Aug/2006:03:25:11 -0400] "GET /englishL/home/images/horse.evolution.jpg HTTP/1.1" 200 29612 "http://www.darwinday.org/" "Mozilla/4.0 (compatible; MSIE 6.0; Windows 98; yie6_SBC; .NET CLR 1.1.4322)"
70.245.176.165 - - [28/Aug/2006:03:25:12 -0400] "GET /images/alllangimages/darwin.gif HTTP/1.1" 200 13783 "http://www.darwinday.org/" "Mozilla/4.0 (compatible; MSIE 6.0; Windows 98; yie6_SBC; .NET CLR 1.1.4322)"
70.245.176.165 - - [28/Aug/2006:03:25:12 -0400] "GET /images/alllangimages/dnahorizr.gif HTTP/1.1" 200 2104 "http://www.darwinday.org/" "Mozilla/4.0 (compatible; MSIE 6.0; Windows 98; yie6_SBC; .NET CLR 1.1.4322)"
70.245.176.165 - - [28/Aug/2006:03:25:12 -0400] "GET /images/alllangimages/DNAlogo.gif HTTP/1.1" 200 1370 "http://www.darwinday.org/englishL/currarts.html" "Mozilla/4.0 (compatible; MSIE 6.0; Windows 98; yie6_SBC; .NET CLR 1.1.4322)"
202.143.128.131 - - [28/Aug/2006:03:25:26 -0400] "GET /englishL/evolution/index.html HTTP/1.0" 200 4798 "http://darwinday.org/" "Mozilla/4.0 (compatible; MSIE 6.0; Windows NT 5.1; SV1; .NET CLR 1.1.4322; InfoPath.1)"
202.143.128.131 - - [28/Aug/2006:03:25:32 -0400] "GET /images/alllangimages/goldball.gif HTTP/1.0" 200 332 "http://darwinday.org/englishL/evolution/index.html" "Mozilla/4.0 (compatible; MSIE 6.0; Windows NT 5.1; SV1; .NET CLR 1.1.4322; InfoPath.1)"
202.143.128.131 - - [28/Aug/2006:03:25:39 -0400] "GET /images/alllangimages/dnagraphic.jpg HTTP/1.0" 200 25020 "http://darwinday.org/englishL/evolution/index.html" "Mozilla/4.0 (compatible; MSIE 6.0; Windows NT 5.1; SV1; .NET CLR 1.1.4322; InfoPath.1)"
202.143.128.131 - - [28/Aug/2006:03:27:19 -0400] "GET /englishL/evolution/theory.html HTTP/1.0" 200 9548 "http://darwinday.org/englishL/evolution/index.html" "Mozilla/4.0 (compatible; MSIE 6.0; Windows NT 5.1; SV1; .NET CLR 1.1.4322; InfoPath.1)"
125.24.175.39 - - [28/Aug/2006:03:31:19 -0400] "GET /englishL/home/images/darwinages.gif HTTP/1.1" 304 - "http://www.muslimthai.com/forum/index.php?topic=309.msg3203;topicseen" "Mozilla/4.0 (compatible; MSIE 6.0; Windows NT 5.1; SV1)"
