129.138.250.36 - - [28/Aug/2006:15:47:53 -0400] "GET /images/alllangimages/trans.gif HTTP/1.1" 200 49 "http://darwinday.org/englishL/home/index.html" "Mozilla/5.0 (Windows; U; Windows NT 5.1; en-US; rv:1.8.0.6) Gecko/20060728 Firefox/1.5.0.6"
129.138.250.36 - - [28/Aug/2006:15:47:53 -0400] "GET /images/alllangimages/darwin.gif HTTP/1.1" 200 13783 "http://darwinday.org/englishL/home/index.html" "Mozilla/5.0 (Windows; U; Windows NT 5.1; en-US; rv:1.8.0.6) Gecko/20060728 Firefox/1.5.0.6"
129.138.250.36 - - [28/Aug/2006:15:47:53 -0400] "GET /englishL/home/images/joinus.gif HTTP/1.1" 200 524 "http://darwinday.org/englishL/home/index.html" "Mozilla/5.0 (Windows; U; Windows NT 5.1; en-US; rv:1.8.0.6) Gecko/20060728 Firefox/1.5.0.6"
129.138.250.36 - - [28/Aug/2006:15:47:53 -0400] "GET /englishL/home/images/beagle.gif HTTP/1.1" 200 37108 "http://darwinday.org/englishL/home/index.html" "Mozilla/5.0 (Windows; U; Windows NT 5.1; en-US; rv:1.8.0.6) Gecko/20060728 Firefox/1.5.0.6"
129.138.250.36 - - [28/Aug/2006:15:47:53 -0400] "GET /englishL/home/images/darwinages.gif HTTP/1.1" 200 50309 "http://darwinday.org/englishL/home/index.html" "Mozilla/5.0 (Windows; U; Windows NT 5.1; en-US; rv:1.8.0.6) Gecko/20060728 Firefox/1.5.0.6"
129.138.250.36 - - [28/Aug/2006:15:47:53 -0400] "GET /images/alllangimages/DNAlogo.gif HTTP/1.1" 200 1370 "http://darwinday.org/englishL/currarts.html" "Mozilla/5.0 (Windows; U; Windows NT 5.1; en-US; rv:1.8.0.6) Gecko/20060728 Firefox/1.5.0.6"
81.97.156.162 - - [28/Aug/2006:15:47:53 -0400] "GET /stylesheets/main.css HTTP/1.1" 200 638 "http://darwinday.org/englishL/home/index.html" "Mozilla/5.0 (Windows; U; Windows NT 5.0; en-US; rv:1.8.0.6) Gecko/20060728 Firefox/1.5.0.6"
129.138.250.36 - - [28/Aug/2006:15:47:53 -0400] "GET /images/alllangimages/header.gif HTTP/1.1" 200 20989 "http://darwinday.org/englishL/home/index.html" "Mozilla/5.0 (Windows; U; Windows NT 5.1; en-US; rv:1.8.0.6) Gecko/20060728 Firefox/1.5.0.6"
81.97.156.162 - - [28/Aug/2006:15:47:53 -0400] "GET /images/alllangimages/topleftlogo.gif HTTP/1.1" 200 6907 "http://darwinday.org/englishL/home/index.html" "Mozilla/5.0 (Windows; U; Windows NT 5.0; en-US; rv:1.8.0.6) Gecko/20060728 Firefox/1.5.0.6"
129.138.250.36 - - [28/Aug/2006:15:47:53 -0400] "GET /englishL/home/images/horse.evolution.jpg HTTP/1.1" 200 29612 "http://darwinday.org/englishL/home/index.html" "Mozilla/5.0 (Windows; U; Windows NT 5.1; en-US; rv:1.8.0.6) Gecko/20060728 Firefox/1.5.0.6"
81.97.156.162 - - [28/Aug/2006:15:47:54 -0400] "GET /englishL/images/navbar.gif HTTP/1.1" 200 2667 "http://darwinday.org/englishL/home/index.html" "Mozilla/5.0 (Windows; U; Windows NT 5.0; en-US; rv:1.8.0.6) Gecko/20060728 Firefox/1.5.0.6"
81.97.156.162 - - [28/Aug/2006:15:47:54 -0400] "GET /images/alllangimages/dnahorizl.gif HTTP/1.1" 200 2130 "http://darwinday.org/englishL/home/index.html" "Mozilla/5.0 (Windows; U; Windows NT 5.0; en-US; rv:1.8.0.6) Gecko/20060728 Firefox/1.5.0.6"
81.97.156.162 - - [28/Aug/2006:15:47:54 -0400] "GET /images/alllangimages/dnahoriz.gif HTTP/1.1" 200 3391 "http://darwinday.org/englishL/home/index.html" "Mozilla/5.0 (Windows; U; Windows NT 5.0; en-US; rv:1.8.0.6) Gecko/20060728 Firefox/1.5.0.6"
81.97.156.162 - - [28/Aug/2006:15:47:54 -0400] "GET /images/alllangimages/dnahorizr.gif HTTP/1.1" 200 2104 "http://darwinday.org/englishL/home/index.html" "Mozilla/5.0 (Windows; U; Windows NT 5.0; en-US; rv:1.8.0.6) Gecko/20060728 Firefox/1.5.0.6"
81.97.156.162 - - [28/Aug/2006:15:47:54 -0400] "GET /images/alllangimages/arrow.gif HTTP/1.1" 200 112 "http://darwinday.org/englishL/home/index.html" "Mozilla/5.0 (Windows; U; Windows NT 5.0; en-US; rv:1.8.0.6) Gecko/20060728 Firefox/1.5.0.6"
81.97.156.162 - - [28/Aug/2006:15:47:54 -0400] "GET /englishL/currarts.html HTTP/1.1" 200 4902 "http://darwinday.org/englishL/home/index.html" "Mozilla/5.0 (Windows; U; Windows NT 5.0; en-US; rv:1.8.0.6) Gecko/20060728 Firefox/1.5.0.6"
81.97.156.162 - - [28/Aug/2006:15:47:54 -0400] "GET /images/alllangimages/lincoln.gif HTTP/1.1" 200 11057 "http://darwinday.org/englishL/home/index.html" "Mozilla/5.0 (Windows; U; Windows NT 5.0; en-US; rv:1.8.0.6) Gecko/20060728 Firefox/1.5.0.6"
81.97.156.162 - - [28/Aug/2006:15:47:54 -0400] "GET /englishL/images/titletrans.gif HTTP/1.1" 200 15588 "http://darwinday.org/englishL/home/index.html" "Mozilla/5.0 (Windows; U; Windows NT 5.0; en-US; rv:1.8.0.6) Gecko/20060728 Firefox/1.5.0.6"
81.97.156.162 - - [28/Aug/2006:15:47:54 -0400] "GET /images/alllangimages/darwin.gif HTTP/1.1" 200 13783 "http://darwinday.org/englishL/home/index.html" "Mozilla/5.0 (Windows; U; Windows NT 5.0; en-US; rv:1.8.0.6) Gecko/20060728 Firefox/1.5.0.6"
81.97.156.162 - - [28/Aug/2006:15:47:54 -0400] "GET /images/alllangimages/DNAlogo.gif HTTP/1.1" 200 1370 "http://darwinday.org/englishL/currarts.html" "Mozilla/5.0 (Windows; U; Windows NT 5.0; en-US; rv:1.8.0.6) Gecko/20060728 Firefox/1.5.0.6"
81.97.156.162 - - [28/Aug/2006:15:47:54 -0400] "GET /images/alllangimages/header.gif HTTP/1.1" 200 20989 "http://darwinday.org/englishL/home/index.html" "Mozilla/5.0 (Windows; U; Windows NT 5.0; en-US; rv:1.8.0.6) Gecko/20060728 Firefox/1.5.0.6"
81.97.156.162 - - [28/Aug/2006:15:47:55 -0400] "GET /englishL/home/images/horse.evolution.jpg HTTP/1.1" 200 29612 "http://darwinday.org/englishL/home/index.html" "Mozilla/5.0 (Windows; U; Windows NT 5.0; en-US; rv:1.8.0.6) Gecko/20060728 Firefox/1.5.0.6"
129.138.250.36 - - [28/Aug/2006:15:47:55 -0400] "GET /favicon.ico HTTP/1.1" 404 3475 "-" "Mozilla/5.0 (Windows; U; Windows NT 5.1; en-US; rv:1.8.0.6) Gecko/20060728 Firefox/1.5.0.6"
129.138.250.36 - - [28/Aug/2006:15:47:55 -0400] "GET /images/alllangimages/worldmaptransp.gif HTTP/1.1" 200 101388 "http://darwinday.org/englishL/home/index.html" "Mozilla/5.0 (Windows; U; Windows NT 5.1; en-US; rv:1.8.0.6) Gecko/20060728 Firefox/1.5.0.6"
84.41.207.129 - - [28/Aug/2006:15:47:56 -0400] "GET /englishL/home/index.html HTTP/1.1" 200 26022 "-" "Mozilla/5.0 (Windows; U; Windows NT 5.1; en-US; rv:1.8.0.4) Gecko/20060508 Firefox/1.5.0.4"
84.41.207.129 - - [28/Aug/2006:15:47:56 -0400] "GET /stylesheets/mainenglishL.css HTTP/1.1" 200 590 "-" "Mozilla/5.0 (Windows; U; Windows NT 5.1; en-US; rv:1.8.0.4) Gecko/20060508 Firefox/1.5.0.4"
84.41.207.129 - - [28/Aug/2006:15:47:56 -0400] "GET /stylesheets/main.css HTTP/1.1" 200 638 "-" "Mozilla/5.0 (Windows; U; Windows NT 5.1; en-US; rv:1.8.0.4) Gecko/20060508 Firefox/1.5.0.4"
84.41.207.129 - - [28/Aug/2006:15:47:56 -0400] "GET /images/alllangimages/topleftlogo.gif HTTP/1.1" 200 6907 "-" "Mozilla/5.0 (Windows; U; Windows NT 5.1; en-US; rv:1.8.0.4) Gecko/20060508 Firefox/1.5.0.4"
81.97.156.162 - - [28/Aug/2006:15:47:57 -0400] "GET /englishL/home/images/darwinages.gif HTTP/1.1" 200 50309 "http://darwinday.org/englishL/home/index.html" "Mozilla/5.0 (Windows; U; Windows NT 5.0; en-US; rv:1.8.0.6) Gecko/20060728 Firefox/1.5.0.6"
84.41.207.129 - - [28/Aug/2006:15:47:57 -0400] "GET /images/alllangimages/header.gif HTTP/1.1" 200 20989 "-" "Mozilla/5.0 (Windows; U; Windows NT 5.1; en-US; rv:1.8.0.4) Gecko/20060508 Firefox/1.5.0.4"
84.41.207.129 - - [28/Aug/2006:15:47:57 -0400] "GET /englishL/currarts.html HTTP/1.1" 200 4902 "-" "Mozilla/5.0 (Windows; U; Windows NT 5.1; en-US; rv:1.8.0.4) Gecko/20060508 Firefox/1.5.0.4"
81.97.156.162 - - [28/Aug/2006:15:47:57 -0400] "GET /englishL/home/images/joinus.gif HTTP/1.1" 200 524 "http://darwinday.org/englishL/home/index.html" "Mozilla/5.0 (Windows; U; Windows NT 5.0; en-US; rv:1.8.0.6) Gecko/20060728 Firefox/1.5.0.6"
81.97.156.162 - - [28/Aug/2006:15:47:57 -0400] "GET /images/alllangimages/trans.gif HTTP/1.1" 200 49 "http://darwinday.org/englishL/home/index.html" "Mozilla/5.0 (Windows; U; Windows NT 5.0; en-US; rv:1.8.0.6) Gecko/20060728 Firefox/1.5.0.6"
84.41.207.129 - - [28/Aug/2006:15:47:57 -0400] "GET /englishL/images/titletrans.gif HTTP/1.1" 200 15588 "http://darwinday.org/englishL/home/index.html" "Mozilla/5.0 (Windows; U; Windows NT 5.1; en-US; rv:1.8.0.4) Gecko/20060508 Firefox/1.5.0.4"
81.97.156.162 - - [28/Aug/2006:15:47:57 -0400] "GET /englishL/home/images/beagle.gif HTTP/1.1" 200 37108 "http://darwinday.org/englishL/home/index.html" "Mozilla/5.0 (Windows; U; Windows NT 5.0; en-US; rv:1.8.0.6) Gecko/20060728 Firefox/1.5.0.6"
84.41.207.129 - - [28/Aug/2006:15:47:57 -0400] "GET /englishL/images/navbar.gif HTTP/1.1" 200 2667 "http://darwinday.org/englishL/home/index.html" "Mozilla/5.0 (Windows; U; Windows NT 5.1; en-US; rv:1.8.0.4) Gecko/20060508 Firefox/1.5.0.4"
71.201.162.189 - - [28/Aug/2006:15:47:58 -0400] "GET /stylesheets/mainenglishL.css HTTP/1.1" 200 590 "http://darwinday.org/englishL/home/index.html" "Mozilla/5.0 (X11; U; Linux i686; en-US; rv:1.8.0.4) Gecko/20060601 Firefox/1.5.0.4 (Swiftfox)"
71.201.162.189 - - [28/Aug/2006:15:47:58 -0400] "GET /englishL/home/index.html HTTP/1.1" 200 26022 "http://www.stumbleupon.com/refer.php?url=http%3A//darwinday.org/englishL/home/index.html" "Mozilla/5.0 (X11; U; Linux i686; en-US; rv:1.8.0.4) Gecko/20060601 Firefox/1.5.0.4 (Swiftfox)"
71.201.162.189 - - [28/Aug/2006:15:47:58 -0400] "GET /stylesheets/main.css HTTP/1.1" 200 638 "http://darwinday.org/englishL/home/index.html" "Mozilla/5.0 (X11; U; Linux i686; en-US; rv:1.8.0.4) Gecko/20060601 Firefox/1.5.0.4 (Swiftfox)"
199.126.158.107 - - [28/Aug/2006:15:47:58 -0400] "GET /stylesheets/mainenglishL.css HTTP/1.1" 200 590 "http://darwinday.org/englishL/home/index.html" "Mozilla/5.0 (Windows; U; Windows NT 5.1; en-US; rv:1.8.0.6) Gecko/20060728 Firefox/1.5.0.6"
71.201.162.189 - - [28/Aug/2006:15:47:58 -0400] "GET /images/alllangimages/topleftlogo.gif HTTP/1.1" 200 6907 "http://darwinday.org/englishL/home/index.html" "Mozilla/5.0 (X11; U; Linux i686; en-US; rv:1.8.0.4) Gecko/20060601 Firefox/1.5.0.4 (Swiftfox)"
71.201.162.189 - - [28/Aug/2006:15:47:58 -0400] "GET /images/alllangimages/dnahoriz.gif HTTP/1.1" 200 3391 "http://darwinday.org/englishL/home/index.html" "Mozilla/5.0 (X11; U; Linux i686; en-US; rv:1.8.0.4) Gecko/20060601 Firefox/1.5.0.4 (Swiftfox)"
71.201.162.189 - - [28/Aug/2006:15:47:58 -0400] "GET /images/alllangimages/dnahorizr.gif HTTP/1.1" 200 2104 "http://darwinday.org/englishL/home/index.html" "Mozilla/5.0 (X11; U; Linux i686; en-US; rv:1.8.0.4) Gecko/20060601 Firefox/1.5.0.4 (Swiftfox)"
71.201.162.189 - - [28/Aug/2006:15:47:58 -0400] "GET /englishL/images/navbar.gif HTTP/1.1" 200 2667 "http://darwinday.org/englishL/home/index.html" "Mozilla/5.0 (X11; U; Linux i686; en-US; rv:1.8.0.4) Gecko/20060601 Firefox/1.5.0.4 (Swiftfox)"
71.201.162.189 - - [28/Aug/2006:15:47:58 -0400] "GET /images/alllangimages/arrow.gif HTTP/1.1" 200 112 "http://darwinday.org/englishL/home/index.html" "Mozilla/5.0 (X11; U; Linux i686; en-US; rv:1.8.0.4) Gecko/20060601 Firefox/1.5.0.4 (Swiftfox)"
84.41.207.129 - - [28/Aug/2006:15:47:58 -0400] "GET /englishL/home/images/darwinages.gif HTTP/1.1" 200 50309 "http://darwinday.org/englishL/home/index.html" "Mozilla/5.0 (Windows; U; Windows NT 5.1; en-US; rv:1.8.0.4) Gecko/20060508 Firefox/1.5.0.4"
71.201.162.189 - - [28/Aug/2006:15:47:58 -0400] "GET /images/alllangimages/dnahorizl.gif HTTP/1.1" 200 2130 "http://darwinday.org/englishL/home/index.html" "Mozilla/5.0 (X11; U; Linux i686; en-US; rv:1.8.0.4) Gecko/20060601 Firefox/1.5.0.4 (Swiftfox)"
71.201.162.189 - - [28/Aug/2006:15:47:58 -0400] "GET /englishL/currarts.html HTTP/1.1" 200 4902 "http://darwinday.org/englishL/home/index.html" "Mozilla/5.0 (X11; U; Linux i686; en-US; rv:1.8.0.4) Gecko/20060601 Firefox/1.5.0.4 (Swiftfox)"
71.201.162.189 - - [28/Aug/2006:15:47:58 -0400] "GET /englishL/images/titletrans.gif HTTP/1.1" 200 15588 "http://darwinday.org/englishL/home/index.html" "Mozilla/5.0 (X11; U; Linux i686; en-US; rv:1.8.0.4) Gecko/20060601 Firefox/1.5.0.4 (Swiftfox)"
199.126.158.107 - - [28/Aug/2006:15:47:58 -0400] "GET /englishL/home/index.html HTTP/1.1" 200 26022 "http://www.stumbleupon.com/refer.html" "Mozilla/5.0 (Windows; U; Windows NT 5.1; en-US; rv:1.8.0.6) Gecko/20060728 Firefox/1.5.0.6"
81.97.156.162 - - [28/Aug/2006:15:47:58 -0400] "GET /images/alllangimages/worldmaptransp.gif HTTP/1.1" 200 128893 "http://darwinday.org/englishL/home/index.html" "Mozilla/5.0 (Windows; U; Windows NT 5.0; en-US; rv:1.8.0.6) Gecko/20060728 Firefox/1.5.0.6"
199.126.158.107 - - [28/Aug/2006:15:47:58 -0400] "GET /stylesheets/main.css HTTP/1.1" 200 638 "http://darwinday.org/englishL/home/index.html" "Mozilla/5.0 (Windows; U; Windows NT 5.1; en-US; rv:1.8.0.6) Gecko/20060728 Firefox/1.5.0.6"
71.193.174.173 - - [28/Aug/2006:15:47:58 -0400] "GET /englishL/home/images/darwinages.gif HTTP/1.1" 206 22409 "http://darwinday.org/englishL/home/index.html" "Mozilla/5.0 (Windows; U; Windows NT 5.1; en-US; rv:1.8.0.6) Gecko/20060728 Firefox/1.5.0.6"
71.201.162.189 - - [28/Aug/2006:15:47:58 -0400] "GET /images/alllangimages/header.gif HTTP/1.1" 200 20989 "http://darwinday.org/englishL/home/index.html" "Mozilla/5.0 (X11; U; Linux i686; en-US; rv:1.8.0.4) Gecko/20060601 Firefox/1.5.0.4 (Swiftfox)"
71.201.162.189 - - [28/Aug/2006:15:47:59 -0400] "GET /images/alllangimages/lincoln.gif HTTP/1.1" 200 11057 "http://darwinday.org/englishL/home/index.html" "Mozilla/5.0 (X11; U; Linux i686; en-US; rv:1.8.0.4) Gecko/20060601 Firefox/1.5.0.4 (Swiftfox)"
71.201.162.189 - - [28/Aug/2006:15:47:59 -0400] "GET /images/alllangimages/darwin.gif HTTP/1.1" 200 13783 "http://darwinday.org/englishL/home/index.html" "Mozilla/5.0 (X11; U; Linux i686; en-US; rv:1.8.0.4) Gecko/20060601 Firefox/1.5.0.4 (Swiftfox)"
199.126.158.107 - - [28/Aug/2006:15:47:59 -0400] "GET /images/alllangimages/topleftlogo.gif HTTP/1.1" 200 6907 "http://darwinday.org/englishL/home/index.html" "Mozilla/5.0 (Windows; U; Windows NT 5.1; en-US; rv:1.8.0.6) Gecko/20060728 Firefox/1.5.0.6"
71.201.162.189 - - [28/Aug/2006:15:47:59 -0400] "GET /englishL/home/images/beagle.gif HTTP/1.1" 200 37108 "http://darwinday.org/englishL/home/index.html" "Mozilla/5.0 (X11; U; Linux i686; en-US; rv:1.8.0.4) Gecko/20060601 Firefox/1.5.0.4 (Swiftfox)"
71.201.162.189 - - [28/Aug/2006:15:47:59 -0400] "GET /images/alllangimages/trans.gif HTTP/1.1" 200 49 "http://darwinday.org/englishL/home/index.html" "Mozilla/5.0 (X11; U; Linux i686; en-US; rv:1.8.0.4) Gecko/20060601 Firefox/1.5.0.4 (Swiftfox)"
71.201.162.189 - - [28/Aug/2006:15:47:59 -0400] "GET /englishL/home/images/joinus.gif HTTP/1.1" 200 524 "http://darwinday.org/englishL/home/index.html" "Mozilla/5.0 (X11; U; Linux i686; en-US; rv:1.8.0.4) Gecko/20060601 Firefox/1.5.0.4 (Swiftfox)"
71.201.162.189 - - [28/Aug/2006:15:47:59 -0400] "GET /images/alllangimages/DNAlogo.gif HTTP/1.1" 200 1370 "http://darwinday.org/englishL/currarts.html" "Mozilla/5.0 (X11; U; Linux i686; en-US; rv:1.8.0.4) Gecko/20060601 Firefox/1.5.0.4 (Swiftfox)"
199.126.158.107 - - [28/Aug/2006:15:47:59 -0400] "GET /englishL/currarts.html HTTP/1.1" 200 4902 "http://darwinday.org/englishL/home/index.html" "Mozilla/5.0 (Windows; U; Windows NT 5.1; en-US; rv:1.8.0.6) Gecko/20060728 Firefox/1.5.0.6"
71.201.162.189 - - [28/Aug/2006:15:47:59 -0400] "GET /englishL/home/images/horse.evolution.jpg HTTP/1.1" 200 29612 "http://darwinday.org/englishL/home/index.html" "Mozilla/5.0 (X11; U; Linux i686; en-US; rv:1.8.0.4) Gecko/20060601 Firefox/1.5.0.4 (Swiftfox)"
71.201.162.189 - - [28/Aug/2006:15:47:59 -0400] "GET /englishL/home/images/darwinages.gif HTTP/1.1" 200 50309 "http://darwinday.org/englishL/home/index.html" "Mozilla/5.0 (X11; U; Linux i686; en-US; rv:1.8.0.4) Gecko/20060601 Firefox/1.5.0.4 (Swiftfox)"
84.41.207.129 - - [28/Aug/2006:15:47:59 -0400] "GET /images/alllangimages/arrow.gif HTTP/1.1" 200 112 "http://darwinday.org/englishL/home/index.html" "Mozilla/5.0 (Windows; U; Windows NT 5.1; en-US; rv:1.8.0.4) Gecko/20060508 Firefox/1.5.0.4"
84.41.207.129 - - [28/Aug/2006:15:47:59 -0400] "GET /images/alllangimages/dnahorizl.gif HTTP/1.1" 200 2130 "http://darwinday.org/englishL/home/index.html" "Mozilla/5.0 (Windows; U; Windows NT 5.1; en-US; rv:1.8.0.4) Gecko/20060508 Firefox/1.5.0.4"
84.41.207.129 - - [28/Aug/2006:15:48:00 -0400] "GET /images/alllangimages/dnahoriz.gif HTTP/1.1" 200 3391 "http://darwinday.org/englishL/home/index.html" "Mozilla/5.0 (Windows; U; Windows NT 5.1; en-US; rv:1.8.0.4) Gecko/20060508 Firefox/1.5.0.4"
71.201.162.189 - - [28/Aug/2006:15:48:00 -0400] "GET /images/alllangimages/worldmaptransp.gif HTTP/1.1" 200 128893 "http://darwinday.org/englishL/home/index.html" "Mozilla/5.0 (X11; U; Linux i686; en-US; rv:1.8.0.4) Gecko/20060601 Firefox/1.5.0.4 (Swiftfox)"
84.41.207.129 - - [28/Aug/2006:15:48:00 -0400] "GET /images/alllangimages/dnahorizr.gif HTTP/1.1" 200 2104 "http://darwinday.org/englishL/home/index.html" "Mozilla/5.0 (Windows; U; Windows NT 5.1; en-US; rv:1.8.0.4) Gecko/20060508 Firefox/1.5.0.4"
71.201.162.189 - - [28/Aug/2006:15:48:00 -0400] "GET /favicon.ico HTTP/1.1" 404 3475 "-" "Mozilla/5.0 (X11; U; Linux i686; en-US; rv:1.8.0.4) Gecko/20060601 Firefox/1.5.0.4 (Swiftfox)"
199.126.158.107 - - [28/Aug/2006:15:48:00 -0400] "GET /images/alllangimages/header.gif HTTP/1.1" 200 20989 "http://darwinday.org/englishL/home/index.html" "Mozilla/5.0 (Windows; U; Windows NT 5.1; en-US; rv:1.8.0.6) Gecko/20060728 Firefox/1.5.0.6"
84.41.207.129 - - [28/Aug/2006:15:48:00 -0400] "GET /images/alllangimages/lincoln.gif HTTP/1.1" 200 11057 "http://darwinday.org/englishL/home/index.html" "Mozilla/5.0 (Windows; U; Windows NT 5.1; en-US; rv:1.8.0.4) Gecko/20060508 Firefox/1.5.0.4"
84.41.207.129 - - [28/Aug/2006:15:48:00 -0400] "GET /images/alllangimages/darwin.gif HTTP/1.1" 200 13783 "http://darwinday.org/englishL/home/index.html" "Mozilla/5.0 (Windows; U; Windows NT 5.1; en-US; rv:1.8.0.4) Gecko/20060508 Firefox/1.5.0.4"
199.126.158.107 - - [28/Aug/2006:15:48:00 -0400] "GET /englishL/images/titletrans.gif HTTP/1.1" 200 15588 "http://darwinday.org/englishL/home/index.html" "Mozilla/5.0 (Windows; U; Windows NT 5.1; en-US; rv:1.8.0.6) Gecko/20060728 Firefox/1.5.0.6"
84.41.207.129 - - [28/Aug/2006:15:48:00 -0400] "GET /images/alllangimages/worldmaptransp.gif HTTP/1.1" 200 128893 "http://darwinday.org/englishL/home/index.html" "Mozilla/5.0 (Windows; U; Windows NT 5.1; en-US; rv:1.8.0.4) Gecko/20060508 Firefox/1.5.0.4"
199.126.158.107 - - [28/Aug/2006:15:48:01 -0400] "GET /englishL/images/navbar.gif HTTP/1.1" 200 2667 "http://darwinday.org/englishL/home/index.html" "Mozilla/5.0 (Windows; U; Windows NT 5.1; en-US; rv:1.8.0.6) Gecko/20060728 Firefox/1.5.0.6"
84.41.207.129 - - [28/Aug/2006:15:48:01 -0400] "GET /englishL/home/images/beagle.gif HTTP/1.1" 200 37108 "http://darwinday.org/englishL/home/index.html" "Mozilla/5.0 (Windows; U; Windows NT 5.1; en-US; rv:1.8.0.4) Gecko/20060508 Firefox/1.5.0.4"
84.41.207.129 - - [28/Aug/2006:15:48:01 -0400] "GET /images/alllangimages/trans.gif HTTP/1.1" 200 49 "http://darwinday.org/englishL/home/index.html" "Mozilla/5.0 (Windows; U; Windows NT 5.1; en-US; rv:1.8.0.4) Gecko/20060508 Firefox/1.5.0.4"
84.41.207.129 - - [28/Aug/2006:15:48:01 -0400] "GET /englishL/home/images/joinus.gif HTTP/1.1" 200 524 "http://darwinday.org/englishL/home/index.html" "Mozilla/5.0 (Windows; U; Windows NT 5.1; en-US; rv:1.8.0.4) Gecko/20060508 Firefox/1.5.0.4"
84.41.207.129 - - [28/Aug/2006:15:48:01 -0400] "GET /images/alllangimages/DNAlogo.gif HTTP/1.1" 200 1370 "http://darwinday.org/englishL/currarts.html" "Mozilla/5.0 (Windows; U; Windows NT 5.1; en-US; rv:1.8.0.4) Gecko/20060508 Firefox/1.5.0.4"
84.41.207.129 - - [28/Aug/2006:15:48:01 -0400] "GET /englishL/home/images/horse.evolution.jpg HTTP/1.1" 200 29612 "http://darwinday.org/englishL/home/index.html" "Mozilla/5.0 (Windows; U; Windows NT 5.1; en-US; rv:1.8.0.4) Gecko/20060508 Firefox/1.5.0.4"
199.126.158.107 - - [28/Aug/2006:15:48:02 -0400] "GET /englishL/home/images/darwinages.gif HTTP/1.1" 200 50309 "http://darwinday.org/englishL/home/index.html" "Mozilla/5.0 (Windows; U; Windows NT 5.1; en-US; rv:1.8.0.6) Gecko/20060728 Firefox/1.5.0.6"
213.210.13.204 - - [28/Aug/2006:15:48:02 -0400] "GET /stylesheets/mainenglishL.css HTTP/1.1" 200 590 "http://darwinday.org/englishL/home/index.html" "Mozilla/5.0 (Windows; U; Windows NT 5.1; en-GB; rv:1.8.0.6) Gecko/20060728 Firefox/1.5.0.6"
213.210.13.204 - - [28/Aug/2006:15:48:02 -0400] "GET /englishL/home/index.html HTTP/1.1" 200 26022 "http://www.stumbleupon.com/refer.php?url=http%3A//darwinday.org/englishL/home/index.html" "Mozilla/5.0 (Windows; U; Windows NT 5.1; en-GB; rv:1.8.0.6) Gecko/20060728 Firefox/1.5.0.6"
213.210.13.204 - - [28/Aug/2006:15:48:02 -0400] "GET /stylesheets/main.css HTTP/1.1" 200 638 "http://darwinday.org/englishL/home/index.html" "Mozilla/5.0 (Windows; U; Windows NT 5.1; en-GB; rv:1.8.0.6) Gecko/20060728 Firefox/1.5.0.6"
199.126.158.107 - - [28/Aug/2006:15:48:02 -0400] "GET /images/alllangimages/arrow.gif HTTP/1.1" 200 112 "http://darwinday.org/englishL/home/index.html" "Mozilla/5.0 (Windows; U; Windows NT 5.1; en-US; rv:1.8.0.6) Gecko/20060728 Firefox/1.5.0.6"
213.210.13.204 - - [28/Aug/2006:15:48:03 -0400] "GET /images/alllangimages/topleftlogo.gif HTTP/1.1" 200 6907 "http://darwinday.org/englishL/home/index.html" "Mozilla/5.0 (Windows; U; Windows NT 5.1; en-GB; rv:1.8.0.6) Gecko/20060728 Firefox/1.5.0.6"
199.126.158.107 - - [28/Aug/2006:15:48:03 -0400] "GET /images/alllangimages/dnahorizl.gif HTTP/1.1" 200 2130 "http://darwinday.org/englishL/home/index.html" "Mozilla/5.0 (Windows; U; Windows NT 5.1; en-US; rv:1.8.0.6) Gecko/20060728 Firefox/1.5.0.6"
199.126.158.107 - - [28/Aug/2006:15:48:03 -0400] "GET /images/alllangimages/dnahoriz.gif HTTP/1.1" 200 3391 "http://darwinday.org/englishL/home/index.html" "Mozilla/5.0 (Windows; U; Windows NT 5.1; en-US; rv:1.8.0.6) Gecko/20060728 Firefox/1.5.0.6"
213.210.13.204 - - [28/Aug/2006:15:48:03 -0400] "GET /englishL/currarts.html HTTP/1.1" 200 4902 "http://darwinday.org/englishL/home/index.html" "Mozilla/5.0 (Windows; U; Windows NT 5.1; en-GB; rv:1.8.0.6) Gecko/20060728 Firefox/1.5.0.6"
199.126.158.107 - - [28/Aug/2006:15:48:03 -0400] "GET /images/alllangimages/dnahorizr.gif HTTP/1.1" 200 2104 "http://darwinday.org/englishL/home/index.html" "Mozilla/5.0 (Windows; U; Windows NT 5.1; en-US; rv:1.8.0.6) Gecko/20060728 Firefox/1.5.0.6"
213.210.13.204 - - [28/Aug/2006:15:48:03 -0400] "GET /images/alllangimages/header.gif HTTP/1.1" 200 20989 "http://darwinday.org/englishL/home/index.html" "Mozilla/5.0 (Windows; U; Windows NT 5.1; en-GB; rv:1.8.0.6) Gecko/20060728 Firefox/1.5.0.6"
199.126.158.107 - - [28/Aug/2006:15:48:03 -0400] "GET /images/alllangimages/lincoln.gif HTTP/1.1" 200 11057 "http://darwinday.org/englishL/home/index.html" "Mozilla/5.0 (Windows; U; Windows NT 5.1; en-US; rv:1.8.0.6) Gecko/20060728 Firefox/1.5.0.6"
199.126.158.107 - - [28/Aug/2006:15:48:04 -0400] "GET /images/alllangimages/darwin.gif HTTP/1.1" 200 13783 "http://darwinday.org/englishL/home/index.html" "Mozilla/5.0 (Windows; U; Windows NT 5.1; en-US; rv:1.8.0.6) Gecko/20060728 Firefox/1.5.0.6"
199.126.158.107 - - [28/Aug/2006:15:48:05 -0400] "GET /englishL/home/images/beagle.gif HTTP/1.1" 200 37108 "http://darwinday.org/englishL/home/index.html" "Mozilla/5.0 (Windows; U; Windows NT 5.1; en-US; rv:1.8.0.6) Gecko/20060728 Firefox/1.5.0.6"
213.210.13.204 - - [28/Aug/2006:15:48:05 -0400] "GET /images/alllangimages/worldmaptransp.gif HTTP/1.1" 200 128893 "http://darwinday.org/englishL/home/index.html" "Mozilla/5.0 (Windows; U; Windows NT 5.1; en-GB; rv:1.8.0.6) Gecko/20060728 Firefox/1.5.0.6"
199.126.158.107 - - [28/Aug/2006:15:48:06 -0400] "GET /images/alllangimages/trans.gif HTTP/1.1" 200 49 "http://darwinday.org/englishL/home/index.html" "Mozilla/5.0 (Windows; U; Windows NT 5.1; en-US; rv:1.8.0.6) Gecko/20060728 Firefox/1.5.0.6"
213.210.13.204 - - [28/Aug/2006:15:48:06 -0400] "GET /englishL/images/titletrans.gif HTTP/1.1" 200 15588 "http://darwinday.org/englishL/home/index.html" "Mozilla/5.0 (Windows; U; Windows NT 5.1; en-GB; rv:1.8.0.6) Gecko/20060728 Firefox/1.5.0.6"
213.210.13.204 - - [28/Aug/2006:15:48:06 -0400] "GET /englishL/images/navbar.gif HTTP/1.1" 200 2667 "http://darwinday.org/englishL/home/index.html" "Mozilla/5.0 (Windows; U; Windows NT 5.1; en-GB; rv:1.8.0.6) Gecko/20060728 Firefox/1.5.0.6"
199.126.158.107 - - [28/Aug/2006:15:48:06 -0400] "GET /englishL/home/images/joinus.gif HTTP/1.1" 200 524 "http://darwinday.org/englishL/home/index.html" "Mozilla/5.0 (Windows; U; Windows NT 5.1; en-US; rv:1.8.0.6) Gecko/20060728 Firefox/1.5.0.6"
81.97.156.162 - - [28/Aug/2006:15:48:06 -0400] "GET /favicon.ico HTTP/1.1" 404 3475 "-" "Mozilla/5.0 (Windows; U; Windows NT 5.0; en-US; rv:1.8.0.6) Gecko/20060728 Firefox/1.5.0.6"
213.210.13.204 - - [28/Aug/2006:15:48:06 -0400] "GET /images/alllangimages/arrow.gif HTTP/1.1" 200 112 "http://darwinday.org/englishL/home/index.html" "Mozilla/5.0 (Windows; U; Windows NT 5.1; en-GB; rv:1.8.0.6) Gecko/20060728 Firefox/1.5.0.6"
213.210.13.204 - - [28/Aug/2006:15:48:07 -0400] "GET /images/alllangimages/dnahorizl.gif HTTP/1.1" 200 2130 "http://darwinday.org/englishL/home/index.html" "Mozilla/5.0 (Windows; U; Windows NT 5.1; en-GB; rv:1.8.0.6) Gecko/20060728 Firefox/1.5.0.6"
213.210.13.204 - - [28/Aug/2006:15:48:07 -0400] "GET /images/alllangimages/dnahoriz.gif HTTP/1.1" 200 3391 "http://darwinday.org/englishL/home/index.html" "Mozilla/5.0 (Windows; U; Windows NT 5.1; en-GB; rv:1.8.0.6) Gecko/20060728 Firefox/1.5.0.6"
213.210.13.204 - - [28/Aug/2006:15:48:07 -0400] "GET /images/alllangimages/dnahorizr.gif HTTP/1.1" 200 2104 "http://darwinday.org/englishL/home/index.html" "Mozilla/5.0 (Windows; U; Windows NT 5.1; en-GB; rv:1.8.0.6) Gecko/20060728 Firefox/1.5.0.6"
199.126.158.107 - - [28/Aug/2006:15:48:07 -0400] "GET /englishL/home/images/horse.evolution.jpg HTTP/1.1" 200 29612 "http://darwinday.org/englishL/home/index.html" "Mozilla/5.0 (Windows; U; Windows NT 5.1; en-US; rv:1.8.0.6) Gecko/20060728 Firefox/1.5.0.6"
213.210.13.204 - - [28/Aug/2006:15:48:07 -0400] "GET /images/alllangimages/lincoln.gif HTTP/1.1" 200 11057 "http://darwinday.org/englishL/home/index.html" "Mozilla/5.0 (Windows; U; Windows NT 5.1; en-GB; rv:1.8.0.6) Gecko/20060728 Firefox/1.5.0.6"
199.126.158.107 - - [28/Aug/2006:15:48:07 -0400] "GET /images/alllangimages/worldmaptransp.gif HTTP/1.1" 200 128893 "http://darwinday.org/englishL/home/index.html" "Mozilla/5.0 (Windows; U; Windows NT 5.1; en-US; rv:1.8.0.6) Gecko/20060728 Firefox/1.5.0.6"
213.210.13.204 - - [28/Aug/2006:15:48:08 -0400] "GET /images/alllangimages/darwin.gif HTTP/1.1" 200 13783 "http://darwinday.org/englishL/home/index.html" "Mozilla/5.0 (Windows; U; Windows NT 5.1; en-GB; rv:1.8.0.6) Gecko/20060728 Firefox/1.5.0.6"
199.126.158.107 - - [28/Aug/2006:15:48:08 -0400] "GET /images/alllangimages/DNAlogo.gif HTTP/1.1" 200 1370 "http://darwinday.org/englishL/currarts.html" "Mozilla/5.0 (Windows; U; Windows NT 5.1; en-US; rv:1.8.0.6) Gecko/20060728 Firefox/1.5.0.6"
213.210.13.204 - - [28/Aug/2006:15:48:08 -0400] "GET /englishL/home/images/darwinages.gif HTTP/1.1" 200 50309 "http://darwinday.org/englishL/home/index.html" "Mozilla/5.0 (Windows; U; Windows NT 5.1; en-GB; rv:1.8.0.6) Gecko/20060728 Firefox/1.5.0.6"
199.126.158.107 - - [28/Aug/2006:15:48:08 -0400] "GET /favicon.ico HTTP/1.1" 404 3475 "-" "Mozilla/5.0 (Windows; U; Windows NT 5.1; en-US; rv:1.8.0.6) Gecko/20060728 Firefox/1.5.0.6"
213.210.13.204 - - [28/Aug/2006:15:48:08 -0400] "GET /images/alllangimages/trans.gif HTTP/1.1" 200 49 "http://darwinday.org/englishL/home/index.html" "Mozilla/5.0 (Windows; U; Windows NT 5.1; en-GB; rv:1.8.0.6) Gecko/20060728 Firefox/1.5.0.6"
213.210.13.204 - - [28/Aug/2006:15:48:08 -0400] "GET /englishL/home/images/joinus.gif HTTP/1.1" 200 524 "http://darwinday.org/englishL/home/index.html" "Mozilla/5.0 (Windows; U; Windows NT 5.1; en-GB; rv:1.8.0.6) Gecko/20060728 Firefox/1.5.0.6"
213.210.13.204 - - [28/Aug/2006:15:48:09 -0400] "GET /englishL/home/images/beagle.gif HTTP/1.1" 200 37108 "http://darwinday.org/englishL/home/index.html" "Mozilla/5.0 (Windows; U; Windows NT 5.1; en-GB; rv:1.8.0.6) Gecko/20060728 Firefox/1.5.0.6"
213.210.13.204 - - [28/Aug/2006:15:48:09 -0400] "GET /images/alllangimages/DNAlogo.gif HTTP/1.1" 200 1370 "http://darwinday.org/englishL/currarts.html" "Mozilla/5.0 (Windows; U; Windows NT 5.1; en-GB; rv:1.8.0.6) Gecko/20060728 Firefox/1.5.0.6"
213.210.13.204 - - [28/Aug/2006:15:48:09 -0400] "GET /englishL/home/images/horse.evolution.jpg HTTP/1.1" 200 29612 "http://darwinday.org/englishL/home/index.html" "Mozilla/5.0 (Windows; U; Windows NT 5.1; en-GB; rv:1.8.0.6) Gecko/20060728 Firefox/1.5.0.6"
213.210.13.204 - - [28/Aug/2006:15:48:10 -0400] "GET /favicon.ico HTTP/1.1" 404 3475 "-" "Mozilla/5.0 (Windows; U; Windows NT 5.1; en-GB; rv:1.8.0.6) Gecko/20060728 Firefox/1.5.0.6"
86.134.243.225 - - [28/Aug/2006:15:48:10 -0400] "GET /stylesheets/mainenglishL.css HTTP/1.1" 200 590 "http://darwinday.org/englishL/home/index.html" "Mozilla/5.0 (Windows; U; Windows NT 5.1; en-GB; rv:1.8.0.6) Gecko/20060728 Firefox/1.5.0.6"
86.134.243.225 - - [28/Aug/2006:15:48:11 -0400] "GET /stylesheets/main.css HTTP/1.1" 200 638 "http://darwinday.org/englishL/home/index.html" "Mozilla/5.0 (Windows; U; Windows NT 5.1; en-GB; rv:1.8.0.6) Gecko/20060728 Firefox/1.5.0.6"
86.134.243.225 - - [28/Aug/2006:15:48:11 -0400] "GET /englishL/home/index.html HTTP/1.1" 200 26022 "http://www.stumbleupon.com/refer.php?url=http%3A//darwinday.org/englishL/home/index.html" "Mozilla/5.0 (Windows; U; Windows NT 5.1; en-GB; rv:1.8.0.6) Gecko/20060728 Firefox/1.5.0.6"
86.134.243.225 - - [28/Aug/2006:15:48:11 -0400] "GET /images/alllangimages/topleftlogo.gif HTTP/1.1" 200 6907 "http://darwinday.org/englishL/home/index.html" "Mozilla/5.0 (Windows; U; Windows NT 5.1; en-GB; rv:1.8.0.6) Gecko/20060728 Firefox/1.5.0.6"
65.171.152.2 - - [28/Aug/2006:15:48:11 -0400] "GET /stylesheets/mainenglishL.css HTTP/1.0" 200 590 "http://darwinday.org/englishL/home/index.html" "Mozilla/5.0 (Windows; U; Windows NT 5.1; en-US; rv:1.8.0.6) Gecko/20060728 Firefox/1.5.0.6"
86.134.243.225 - - [28/Aug/2006:15:48:11 -0400] "GET /englishL/currarts.html HTTP/1.1" 200 4902 "http://darwinday.org/englishL/home/index.html" "Mozilla/5.0 (Windows; U; Windows NT 5.1; en-GB; rv:1.8.0.6) Gecko/20060728 Firefox/1.5.0.6"
65.171.152.2 - - [28/Aug/2006:15:48:11 -0400] "GET /stylesheets/main.css HTTP/1.0" 200 638 "http://darwinday.org/englishL/home/index.html" "Mozilla/5.0 (Windows; U; Windows NT 5.1; en-US; rv:1.8.0.6) Gecko/20060728 Firefox/1.5.0.6"
65.171.152.2 - - [28/Aug/2006:15:48:11 -0400] "GET /englishL/home/index.html HTTP/1.0" 200 26022 "http://www.stumbleupon.com/refer.php?url=http%3A//darwinday.org/englishL/home/index.html" "Mozilla/5.0 (Windows; U; Windows NT 5.1; en-US; rv:1.8.0.6) Gecko/20060728 Firefox/1.5.0.6"
65.171.152.2 - - [28/Aug/2006:15:48:11 -0400] "GET /englishL/images/navbar.gif HTTP/1.0" 200 2667 "http://darwinday.org/englishL/home/index.html" "Mozilla/5.0 (Windows; U; Windows NT 5.1; en-US; rv:1.8.0.6) Gecko/20060728 Firefox/1.5.0.6"
65.171.152.2 - - [28/Aug/2006:15:48:11 -0400] "GET /images/alllangimages/arrow.gif HTTP/1.0" 200 112 "http://darwinday.org/englishL/home/index.html" "Mozilla/5.0 (Windows; U; Windows NT 5.1; en-US; rv:1.8.0.6) Gecko/20060728 Firefox/1.5.0.6"
65.171.152.2 - - [28/Aug/2006:15:48:11 -0400] "GET /images/alllangimages/topleftlogo.gif HTTP/1.0" 200 6907 "http://darwinday.org/englishL/home/index.html" "Mozilla/5.0 (Windows; U; Windows NT 5.1; en-US; rv:1.8.0.6) Gecko/20060728 Firefox/1.5.0.6"
65.171.152.2 - - [28/Aug/2006:15:48:11 -0400] "GET /images/alllangimages/dnahorizr.gif HTTP/1.0" 200 2104 "http://darwinday.org/englishL/home/index.html" "Mozilla/5.0 (Windows; U; Windows NT 5.1; en-US; rv:1.8.0.6) Gecko/20060728 Firefox/1.5.0.6"
65.171.152.2 - - [28/Aug/2006:15:48:11 -0400] "GET /englishL/currarts.html HTTP/1.0" 200 4902 "http://darwinday.org/englishL/home/index.html" "Mozilla/5.0 (Windows; U; Windows NT 5.1; en-US; rv:1.8.0.6) Gecko/20060728 Firefox/1.5.0.6"
65.171.152.2 - - [28/Aug/2006:15:48:11 -0400] "GET /images/alllangimages/lincoln.gif HTTP/1.0" 200 11057 "http://darwinday.org/englishL/home/index.html" "Mozilla/5.0 (Windows; U; Windows NT 5.1; en-US; rv:1.8.0.6) Gecko/20060728 Firefox/1.5.0.6"
65.171.152.2 - - [28/Aug/2006:15:48:11 -0400] "GET /englishL/images/titletrans.gif HTTP/1.0" 200 15588 "http://darwinday.org/englishL/home/index.html" "Mozilla/5.0 (Windows; U; Windows NT 5.1; en-US; rv:1.8.0.6) Gecko/20060728 Firefox/1.5.0.6"
65.171.152.2 - - [28/Aug/2006:15:48:11 -0400] "GET /images/alllangimages/trans.gif HTTP/1.0" 200 49 "http://darwinday.org/englishL/home/index.html" "Mozilla/5.0 (Windows; U; Windows NT 5.1; en-US; rv:1.8.0.6) Gecko/20060728 Firefox/1.5.0.6"
65.171.152.2 - - [28/Aug/2006:15:48:11 -0400] "GET /englishL/home/images/joinus.gif HTTP/1.0" 200 524 "http://darwinday.org/englishL/home/index.html" "Mozilla/5.0 (Windows; U; Windows NT 5.1; en-US; rv:1.8.0.6) Gecko/20060728 Firefox/1.5.0.6"
86.134.243.225 - - [28/Aug/2006:15:48:11 -0400] "GET /images/alllangimages/header.gif HTTP/1.1" 200 20989 "http://darwinday.org/englishL/home/index.html" "Mozilla/5.0 (Windows; U; Windows NT 5.1; en-GB; rv:1.8.0.6) Gecko/20060728 Firefox/1.5.0.6"
65.171.152.2 - - [28/Aug/2006:15:48:11 -0400] "GET /images/alllangimages/header.gif HTTP/1.0" 200 20989 "http://darwinday.org/englishL/home/index.html" "Mozilla/5.0 (Windows; U; Windows NT 5.1; en-US; rv:1.8.0.6) Gecko/20060728 Firefox/1.5.0.6"
65.171.152.2 - - [28/Aug/2006:15:48:11 -0400] "GET /images/alllangimages/dnahorizl.gif HTTP/1.0" 200 2130 "http://darwinday.org/englishL/home/index.html" "Mozilla/5.0 (Windows; U; Windows NT 5.1; en-US; rv:1.8.0.6) Gecko/20060728 Firefox/1.5.0.6"
65.171.152.2 - - [28/Aug/2006:15:48:12 -0400] "GET /englishL/home/images/darwinages.gif HTTP/1.0" 200 50309 "http://darwinday.org/englishL/home/index.html" "Mozilla/5.0 (Windows; U; Windows NT 5.1; en-US; rv:1.8.0.6) Gecko/20060728 Firefox/1.5.0.6"
86.134.243.225 - - [28/Aug/2006:15:48:12 -0400] "GET /englishL/images/titletrans.gif HTTP/1.1" 200 15588 "http://darwinday.org/englishL/home/index.html" "Mozilla/5.0 (Windows; U; Windows NT 5.1; en-GB; rv:1.8.0.6) Gecko/20060728 Firefox/1.5.0.6"
65.171.152.2 - - [28/Aug/2006:15:48:12 -0400] "GET /images/alllangimages/dnahoriz.gif HTTP/1.0" 200 3391 "http://darwinday.org/englishL/home/index.html" "Mozilla/5.0 (Windows; U; Windows NT 5.1; en-US; rv:1.8.0.6) Gecko/20060728 Firefox/1.5.0.6"
65.171.152.2 - - [28/Aug/2006:15:48:12 -0400] "GET /images/alllangimages/darwin.gif HTTP/1.0" 200 13783 "http://darwinday.org/englishL/home/index.html" "Mozilla/5.0 (Windows; U; Windows NT 5.1; en-US; rv:1.8.0.6) Gecko/20060728 Firefox/1.5.0.6"
65.171.152.2 - - [28/Aug/2006:15:48:12 -0400] "GET /images/alllangimages/DNAlogo.gif HTTP/1.0" 200 1370 "http://darwinday.org/englishL/currarts.html" "Mozilla/5.0 (Windows; U; Windows NT 5.1; en-US; rv:1.8.0.6) Gecko/20060728 Firefox/1.5.0.6"
65.171.152.2 - - [28/Aug/2006:15:48:12 -0400] "GET /englishL/home/images/horse.evolution.jpg HTTP/1.0" 200 29612 "http://darwinday.org/englishL/home/index.html" "Mozilla/5.0 (Windows; U; Windows NT 5.1; en-US; rv:1.8.0.6) Gecko/20060728 Firefox/1.5.0.6"
86.134.243.225 - - [28/Aug/2006:15:48:12 -0400] "GET /englishL/images/navbar.gif HTTP/1.1" 200 2667 "http://darwinday.org/englishL/home/index.html" "Mozilla/5.0 (Windows; U; Windows NT 5.1; en-GB; rv:1.8.0.6) Gecko/20060728 Firefox/1.5.0.6"
65.171.152.2 - - [28/Aug/2006:15:48:12 -0400] "GET /englishL/home/images/beagle.gif HTTP/1.0" 200 37108 "http://darwinday.org/englishL/home/index.html" "Mozilla/5.0 (Windows; U; Windows NT 5.1; en-US; rv:1.8.0.6) Gecko/20060728 Firefox/1.5.0.6"
81.97.156.162 - - [28/Aug/2006:15:48:13 -0400] "GET /favicon.ico HTTP/1.1" 404 3475 "-" "Mozilla/5.0 (Windows; U; Windows NT 5.0; en-US; rv:1.8.0.6) Gecko/20060728 Firefox/1.5.0.6"
86.134.243.225 - - [28/Aug/2006:15:48:13 -0400] "GET /englishL/home/images/darwinages.gif HTTP/1.1" 200 50309 "http://darwinday.org/englishL/home/index.html" "Mozilla/5.0 (Windows; U; Windows NT 5.1; en-GB; rv:1.8.0.6) Gecko/20060728 Firefox/1.5.0.6"
81.97.156.162 - - [28/Aug/2006:15:48:14 -0400] "GET /favicon.ico HTTP/1.1" 404 3475 "-" "Mozilla/5.0 (Windows; U; Windows NT 5.0; en-US; rv:1.8.0.6) Gecko/20060728 Firefox/1.5.0.6"
86.134.243.225 - - [28/Aug/2006:15:48:14 -0400] "GET /images/alllangimages/arrow.gif HTTP/1.1" 200 112 "http://darwinday.org/englishL/home/index.html" "Mozilla/5.0 (Windows; U; Windows NT 5.1; en-GB; rv:1.8.0.6) Gecko/20060728 Firefox/1.5.0.6"
86.134.243.225 - - [28/Aug/2006:15:48:14 -0400] "GET /images/alllangimages/worldmaptransp.gif HTTP/1.1" 200 128893 "http://darwinday.org/englishL/home/index.html" "Mozilla/5.0 (Windows; U; Windows NT 5.1; en-GB; rv:1.8.0.6) Gecko/20060728 Firefox/1.5.0.6"
86.134.243.225 - - [28/Aug/2006:15:48:14 -0400] "GET /images/alllangimages/dnahorizl.gif HTTP/1.1" 200 2130 "http://darwinday.org/englishL/home/index.html" "Mozilla/5.0 (Windows; U; Windows NT 5.1; en-GB; rv:1.8.0.6) Gecko/20060728 Firefox/1.5.0.6"
134.197.80.27 - - [28/Aug/2006:15:48:14 -0400] "GET /robots.txt HTTP/1.1" 404 3474 "-" "Mozilla/5.0 (Windows; U; Windows NT 5.1; en-US; rv:1.8.0.6) Gecko/20060728 Firefox/1.5.0.6"
134.197.80.27 - - [28/Aug/2006:15:48:14 -0400] "GET /favicon.ico HTTP/1.1" 404 3475 "-" "Mozilla/5.0 (Windows; U; Windows NT 5.1; en-US; rv:1.8.0.6) Gecko/20060728 Firefox/1.5.0.6"
86.134.243.225 - - [28/Aug/2006:15:48:14 -0400] "GET /images/alllangimages/dnahoriz.gif HTTP/1.1" 200 3391 "http://darwinday.org/englishL/home/index.html" "Mozilla/5.0 (Windows; U; Windows NT 5.1; en-GB; rv:1.8.0.6) Gecko/20060728 Firefox/1.5.0.6"
134.197.80.27 - - [28/Aug/2006:15:48:14 -0400] "GET /favicon.ico HTTP/1.1" 404 3475 "-" "Mozilla/4.0 (compatible; Google Desktop)"
134.197.80.27 - - [28/Aug/2006:15:48:14 -0400] "GET /robots.txt HTTP/1.1" 404 3474 "-" "Mozilla/5.0 (Windows; U; Windows NT 5.1; en-US; rv:1.8.0.6) Gecko/20060728 Firefox/1.5.0.6"
134.197.80.27 - - [28/Aug/2006:15:48:15 -0400] "GET /robots.txt HTTP/1.1" 404 3474 "-" "Mozilla/5.0 (Windows; U; Windows NT 5.1; en-US; rv:1.8.0.6) Gecko/20060728 Firefox/1.5.0.6"
86.134.243.225 - - [28/Aug/2006:15:48:15 -0400] "GET /images/alllangimages/dnahorizr.gif HTTP/1.1" 200 2104 "http://darwinday.org/englishL/home/index.html" "Mozilla/5.0 (Windows; U; Windows NT 5.1; en-GB; rv:1.8.0.6) Gecko/20060728 Firefox/1.5.0.6"
65.171.152.2 - - [28/Aug/2006:15:48:15 -0400] "GET /images/alllangimages/worldmaptransp.gif HTTP/1.0" 200 128893 "http://darwinday.org/englishL/home/index.html" "Mozilla/5.0 (Windows; U; Windows NT 5.1; en-US; rv:1.8.0.6) Gecko/20060728 Firefox/1.5.0.6"
134.197.80.27 - - [28/Aug/2006:15:48:15 -0400] "GET /robots.txt HTTP/1.1" 404 3474 "-" "Mozilla/5.0 (Windows; U; Windows NT 5.1; en-US; rv:1.8.0.6) Gecko/20060728 Firefox/1.5.0.6"
65.171.152.2 - - [28/Aug/2006:15:48:15 -0400] "GET /favicon.ico HTTP/1.0" 404 3463 "-" "Mozilla/5.0 (Windows; U; Windows NT 5.1; en-US; rv:1.8.0.6) Gecko/20060728 Firefox/1.5.0.6"
86.134.243.225 - - [28/Aug/2006:15:48:15 -0400] "GET /images/alllangimages/lincoln.gif HTTP/1.1" 200 11057 "http://darwinday.org/englishL/home/index.html" "Mozilla/5.0 (Windows; U; Windows NT 5.1; en-GB; rv:1.8.0.6) Gecko/20060728 Firefox/1.5.0.6"
86.134.243.225 - - [28/Aug/2006:15:48:15 -0400] "GET /images/alllangimages/darwin.gif HTTP/1.1" 200 13783 "http://darwinday.org/englishL/home/index.html" "Mozilla/5.0 (Windows; U; Windows NT 5.1; en-GB; rv:1.8.0.6) Gecko/20060728 Firefox/1.5.0.6"
86.134.243.225 - - [28/Aug/2006:15:48:16 -0400] "GET /images/alllangimages/trans.gif HTTP/1.1" 200 49 "http://darwinday.org/englishL/home/index.html" "Mozilla/5.0 (Windows; U; Windows NT 5.1; en-GB; rv:1.8.0.6) Gecko/20060728 Firefox/1.5.0.6"
86.134.243.225 - - [28/Aug/2006:15:48:16 -0400] "GET /englishL/home/images/joinus.gif HTTP/1.1" 200 524 "http://darwinday.org/englishL/home/index.html" "Mozilla/5.0 (Windows; U; Windows NT 5.1; en-GB; rv:1.8.0.6) Gecko/20060728 Firefox/1.5.0.6"
86.134.243.225 - - [28/Aug/2006:15:48:16 -0400] "GET /englishL/home/images/beagle.gif HTTP/1.1" 200 37108 "http://darwinday.org/englishL/home/index.html" "Mozilla/5.0 (Windows; U; Windows NT 5.1; en-GB; rv:1.8.0.6) Gecko/20060728 Firefox/1.5.0.6"
86.134.243.225 - - [28/Aug/2006:15:48:16 -0400] "GET /images/alllangimages/DNAlogo.gif HTTP/1.1" 200 1370 "http://darwinday.org/englishL/currarts.html" "Mozilla/5.0 (Windows; U; Windows NT 5.1; en-GB; rv:1.8.0.6) Gecko/20060728 Firefox/1.5.0.6"
86.134.243.225 - - [28/Aug/2006:15:48:16 -0400] "GET /englishL/home/images/horse.evolution.jpg HTTP/1.1" 200 29612 "http://darwinday.org/englishL/home/index.html" "Mozilla/5.0 (Windows; U; Windows NT 5.1; en-GB; rv:1.8.0.6) Gecko/20060728 Firefox/1.5.0.6"
86.134.243.225 - - [28/Aug/2006:15:48:17 -0400] "GET /favicon.ico HTTP/1.1" 404 3475 "-" "Mozilla/5.0 (Windows; U; Windows NT 5.1; en-GB; rv:1.8.0.6) Gecko/20060728 Firefox/1.5.0.6"
64.234.142.95 - - [28/Aug/2006:15:48:20 -0400] "GET /stylesheets/mainenglishL.css HTTP/1.1" 200 590 "http://darwinday.org/englishL/home/index.html" "Mozilla/5.0 (Windows; U; Windows NT 5.1; en-US; rv:1.8.0.6) Gecko/20060728 Firefox/1.5.0.6"
64.234.142.95 - - [28/Aug/2006:15:48:20 -0400] "GET /englishL/home/index.html HTTP/1.1" 200 26022 "http://www.stumbleupon.com/refer.php?url=http%3A//darwinday.org/englishL/home/index.html" "Mozilla/5.0 (Windows; U; Windows NT 5.1; en-US; rv:1.8.0.6) Gecko/20060728 Firefox/1.5.0.6"
64.234.142.95 - - [28/Aug/2006:15:48:20 -0400] "GET /stylesheets/main.css HTTP/1.1" 200 638 "http://darwinday.org/englishL/home/index.html" "Mozilla/5.0 (Windows; U; Windows NT 5.1; en-US; rv:1.8.0.6) Gecko/20060728 Firefox/1.5.0.6"
64.234.142.95 - - [28/Aug/2006:15:48:20 -0400] "GET /images/alllangimages/topleftlogo.gif HTTP/1.1" 200 6907 "http://darwinday.org/englishL/home/index.html" "Mozilla/5.0 (Windows; U; Windows NT 5.1; en-US; rv:1.8.0.6) Gecko/20060728 Firefox/1.5.0.6"
64.234.142.95 - - [28/Aug/2006:15:48:21 -0400] "GET /englishL/currarts.html HTTP/1.1" 200 4902 "http://darwinday.org/englishL/home/index.html" "Mozilla/5.0 (Windows; U; Windows NT 5.1; en-US; rv:1.8.0.6) Gecko/20060728 Firefox/1.5.0.6"
64.234.142.95 - - [28/Aug/2006:15:48:21 -0400] "GET /images/alllangimages/header.gif HTTP/1.1" 200 20989 "http://darwinday.org/englishL/home/index.html" "Mozilla/5.0 (Windows; U; Windows NT 5.1; en-US; rv:1.8.0.6) Gecko/20060728 Firefox/1.5.0.6"
64.234.142.95 - - [28/Aug/2006:15:48:22 -0400] "GET /englishL/images/titletrans.gif HTTP/1.1" 200 15588 "http://darwinday.org/englishL/home/index.html" "Mozilla/5.0 (Windows; U; Windows NT 5.1; en-US; rv:1.8.0.6) Gecko/20060728 Firefox/1.5.0.6"
64.234.142.95 - - [28/Aug/2006:15:48:22 -0400] "GET /englishL/images/navbar.gif HTTP/1.1" 200 2667 "http://darwinday.org/englishL/home/index.html" "Mozilla/5.0 (Windows; U; Windows NT 5.1; en-US; rv:1.8.0.6) Gecko/20060728 Firefox/1.5.0.6"
67.186.21.18 - - [28/Aug/2006:15:48:25 -0400] "GET /englishL/home/index.html HTTP/1.1" 200 26022 "http://www.stumbleupon.com/refer.html" "Mozilla/5.0 (Windows; U; Windows NT 5.1; en-US; rv:1.8.0.6) Gecko/20060728 Firefox/1.5.0.6"
67.186.21.18 - - [28/Aug/2006:15:48:25 -0400] "GET /stylesheets/mainenglishL.css HTTP/1.1" 200 590 "http://darwinday.org/englishL/home/index.html" "Mozilla/5.0 (Windows; U; Windows NT 5.1; en-US; rv:1.8.0.6) Gecko/20060728 Firefox/1.5.0.6"
67.186.21.18 - - [28/Aug/2006:15:48:25 -0400] "GET /stylesheets/main.css HTTP/1.1" 200 638 "http://darwinday.org/englishL/home/index.html" "Mozilla/5.0 (Windows; U; Windows NT 5.1; en-US; rv:1.8.0.6) Gecko/20060728 Firefox/1.5.0.6"
67.186.21.18 - - [28/Aug/2006:15:48:25 -0400] "GET /images/alllangimages/header.gif HTTP/1.1" 200 20989 "http://darwinday.org/englishL/home/index.html" "Mozilla/5.0 (Windows; U; Windows NT 5.1; en-US; rv:1.8.0.6) Gecko/20060728 Firefox/1.5.0.6"
67.186.21.18 - - [28/Aug/2006:15:48:25 -0400] "GET /images/alllangimages/topleftlogo.gif HTTP/1.1" 200 6907 "http://darwinday.org/englishL/home/index.html" "Mozilla/5.0 (Windows; U; Windows NT 5.1; en-US; rv:1.8.0.6) Gecko/20060728 Firefox/1.5.0.6"
203.212.237.173 - - [28/Aug/2006:15:48:25 -0400] "GET /englishL/home/index.html HTTP/1.1" 200 26022 "-" "Mozilla/5.0 (Windows; U; Windows NT 5.1; en-US; rv:1.8.0.6) Gecko/20060728 Firefox/1.5.0.6"
67.186.21.18 - - [28/Aug/2006:15:48:25 -0400] "GET /englishL/currarts.html HTTP/1.1" 200 4902 "http://darwinday.org/englishL/home/index.html" "Mozilla/5.0 (Windows; U; Windows NT 5.1; en-US; rv:1.8.0.6) Gecko/20060728 Firefox/1.5.0.6"
67.186.21.18 - - [28/Aug/2006:15:48:25 -0400] "GET /englishL/images/titletrans.gif HTTP/1.1" 200 15588 "http://darwinday.org/englishL/home/index.html" "Mozilla/5.0 (Windows; U; Windows NT 5.1; en-US; rv:1.8.0.6) Gecko/20060728 Firefox/1.5.0.6"
67.186.21.18 - - [28/Aug/2006:15:48:25 -0400] "GET /englishL/images/navbar.gif HTTP/1.1" 200 2667 "http://darwinday.org/englishL/home/index.html" "Mozilla/5.0 (Windows; U; Windows NT 5.1; en-US; rv:1.8.0.6) Gecko/20060728 Firefox/1.5.0.6"
67.186.21.18 - - [28/Aug/2006:15:48:26 -0400] "GET /englishL/home/images/darwinages.gif HTTP/1.1" 200 50309 "http://darwinday.org/englishL/home/index.html" "Mozilla/5.0 (Windows; U; Windows NT 5.1; en-US; rv:1.8.0.6) Gecko/20060728 Firefox/1.5.0.6"
67.186.21.18 - - [28/Aug/2006:15:48:26 -0400] "GET /images/alllangimages/worldmaptransp.gif HTTP/1.1" 200 128893 "http://darwinday.org/englishL/home/index.html" "Mozilla/5.0 (Windows; U; Windows NT 5.1; en-US; rv:1.8.0.6) Gecko/20060728 Firefox/1.5.0.6"
67.186.21.18 - - [28/Aug/2006:15:48:26 -0400] "GET /images/alllangimages/arrow.gif HTTP/1.1" 200 112 "http://darwinday.org/englishL/home/index.html" "Mozilla/5.0 (Windows; U; Windows NT 5.1; en-US; rv:1.8.0.6) Gecko/20060728 Firefox/1.5.0.6"
67.186.21.18 - - [28/Aug/2006:15:48:26 -0400] "GET /images/alllangimages/dnahorizl.gif HTTP/1.1" 200 2130 "http://darwinday.org/englishL/home/index.html" "Mozilla/5.0 (Windows; U; Windows NT 5.1; en-US; rv:1.8.0.6) Gecko/20060728 Firefox/1.5.0.6"
67.186.21.18 - - [28/Aug/2006:15:48:26 -0400] "GET /images/alllangimages/dnahoriz.gif HTTP/1.1" 200 3391 "http://darwinday.org/englishL/home/index.html" "Mozilla/5.0 (Windows; U; Windows NT 5.1; en-US; rv:1.8.0.6) Gecko/20060728 Firefox/1.5.0.6"
67.186.21.18 - - [28/Aug/2006:15:48:26 -0400] "GET /images/alllangimages/dnahorizr.gif HTTP/1.1" 200 2104 "http://darwinday.org/englishL/home/index.html" "Mozilla/5.0 (Windows; U; Windows NT 5.1; en-US; rv:1.8.0.6) Gecko/20060728 Firefox/1.5.0.6"
203.212.237.173 - - [28/Aug/2006:15:48:26 -0400] "GET /stylesheets/mainenglishL.css HTTP/1.1" 200 590 "http://darwinday.org/englishL/home/index.html" "Mozilla/5.0 (Windows; U; Windows NT 5.1; en-US; rv:1.8.0.6) Gecko/20060728 Firefox/1.5.0.6"
67.186.21.18 - - [28/Aug/2006:15:48:26 -0400] "GET /images/alllangimages/lincoln.gif HTTP/1.1" 200 11057 "http://darwinday.org/englishL/home/index.html" "Mozilla/5.0 (Windows; U; Windows NT 5.1; en-US; rv:1.8.0.6) Gecko/20060728 Firefox/1.5.0.6"
67.186.21.18 - - [28/Aug/2006:15:48:26 -0400] "GET /images/alllangimages/darwin.gif HTTP/1.1" 200 13783 "http://darwinday.org/englishL/home/index.html" "Mozilla/5.0 (Windows; U; Windows NT 5.1; en-US; rv:1.8.0.6) Gecko/20060728 Firefox/1.5.0.6"
67.186.21.18 - - [28/Aug/2006:15:48:26 -0400] "GET /englishL/home/images/beagle.gif HTTP/1.1" 200 37108 "http://darwinday.org/englishL/home/index.html" "Mozilla/5.0 (Windows; U; Windows NT 5.1; en-US; rv:1.8.0.6) Gecko/20060728 Firefox/1.5.0.6"
67.186.21.18 - - [28/Aug/2006:15:48:26 -0400] "GET /images/alllangimages/trans.gif HTTP/1.1" 200 49 "http://darwinday.org/englishL/home/index.html" "Mozilla/5.0 (Windows; U; Windows NT 5.1; en-US; rv:1.8.0.6) Gecko/20060728 Firefox/1.5.0.6"
67.186.21.18 - - [28/Aug/2006:15:48:26 -0400] "GET /englishL/home/images/joinus.gif HTTP/1.1" 200 524 "http://darwinday.org/englishL/home/index.html" "Mozilla/5.0 (Windows; U; Windows NT 5.1; en-US; rv:1.8.0.6) Gecko/20060728 Firefox/1.5.0.6"
67.186.21.18 - - [28/Aug/2006:15:48:26 -0400] "GET /englishL/home/images/horse.evolution.jpg HTTP/1.1" 200 29612 "http://darwinday.org/englishL/home/index.html" "Mozilla/5.0 (Windows; U; Windows NT 5.1; en-US; rv:1.8.0.6) Gecko/20060728 Firefox/1.5.0.6"
200.72.158.75 - - [28/Aug/2006:15:48:26 -0400] "GET /stylesheets/mainenglishL.css HTTP/1.1" 200 590 "http://darwinday.org/englishL/home/index.html" "Mozilla/5.0 (Windows; U; Windows NT 5.1; es-AR; rv:1.8.0.6) Gecko/20060728 Firefox/1.5.0.6"
67.186.21.18 - - [28/Aug/2006:15:48:26 -0400] "GET /images/alllangimages/DNAlogo.gif HTTP/1.1" 200 1370 "http://darwinday.org/englishL/currarts.html" "Mozilla/5.0 (Windows; U; Windows NT 5.1; en-US; rv:1.8.0.6) Gecko/20060728 Firefox/1.5.0.6"
67.186.21.18 - - [28/Aug/2006:15:48:27 -0400] "GET /favicon.ico HTTP/1.1" 404 3475 "-" "Mozilla/5.0 (Windows; U; Windows NT 5.1; en-US; rv:1.8.0.6) Gecko/20060728 Firefox/1.5.0.6"
64.234.142.95 - - [28/Aug/2006:15:48:27 -0400] "GET /images/alllangimages/worldmaptransp.gif HTTP/1.1" 200 128893 "http://darwinday.org/englishL/home/index.html" "Mozilla/5.0 (Windows; U; Windows NT 5.1; en-US; rv:1.8.0.6) Gecko/20060728 Firefox/1.5.0.6"
200.72.158.75 - - [28/Aug/2006:15:48:27 -0400] "GET /stylesheets/main.css HTTP/1.1" 200 638 "http://darwinday.org/englishL/home/index.html" "Mozilla/5.0 (Windows; U; Windows NT 5.1; es-AR; rv:1.8.0.6) Gecko/20060728 Firefox/1.5.0.6"
200.72.158.75 - - [28/Aug/2006:15:48:27 -0400] "GET /englishL/home/index.html HTTP/1.1" 200 26022 "http://www.stumbleupon.com/refer.php?url=http%3A//darwinday.org/englishL/home/index.html" "Mozilla/5.0 (Windows; U; Windows NT 5.1; es-AR; rv:1.8.0.6) Gecko/20060728 Firefox/1.5.0.6"
203.212.237.173 - - [28/Aug/2006:15:48:27 -0400] "GET /stylesheets/main.css HTTP/1.1" 200 638 "http://darwinday.org/englishL/home/index.html" "Mozilla/5.0 (Windows; U; Windows NT 5.1; en-US; rv:1.8.0.6) Gecko/20060728 Firefox/1.5.0.6"
64.234.142.95 - - [28/Aug/2006:15:48:27 -0400] "GET /images/alllangimages/arrow.gif HTTP/1.1" 200 112 "http://darwinday.org/englishL/home/index.html" "Mozilla/5.0 (Windows; U; Windows NT 5.1; en-US; rv:1.8.0.6) Gecko/20060728 Firefox/1.5.0.6"
