159.18.205.3 - - [28/Aug/2006:12:10:57 -0400] "GET /englishL/images/navbar.gif HTTP/1.1" 200 2667 "http://www.stumbleupon.com/refer.php?url=http%3A%2F%2Fdarwinday.org%2FenglishL%2Fhome%2Findex.html" "Mozilla/4.0 (compatible; MSIE 6.0; Windows NT 5.1; SV1; .NET CLR 1.0.3705)"
159.18.205.3 - - [28/Aug/2006:12:10:58 -0400] "GET /images/alllangimages/worldmaptransp.gif HTTP/1.1" 200 128893 "http://www.stumbleupon.com/refer.php?url=http%3A%2F%2Fdarwinday.org%2FenglishL%2Fhome%2Findex.html" "Mozilla/4.0 (compatible; MSIE 6.0; Windows NT 5.1; SV1; .NET CLR 1.0.3705)"
159.18.205.3 - - [28/Aug/2006:12:10:58 -0400] "GET /englishL/home/images/darwinages.gif HTTP/1.1" 200 50309 "http://www.stumbleupon.com/refer.php?url=http%3A%2F%2Fdarwinday.org%2FenglishL%2Fhome%2Findex.html" "Mozilla/4.0 (compatible; MSIE 6.0; Windows NT 5.1; SV1; .NET CLR 1.0.3705)"
159.18.205.3 - - [28/Aug/2006:12:10:58 -0400] "GET /images/alllangimages/arrow.gif HTTP/1.1" 200 112 "http://www.stumbleupon.com/refer.php?url=http%3A%2F%2Fdarwinday.org%2FenglishL%2Fhome%2Findex.html" "Mozilla/4.0 (compatible; MSIE 6.0; Windows NT 5.1; SV1; .NET CLR 1.0.3705)"
159.18.205.3 - - [28/Aug/2006:12:10:58 -0400] "GET /images/alllangimages/dnahorizl.gif HTTP/1.1" 200 2130 "http://www.stumbleupon.com/refer.php?url=http%3A%2F%2Fdarwinday.org%2FenglishL%2Fhome%2Findex.html" "Mozilla/4.0 (compatible; MSIE 6.0; Windows NT 5.1; SV1; .NET CLR 1.0.3705)"
159.18.205.3 - - [28/Aug/2006:12:10:58 -0400] "GET /images/alllangimages/dnahoriz.gif HTTP/1.1" 200 3391 "http://www.stumbleupon.com/refer.php?url=http%3A%2F%2Fdarwinday.org%2FenglishL%2Fhome%2Findex.html" "Mozilla/4.0 (compatible; MSIE 6.0; Windows NT 5.1; SV1; .NET CLR 1.0.3705)"
159.18.205.3 - - [28/Aug/2006:12:10:58 -0400] "GET /images/alllangimages/dnahorizr.gif HTTP/1.1" 200 2104 "http://www.stumbleupon.com/refer.php?url=http%3A%2F%2Fdarwinday.org%2FenglishL%2Fhome%2Findex.html" "Mozilla/4.0 (compatible; MSIE 6.0; Windows NT 5.1; SV1; .NET CLR 1.0.3705)"
159.18.205.3 - - [28/Aug/2006:12:10:58 -0400] "GET /images/alllangimages/lincoln.gif HTTP/1.1" 200 11057 "http://www.stumbleupon.com/refer.php?url=http%3A%2F%2Fdarwinday.org%2FenglishL%2Fhome%2Findex.html" "Mozilla/4.0 (compatible; MSIE 6.0; Windows NT 5.1; SV1; .NET CLR 1.0.3705)"
159.18.205.3 - - [28/Aug/2006:12:10:58 -0400] "GET /images/alllangimages/darwin.gif HTTP/1.1" 200 13783 "http://www.stumbleupon.com/refer.php?url=http%3A%2F%2Fdarwinday.org%2FenglishL%2Fhome%2Findex.html" "Mozilla/4.0 (compatible; MSIE 6.0; Windows NT 5.1; SV1; .NET CLR 1.0.3705)"
159.18.205.3 - - [28/Aug/2006:12:10:59 -0400] "GET /images/alllangimages/trans.gif HTTP/1.1" 200 49 "http://www.stumbleupon.com/refer.php?url=http%3A%2F%2Fdarwinday.org%2FenglishL%2Fhome%2Findex.html" "Mozilla/4.0 (compatible; MSIE 6.0; Windows NT 5.1; SV1; .NET CLR 1.0.3705)"
159.18.205.3 - - [28/Aug/2006:12:10:59 -0400] "GET /englishL/home/images/joinus.gif HTTP/1.1" 200 524 "http://www.stumbleupon.com/refer.php?url=http%3A%2F%2Fdarwinday.org%2FenglishL%2Fhome%2Findex.html" "Mozilla/4.0 (compatible; MSIE 6.0; Windows NT 5.1; SV1; .NET CLR 1.0.3705)"
159.18.205.3 - - [28/Aug/2006:12:10:59 -0400] "GET /englishL/home/images/beagle.gif HTTP/1.1" 200 37108 "http://www.stumbleupon.com/refer.php?url=http%3A%2F%2Fdarwinday.org%2FenglishL%2Fhome%2Findex.html" "Mozilla/4.0 (compatible; MSIE 6.0; Windows NT 5.1; SV1; .NET CLR 1.0.3705)"
159.18.205.3 - - [28/Aug/2006:12:10:59 -0400] "GET /englishL/home/images/horse.evolution.jpg HTTP/1.1" 200 29612 "http://www.stumbleupon.com/refer.php?url=http%3A%2F%2Fdarwinday.org%2FenglishL%2Fhome%2Findex.html" "Mozilla/4.0 (compatible; MSIE 6.0; Windows NT 5.1; SV1; .NET CLR 1.0.3705)"
159.18.205.3 - - [28/Aug/2006:12:10:59 -0400] "GET /images/alllangimages/DNAlogo.gif HTTP/1.1" 200 1370 "http://darwinday.org/englishL/currarts.html" "Mozilla/4.0 (compatible; MSIE 6.0; Windows NT 5.1; SV1; .NET CLR 1.0.3705)"
87.80.8.87 - - [28/Aug/2006:12:11:06 -0400] "GET /favicon.ico HTTP/1.1" 404 3475 "-" "Mozilla/5.0 (Windows; U; Windows NT 5.1; en-US; rv:1.7.12) Gecko/20050915 Firefox/1.0.7"
24.36.114.233 - - [28/Aug/2006:12:11:18 -0400] "GET /englishL/home/index.html HTTP/1.1" 200 26022 "http://www.stumbleupon.com/refer.html" "Mozilla/5.0 (Windows; U; Windows NT 5.1; en-US; rv:1.8.0.6) Gecko/20060728 Firefox/1.5.0.6"
24.36.114.233 - - [28/Aug/2006:12:11:18 -0400] "GET /stylesheets/mainenglishL.css HTTP/1.1" 200 590 "http://darwinday.org/englishL/home/index.html" "Mozilla/5.0 (Windows; U; Windows NT 5.1; en-US; rv:1.8.0.6) Gecko/20060728 Firefox/1.5.0.6"
85.101.122.155 - - [28/Aug/2006:12:11:18 -0400] "GET /englishL/home/index.html HTTP/1.1" 200 26022 "http://www.stumbleupon.com/refer.php?url=http%3A//darwinday.org/englishL/home/index.html" "Mozilla/5.0 (Windows; U; Windows NT 5.1; en-US; rv:1.8.0.6) Gecko/20060728 Firefox/1.5.0.6"
85.101.122.155 - - [28/Aug/2006:12:11:18 -0400] "GET /stylesheets/mainenglishL.css HTTP/1.1" 200 590 "http://darwinday.org/englishL/home/index.html" "Mozilla/5.0 (Windows; U; Windows NT 5.1; en-US; rv:1.8.0.6) Gecko/20060728 Firefox/1.5.0.6"
24.36.114.233 - - [28/Aug/2006:12:11:18 -0400] "GET /englishL/home/index.html HTTP/1.1" 206 13922 "http://www.stumbleupon.com/refer.html" "Mozilla/5.0 (Windows; U; Windows NT 5.1; en-US; rv:1.8.0.6) Gecko/20060728 Firefox/1.5.0.6"
85.101.122.155 - - [28/Aug/2006:12:11:18 -0400] "GET /stylesheets/main.css HTTP/1.1" 200 638 "http://darwinday.org/englishL/home/index.html" "Mozilla/5.0 (Windows; U; Windows NT 5.1; en-US; rv:1.8.0.6) Gecko/20060728 Firefox/1.5.0.6"
24.36.114.233 - - [28/Aug/2006:12:11:19 -0400] "GET /stylesheets/mainenglishL.css HTTP/1.1" 200 590 "http://darwinday.org/englishL/home/index.html" "Mozilla/5.0 (Windows; U; Windows NT 5.1; en-US; rv:1.8.0.6) Gecko/20060728 Firefox/1.5.0.6"
24.36.114.233 - - [28/Aug/2006:12:11:19 -0400] "GET /stylesheets/main.css HTTP/1.1" 200 638 "http://darwinday.org/englishL/home/index.html" "Mozilla/5.0 (Windows; U; Windows NT 5.1; en-US; rv:1.8.0.6) Gecko/20060728 Firefox/1.5.0.6"
85.101.122.155 - - [28/Aug/2006:12:11:19 -0400] "GET /images/alllangimages/topleftlogo.gif HTTP/1.1" 200 6907 "http://darwinday.org/englishL/home/index.html" "Mozilla/5.0 (Windows; U; Windows NT 5.1; en-US; rv:1.8.0.6) Gecko/20060728 Firefox/1.5.0.6"
85.101.122.155 - - [28/Aug/2006:12:11:19 -0400] "GET /englishL/currarts.html HTTP/1.1" 200 4902 "http://darwinday.org/englishL/home/index.html" "Mozilla/5.0 (Windows; U; Windows NT 5.1; en-US; rv:1.8.0.6) Gecko/20060728 Firefox/1.5.0.6"
24.36.114.233 - - [28/Aug/2006:12:11:19 -0400] "GET /images/alllangimages/topleftlogo.gif HTTP/1.1" 200 6907 "http://darwinday.org/englishL/home/index.html" "Mozilla/5.0 (Windows; U; Windows NT 5.1; en-US; rv:1.8.0.6) Gecko/20060728 Firefox/1.5.0.6"
85.101.122.155 - - [28/Aug/2006:12:11:19 -0400] "GET /images/alllangimages/header.gif HTTP/1.1" 200 20989 "http://darwinday.org/englishL/home/index.html" "Mozilla/5.0 (Windows; U; Windows NT 5.1; en-US; rv:1.8.0.6) Gecko/20060728 Firefox/1.5.0.6"
24.36.114.233 - - [28/Aug/2006:12:11:19 -0400] "GET /englishL/currarts.html HTTP/1.1" 200 4902 "http://darwinday.org/englishL/home/index.html" "Mozilla/5.0 (Windows; U; Windows NT 5.1; en-US; rv:1.8.0.6) Gecko/20060728 Firefox/1.5.0.6"
24.36.114.233 - - [28/Aug/2006:12:11:19 -0400] "GET /images/alllangimages/header.gif HTTP/1.1" 200 20989 "http://darwinday.org/englishL/home/index.html" "Mozilla/5.0 (Windows; U; Windows NT 5.1; en-US; rv:1.8.0.6) Gecko/20060728 Firefox/1.5.0.6"
24.36.114.233 - - [28/Aug/2006:12:11:19 -0400] "GET /englishL/images/titletrans.gif HTTP/1.1" 200 15588 "http://darwinday.org/englishL/home/index.html" "Mozilla/5.0 (Windows; U; Windows NT 5.1; en-US; rv:1.8.0.6) Gecko/20060728 Firefox/1.5.0.6"
24.36.114.233 - - [28/Aug/2006:12:11:20 -0400] "GET /englishL/images/navbar.gif HTTP/1.1" 200 2667 "http://darwinday.org/englishL/home/index.html" "Mozilla/5.0 (Windows; U; Windows NT 5.1; en-US; rv:1.8.0.6) Gecko/20060728 Firefox/1.5.0.6"
24.36.114.233 - - [28/Aug/2006:12:11:20 -0400] "GET /images/alllangimages/worldmaptransp.gif HTTP/1.1" 200 128893 "http://darwinday.org/englishL/home/index.html" "Mozilla/5.0 (Windows; U; Windows NT 5.1; en-US; rv:1.8.0.6) Gecko/20060728 Firefox/1.5.0.6"
24.36.114.233 - - [28/Aug/2006:12:11:20 -0400] "GET /images/alllangimages/arrow.gif HTTP/1.1" 200 112 "http://darwinday.org/englishL/home/index.html" "Mozilla/5.0 (Windows; U; Windows NT 5.1; en-US; rv:1.8.0.6) Gecko/20060728 Firefox/1.5.0.6"
24.36.114.233 - - [28/Aug/2006:12:11:20 -0400] "GET /images/alllangimages/dnahorizl.gif HTTP/1.1" 200 2130 "http://darwinday.org/englishL/home/index.html" "Mozilla/5.0 (Windows; U; Windows NT 5.1; en-US; rv:1.8.0.6) Gecko/20060728 Firefox/1.5.0.6"
24.36.114.233 - - [28/Aug/2006:12:11:20 -0400] "GET /images/alllangimages/dnahoriz.gif HTTP/1.1" 200 3391 "http://darwinday.org/englishL/home/index.html" "Mozilla/5.0 (Windows; U; Windows NT 5.1; en-US; rv:1.8.0.6) Gecko/20060728 Firefox/1.5.0.6"
24.36.114.233 - - [28/Aug/2006:12:11:20 -0400] "GET /englishL/home/images/darwinages.gif HTTP/1.1" 200 50309 "http://darwinday.org/englishL/home/index.html" "Mozilla/5.0 (Windows; U; Windows NT 5.1; en-US; rv:1.8.0.6) Gecko/20060728 Firefox/1.5.0.6"
24.36.114.233 - - [28/Aug/2006:12:11:20 -0400] "GET /images/alllangimages/dnahorizr.gif HTTP/1.1" 200 2104 "http://darwinday.org/englishL/home/index.html" "Mozilla/5.0 (Windows; U; Windows NT 5.1; en-US; rv:1.8.0.6) Gecko/20060728 Firefox/1.5.0.6"
24.36.114.233 - - [28/Aug/2006:12:11:20 -0400] "GET /images/alllangimages/lincoln.gif HTTP/1.1" 200 11057 "http://darwinday.org/englishL/home/index.html" "Mozilla/5.0 (Windows; U; Windows NT 5.1; en-US; rv:1.8.0.6) Gecko/20060728 Firefox/1.5.0.6"
85.101.122.155 - - [28/Aug/2006:12:11:20 -0400] "GET /englishL/images/titletrans.gif HTTP/1.1" 200 15588 "http://darwinday.org/englishL/home/index.html" "Mozilla/5.0 (Windows; U; Windows NT 5.1; en-US; rv:1.8.0.6) Gecko/20060728 Firefox/1.5.0.6"
24.36.114.233 - - [28/Aug/2006:12:11:21 -0400] "GET /images/alllangimages/darwin.gif HTTP/1.1" 200 13783 "http://darwinday.org/englishL/home/index.html" "Mozilla/5.0 (Windows; U; Windows NT 5.1; en-US; rv:1.8.0.6) Gecko/20060728 Firefox/1.5.0.6"
24.36.114.233 - - [28/Aug/2006:12:11:21 -0400] "GET /englishL/home/images/beagle.gif HTTP/1.1" 200 37108 "http://darwinday.org/englishL/home/index.html" "Mozilla/5.0 (Windows; U; Windows NT 5.1; en-US; rv:1.8.0.6) Gecko/20060728 Firefox/1.5.0.6"
24.36.114.233 - - [28/Aug/2006:12:11:21 -0400] "GET /images/alllangimages/trans.gif HTTP/1.1" 200 49 "http://darwinday.org/englishL/home/index.html" "Mozilla/5.0 (Windows; U; Windows NT 5.1; en-US; rv:1.8.0.6) Gecko/20060728 Firefox/1.5.0.6"
24.36.114.233 - - [28/Aug/2006:12:11:21 -0400] "GET /englishL/home/images/joinus.gif HTTP/1.1" 200 524 "http://darwinday.org/englishL/home/index.html" "Mozilla/5.0 (Windows; U; Windows NT 5.1; en-US; rv:1.8.0.6) Gecko/20060728 Firefox/1.5.0.6"
85.101.122.155 - - [28/Aug/2006:12:11:21 -0400] "GET /images/alllangimages/worldmaptransp.gif HTTP/1.1" 200 128893 "http://darwinday.org/englishL/home/index.html" "Mozilla/5.0 (Windows; U; Windows NT 5.1; en-US; rv:1.8.0.6) Gecko/20060728 Firefox/1.5.0.6"
24.36.114.233 - - [28/Aug/2006:12:11:21 -0400] "GET /images/alllangimages/DNAlogo.gif HTTP/1.1" 200 1370 "http://darwinday.org/englishL/currarts.html" "Mozilla/5.0 (Windows; U; Windows NT 5.1; en-US; rv:1.8.0.6) Gecko/20060728 Firefox/1.5.0.6"
24.36.114.233 - - [28/Aug/2006:12:11:21 -0400] "GET /englishL/home/images/horse.evolution.jpg HTTP/1.1" 200 29612 "http://darwinday.org/englishL/home/index.html" "Mozilla/5.0 (Windows; U; Windows NT 5.1; en-US; rv:1.8.0.6) Gecko/20060728 Firefox/1.5.0.6"
24.36.114.233 - - [28/Aug/2006:12:11:21 -0400] "GET /favicon.ico HTTP/1.1" 404 3475 "-" "Mozilla/5.0 (Windows; U; Windows NT 5.1; en-US; rv:1.8.0.6) Gecko/20060728 Firefox/1.5.0.6"
85.101.122.155 - - [28/Aug/2006:12:11:21 -0400] "GET /englishL/images/navbar.gif HTTP/1.1" 200 2667 "http://darwinday.org/englishL/home/index.html" "Mozilla/5.0 (Windows; U; Windows NT 5.1; en-US; rv:1.8.0.6) Gecko/20060728 Firefox/1.5.0.6"
85.101.122.155 - - [28/Aug/2006:12:11:22 -0400] "GET /images/alllangimages/arrow.gif HTTP/1.1" 200 112 "http://darwinday.org/englishL/home/index.html" "Mozilla/5.0 (Windows; U; Windows NT 5.1; en-US; rv:1.8.0.6) Gecko/20060728 Firefox/1.5.0.6"
85.101.122.155 - - [28/Aug/2006:12:11:22 -0400] "GET /images/alllangimages/dnahorizl.gif HTTP/1.1" 200 2130 "http://darwinday.org/englishL/home/index.html" "Mozilla/5.0 (Windows; U; Windows NT 5.1; en-US; rv:1.8.0.6) Gecko/20060728 Firefox/1.5.0.6"
85.101.122.155 - - [28/Aug/2006:12:11:22 -0400] "GET /images/alllangimages/dnahoriz.gif HTTP/1.1" 200 3391 "http://darwinday.org/englishL/home/index.html" "Mozilla/5.0 (Windows; U; Windows NT 5.1; en-US; rv:1.8.0.6) Gecko/20060728 Firefox/1.5.0.6"
85.101.122.155 - - [28/Aug/2006:12:11:22 -0400] "GET /images/alllangimages/dnahorizr.gif HTTP/1.1" 200 2104 "http://darwinday.org/englishL/home/index.html" "Mozilla/5.0 (Windows; U; Windows NT 5.1; en-US; rv:1.8.0.6) Gecko/20060728 Firefox/1.5.0.6"
68.146.204.67 - - [28/Aug/2006:12:11:22 -0400] "GET /englishL/home/index.html HTTP/1.1" 200 26022 "http://www.stumbleupon.com/refer.php?url=http%3A%2F%2Fdarwinday.org%2FenglishL%2Fhome%2Findex.html" "Mozilla/4.0 (compatible; MSIE 6.0; Windows NT 5.1; SV1; .NET CLR 1.1.4322; .NET CLR 2.0.50727)"
85.101.122.155 - - [28/Aug/2006:12:11:22 -0400] "GET /images/alllangimages/lincoln.gif HTTP/1.1" 200 11057 "http://darwinday.org/englishL/home/index.html" "Mozilla/5.0 (Windows; U; Windows NT 5.1; en-US; rv:1.8.0.6) Gecko/20060728 Firefox/1.5.0.6"
85.101.122.155 - - [28/Aug/2006:12:11:23 -0400] "GET /images/alllangimages/darwin.gif HTTP/1.1" 200 13783 "http://darwinday.org/englishL/home/index.html" "Mozilla/5.0 (Windows; U; Windows NT 5.1; en-US; rv:1.8.0.6) Gecko/20060728 Firefox/1.5.0.6"
85.101.122.155 - - [28/Aug/2006:12:11:23 -0400] "GET /englishL/home/images/darwinages.gif HTTP/1.1" 200 37349 "http://darwinday.org/englishL/home/index.html" "Mozilla/5.0 (Windows; U; Windows NT 5.1; en-US; rv:1.8.0.6) Gecko/20060728 Firefox/1.5.0.6"
85.101.122.155 - - [28/Aug/2006:12:11:36 -0400] "GET /images/alllangimages/darwin.gif HTTP/1.1" 200 13783 "http://darwinday.org/englishL/home/index.html" "Mozilla/5.0 (Windows; U; Windows NT 5.1; en-US; rv:1.8.0.6) Gecko/20060728 Firefox/1.5.0.6"
85.101.122.155 - - [28/Aug/2006:12:11:37 -0400] "GET /englishL/home/images/darwinages.gif HTTP/1.1" 206 28932 "http://darwinday.org/englishL/home/index.html" "Mozilla/5.0 (Windows; U; Windows NT 5.1; en-US; rv:1.8.0.6) Gecko/20060728 Firefox/1.5.0.6"
85.101.122.155 - - [28/Aug/2006:12:11:39 -0400] "GET /favicon.ico HTTP/1.1" 404 3475 "-" "Mozilla/5.0 (Windows; U; Windows NT 5.1; en-US; rv:1.8.0.6) Gecko/20060728 Firefox/1.5.0.6"
85.101.122.155 - - [28/Aug/2006:12:11:39 -0400] "GET /englishL/home/images/beagle.gif HTTP/1.1" 200 25733 "http://darwinday.org/englishL/home/index.html" "Mozilla/5.0 (Windows; U; Windows NT 5.1; en-US; rv:1.8.0.6) Gecko/20060728 Firefox/1.5.0.6"
71.9.140.162 - - [28/Aug/2006:12:11:42 -0400] "GET /favicon.ico HTTP/1.1" 404 3475 "-" "Mozilla/5.0 (Windows; U; Windows NT 5.1; en-US; rv:1.7.10) Gecko/20050716 Firefox/1.0.6"
71.9.140.162 - - [28/Aug/2006:12:11:42 -0400] "GET /favicon.ico HTTP/1.1" 404 3475 "-" "Mozilla/4.0 (compatible; Google Desktop)"
70.24.3.173 - - [28/Aug/2006:12:11:57 -0400] "GET /englishL/home/index.html HTTP/1.1" 200 26022 "http://www.stumbleupon.com/refer.php?url=http%3A//darwinday.org/englishL/home/index.html" "Mozilla/5.0 (Windows; U; Windows NT 5.1; en-US; rv:1.8.0.6) Gecko/20060728 Firefox/1.5.0.6"
70.24.3.173 - - [28/Aug/2006:12:11:57 -0400] "GET /stylesheets/mainenglishL.css HTTP/1.1" 200 590 "http://darwinday.org/englishL/home/index.html" "Mozilla/5.0 (Windows; U; Windows NT 5.1; en-US; rv:1.8.0.6) Gecko/20060728 Firefox/1.5.0.6"
70.24.3.173 - - [28/Aug/2006:12:11:57 -0400] "GET /stylesheets/main.css HTTP/1.1" 200 638 "http://darwinday.org/englishL/home/index.html" "Mozilla/5.0 (Windows; U; Windows NT 5.1; en-US; rv:1.8.0.6) Gecko/20060728 Firefox/1.5.0.6"
70.24.3.173 - - [28/Aug/2006:12:11:57 -0400] "GET /images/alllangimages/topleftlogo.gif HTTP/1.1" 200 6907 "http://darwinday.org/englishL/home/index.html" "Mozilla/5.0 (Windows; U; Windows NT 5.1; en-US; rv:1.8.0.6) Gecko/20060728 Firefox/1.5.0.6"
70.24.3.173 - - [28/Aug/2006:12:11:58 -0400] "GET /images/alllangimages/header.gif HTTP/1.1" 200 20989 "http://darwinday.org/englishL/home/index.html" "Mozilla/5.0 (Windows; U; Windows NT 5.1; en-US; rv:1.8.0.6) Gecko/20060728 Firefox/1.5.0.6"
70.24.3.173 - - [28/Aug/2006:12:11:58 -0400] "GET /englishL/currarts.html HTTP/1.1" 200 4902 "http://darwinday.org/englishL/home/index.html" "Mozilla/5.0 (Windows; U; Windows NT 5.1; en-US; rv:1.8.0.6) Gecko/20060728 Firefox/1.5.0.6"
70.24.3.173 - - [28/Aug/2006:12:11:58 -0400] "GET /englishL/images/titletrans.gif HTTP/1.1" 200 15588 "http://darwinday.org/englishL/home/index.html" "Mozilla/5.0 (Windows; U; Windows NT 5.1; en-US; rv:1.8.0.6) Gecko/20060728 Firefox/1.5.0.6"
70.24.3.173 - - [28/Aug/2006:12:11:59 -0400] "GET /images/alllangimages/worldmaptransp.gif HTTP/1.1" 200 128893 "http://darwinday.org/englishL/home/index.html" "Mozilla/5.0 (Windows; U; Windows NT 5.1; en-US; rv:1.8.0.6) Gecko/20060728 Firefox/1.5.0.6"
70.24.3.173 - - [28/Aug/2006:12:11:59 -0400] "GET /englishL/images/navbar.gif HTTP/1.1" 200 2667 "http://darwinday.org/englishL/home/index.html" "Mozilla/5.0 (Windows; U; Windows NT 5.1; en-US; rv:1.8.0.6) Gecko/20060728 Firefox/1.5.0.6"
70.24.3.173 - - [28/Aug/2006:12:11:59 -0400] "GET /images/alllangimages/arrow.gif HTTP/1.1" 200 112 "http://darwinday.org/englishL/home/index.html" "Mozilla/5.0 (Windows; U; Windows NT 5.1; en-US; rv:1.8.0.6) Gecko/20060728 Firefox/1.5.0.6"
70.24.3.173 - - [28/Aug/2006:12:11:59 -0400] "GET /images/alllangimages/dnahorizl.gif HTTP/1.1" 200 2130 "http://darwinday.org/englishL/home/index.html" "Mozilla/5.0 (Windows; U; Windows NT 5.1; en-US; rv:1.8.0.6) Gecko/20060728 Firefox/1.5.0.6"
70.24.3.173 - - [28/Aug/2006:12:11:59 -0400] "GET /images/alllangimages/dnahoriz.gif HTTP/1.1" 200 3391 "http://darwinday.org/englishL/home/index.html" "Mozilla/5.0 (Windows; U; Windows NT 5.1; en-US; rv:1.8.0.6) Gecko/20060728 Firefox/1.5.0.6"
70.24.3.173 - - [28/Aug/2006:12:11:59 -0400] "GET /englishL/home/images/darwinages.gif HTTP/1.1" 200 50309 "http://darwinday.org/englishL/home/index.html" "Mozilla/5.0 (Windows; U; Windows NT 5.1; en-US; rv:1.8.0.6) Gecko/20060728 Firefox/1.5.0.6"
70.24.3.173 - - [28/Aug/2006:12:11:59 -0400] "GET /images/alllangimages/dnahorizr.gif HTTP/1.1" 200 2104 "http://darwinday.org/englishL/home/index.html" "Mozilla/5.0 (Windows; U; Windows NT 5.1; en-US; rv:1.8.0.6) Gecko/20060728 Firefox/1.5.0.6"
70.24.3.173 - - [28/Aug/2006:12:11:59 -0400] "GET /images/alllangimages/lincoln.gif HTTP/1.1" 200 11057 "http://darwinday.org/englishL/home/index.html" "Mozilla/5.0 (Windows; U; Windows NT 5.1; en-US; rv:1.8.0.6) Gecko/20060728 Firefox/1.5.0.6"
70.24.3.173 - - [28/Aug/2006:12:11:59 -0400] "GET /images/alllangimages/darwin.gif HTTP/1.1" 200 13783 "http://darwinday.org/englishL/home/index.html" "Mozilla/5.0 (Windows; U; Windows NT 5.1; en-US; rv:1.8.0.6) Gecko/20060728 Firefox/1.5.0.6"
70.24.3.173 - - [28/Aug/2006:12:12:00 -0400] "GET /englishL/home/images/beagle.gif HTTP/1.1" 200 37108 "http://darwinday.org/englishL/home/index.html" "Mozilla/5.0 (Windows; U; Windows NT 5.1; en-US; rv:1.8.0.6) Gecko/20060728 Firefox/1.5.0.6"
70.24.3.173 - - [28/Aug/2006:12:12:00 -0400] "GET /images/alllangimages/trans.gif HTTP/1.1" 200 49 "http://darwinday.org/englishL/home/index.html" "Mozilla/5.0 (Windows; U; Windows NT 5.1; en-US; rv:1.8.0.6) Gecko/20060728 Firefox/1.5.0.6"
70.24.3.173 - - [28/Aug/2006:12:12:00 -0400] "GET /englishL/home/images/joinus.gif HTTP/1.1" 200 524 "http://darwinday.org/englishL/home/index.html" "Mozilla/5.0 (Windows; U; Windows NT 5.1; en-US; rv:1.8.0.6) Gecko/20060728 Firefox/1.5.0.6"
70.24.3.173 - - [28/Aug/2006:12:12:00 -0400] "GET /images/alllangimages/DNAlogo.gif HTTP/1.1" 200 1370 "http://darwinday.org/englishL/currarts.html" "Mozilla/5.0 (Windows; U; Windows NT 5.1; en-US; rv:1.8.0.6) Gecko/20060728 Firefox/1.5.0.6"
70.24.3.173 - - [28/Aug/2006:12:12:00 -0400] "GET /englishL/home/images/horse.evolution.jpg HTTP/1.1" 200 29612 "http://darwinday.org/englishL/home/index.html" "Mozilla/5.0 (Windows; U; Windows NT 5.1; en-US; rv:1.8.0.6) Gecko/20060728 Firefox/1.5.0.6"
167.1.146.100 - - [28/Aug/2006:12:12:02 -0400] "GET /stylesheets/mainenglishL.css HTTP/1.1" 200 590 "http://darwinday.org/englishL/home/index.html" "Mozilla/5.0 (Windows; U; Windows NT 5.0; en-US; rv:1.8.0.6) Gecko/20060728 Firefox/1.5.0.6"
167.1.146.100 - - [28/Aug/2006:12:12:02 -0400] "GET /englishL/home/index.html HTTP/1.1" 200 26022 "http://www.stumbleupon.com/refer.php?url=http%3A//darwinday.org/englishL/home/index.html" "Mozilla/5.0 (Windows; U; Windows NT 5.0; en-US; rv:1.8.0.6) Gecko/20060728 Firefox/1.5.0.6"
167.1.146.100 - - [28/Aug/2006:12:12:02 -0400] "GET /stylesheets/main.css HTTP/1.1" 200 638 "http://darwinday.org/englishL/home/index.html" "Mozilla/5.0 (Windows; U; Windows NT 5.0; en-US; rv:1.8.0.6) Gecko/20060728 Firefox/1.5.0.6"
167.1.146.100 - - [28/Aug/2006:12:12:02 -0400] "GET /images/alllangimages/topleftlogo.gif HTTP/1.1" 200 6907 "http://darwinday.org/englishL/home/index.html" "Mozilla/5.0 (Windows; U; Windows NT 5.0; en-US; rv:1.8.0.6) Gecko/20060728 Firefox/1.5.0.6"
167.1.146.100 - - [28/Aug/2006:12:12:02 -0400] "GET /englishL/currarts.html HTTP/1.1" 200 4902 "http://darwinday.org/englishL/home/index.html" "Mozilla/5.0 (Windows; U; Windows NT 5.0; en-US; rv:1.8.0.6) Gecko/20060728 Firefox/1.5.0.6"
167.1.146.100 - - [28/Aug/2006:12:12:03 -0400] "GET /images/alllangimages/header.gif HTTP/1.1" 200 20989 "http://darwinday.org/englishL/home/index.html" "Mozilla/5.0 (Windows; U; Windows NT 5.0; en-US; rv:1.8.0.6) Gecko/20060728 Firefox/1.5.0.6"
167.1.146.100 - - [28/Aug/2006:12:12:03 -0400] "GET /englishL/images/titletrans.gif HTTP/1.1" 200 15588 "http://darwinday.org/englishL/home/index.html" "Mozilla/5.0 (Windows; U; Windows NT 5.0; en-US; rv:1.8.0.6) Gecko/20060728 Firefox/1.5.0.6"
167.1.146.100 - - [28/Aug/2006:12:12:03 -0400] "GET /englishL/images/navbar.gif HTTP/1.1" 200 2667 "http://darwinday.org/englishL/home/index.html" "Mozilla/5.0 (Windows; U; Windows NT 5.0; en-US; rv:1.8.0.6) Gecko/20060728 Firefox/1.5.0.6"
167.1.146.100 - - [28/Aug/2006:12:12:04 -0400] "GET /englishL/home/images/darwinages.gif HTTP/1.1" 200 50309 "http://darwinday.org/englishL/home/index.html" "Mozilla/5.0 (Windows; U; Windows NT 5.0; en-US; rv:1.8.0.6) Gecko/20060728 Firefox/1.5.0.6"
167.1.146.100 - - [28/Aug/2006:12:12:04 -0400] "GET /images/alllangimages/arrow.gif HTTP/1.1" 200 112 "http://darwinday.org/englishL/home/index.html" "Mozilla/5.0 (Windows; U; Windows NT 5.0; en-US; rv:1.8.0.6) Gecko/20060728 Firefox/1.5.0.6"
167.1.146.100 - - [28/Aug/2006:12:12:04 -0400] "GET /images/alllangimages/dnahorizl.gif HTTP/1.1" 200 2130 "http://darwinday.org/englishL/home/index.html" "Mozilla/5.0 (Windows; U; Windows NT 5.0; en-US; rv:1.8.0.6) Gecko/20060728 Firefox/1.5.0.6"
167.1.146.100 - - [28/Aug/2006:12:12:04 -0400] "GET /images/alllangimages/dnahoriz.gif HTTP/1.1" 200 3391 "http://darwinday.org/englishL/home/index.html" "Mozilla/5.0 (Windows; U; Windows NT 5.0; en-US; rv:1.8.0.6) Gecko/20060728 Firefox/1.5.0.6"
167.1.146.100 - - [28/Aug/2006:12:12:04 -0400] "GET /images/alllangimages/dnahorizr.gif HTTP/1.1" 200 2104 "http://darwinday.org/englishL/home/index.html" "Mozilla/5.0 (Windows; U; Windows NT 5.0; en-US; rv:1.8.0.6) Gecko/20060728 Firefox/1.5.0.6"
167.1.146.100 - - [28/Aug/2006:12:12:04 -0400] "GET /images/alllangimages/lincoln.gif HTTP/1.1" 200 11057 "http://darwinday.org/englishL/home/index.html" "Mozilla/5.0 (Windows; U; Windows NT 5.0; en-US; rv:1.8.0.6) Gecko/20060728 Firefox/1.5.0.6"
167.1.146.100 - - [28/Aug/2006:12:12:04 -0400] "GET /images/alllangimages/worldmaptransp.gif HTTP/1.1" 200 128893 "http://darwinday.org/englishL/home/index.html" "Mozilla/5.0 (Windows; U; Windows NT 5.0; en-US; rv:1.8.0.6) Gecko/20060728 Firefox/1.5.0.6"
167.1.146.100 - - [28/Aug/2006:12:12:04 -0400] "GET /images/alllangimages/darwin.gif HTTP/1.1" 200 13783 "http://darwinday.org/englishL/home/index.html" "Mozilla/5.0 (Windows; U; Windows NT 5.0; en-US; rv:1.8.0.6) Gecko/20060728 Firefox/1.5.0.6"
167.1.146.100 - - [28/Aug/2006:12:12:05 -0400] "GET /images/alllangimages/trans.gif HTTP/1.1" 200 49 "http://darwinday.org/englishL/home/index.html" "Mozilla/5.0 (Windows; U; Windows NT 5.0; en-US; rv:1.8.0.6) Gecko/20060728 Firefox/1.5.0.6"
167.1.146.100 - - [28/Aug/2006:12:12:05 -0400] "GET /englishL/home/images/joinus.gif HTTP/1.1" 200 524 "http://darwinday.org/englishL/home/index.html" "Mozilla/5.0 (Windows; U; Windows NT 5.0; en-US; rv:1.8.0.6) Gecko/20060728 Firefox/1.5.0.6"
167.1.146.100 - - [28/Aug/2006:12:12:05 -0400] "GET /englishL/home/images/beagle.gif HTTP/1.1" 200 37108 "http://darwinday.org/englishL/home/index.html" "Mozilla/5.0 (Windows; U; Windows NT 5.0; en-US; rv:1.8.0.6) Gecko/20060728 Firefox/1.5.0.6"
167.1.146.100 - - [28/Aug/2006:12:12:05 -0400] "GET /images/alllangimages/DNAlogo.gif HTTP/1.1" 200 1370 "http://darwinday.org/englishL/currarts.html" "Mozilla/5.0 (Windows; U; Windows NT 5.0; en-US; rv:1.8.0.6) Gecko/20060728 Firefox/1.5.0.6"
72.145.208.54 - - [28/Aug/2006:12:12:05 -0400] "GET /robots.txt HTTP/1.1" 404 3474 "-" "Mozilla/5.0 (Windows; U; Windows NT 5.1; en-US; rv:1.8.0.6) Gecko/20060728 Firefox/1.5.0.6"
167.1.146.100 - - [28/Aug/2006:12:12:05 -0400] "GET /favicon.ico HTTP/1.1" 404 3475 "-" "Mozilla/5.0 (Windows; U; Windows NT 5.0; en-US; rv:1.8.0.6) Gecko/20060728 Firefox/1.5.0.6"
167.1.146.100 - - [28/Aug/2006:12:12:05 -0400] "GET /englishL/home/images/horse.evolution.jpg HTTP/1.1" 200 29612 "http://darwinday.org/englishL/home/index.html" "Mozilla/5.0 (Windows; U; Windows NT 5.0; en-US; rv:1.8.0.6) Gecko/20060728 Firefox/1.5.0.6"
72.145.208.54 - - [28/Aug/2006:12:12:05 -0400] "GET /robots.txt HTTP/1.1" 404 3474 "-" "Mozilla/5.0 (Windows; U; Windows NT 5.1; en-US; rv:1.8.0.6) Gecko/20060728 Firefox/1.5.0.6"
72.145.208.54 - - [28/Aug/2006:12:12:05 -0400] "GET /robots.txt HTTP/1.1" 404 3474 "-" "Mozilla/5.0 (Windows; U; Windows NT 5.1; en-US; rv:1.8.0.6) Gecko/20060728 Firefox/1.5.0.6"
72.145.208.54 - - [28/Aug/2006:12:12:05 -0400] "GET /robots.txt HTTP/1.1" 404 3474 "-" "Mozilla/5.0 (Windows; U; Windows NT 5.1; en-US; rv:1.8.0.6) Gecko/20060728 Firefox/1.5.0.6"
72.145.208.54 - - [28/Aug/2006:12:12:06 -0400] "GET /images/alllangimages/worldmaptransp.gif HTTP/1.1" 206 64948 "http://darwinday.org/englishL/home/index.html" "Mozilla/5.0 (Windows; U; Windows NT 5.1; en-US; rv:1.8.0.6) Gecko/20060728 Firefox/1.5.0.6"
72.145.208.54 - - [28/Aug/2006:12:12:06 -0400] "GET /favicon.ico HTTP/1.1" 404 3475 "-" "Mozilla/5.0 (Windows; U; Windows NT 5.1; en-US; rv:1.8.0.6) Gecko/20060728 Firefox/1.5.0.6"
70.24.3.173 - - [28/Aug/2006:12:12:09 -0400] "GET /favicon.ico HTTP/1.1" 404 3475 "-" "Mozilla/5.0 (Windows; U; Windows NT 5.1; en-US; rv:1.8.0.6) Gecko/20060728 Firefox/1.5.0.6"
70.16.60.88 - - [28/Aug/2006:12:12:39 -0400] "GET /englishL/home/index.html HTTP/1.1" 200 26022 "http://www.stumbleupon.com/refer.php?url=http%3A//darwinday.org/englishL/home/index.html" "Mozilla/5.0 (Macintosh; U; PPC Mac OS X Mach-O; en-US; rv:1.8.0.4) Gecko/20060508 Firefox/1.5.0.4"
70.16.60.88 - - [28/Aug/2006:12:12:40 -0400] "GET /stylesheets/mainenglishL.css HTTP/1.1" 200 590 "http://darwinday.org/englishL/home/index.html" "Mozilla/5.0 (Macintosh; U; PPC Mac OS X Mach-O; en-US; rv:1.8.0.4) Gecko/20060508 Firefox/1.5.0.4"
70.16.60.88 - - [28/Aug/2006:12:12:40 -0400] "GET /stylesheets/main.css HTTP/1.1" 200 638 "http://darwinday.org/englishL/home/index.html" "Mozilla/5.0 (Macintosh; U; PPC Mac OS X Mach-O; en-US; rv:1.8.0.4) Gecko/20060508 Firefox/1.5.0.4"
70.16.60.88 - - [28/Aug/2006:12:12:40 -0400] "GET /images/alllangimages/topleftlogo.gif HTTP/1.1" 200 6907 "http://darwinday.org/englishL/home/index.html" "Mozilla/5.0 (Macintosh; U; PPC Mac OS X Mach-O; en-US; rv:1.8.0.4) Gecko/20060508 Firefox/1.5.0.4"
70.16.60.88 - - [28/Aug/2006:12:12:40 -0400] "GET /englishL/currarts.html HTTP/1.1" 200 4902 "http://darwinday.org/englishL/home/index.html" "Mozilla/5.0 (Macintosh; U; PPC Mac OS X Mach-O; en-US; rv:1.8.0.4) Gecko/20060508 Firefox/1.5.0.4"
70.16.60.88 - - [28/Aug/2006:12:12:41 -0400] "GET /images/alllangimages/header.gif HTTP/1.1" 200 20989 "http://darwinday.org/englishL/home/index.html" "Mozilla/5.0 (Macintosh; U; PPC Mac OS X Mach-O; en-US; rv:1.8.0.4) Gecko/20060508 Firefox/1.5.0.4"
70.16.60.88 - - [28/Aug/2006:12:12:41 -0400] "GET /englishL/images/titletrans.gif HTTP/1.1" 200 15588 "http://darwinday.org/englishL/home/index.html" "Mozilla/5.0 (Macintosh; U; PPC Mac OS X Mach-O; en-US; rv:1.8.0.4) Gecko/20060508 Firefox/1.5.0.4"
68.146.204.67 - - [28/Aug/2006:12:12:41 -0400] "GET /englishL/home/index.html HTTP/1.1" 304 - "http://www.stumbleupon.com/refer.php?url=http%3A%2F%2Fdarwinday.org%2FenglishL%2Fhome%2Findex.html" "Mozilla/4.0 (compatible; MSIE 6.0; Windows NT 5.1; SV1; .NET CLR 1.1.4322; .NET CLR 2.0.50727)"
68.146.204.67 - - [28/Aug/2006:12:12:41 -0400] "GET /stylesheets/mainenglishL.css HTTP/1.1" 200 590 "http://www.stumbleupon.com/refer.php?url=http%3A%2F%2Fdarwinday.org%2FenglishL%2Fhome%2Findex.html" "Mozilla/4.0 (compatible; MSIE 6.0; Windows NT 5.1; SV1; .NET CLR 1.1.4322; .NET CLR 2.0.50727)"
68.146.204.67 - - [28/Aug/2006:12:12:41 -0400] "GET /stylesheets/main.css HTTP/1.1" 200 638 "http://www.stumbleupon.com/refer.php?url=http%3A%2F%2Fdarwinday.org%2FenglishL%2Fhome%2Findex.html" "Mozilla/4.0 (compatible; MSIE 6.0; Windows NT 5.1; SV1; .NET CLR 1.1.4322; .NET CLR 2.0.50727)"
68.146.204.67 - - [28/Aug/2006:12:12:41 -0400] "GET /images/alllangimages/topleftlogo.gif HTTP/1.1" 200 6907 "http://www.stumbleupon.com/refer.php?url=http%3A%2F%2Fdarwinday.org%2FenglishL%2Fhome%2Findex.html" "Mozilla/4.0 (compatible; MSIE 6.0; Windows NT 5.1; SV1; .NET CLR 1.1.4322; .NET CLR 2.0.50727)"
70.16.60.88 - - [28/Aug/2006:12:12:41 -0400] "GET /images/alllangimages/worldmaptransp.gif HTTP/1.1" 200 128893 "http://darwinday.org/englishL/home/index.html" "Mozilla/5.0 (Macintosh; U; PPC Mac OS X Mach-O; en-US; rv:1.8.0.4) Gecko/20060508 Firefox/1.5.0.4"
68.146.204.67 - - [28/Aug/2006:12:12:41 -0400] "GET /englishL/currarts.html HTTP/1.1" 200 4902 "http://darwinday.org/englishL/home/index.html" "Mozilla/4.0 (compatible; MSIE 6.0; Windows NT 5.1; SV1; .NET CLR 1.1.4322; .NET CLR 2.0.50727)"
68.146.204.67 - - [28/Aug/2006:12:12:41 -0400] "GET /images/alllangimages/header.gif HTTP/1.1" 200 20989 "http://www.stumbleupon.com/refer.php?url=http%3A%2F%2Fdarwinday.org%2FenglishL%2Fhome%2Findex.html" "Mozilla/4.0 (compatible; MSIE 6.0; Windows NT 5.1; SV1; .NET CLR 1.1.4322; .NET CLR 2.0.50727)"
70.16.60.88 - - [28/Aug/2006:12:12:42 -0400] "GET /englishL/images/navbar.gif HTTP/1.1" 200 2667 "http://darwinday.org/englishL/home/index.html" "Mozilla/5.0 (Macintosh; U; PPC Mac OS X Mach-O; en-US; rv:1.8.0.4) Gecko/20060508 Firefox/1.5.0.4"
68.146.204.67 - - [28/Aug/2006:12:12:42 -0400] "GET /englishL/images/titletrans.gif HTTP/1.1" 200 15588 "http://www.stumbleupon.com/refer.php?url=http%3A%2F%2Fdarwinday.org%2FenglishL%2Fhome%2Findex.html" "Mozilla/4.0 (compatible; MSIE 6.0; Windows NT 5.1; SV1; .NET CLR 1.1.4322; .NET CLR 2.0.50727)"
70.16.60.88 - - [28/Aug/2006:12:12:42 -0400] "GET /englishL/home/images/darwinages.gif HTTP/1.1" 200 50309 "http://darwinday.org/englishL/home/index.html" "Mozilla/5.0 (Macintosh; U; PPC Mac OS X Mach-O; en-US; rv:1.8.0.4) Gecko/20060508 Firefox/1.5.0.4"
70.16.60.88 - - [28/Aug/2006:12:12:42 -0400] "GET /images/alllangimages/arrow.gif HTTP/1.1" 200 112 "http://darwinday.org/englishL/home/index.html" "Mozilla/5.0 (Macintosh; U; PPC Mac OS X Mach-O; en-US; rv:1.8.0.4) Gecko/20060508 Firefox/1.5.0.4"
68.146.204.67 - - [28/Aug/2006:12:12:42 -0400] "GET /englishL/images/navbar.gif HTTP/1.1" 200 2667 "http://www.stumbleupon.com/refer.php?url=http%3A%2F%2Fdarwinday.org%2FenglishL%2Fhome%2Findex.html" "Mozilla/4.0 (compatible; MSIE 6.0; Windows NT 5.1; SV1; .NET CLR 1.1.4322; .NET CLR 2.0.50727)"
70.16.60.88 - - [28/Aug/2006:12:12:42 -0400] "GET /images/alllangimages/dnahorizl.gif HTTP/1.1" 200 2130 "http://darwinday.org/englishL/home/index.html" "Mozilla/5.0 (Macintosh; U; PPC Mac OS X Mach-O; en-US; rv:1.8.0.4) Gecko/20060508 Firefox/1.5.0.4"
70.16.60.88 - - [28/Aug/2006:12:12:42 -0400] "GET /images/alllangimages/dnahoriz.gif HTTP/1.1" 200 3391 "http://darwinday.org/englishL/home/index.html" "Mozilla/5.0 (Macintosh; U; PPC Mac OS X Mach-O; en-US; rv:1.8.0.4) Gecko/20060508 Firefox/1.5.0.4"
70.16.60.88 - - [28/Aug/2006:12:12:42 -0400] "GET /images/alllangimages/dnahorizr.gif HTTP/1.1" 200 2104 "http://darwinday.org/englishL/home/index.html" "Mozilla/5.0 (Macintosh; U; PPC Mac OS X Mach-O; en-US; rv:1.8.0.4) Gecko/20060508 Firefox/1.5.0.4"
70.16.60.88 - - [28/Aug/2006:12:12:42 -0400] "GET /images/alllangimages/lincoln.gif HTTP/1.1" 200 11057 "http://darwinday.org/englishL/home/index.html" "Mozilla/5.0 (Macintosh; U; PPC Mac OS X Mach-O; en-US; rv:1.8.0.4) Gecko/20060508 Firefox/1.5.0.4"
68.146.204.67 - - [28/Aug/2006:12:12:42 -0400] "GET /englishL/home/images/darwinages.gif HTTP/1.1" 200 50309 "http://www.stumbleupon.com/refer.php?url=http%3A%2F%2Fdarwinday.org%2FenglishL%2Fhome%2Findex.html" "Mozilla/4.0 (compatible; MSIE 6.0; Windows NT 5.1; SV1; .NET CLR 1.1.4322; .NET CLR 2.0.50727)"
70.16.60.88 - - [28/Aug/2006:12:12:42 -0400] "GET /images/alllangimages/darwin.gif HTTP/1.1" 200 13783 "http://darwinday.org/englishL/home/index.html" "Mozilla/5.0 (Macintosh; U; PPC Mac OS X Mach-O; en-US; rv:1.8.0.4) Gecko/20060508 Firefox/1.5.0.4"
68.146.204.67 - - [28/Aug/2006:12:12:42 -0400] "GET /images/alllangimages/arrow.gif HTTP/1.1" 200 112 "http://www.stumbleupon.com/refer.php?url=http%3A%2F%2Fdarwinday.org%2FenglishL%2Fhome%2Findex.html" "Mozilla/4.0 (compatible; MSIE 6.0; Windows NT 5.1; SV1; .NET CLR 1.1.4322; .NET CLR 2.0.50727)"
68.146.204.67 - - [28/Aug/2006:12:12:42 -0400] "GET /images/alllangimages/dnahorizl.gif HTTP/1.1" 200 2130 "http://www.stumbleupon.com/refer.php?url=http%3A%2F%2Fdarwinday.org%2FenglishL%2Fhome%2Findex.html" "Mozilla/4.0 (compatible; MSIE 6.0; Windows NT 5.1; SV1; .NET CLR 1.1.4322; .NET CLR 2.0.50727)"
68.146.204.67 - - [28/Aug/2006:12:12:42 -0400] "GET /images/alllangimages/dnahoriz.gif HTTP/1.1" 200 3391 "http://www.stumbleupon.com/refer.php?url=http%3A%2F%2Fdarwinday.org%2FenglishL%2Fhome%2Findex.html" "Mozilla/4.0 (compatible; MSIE 6.0; Windows NT 5.1; SV1; .NET CLR 1.1.4322; .NET CLR 2.0.50727)"
70.16.60.88 - - [28/Aug/2006:12:12:43 -0400] "GET /images/alllangimages/trans.gif HTTP/1.1" 200 49 "http://darwinday.org/englishL/home/index.html" "Mozilla/5.0 (Macintosh; U; PPC Mac OS X Mach-O; en-US; rv:1.8.0.4) Gecko/20060508 Firefox/1.5.0.4"
68.146.204.67 - - [28/Aug/2006:12:12:43 -0400] "GET /images/alllangimages/dnahorizr.gif HTTP/1.1" 200 2104 "http://www.stumbleupon.com/refer.php?url=http%3A%2F%2Fdarwinday.org%2FenglishL%2Fhome%2Findex.html" "Mozilla/4.0 (compatible; MSIE 6.0; Windows NT 5.1; SV1; .NET CLR 1.1.4322; .NET CLR 2.0.50727)"
70.16.60.88 - - [28/Aug/2006:12:12:43 -0400] "GET /englishL/home/images/joinus.gif HTTP/1.1" 200 524 "http://darwinday.org/englishL/home/index.html" "Mozilla/5.0 (Macintosh; U; PPC Mac OS X Mach-O; en-US; rv:1.8.0.4) Gecko/20060508 Firefox/1.5.0.4"
68.146.204.67 - - [28/Aug/2006:12:12:43 -0400] "GET /images/alllangimages/lincoln.gif HTTP/1.1" 200 11057 "http://www.stumbleupon.com/refer.php?url=http%3A%2F%2Fdarwinday.org%2FenglishL%2Fhome%2Findex.html" "Mozilla/4.0 (compatible; MSIE 6.0; Windows NT 5.1; SV1; .NET CLR 1.1.4322; .NET CLR 2.0.50727)"
70.16.60.88 - - [28/Aug/2006:12:12:43 -0400] "GET /englishL/home/images/horse.evolution.jpg HTTP/1.1" 200 29612 "http://darwinday.org/englishL/home/index.html" "Mozilla/5.0 (Macintosh; U; PPC Mac OS X Mach-O; en-US; rv:1.8.0.4) Gecko/20060508 Firefox/1.5.0.4"
70.16.60.88 - - [28/Aug/2006:12:12:43 -0400] "GET /englishL/home/images/beagle.gif HTTP/1.1" 200 37108 "http://darwinday.org/englishL/home/index.html" "Mozilla/5.0 (Macintosh; U; PPC Mac OS X Mach-O; en-US; rv:1.8.0.4) Gecko/20060508 Firefox/1.5.0.4"
68.146.204.67 - - [28/Aug/2006:12:12:43 -0400] "GET /images/alllangimages/darwin.gif HTTP/1.1" 200 13783 "http://www.stumbleupon.com/refer.php?url=http%3A%2F%2Fdarwinday.org%2FenglishL%2Fhome%2Findex.html" "Mozilla/4.0 (compatible; MSIE 6.0; Windows NT 5.1; SV1; .NET CLR 1.1.4322; .NET CLR 2.0.50727)"
70.16.60.88 - - [28/Aug/2006:12:12:43 -0400] "GET /images/alllangimages/DNAlogo.gif HTTP/1.1" 200 1370 "http://darwinday.org/englishL/currarts.html" "Mozilla/5.0 (Macintosh; U; PPC Mac OS X Mach-O; en-US; rv:1.8.0.4) Gecko/20060508 Firefox/1.5.0.4"
68.146.204.67 - - [28/Aug/2006:12:12:43 -0400] "GET /englishL/home/images/beagle.gif HTTP/1.1" 200 37108 "http://www.stumbleupon.com/refer.php?url=http%3A%2F%2Fdarwinday.org%2FenglishL%2Fhome%2Findex.html" "Mozilla/4.0 (compatible; MSIE 6.0; Windows NT 5.1; SV1; .NET CLR 1.1.4322; .NET CLR 2.0.50727)"
68.146.204.67 - - [28/Aug/2006:12:12:44 -0400] "GET /englishL/home/images/joinus.gif HTTP/1.1" 200 524 "http://www.stumbleupon.com/refer.php?url=http%3A%2F%2Fdarwinday.org%2FenglishL%2Fhome%2Findex.html" "Mozilla/4.0 (compatible; MSIE 6.0; Windows NT 5.1; SV1; .NET CLR 1.1.4322; .NET CLR 2.0.50727)"
68.146.204.67 - - [28/Aug/2006:12:12:44 -0400] "GET /images/alllangimages/trans.gif HTTP/1.1" 200 49 "http://www.stumbleupon.com/refer.php?url=http%3A%2F%2Fdarwinday.org%2FenglishL%2Fhome%2Findex.html" "Mozilla/4.0 (compatible; MSIE 6.0; Windows NT 5.1; SV1; .NET CLR 1.1.4322; .NET CLR 2.0.50727)"
68.146.204.67 - - [28/Aug/2006:12:12:44 -0400] "GET /images/alllangimages/worldmaptransp.gif HTTP/1.1" 200 128893 "http://www.stumbleupon.com/refer.php?url=http%3A%2F%2Fdarwinday.org%2FenglishL%2Fhome%2Findex.html" "Mozilla/4.0 (compatible; MSIE 6.0; Windows NT 5.1; SV1; .NET CLR 1.1.4322; .NET CLR 2.0.50727)"
68.146.204.67 - - [28/Aug/2006:12:12:44 -0400] "GET /englishL/home/images/horse.evolution.jpg HTTP/1.1" 200 29612 "http://www.stumbleupon.com/refer.php?url=http%3A%2F%2Fdarwinday.org%2FenglishL%2Fhome%2Findex.html" "Mozilla/4.0 (compatible; MSIE 6.0; Windows NT 5.1; SV1; .NET CLR 1.1.4322; .NET CLR 2.0.50727)"
68.146.204.67 - - [28/Aug/2006:12:12:44 -0400] "GET /images/alllangimages/DNAlogo.gif HTTP/1.1" 200 1370 "http://darwinday.org/englishL/currarts.html" "Mozilla/4.0 (compatible; MSIE 6.0; Windows NT 5.1; SV1; .NET CLR 1.1.4322; .NET CLR 2.0.50727)"
71.124.107.86 - - [28/Aug/2006:12:12:54 -0400] "GET /stylesheets/mainenglishL.css HTTP/1.1" 200 590 "http://darwinday.org/englishL/home/index.html" "Mozilla/5.0 (Windows; U; Windows NT 5.1; en-US; rv:1.8.0.6) Gecko/20060728 Firefox/1.5.0.6"
71.124.107.86 - - [28/Aug/2006:12:12:54 -0400] "GET /englishL/home/index.html HTTP/1.1" 200 26022 "http://www.stumbleupon.com/refer.php?url=http%3A//darwinday.org/englishL/home/index.html" "Mozilla/5.0 (Windows; U; Windows NT 5.1; en-US; rv:1.8.0.6) Gecko/20060728 Firefox/1.5.0.6"
71.124.107.86 - - [28/Aug/2006:12:12:54 -0400] "GET /stylesheets/main.css HTTP/1.1" 200 638 "http://darwinday.org/englishL/home/index.html" "Mozilla/5.0 (Windows; U; Windows NT 5.1; en-US; rv:1.8.0.6) Gecko/20060728 Firefox/1.5.0.6"
71.124.107.86 - - [28/Aug/2006:12:12:54 -0400] "GET /images/alllangimages/topleftlogo.gif HTTP/1.1" 200 6907 "http://darwinday.org/englishL/home/index.html" "Mozilla/5.0 (Windows; U; Windows NT 5.1; en-US; rv:1.8.0.6) Gecko/20060728 Firefox/1.5.0.6"
71.124.107.86 - - [28/Aug/2006:12:12:54 -0400] "GET /englishL/currarts.html HTTP/1.1" 200 4902 "http://darwinday.org/englishL/home/index.html" "Mozilla/5.0 (Windows; U; Windows NT 5.1; en-US; rv:1.8.0.6) Gecko/20060728 Firefox/1.5.0.6"
71.124.107.86 - - [28/Aug/2006:12:12:55 -0400] "GET /images/alllangimages/header.gif HTTP/1.1" 200 17021 "http://darwinday.org/englishL/home/index.html" "Mozilla/5.0 (Windows; U; Windows NT 5.1; en-US; rv:1.8.0.6) Gecko/20060728 Firefox/1.5.0.6"
71.124.107.86 - - [28/Aug/2006:12:12:55 -0400] "GET /images/alllangimages/topleftlogo.gif HTTP/1.1" 206 4405 "http://darwinday.org/englishL/home/index.html" "Mozilla/5.0 (Windows; U; Windows NT 5.1; en-US; rv:1.8.0.6) Gecko/20060728 Firefox/1.5.0.6"
71.124.107.86 - - [28/Aug/2006:12:12:55 -0400] "GET /images/alllangimages/header.gif HTTP/1.1" 200 20989 "http://darwinday.org/englishL/home/index.html" "Mozilla/5.0 (Windows; U; Windows NT 5.1; en-US; rv:1.8.0.6) Gecko/20060728 Firefox/1.5.0.6"
71.124.107.86 - - [28/Aug/2006:12:12:55 -0400] "GET /englishL/currarts.html HTTP/1.1" 200 4902 "http://darwinday.org/englishL/home/index.html" "Mozilla/5.0 (Windows; U; Windows NT 5.1; en-US; rv:1.8.0.6) Gecko/20060728 Firefox/1.5.0.6"
71.124.107.86 - - [28/Aug/2006:12:12:56 -0400] "GET /englishL/images/titletrans.gif HTTP/1.1" 200 15588 "http://darwinday.org/englishL/home/index.html" "Mozilla/5.0 (Windows; U; Windows NT 5.1; en-US; rv:1.8.0.6) Gecko/20060728 Firefox/1.5.0.6"
71.124.107.86 - - [28/Aug/2006:12:12:56 -0400] "GET /englishL/images/navbar.gif HTTP/1.1" 200 2667 "http://darwinday.org/englishL/home/index.html" "Mozilla/5.0 (Windows; U; Windows NT 5.1; en-US; rv:1.8.0.6) Gecko/20060728 Firefox/1.5.0.6"
71.124.107.86 - - [28/Aug/2006:12:12:57 -0400] "GET /images/alllangimages/worldmaptransp.gif HTTP/1.1" 200 128893 "http://darwinday.org/englishL/home/index.html" "Mozilla/5.0 (Windows; U; Windows NT 5.1; en-US; rv:1.8.0.6) Gecko/20060728 Firefox/1.5.0.6"
71.124.107.86 - - [28/Aug/2006:12:12:57 -0400] "GET /englishL/home/images/darwinages.gif HTTP/1.1" 200 50309 "http://darwinday.org/englishL/home/index.html" "Mozilla/5.0 (Windows; U; Windows NT 5.1; en-US; rv:1.8.0.6) Gecko/20060728 Firefox/1.5.0.6"
71.124.107.86 - - [28/Aug/2006:12:12:57 -0400] "GET /images/alllangimages/arrow.gif HTTP/1.1" 200 112 "http://darwinday.org/englishL/home/index.html" "Mozilla/5.0 (Windows; U; Windows NT 5.1; en-US; rv:1.8.0.6) Gecko/20060728 Firefox/1.5.0.6"
71.124.107.86 - - [28/Aug/2006:12:12:57 -0400] "GET /images/alllangimages/dnahorizl.gif HTTP/1.1" 200 2130 "http://darwinday.org/englishL/home/index.html" "Mozilla/5.0 (Windows; U; Windows NT 5.1; en-US; rv:1.8.0.6) Gecko/20060728 Firefox/1.5.0.6"
71.124.107.86 - - [28/Aug/2006:12:12:57 -0400] "GET /images/alllangimages/dnahoriz.gif HTTP/1.1" 200 3391 "http://darwinday.org/englishL/home/index.html" "Mozilla/5.0 (Windows; U; Windows NT 5.1; en-US; rv:1.8.0.6) Gecko/20060728 Firefox/1.5.0.6"
71.124.107.86 - - [28/Aug/2006:12:12:57 -0400] "GET /images/alllangimages/dnahorizr.gif HTTP/1.1" 200 2104 "http://darwinday.org/englishL/home/index.html" "Mozilla/5.0 (Windows; U; Windows NT 5.1; en-US; rv:1.8.0.6) Gecko/20060728 Firefox/1.5.0.6"
71.124.107.86 - - [28/Aug/2006:12:12:58 -0400] "GET /images/alllangimages/lincoln.gif HTTP/1.1" 200 11057 "http://darwinday.org/englishL/home/index.html" "Mozilla/5.0 (Windows; U; Windows NT 5.1; en-US; rv:1.8.0.6) Gecko/20060728 Firefox/1.5.0.6"
71.124.107.86 - - [28/Aug/2006:12:12:58 -0400] "GET /images/alllangimages/darwin.gif HTTP/1.1" 200 13783 "http://darwinday.org/englishL/home/index.html" "Mozilla/5.0 (Windows; U; Windows NT 5.1; en-US; rv:1.8.0.6) Gecko/20060728 Firefox/1.5.0.6"
71.124.107.86 - - [28/Aug/2006:12:12:58 -0400] "GET /images/alllangimages/trans.gif HTTP/1.1" 200 49 "http://darwinday.org/englishL/home/index.html" "Mozilla/5.0 (Windows; U; Windows NT 5.1; en-US; rv:1.8.0.6) Gecko/20060728 Firefox/1.5.0.6"
71.124.107.86 - - [28/Aug/2006:12:12:58 -0400] "GET /englishL/home/images/joinus.gif HTTP/1.1" 200 524 "http://darwinday.org/englishL/home/index.html" "Mozilla/5.0 (Windows; U; Windows NT 5.1; en-US; rv:1.8.0.6) Gecko/20060728 Firefox/1.5.0.6"
71.124.107.86 - - [28/Aug/2006:12:12:58 -0400] "GET /englishL/home/images/beagle.gif HTTP/1.1" 200 37108 "http://darwinday.org/englishL/home/index.html" "Mozilla/5.0 (Windows; U; Windows NT 5.1; en-US; rv:1.8.0.6) Gecko/20060728 Firefox/1.5.0.6"
71.124.107.86 - - [28/Aug/2006:12:12:58 -0400] "GET /englishL/home/images/horse.evolution.jpg HTTP/1.1" 200 29612 "http://darwinday.org/englishL/home/index.html" "Mozilla/5.0 (Windows; U; Windows NT 5.1; en-US; rv:1.8.0.6) Gecko/20060728 Firefox/1.5.0.6"
71.124.107.86 - - [28/Aug/2006:12:12:58 -0400] "GET /images/alllangimages/DNAlogo.gif HTTP/1.1" 200 1370 "http://darwinday.org/englishL/currarts.html" "Mozilla/5.0 (Windows; U; Windows NT 5.1; en-US; rv:1.8.0.6) Gecko/20060728 Firefox/1.5.0.6"
70.90.170.29 - - [28/Aug/2006:12:12:59 -0400] "GET /stylesheets/mainenglishL.css HTTP/1.1" 200 590 "http://darwinday.org/englishL/home/index.html" "Mozilla/5.0 (Windows; U; Windows NT 5.1; en-US; rv:1.8.0.6) Gecko/20060728 Firefox/1.5.0.6"
70.90.170.29 - - [28/Aug/2006:12:12:59 -0400] "GET /englishL/home/index.html HTTP/1.1" 200 26022 "http://www.stumbleupon.com/refer.php?url=http%3A//darwinday.org/englishL/home/index.html" "Mozilla/5.0 (Windows; U; Windows NT 5.1; en-US; rv:1.8.0.6) Gecko/20060728 Firefox/1.5.0.6"
70.90.170.29 - - [28/Aug/2006:12:13:00 -0400] "GET /stylesheets/main.css HTTP/1.1" 200 638 "http://darwinday.org/englishL/home/index.html" "Mozilla/5.0 (Windows; U; Windows NT 5.1; en-US; rv:1.8.0.6) Gecko/20060728 Firefox/1.5.0.6"
70.90.170.29 - - [28/Aug/2006:12:13:00 -0400] "GET /images/alllangimages/topleftlogo.gif HTTP/1.1" 200 6907 "http://darwinday.org/englishL/home/index.html" "Mozilla/5.0 (Windows; U; Windows NT 5.1; en-US; rv:1.8.0.6) Gecko/20060728 Firefox/1.5.0.6"
70.90.170.29 - - [28/Aug/2006:12:13:00 -0400] "GET /englishL/currarts.html HTTP/1.1" 200 4902 "http://darwinday.org/englishL/home/index.html" "Mozilla/5.0 (Windows; U; Windows NT 5.1; en-US; rv:1.8.0.6) Gecko/20060728 Firefox/1.5.0.6"
70.90.170.29 - - [28/Aug/2006:12:13:00 -0400] "GET /images/alllangimages/header.gif HTTP/1.1" 200 20989 "http://darwinday.org/englishL/home/index.html" "Mozilla/5.0 (Windows; U; Windows NT 5.1; en-US; rv:1.8.0.6) Gecko/20060728 Firefox/1.5.0.6"
70.90.170.29 - - [28/Aug/2006:12:13:00 -0400] "GET /englishL/images/titletrans.gif HTTP/1.1" 200 15588 "http://darwinday.org/englishL/home/index.html" "Mozilla/5.0 (Windows; U; Windows NT 5.1; en-US; rv:1.8.0.6) Gecko/20060728 Firefox/1.5.0.6"
70.90.170.29 - - [28/Aug/2006:12:13:01 -0400] "GET /images/alllangimages/worldmaptransp.gif HTTP/1.1" 200 128893 "http://darwinday.org/englishL/home/index.html" "Mozilla/5.0 (Windows; U; Windows NT 5.1; en-US; rv:1.8.0.6) Gecko/20060728 Firefox/1.5.0.6"
70.90.170.29 - - [28/Aug/2006:12:13:01 -0400] "GET /englishL/images/navbar.gif HTTP/1.1" 200 2667 "http://darwinday.org/englishL/home/index.html" "Mozilla/5.0 (Windows; U; Windows NT 5.1; en-US; rv:1.8.0.6) Gecko/20060728 Firefox/1.5.0.6"
70.90.170.29 - - [28/Aug/2006:12:13:01 -0400] "GET /englishL/home/images/darwinages.gif HTTP/1.1" 200 50309 "http://darwinday.org/englishL/home/index.html" "Mozilla/5.0 (Windows; U; Windows NT 5.1; en-US; rv:1.8.0.6) Gecko/20060728 Firefox/1.5.0.6"
70.90.170.29 - - [28/Aug/2006:12:13:01 -0400] "GET /images/alllangimages/arrow.gif HTTP/1.1" 200 112 "http://darwinday.org/englishL/home/index.html" "Mozilla/5.0 (Windows; U; Windows NT 5.1; en-US; rv:1.8.0.6) Gecko/20060728 Firefox/1.5.0.6"
70.90.170.29 - - [28/Aug/2006:12:13:01 -0400] "GET /images/alllangimages/dnahorizl.gif HTTP/1.1" 200 2130 "http://darwinday.org/englishL/home/index.html" "Mozilla/5.0 (Windows; U; Windows NT 5.1; en-US; rv:1.8.0.6) Gecko/20060728 Firefox/1.5.0.6"
70.90.170.29 - - [28/Aug/2006:12:13:01 -0400] "GET /images/alllangimages/dnahoriz.gif HTTP/1.1" 200 3391 "http://darwinday.org/englishL/home/index.html" "Mozilla/5.0 (Windows; U; Windows NT 5.1; en-US; rv:1.8.0.6) Gecko/20060728 Firefox/1.5.0.6"
70.90.170.29 - - [28/Aug/2006:12:13:01 -0400] "GET /images/alllangimages/dnahorizr.gif HTTP/1.1" 200 2104 "http://darwinday.org/englishL/home/index.html" "Mozilla/5.0 (Windows; U; Windows NT 5.1; en-US; rv:1.8.0.6) Gecko/20060728 Firefox/1.5.0.6"
70.90.170.29 - - [28/Aug/2006:12:13:01 -0400] "GET /images/alllangimages/lincoln.gif HTTP/1.1" 200 11057 "http://darwinday.org/englishL/home/index.html" "Mozilla/5.0 (Windows; U; Windows NT 5.1; en-US; rv:1.8.0.6) Gecko/20060728 Firefox/1.5.0.6"
70.90.170.29 - - [28/Aug/2006:12:13:02 -0400] "GET /images/alllangimages/darwin.gif HTTP/1.1" 200 13783 "http://darwinday.org/englishL/home/index.html" "Mozilla/5.0 (Windows; U; Windows NT 5.1; en-US; rv:1.8.0.6) Gecko/20060728 Firefox/1.5.0.6"
70.90.170.29 - - [28/Aug/2006:12:13:02 -0400] "GET /englishL/home/images/beagle.gif HTTP/1.1" 200 37108 "http://darwinday.org/englishL/home/index.html" "Mozilla/5.0 (Windows; U; Windows NT 5.1; en-US; rv:1.8.0.6) Gecko/20060728 Firefox/1.5.0.6"
70.90.170.29 - - [28/Aug/2006:12:13:02 -0400] "GET /images/alllangimages/trans.gif HTTP/1.1" 200 49 "http://darwinday.org/englishL/home/index.html" "Mozilla/5.0 (Windows; U; Windows NT 5.1; en-US; rv:1.8.0.6) Gecko/20060728 Firefox/1.5.0.6"
70.90.170.29 - - [28/Aug/2006:12:13:02 -0400] "GET /englishL/home/images/joinus.gif HTTP/1.1" 200 524 "http://darwinday.org/englishL/home/index.html" "Mozilla/5.0 (Windows; U; Windows NT 5.1; en-US; rv:1.8.0.6) Gecko/20060728 Firefox/1.5.0.6"
70.90.170.29 - - [28/Aug/2006:12:13:02 -0400] "GET /images/alllangimages/DNAlogo.gif HTTP/1.1" 200 1370 "http://darwinday.org/englishL/currarts.html" "Mozilla/5.0 (Windows; U; Windows NT 5.1; en-US; rv:1.8.0.6) Gecko/20060728 Firefox/1.5.0.6"
70.90.170.29 - - [28/Aug/2006:12:13:03 -0400] "GET /englishL/home/images/horse.evolution.jpg HTTP/1.1" 200 29612 "http://darwinday.org/englishL/home/index.html" "Mozilla/5.0 (Windows; U; Windows NT 5.1; en-US; rv:1.8.0.6) Gecko/20060728 Firefox/1.5.0.6"
