71.115.204.182 - - [28/Aug/2006:15:46:50 -0400] "GET /images/alllangimages/DNAlogo.gif HTTP/1.1" 200 1370 "http://darwinday.org/englishL/currarts.html" "Mozilla/5.0 (Windows; U; Windows NT 5.1; en-US; rv:1.8.0.6) Gecko/20060728 Firefox/1.5.0.6"
65.34.252.242 - - [28/Aug/2006:15:46:50 -0400] "GET /images/alllangimages/dnahorizl.gif HTTP/1.1" 200 2130 "http://darwinday.org/englishL/home/index.html" "Mozilla/5.0 (Macintosh; U; PPC Mac OS X Mach-O; en-US; rv:1.8) Gecko/20051111 Firefox/1.5"
65.34.252.242 - - [28/Aug/2006:15:46:50 -0400] "GET /images/alllangimages/dnahoriz.gif HTTP/1.1" 200 3391 "http://darwinday.org/englishL/home/index.html" "Mozilla/5.0 (Macintosh; U; PPC Mac OS X Mach-O; en-US; rv:1.8) Gecko/20051111 Firefox/1.5"
81.158.131.15 - - [28/Aug/2006:15:46:50 -0400] "GET /stylesheets/main.css HTTP/1.1" 200 638 "http://darwinday.org/englishL/home/index.html" "Mozilla/5.0 (Windows; U; Windows NT 5.1; en-US; rv:1.8.0.6) Gecko/20060728 Firefox/1.5.0.6"
65.34.252.242 - - [28/Aug/2006:15:46:50 -0400] "GET /images/alllangimages/dnahorizr.gif HTTP/1.1" 200 2104 "http://darwinday.org/englishL/home/index.html" "Mozilla/5.0 (Macintosh; U; PPC Mac OS X Mach-O; en-US; rv:1.8) Gecko/20051111 Firefox/1.5"
62.248.2.130 - - [28/Aug/2006:15:46:50 -0400] "GET /images/alllangimages/header.gif HTTP/1.1" 200 20989 "http://darwinday.org/englishL/home/index.html" "Mozilla/4.0 (compatible; MSIE 6.0; Windows NT 5.1; SV1; .NET CLR 1.1.4322; .NET CLR 2.0.50727)"
65.34.252.242 - - [28/Aug/2006:15:46:50 -0400] "GET /images/alllangimages/lincoln.gif HTTP/1.1" 200 11057 "http://darwinday.org/englishL/home/index.html" "Mozilla/5.0 (Macintosh; U; PPC Mac OS X Mach-O; en-US; rv:1.8) Gecko/20051111 Firefox/1.5"
71.115.204.182 - - [28/Aug/2006:15:46:50 -0400] "GET /images/alllangimages/dnahorizl.gif HTTP/1.1" 200 2130 "http://darwinday.org/englishL/home/index.html" "Mozilla/5.0 (Windows; U; Windows NT 5.1; en-US; rv:1.8.0.6) Gecko/20060728 Firefox/1.5.0.6"
71.115.204.182 - - [28/Aug/2006:15:46:50 -0400] "GET /images/alllangimages/lincoln.gif HTTP/1.1" 200 5369 "http://darwinday.org/englishL/home/index.html" "Mozilla/5.0 (Windows; U; Windows NT 5.1; en-US; rv:1.8.0.6) Gecko/20060728 Firefox/1.5.0.6"
71.115.204.182 - - [28/Aug/2006:15:46:50 -0400] "GET /images/alllangimages/dnahorizr.gif HTTP/1.1" 200 2104 "http://darwinday.org/englishL/home/index.html" "Mozilla/5.0 (Windows; U; Windows NT 5.1; en-US; rv:1.8.0.6) Gecko/20060728 Firefox/1.5.0.6"
62.248.2.130 - - [28/Aug/2006:15:46:50 -0400] "GET /englishL/currarts.html HTTP/1.1" 200 4902 "http://darwinday.org/englishL/home/index.html" "Mozilla/4.0 (compatible; MSIE 6.0; Windows NT 5.1; SV1; .NET CLR 1.1.4322; .NET CLR 2.0.50727)"
71.115.204.182 - - [28/Aug/2006:15:46:51 -0400] "GET /englishL/images/titletrans.gif HTTP/1.1" 200 15588 "http://darwinday.org/englishL/home/index.html" "Mozilla/5.0 (Windows; U; Windows NT 5.1; en-US; rv:1.8.0.6) Gecko/20060728 Firefox/1.5.0.6"
71.115.204.182 - - [28/Aug/2006:15:46:51 -0400] "GET /images/alllangimages/lincoln.gif HTTP/1.1" 200 11057 "http://darwinday.org/englishL/home/index.html" "Mozilla/5.0 (Windows; U; Windows NT 5.1; en-US; rv:1.8.0.6) Gecko/20060728 Firefox/1.5.0.6"
65.34.252.242 - - [28/Aug/2006:15:46:51 -0400] "GET /images/alllangimages/darwin.gif HTTP/1.1" 200 13783 "http://darwinday.org/englishL/home/index.html" "Mozilla/5.0 (Macintosh; U; PPC Mac OS X Mach-O; en-US; rv:1.8) Gecko/20051111 Firefox/1.5"
71.115.204.182 - - [28/Aug/2006:15:46:51 -0400] "GET /images/alllangimages/dnahoriz.gif HTTP/1.1" 200 3391 "http://darwinday.org/englishL/home/index.html" "Mozilla/5.0 (Windows; U; Windows NT 5.1; en-US; rv:1.8.0.6) Gecko/20060728 Firefox/1.5.0.6"
71.115.204.182 - - [28/Aug/2006:15:46:52 -0400] "GET /images/alllangimages/header.gif HTTP/1.1" 200 20989 "http://darwinday.org/englishL/home/index.html" "Mozilla/5.0 (Windows; U; Windows NT 5.1; en-US; rv:1.8.0.6) Gecko/20060728 Firefox/1.5.0.6"
71.115.204.182 - - [28/Aug/2006:15:46:52 -0400] "GET /images/alllangimages/worldmaptransp.gif HTTP/1.1" 200 85735 "http://darwinday.org/englishL/home/index.html" "Mozilla/5.0 (Windows; U; Windows NT 5.1; en-US; rv:1.8.0.6) Gecko/20060728 Firefox/1.5.0.6"
71.115.204.182 - - [28/Aug/2006:15:46:52 -0400] "GET /images/alllangimages/darwin.gif HTTP/1.1" 200 13783 "http://darwinday.org/englishL/home/index.html" "Mozilla/5.0 (Windows; U; Windows NT 5.1; en-US; rv:1.8.0.6) Gecko/20060728 Firefox/1.5.0.6"
65.34.252.242 - - [28/Aug/2006:15:46:52 -0400] "GET /englishL/home/images/darwinages.gif HTTP/1.1" 200 50309 "http://darwinday.org/englishL/home/index.html" "Mozilla/5.0 (Macintosh; U; PPC Mac OS X Mach-O; en-US; rv:1.8) Gecko/20051111 Firefox/1.5"
65.34.252.242 - - [28/Aug/2006:15:46:52 -0400] "GET /images/alllangimages/trans.gif HTTP/1.1" 200 49 "http://darwinday.org/englishL/home/index.html" "Mozilla/5.0 (Macintosh; U; PPC Mac OS X Mach-O; en-US; rv:1.8) Gecko/20051111 Firefox/1.5"
65.34.252.242 - - [28/Aug/2006:15:46:52 -0400] "GET /englishL/home/images/joinus.gif HTTP/1.1" 200 524 "http://darwinday.org/englishL/home/index.html" "Mozilla/5.0 (Macintosh; U; PPC Mac OS X Mach-O; en-US; rv:1.8) Gecko/20051111 Firefox/1.5"
62.248.2.130 - - [28/Aug/2006:15:46:52 -0400] "GET /images/alllangimages/worldmaptransp.gif HTTP/1.1" 200 40475 "http://darwinday.org/englishL/home/index.html" "Mozilla/4.0 (compatible; MSIE 6.0; Windows NT 5.1; SV1; .NET CLR 1.1.4322; .NET CLR 2.0.50727)"
65.34.252.242 - - [28/Aug/2006:15:46:52 -0400] "GET /englishL/home/images/beagle.gif HTTP/1.1" 200 37108 "http://darwinday.org/englishL/home/index.html" "Mozilla/5.0 (Macintosh; U; PPC Mac OS X Mach-O; en-US; rv:1.8) Gecko/20051111 Firefox/1.5"
81.158.131.15 - - [28/Aug/2006:15:46:52 -0400] "GET /images/alllangimages/topleftlogo.gif HTTP/1.1" 200 6907 "http://darwinday.org/englishL/home/index.html" "Mozilla/5.0 (Windows; U; Windows NT 5.1; en-US; rv:1.8.0.6) Gecko/20060728 Firefox/1.5.0.6"
134.197.80.27 - - [28/Aug/2006:15:46:52 -0400] "GET /stylesheets/mainenglishL.css HTTP/1.1" 200 590 "http://darwinday.org/englishL/home/index.html" "Mozilla/5.0 (Windows; U; Windows NT 5.1; en-US; rv:1.8.0.6) Gecko/20060728 Firefox/1.5.0.6"
71.115.204.182 - - [28/Aug/2006:15:46:52 -0400] "GET /englishL/home/images/darwinages.gif HTTP/1.1" 200 21497 "http://darwinday.org/englishL/home/index.html" "Mozilla/5.0 (Windows; U; Windows NT 5.1; en-US; rv:1.8.0.6) Gecko/20060728 Firefox/1.5.0.6"
71.115.204.182 - - [28/Aug/2006:15:46:52 -0400] "GET /englishL/home/images/beagle.gif HTTP/1.1" 200 20037 "http://darwinday.org/englishL/home/index.html" "Mozilla/5.0 (Windows; U; Windows NT 5.1; en-US; rv:1.8.0.6) Gecko/20060728 Firefox/1.5.0.6"
134.197.80.27 - - [28/Aug/2006:15:46:52 -0400] "GET /englishL/home/index.html HTTP/1.1" 200 26022 "http://www.stumbleupon.com/refer.php?url=http%3A//darwinday.org/englishL/home/index.html" "Mozilla/5.0 (Windows; U; Windows NT 5.1; en-US; rv:1.8.0.6) Gecko/20060728 Firefox/1.5.0.6"
134.197.80.27 - - [28/Aug/2006:15:46:53 -0400] "GET /stylesheets/main.css HTTP/1.1" 200 638 "http://darwinday.org/englishL/home/index.html" "Mozilla/5.0 (Windows; U; Windows NT 5.1; en-US; rv:1.8.0.6) Gecko/20060728 Firefox/1.5.0.6"
64.233.172.38 - - [28/Aug/2006:15:46:53 -0400] "GET /favicon.ico HTTP/1.1" 404 3475 "-" "Mozilla/5.0 (Windows; U; Windows NT 5.1; en-US; rv:1.8.0.6) Gecko/20060728 Firefox/1.5.0.6"
134.197.80.27 - - [28/Aug/2006:15:46:53 -0400] "GET /images/alllangimages/topleftlogo.gif HTTP/1.1" 200 6907 "http://darwinday.org/englishL/home/index.html" "Mozilla/5.0 (Windows; U; Windows NT 5.1; en-US; rv:1.8.0.6) Gecko/20060728 Firefox/1.5.0.6"
64.233.172.38 - - [28/Aug/2006:15:46:53 -0400] "GET /englishL.ORIG/images/titletrans.gif HTTP/1.1" 404 3499 "http://darwinday.org/favicon.ico" "Mozilla/5.0 (Windows; U; Windows NT 5.1; en-US; rv:1.8.0.6) Gecko/20060728 Firefox/1.5.0.6"
134.197.80.27 - - [28/Aug/2006:15:46:53 -0400] "GET /englishL/images/navbar.gif HTTP/1.1" 200 2667 "http://darwinday.org/englishL/home/index.html" "Mozilla/5.0 (Windows; U; Windows NT 5.1; en-US; rv:1.8.0.6) Gecko/20060728 Firefox/1.5.0.6"
134.197.80.27 - - [28/Aug/2006:15:46:53 -0400] "GET /images/alllangimages/arrow.gif HTTP/1.1" 200 112 "http://darwinday.org/englishL/home/index.html" "Mozilla/5.0 (Windows; U; Windows NT 5.1; en-US; rv:1.8.0.6) Gecko/20060728 Firefox/1.5.0.6"
64.233.172.38 - - [28/Aug/2006:15:46:53 -0400] "GET /englishL.ORIG/images/navbar.gif HTTP/1.1" 404 3495 "http://darwinday.org/favicon.ico" "Mozilla/5.0 (Windows; U; Windows NT 5.1; en-US; rv:1.8.0.6) Gecko/20060728 Firefox/1.5.0.6"
65.34.252.242 - - [28/Aug/2006:15:46:53 -0400] "GET /englishL/home/images/horse.evolution.jpg HTTP/1.1" 200 29612 "http://darwinday.org/englishL/home/index.html" "Mozilla/5.0 (Macintosh; U; PPC Mac OS X Mach-O; en-US; rv:1.8) Gecko/20051111 Firefox/1.5"
134.197.80.27 - - [28/Aug/2006:15:46:53 -0400] "GET /images/alllangimages/dnahorizl.gif HTTP/1.1" 200 2130 "http://darwinday.org/englishL/home/index.html" "Mozilla/5.0 (Windows; U; Windows NT 5.1; en-US; rv:1.8.0.6) Gecko/20060728 Firefox/1.5.0.6"
134.197.80.27 - - [28/Aug/2006:15:46:53 -0400] "GET /images/alllangimages/dnahoriz.gif HTTP/1.1" 200 3391 "http://darwinday.org/englishL/home/index.html" "Mozilla/5.0 (Windows; U; Windows NT 5.1; en-US; rv:1.8.0.6) Gecko/20060728 Firefox/1.5.0.6"
134.197.80.27 - - [28/Aug/2006:15:46:53 -0400] "GET /images/alllangimages/dnahorizr.gif HTTP/1.1" 200 2104 "http://darwinday.org/englishL/home/index.html" "Mozilla/5.0 (Windows; U; Windows NT 5.1; en-US; rv:1.8.0.6) Gecko/20060728 Firefox/1.5.0.6"
134.197.80.27 - - [28/Aug/2006:15:46:53 -0400] "GET /englishL/currarts.html HTTP/1.1" 200 4902 "http://darwinday.org/englishL/home/index.html" "Mozilla/5.0 (Windows; U; Windows NT 5.1; en-US; rv:1.8.0.6) Gecko/20060728 Firefox/1.5.0.6"
134.197.80.27 - - [28/Aug/2006:15:46:53 -0400] "GET /images/alllangimages/lincoln.gif HTTP/1.1" 200 11057 "http://darwinday.org/englishL/home/index.html" "Mozilla/5.0 (Windows; U; Windows NT 5.1; en-US; rv:1.8.0.6) Gecko/20060728 Firefox/1.5.0.6"
64.233.172.38 - - [28/Aug/2006:15:46:53 -0400] "GET /englishL.ORIG/CHANGELIFE.DELETE/index.html HTTP/1.1" 404 3506 "http://darwinday.org/favicon.ico" "Mozilla/5.0 (Windows; U; Windows NT 5.1; en-US; rv:1.8.0.6) Gecko/20060728 Firefox/1.5.0.6"
134.197.80.27 - - [28/Aug/2006:15:46:53 -0400] "GET /images/alllangimages/DNAlogo.gif HTTP/1.1" 200 1370 "http://darwinday.org/englishL/currarts.html" "Mozilla/5.0 (Windows; U; Windows NT 5.1; en-US; rv:1.8.0.6) Gecko/20060728 Firefox/1.5.0.6"
134.197.80.27 - - [28/Aug/2006:15:46:53 -0400] "GET /englishL/images/titletrans.gif HTTP/1.1" 200 15588 "http://darwinday.org/englishL/home/index.html" "Mozilla/5.0 (Windows; U; Windows NT 5.1; en-US; rv:1.8.0.6) Gecko/20060728 Firefox/1.5.0.6"
134.197.80.27 - - [28/Aug/2006:15:46:53 -0400] "GET /images/alllangimages/darwin.gif HTTP/1.1" 200 13783 "http://darwinday.org/englishL/home/index.html" "Mozilla/5.0 (Windows; U; Windows NT 5.1; en-US; rv:1.8.0.6) Gecko/20060728 Firefox/1.5.0.6"
65.34.252.242 - - [28/Aug/2006:15:46:53 -0400] "GET /images/alllangimages/DNAlogo.gif HTTP/1.1" 200 1370 "http://darwinday.org/englishL/currarts.html" "Mozilla/5.0 (Macintosh; U; PPC Mac OS X Mach-O; en-US; rv:1.8) Gecko/20051111 Firefox/1.5"
64.233.172.38 - - [28/Aug/2006:15:46:53 -0400] "GET /englishL.ORIG/newsviews/index.html HTTP/1.1" 404 3498 "http://darwinday.org/favicon.ico" "Mozilla/5.0 (Windows; U; Windows NT 5.1; en-US; rv:1.8.0.6) Gecko/20060728 Firefox/1.5.0.6"
65.34.252.242 - - [28/Aug/2006:15:46:53 -0400] "GET /favicon.ico HTTP/1.1" 404 3475 "-" "Mozilla/5.0 (Macintosh; U; PPC Mac OS X Mach-O; en-US; rv:1.8) Gecko/20051111 Firefox/1.5"
64.233.172.38 - - [28/Aug/2006:15:46:53 -0400] "GET / HTTP/1.1" 200 25696 "http://darwinday.org/favicon.ico" "Mozilla/5.0 (Windows; U; Windows NT 5.1; en-US; rv:1.8.0.6) Gecko/20060728 Firefox/1.5.0.6"
134.197.80.27 - - [28/Aug/2006:15:46:53 -0400] "GET /englishL/home/images/beagle.gif HTTP/1.1" 200 37108 "http://darwinday.org/englishL/home/index.html" "Mozilla/5.0 (Windows; U; Windows NT 5.1; en-US; rv:1.8.0.6) Gecko/20060728 Firefox/1.5.0.6"
134.197.80.27 - - [28/Aug/2006:15:46:54 -0400] "GET /images/alllangimages/header.gif HTTP/1.1" 200 20989 "http://darwinday.org/englishL/home/index.html" "Mozilla/5.0 (Windows; U; Windows NT 5.1; en-US; rv:1.8.0.6) Gecko/20060728 Firefox/1.5.0.6"
134.197.80.27 - - [28/Aug/2006:15:46:54 -0400] "GET /englishL/home/images/joinus.gif HTTP/1.1" 200 524 "http://darwinday.org/englishL/home/index.html" "Mozilla/5.0 (Windows; U; Windows NT 5.1; en-US; rv:1.8.0.6) Gecko/20060728 Firefox/1.5.0.6"
134.197.80.27 - - [28/Aug/2006:15:46:54 -0400] "GET /images/alllangimages/trans.gif HTTP/1.1" 200 49 "http://darwinday.org/englishL/home/index.html" "Mozilla/5.0 (Windows; U; Windows NT 5.1; en-US; rv:1.8.0.6) Gecko/20060728 Firefox/1.5.0.6"
64.233.172.38 - - [28/Aug/2006:15:46:54 -0400] "GET /stylesheets/main.css HTTP/1.1" 200 638 "http://www.darwinday.org/" "Mozilla/5.0 (Windows; U; Windows NT 5.1; en-US; rv:1.8.0.6) Gecko/20060728 Firefox/1.5.0.6"
64.233.172.38 - - [28/Aug/2006:15:46:54 -0400] "GET /stylesheets/mainenglishL.css HTTP/1.1" 200 590 "http://www.darwinday.org/" "Mozilla/5.0 (Windows; U; Windows NT 5.1; en-US; rv:1.8.0.6) Gecko/20060728 Firefox/1.5.0.6"
134.197.80.27 - - [28/Aug/2006:15:46:54 -0400] "GET /englishL/home/images/horse.evolution.jpg HTTP/1.1" 200 29612 "http://darwinday.org/englishL/home/index.html" "Mozilla/5.0 (Windows; U; Windows NT 5.1; en-US; rv:1.8.0.6) Gecko/20060728 Firefox/1.5.0.6"
134.197.80.27 - - [28/Aug/2006:15:46:54 -0400] "GET /englishL/home/images/darwinages.gif HTTP/1.1" 200 50309 "http://darwinday.org/englishL/home/index.html" "Mozilla/5.0 (Windows; U; Windows NT 5.1; en-US; rv:1.8.0.6) Gecko/20060728 Firefox/1.5.0.6"
69.244.177.130 - - [28/Aug/2006:15:46:55 -0400] "GET /englishL/regemail/index.php HTTP/1.1" 200 6153 "http://darwinday.org/englishL/home/index.html" "Mozilla/5.0 (Windows; U; Windows NT 5.1; en-US; rv:1.8.0.6) Gecko/20060728 Firefox/1.5.0.6"
68.183.171.135 - - [28/Aug/2006:15:46:55 -0400] "GET /images/alllangimages/goldball.gif HTTP/1.1" 200 332 "http://darwinday.org/englishL/newsviews/essays.html" "Mozilla/5.0 (Windows; U; Windows NT 5.1; en-US; rv:1.8.0.6) Gecko/20060728 Firefox/1.5.0.6"
68.183.171.135 - - [28/Aug/2006:15:46:55 -0400] "GET /images/advisorpics/bateson.gif HTTP/1.1" 200 10961 "http://darwinday.org/englishL/aboutddc/advisory.html#Bateson" "Mozilla/5.0 (Windows; U; Windows NT 5.1; en-US; rv:1.8.0.6) Gecko/20060728 Firefox/1.5.0.6"
68.183.171.135 - - [28/Aug/2006:15:46:56 -0400] "GET /images/advisorpics/calvin.gif HTTP/1.1" 200 11213 "http://darwinday.org/englishL/aboutddc/advisory.html#Bateson" "Mozilla/5.0 (Windows; U; Windows NT 5.1; en-US; rv:1.8.0.6) Gecko/20060728 Firefox/1.5.0.6"
68.183.171.135 - - [28/Aug/2006:15:46:57 -0400] "GET /images/advisorpics/cronin.gif HTTP/1.1" 200 8731 "http://darwinday.org/englishL/aboutddc/advisory.html#Bateson" "Mozilla/5.0 (Windows; U; Windows NT 5.1; en-US; rv:1.8.0.6) Gecko/20060728 Firefox/1.5.0.6"
213.156.52.120 - - [28/Aug/2006:15:46:57 -0400] "GET /englishL/home/index.html HTTP/1.1" 200 26022 "http://www.stumbleupon.com/refer.php?url=http%3A//darwinday.org/englishL/home/index.html" "Mozilla/5.0 (Windows; U; Windows NT 5.1; it; rv:1.8.0.6) Gecko/20060728 Firefox/1.5.0.6"
68.183.171.135 - - [28/Aug/2006:15:46:57 -0400] "GET /images/advisorpics/dennett.gif HTTP/1.1" 200 11171 "http://darwinday.org/englishL/aboutddc/advisory.html#Bateson" "Mozilla/5.0 (Windows; U; Windows NT 5.1; en-US; rv:1.8.0.6) Gecko/20060728 Firefox/1.5.0.6"
68.183.171.135 - - [28/Aug/2006:15:46:57 -0400] "GET /images/advisorpics/dawkins.gif HTTP/1.1" 200 14879 "http://darwinday.org/englishL/aboutddc/advisory.html#Bateson" "Mozilla/5.0 (Windows; U; Windows NT 5.1; en-US; rv:1.8.0.6) Gecko/20060728 Firefox/1.5.0.6"
68.183.171.135 - - [28/Aug/2006:15:46:58 -0400] "GET /images/advisorpics/mckie.jpg HTTP/1.1" 200 12438 "http://darwinday.org/englishL/aboutddc/advisory.html#Bateson" "Mozilla/5.0 (Windows; U; Windows NT 5.1; en-US; rv:1.8.0.6) Gecko/20060728 Firefox/1.5.0.6"
68.183.171.135 - - [28/Aug/2006:15:46:58 -0400] "GET /images/advisorpics/scott.gif HTTP/1.1" 200 12626 "http://darwinday.org/englishL/aboutddc/advisory.html#Bateson" "Mozilla/5.0 (Windows; U; Windows NT 5.1; en-US; rv:1.8.0.6) Gecko/20060728 Firefox/1.5.0.6"
68.183.171.135 - - [28/Aug/2006:15:46:58 -0400] "GET /images/advisorpics/shermer.gif HTTP/1.1" 200 9761 "http://darwinday.org/englishL/aboutddc/advisory.html#Bateson" "Mozilla/5.0 (Windows; U; Windows NT 5.1; en-US; rv:1.8.0.6) Gecko/20060728 Firefox/1.5.0.6"
134.197.80.27 - - [28/Aug/2006:15:46:58 -0400] "GET /images/alllangimages/worldmaptransp.gif HTTP/1.1" 200 128893 "http://darwinday.org/englishL/home/index.html" "Mozilla/5.0 (Windows; U; Windows NT 5.1; en-US; rv:1.8.0.6) Gecko/20060728 Firefox/1.5.0.6"
68.183.171.135 - - [28/Aug/2006:15:46:59 -0400] "GET /images/advisorpics/pinker.gif HTTP/1.1" 200 11560 "http://darwinday.org/englishL/aboutddc/advisory.html#Bateson" "Mozilla/5.0 (Windows; U; Windows NT 5.1; en-US; rv:1.8.0.6) Gecko/20060728 Firefox/1.5.0.6"
69.137.231.45 - - [28/Aug/2006:15:46:59 -0400] "GET /stylesheets/mainenglishL.css HTTP/1.1" 200 590 "http://darwinday.org/englishL/home/index.html" "Mozilla/5.0 (Windows; U; Windows NT 5.1; en-US; rv:1.8.0.6) Gecko/20060728 Firefox/1.5.0.6"
68.183.171.135 - - [28/Aug/2006:15:46:59 -0400] "GET /images/advisorpics/durham.jpg HTTP/1.1" 200 3507 "http://darwinday.org/englishL/aboutddc/advisory.html#Bateson" "Mozilla/5.0 (Windows; U; Windows NT 5.1; en-US; rv:1.8.0.6) Gecko/20060728 Firefox/1.5.0.6"
69.137.231.45 - - [28/Aug/2006:15:46:59 -0400] "GET /englishL/home/index.html HTTP/1.1" 200 26022 "http://www.stumbleupon.com/refer.php?url=http%3A//darwinday.org/englishL/home/index.html" "Mozilla/5.0 (Windows; U; Windows NT 5.1; en-US; rv:1.8.0.6) Gecko/20060728 Firefox/1.5.0.6"
69.137.231.45 - - [28/Aug/2006:15:46:59 -0400] "GET /stylesheets/main.css HTTP/1.1" 200 638 "http://darwinday.org/englishL/home/index.html" "Mozilla/5.0 (Windows; U; Windows NT 5.1; en-US; rv:1.8.0.6) Gecko/20060728 Firefox/1.5.0.6"
196.46.70.185 - - [28/Aug/2006:15:46:59 -0400] "GET /englishL/home/index.html HTTP/1.1" 200 26022 "http://www.stumbleupon.com/refer.php?url=http%3A//darwinday.org/englishL/home/index.html" "Mozilla/5.0 (Windows; U; Windows NT 5.2; en-US; rv:1.8.0.6) Gecko/20060728 Firefox/1.5.0.6"
69.137.231.45 - - [28/Aug/2006:15:46:59 -0400] "GET /images/alllangimages/topleftlogo.gif HTTP/1.1" 200 6907 "http://darwinday.org/englishL/home/index.html" "Mozilla/5.0 (Windows; U; Windows NT 5.1; en-US; rv:1.8.0.6) Gecko/20060728 Firefox/1.5.0.6"
68.183.171.135 - - [28/Aug/2006:15:46:59 -0400] "GET /images/advisorpics/jones.gif HTTP/1.1" 200 9704 "http://darwinday.org/englishL/aboutddc/advisory.html#Bateson" "Mozilla/5.0 (Windows; U; Windows NT 5.1; en-US; rv:1.8.0.6) Gecko/20060728 Firefox/1.5.0.6"
69.137.231.45 - - [28/Aug/2006:15:46:59 -0400] "GET /images/alllangimages/header.gif HTTP/1.1" 200 20989 "http://darwinday.org/englishL/home/index.html" "Mozilla/5.0 (Windows; U; Windows NT 5.1; en-US; rv:1.8.0.6) Gecko/20060728 Firefox/1.5.0.6"
69.137.231.45 - - [28/Aug/2006:15:47:00 -0400] "GET /englishL/images/navbar.gif HTTP/1.1" 200 2667 "http://darwinday.org/englishL/home/index.html" "Mozilla/5.0 (Windows; U; Windows NT 5.1; en-US; rv:1.8.0.6) Gecko/20060728 Firefox/1.5.0.6"
69.137.231.45 - - [28/Aug/2006:15:47:00 -0400] "GET /englishL/currarts.html HTTP/1.1" 200 4902 "http://darwinday.org/englishL/home/index.html" "Mozilla/5.0 (Windows; U; Windows NT 5.1; en-US; rv:1.8.0.6) Gecko/20060728 Firefox/1.5.0.6"
69.137.231.45 - - [28/Aug/2006:15:47:00 -0400] "GET /images/alllangimages/arrow.gif HTTP/1.1" 200 112 "http://darwinday.org/englishL/home/index.html" "Mozilla/5.0 (Windows; U; Windows NT 5.1; en-US; rv:1.8.0.6) Gecko/20060728 Firefox/1.5.0.6"
213.156.52.120 - - [28/Aug/2006:15:47:00 -0400] "GET /stylesheets/mainenglishL.css HTTP/1.1" 200 590 "http://darwinday.org/englishL/home/index.html" "Mozilla/5.0 (Windows; U; Windows NT 5.1; it; rv:1.8.0.6) Gecko/20060728 Firefox/1.5.0.6"
69.137.231.45 - - [28/Aug/2006:15:47:00 -0400] "GET /images/alllangimages/dnahorizl.gif HTTP/1.1" 200 2130 "http://darwinday.org/englishL/home/index.html" "Mozilla/5.0 (Windows; U; Windows NT 5.1; en-US; rv:1.8.0.6) Gecko/20060728 Firefox/1.5.0.6"
69.137.231.45 - - [28/Aug/2006:15:47:00 -0400] "GET /images/alllangimages/dnahoriz.gif HTTP/1.1" 200 3391 "http://darwinday.org/englishL/home/index.html" "Mozilla/5.0 (Windows; U; Windows NT 5.1; en-US; rv:1.8.0.6) Gecko/20060728 Firefox/1.5.0.6"
69.137.231.45 - - [28/Aug/2006:15:47:00 -0400] "GET /images/alllangimages/dnahorizr.gif HTTP/1.1" 200 2104 "http://darwinday.org/englishL/home/index.html" "Mozilla/5.0 (Windows; U; Windows NT 5.1; en-US; rv:1.8.0.6) Gecko/20060728 Firefox/1.5.0.6"
69.137.231.45 - - [28/Aug/2006:15:47:00 -0400] "GET /englishL/images/titletrans.gif HTTP/1.1" 200 15588 "http://darwinday.org/englishL/home/index.html" "Mozilla/5.0 (Windows; U; Windows NT 5.1; en-US; rv:1.8.0.6) Gecko/20060728 Firefox/1.5.0.6"
69.137.231.45 - - [28/Aug/2006:15:47:00 -0400] "GET /images/alllangimages/lincoln.gif HTTP/1.1" 200 11057 "http://darwinday.org/englishL/home/index.html" "Mozilla/5.0 (Windows; U; Windows NT 5.1; en-US; rv:1.8.0.6) Gecko/20060728 Firefox/1.5.0.6"
213.156.52.120 - - [28/Aug/2006:15:47:00 -0400] "GET /stylesheets/main.css HTTP/1.1" 200 638 "http://darwinday.org/englishL/home/index.html" "Mozilla/5.0 (Windows; U; Windows NT 5.1; it; rv:1.8.0.6) Gecko/20060728 Firefox/1.5.0.6"
69.137.231.45 - - [28/Aug/2006:15:47:00 -0400] "GET /images/alllangimages/DNAlogo.gif HTTP/1.1" 200 1370 "http://darwinday.org/englishL/currarts.html" "Mozilla/5.0 (Windows; U; Windows NT 5.1; en-US; rv:1.8.0.6) Gecko/20060728 Firefox/1.5.0.6"
69.137.231.45 - - [28/Aug/2006:15:47:00 -0400] "GET /images/alllangimages/darwin.gif HTTP/1.1" 200 13783 "http://darwinday.org/englishL/home/index.html" "Mozilla/5.0 (Windows; U; Windows NT 5.1; en-US; rv:1.8.0.6) Gecko/20060728 Firefox/1.5.0.6"
68.183.171.135 - - [28/Aug/2006:15:47:00 -0400] "GET /images/advisorpics/tudge.gif HTTP/1.1" 200 14266 "http://darwinday.org/englishL/aboutddc/advisory.html#Bateson" "Mozilla/5.0 (Windows; U; Windows NT 5.1; en-US; rv:1.8.0.6) Gecko/20060728 Firefox/1.5.0.6"
69.137.231.45 - - [28/Aug/2006:15:47:00 -0400] "GET /englishL/home/images/darwinages.gif HTTP/1.1" 200 50309 "http://darwinday.org/englishL/home/index.html" "Mozilla/5.0 (Windows; U; Windows NT 5.1; en-US; rv:1.8.0.6) Gecko/20060728 Firefox/1.5.0.6"
213.156.52.120 - - [28/Aug/2006:15:47:00 -0400] "GET /images/alllangimages/topleftlogo.gif HTTP/1.1" 200 6907 "http://darwinday.org/englishL/home/index.html" "Mozilla/5.0 (Windows; U; Windows NT 5.1; it; rv:1.8.0.6) Gecko/20060728 Firefox/1.5.0.6"
69.137.231.45 - - [28/Aug/2006:15:47:00 -0400] "GET /englishL/home/images/beagle.gif HTTP/1.1" 200 37108 "http://darwinday.org/englishL/home/index.html" "Mozilla/5.0 (Windows; U; Windows NT 5.1; en-US; rv:1.8.0.6) Gecko/20060728 Firefox/1.5.0.6"
69.137.231.45 - - [28/Aug/2006:15:47:00 -0400] "GET /images/alllangimages/trans.gif HTTP/1.1" 200 49 "http://darwinday.org/englishL/home/index.html" "Mozilla/5.0 (Windows; U; Windows NT 5.1; en-US; rv:1.8.0.6) Gecko/20060728 Firefox/1.5.0.6"
69.137.231.45 - - [28/Aug/2006:15:47:00 -0400] "GET /englishL/home/images/joinus.gif HTTP/1.1" 200 524 "http://darwinday.org/englishL/home/index.html" "Mozilla/5.0 (Windows; U; Windows NT 5.1; en-US; rv:1.8.0.6) Gecko/20060728 Firefox/1.5.0.6"
213.156.52.120 - - [28/Aug/2006:15:47:00 -0400] "GET /images/alllangimages/dnahorizl.gif HTTP/1.1" 200 2130 "http://darwinday.org/englishL/home/index.html" "Mozilla/5.0 (Windows; U; Windows NT 5.1; it; rv:1.8.0.6) Gecko/20060728 Firefox/1.5.0.6"
68.183.171.135 - - [28/Aug/2006:15:47:00 -0400] "GET /images/advisorpics/wilson.gif HTTP/1.1" 200 9150 "http://darwinday.org/englishL/aboutddc/advisory.html#Bateson" "Mozilla/5.0 (Windows; U; Windows NT 5.1; en-US; rv:1.8.0.6) Gecko/20060728 Firefox/1.5.0.6"
69.137.231.45 - - [28/Aug/2006:15:47:01 -0400] "GET /englishL/home/images/horse.evolution.jpg HTTP/1.1" 200 29612 "http://darwinday.org/englishL/home/index.html" "Mozilla/5.0 (Windows; U; Windows NT 5.1; en-US; rv:1.8.0.6) Gecko/20060728 Firefox/1.5.0.6"
213.156.52.120 - - [28/Aug/2006:15:47:01 -0400] "GET /englishL/currarts.html HTTP/1.1" 200 4902 "http://darwinday.org/englishL/home/index.html" "Mozilla/5.0 (Windows; U; Windows NT 5.1; it; rv:1.8.0.6) Gecko/20060728 Firefox/1.5.0.6"
213.156.52.120 - - [28/Aug/2006:15:47:01 -0400] "GET /images/alllangimages/dnahoriz.gif HTTP/1.1" 200 3391 "http://darwinday.org/englishL/home/index.html" "Mozilla/5.0 (Windows; U; Windows NT 5.1; it; rv:1.8.0.6) Gecko/20060728 Firefox/1.5.0.6"
213.156.52.120 - - [28/Aug/2006:15:47:01 -0400] "GET /images/alllangimages/dnahorizr.gif HTTP/1.1" 200 2104 "http://darwinday.org/englishL/home/index.html" "Mozilla/5.0 (Windows; U; Windows NT 5.1; it; rv:1.8.0.6) Gecko/20060728 Firefox/1.5.0.6"
68.183.171.135 - - [28/Aug/2006:15:47:01 -0400] "GET /images/advisorpics/zimmer.gif HTTP/1.1" 200 11343 "http://darwinday.org/englishL/aboutddc/advisory.html#Bateson" "Mozilla/5.0 (Windows; U; Windows NT 5.1; en-US; rv:1.8.0.6) Gecko/20060728 Firefox/1.5.0.6"
68.183.171.135 - - [28/Aug/2006:15:47:01 -0400] "GET /images/advisorpics/sulloway.jpg HTTP/1.1" 200 34017 "http://darwinday.org/englishL/aboutddc/advisory.html#Bateson" "Mozilla/5.0 (Windows; U; Windows NT 5.1; en-US; rv:1.8.0.6) Gecko/20060728 Firefox/1.5.0.6"
213.156.52.120 - - [28/Aug/2006:15:47:01 -0400] "GET /images/alllangimages/lincoln.gif HTTP/1.1" 200 11057 "http://darwinday.org/englishL/home/index.html" "Mozilla/5.0 (Windows; U; Windows NT 5.1; it; rv:1.8.0.6) Gecko/20060728 Firefox/1.5.0.6"
213.156.52.120 - - [28/Aug/2006:15:47:01 -0400] "GET /images/alllangimages/header.gif HTTP/1.1" 200 20989 "http://darwinday.org/englishL/home/index.html" "Mozilla/5.0 (Windows; U; Windows NT 5.1; it; rv:1.8.0.6) Gecko/20060728 Firefox/1.5.0.6"
213.156.52.120 - - [28/Aug/2006:15:47:01 -0400] "GET /images/alllangimages/darwin.gif HTTP/1.1" 200 13783 "http://darwinday.org/englishL/home/index.html" "Mozilla/5.0 (Windows; U; Windows NT 5.1; it; rv:1.8.0.6) Gecko/20060728 Firefox/1.5.0.6"
68.183.171.135 - - [28/Aug/2006:15:47:01 -0400] "GET /englishL.ORIG/CHANGELIFE.DELETE/englishL.ORIG/images/navbar.gif HTTP/1.1" 404 3527 "http://darwinday.org/englishL.ORIG/CHANGELIFE.DELETE/index.html" "Mozilla/5.0 (Windows; U; Windows NT 5.1; en-US; rv:1.8.0.6) Gecko/20060728 Firefox/1.5.0.6"
213.156.52.120 - - [28/Aug/2006:15:47:01 -0400] "GET /images/alllangimages/trans.gif HTTP/1.1" 200 49 "http://darwinday.org/englishL/home/index.html" "Mozilla/5.0 (Windows; U; Windows NT 5.1; it; rv:1.8.0.6) Gecko/20060728 Firefox/1.5.0.6"
68.183.171.135 - - [28/Aug/2006:15:47:01 -0400] "GET /englishL.ORIG/CHANGELIFE.DELETE/englishL.ORIG/images/titletrans.gif HTTP/1.1" 404 3531 "http://darwinday.org/englishL.ORIG/CHANGELIFE.DELETE/index.html" "Mozilla/5.0 (Windows; U; Windows NT 5.1; en-US; rv:1.8.0.6) Gecko/20060728 Firefox/1.5.0.6"
196.46.70.185 - - [28/Aug/2006:15:47:02 -0400] "GET /stylesheets/mainenglishL.css HTTP/1.1" 200 590 "http://darwinday.org/englishL/home/index.html" "Mozilla/5.0 (Windows; U; Windows NT 5.2; en-US; rv:1.8.0.6) Gecko/20060728 Firefox/1.5.0.6"
213.156.52.120 - - [28/Aug/2006:15:47:02 -0400] "GET /englishL/home/images/joinus.gif HTTP/1.1" 200 524 "http://darwinday.org/englishL/home/index.html" "Mozilla/5.0 (Windows; U; Windows NT 5.1; it; rv:1.8.0.6) Gecko/20060728 Firefox/1.5.0.6"
69.72.77.213 - - [28/Aug/2006:15:47:02 -0400] "GET /englishL/home/images/horse.evolution.jpg HTTP/1.1" 200 29612 "http://darwinday.org/englishL/home/index.html" "Mozilla/5.0 (Windows; U; Windows NT 5.1; en-US; rv:1.8.0.6) Gecko/20060728 Firefox/1.5.0.6"
69.137.231.45 - - [28/Aug/2006:15:47:02 -0400] "GET /images/alllangimages/worldmaptransp.gif HTTP/1.1" 200 128893 "http://darwinday.org/englishL/home/index.html" "Mozilla/5.0 (Windows; U; Windows NT 5.1; en-US; rv:1.8.0.6) Gecko/20060728 Firefox/1.5.0.6"
196.46.70.185 - - [28/Aug/2006:15:47:02 -0400] "GET /stylesheets/main.css HTTP/1.1" 200 638 "http://darwinday.org/englishL/home/index.html" "Mozilla/5.0 (Windows; U; Windows NT 5.2; en-US; rv:1.8.0.6) Gecko/20060728 Firefox/1.5.0.6"
69.137.231.45 - - [28/Aug/2006:15:47:02 -0400] "GET /favicon.ico HTTP/1.1" 404 3475 "-" "Mozilla/5.0 (Windows; U; Windows NT 5.1; en-US; rv:1.8.0.6) Gecko/20060728 Firefox/1.5.0.6"
213.156.52.120 - - [28/Aug/2006:15:47:03 -0400] "GET /englishL/home/images/horse.evolution.jpg HTTP/1.1" 200 29612 "http://darwinday.org/englishL/home/index.html" "Mozilla/5.0 (Windows; U; Windows NT 5.1; it; rv:1.8.0.6) Gecko/20060728 Firefox/1.5.0.6"
213.156.52.120 - - [28/Aug/2006:15:47:03 -0400] "GET /images/alllangimages/DNAlogo.gif HTTP/1.1" 200 1370 "http://darwinday.org/englishL/currarts.html" "Mozilla/5.0 (Windows; U; Windows NT 5.1; it; rv:1.8.0.6) Gecko/20060728 Firefox/1.5.0.6"
81.158.131.15 - - [28/Aug/2006:15:47:03 -0400] "GET /englishL/home/index.html HTTP/1.1" 200 16613 "http://www.stumbleupon.com/refer.php?url=http%3A//darwinday.org/englishL/home/index.html" "Mozilla/5.0 (Windows; U; Windows NT 5.1; en-US; rv:1.8.0.6) Gecko/20060728 Firefox/1.5.0.6"
68.183.171.135 - - [28/Aug/2006:15:47:03 -0400] "GET /englishL.ORIG/CHANGELIFE.DELETE/englishL.ORIG/images/navbar.gif HTTP/1.1" 404 3527 "http://darwinday.org/englishL.ORIG/CHANGELIFE.DELETE/index.html" "Mozilla/5.0 (Windows; U; Windows NT 5.1; en-US; rv:1.8.0.6) Gecko/20060728 Firefox/1.5.0.6"
196.46.70.185 - - [28/Aug/2006:15:47:03 -0400] "GET /images/alllangimages/topleftlogo.gif HTTP/1.1" 200 6907 "http://darwinday.org/englishL/home/index.html" "Mozilla/5.0 (Windows; U; Windows NT 5.2; en-US; rv:1.8.0.6) Gecko/20060728 Firefox/1.5.0.6"
213.156.52.120 - - [28/Aug/2006:15:47:03 -0400] "GET /englishL/images/navbar.gif HTTP/1.1" 200 2667 "http://darwinday.org/englishL/home/index.html" "Mozilla/5.0 (Windows; U; Windows NT 5.1; it; rv:1.8.0.6) Gecko/20060728 Firefox/1.5.0.6"
196.46.70.185 - - [28/Aug/2006:15:47:04 -0400] "GET /englishL/images/navbar.gif HTTP/1.1" 200 2667 "http://darwinday.org/englishL/home/index.html" "Mozilla/5.0 (Windows; U; Windows NT 5.2; en-US; rv:1.8.0.6) Gecko/20060728 Firefox/1.5.0.6"
196.46.70.185 - - [28/Aug/2006:15:47:04 -0400] "GET /images/alllangimages/arrow.gif HTTP/1.1" 200 112 "http://darwinday.org/englishL/home/index.html" "Mozilla/5.0 (Windows; U; Windows NT 5.2; en-US; rv:1.8.0.6) Gecko/20060728 Firefox/1.5.0.6"
196.46.70.185 - - [28/Aug/2006:15:47:04 -0400] "GET /images/alllangimages/dnahorizl.gif HTTP/1.1" 200 2130 "http://darwinday.org/englishL/home/index.html" "Mozilla/5.0 (Windows; U; Windows NT 5.2; en-US; rv:1.8.0.6) Gecko/20060728 Firefox/1.5.0.6"
196.46.70.185 - - [28/Aug/2006:15:47:04 -0400] "GET /images/alllangimages/dnahorizr.gif HTTP/1.1" 200 2104 "http://darwinday.org/englishL/home/index.html" "Mozilla/5.0 (Windows; U; Windows NT 5.2; en-US; rv:1.8.0.6) Gecko/20060728 Firefox/1.5.0.6"
196.46.70.185 - - [28/Aug/2006:15:47:04 -0400] "GET /englishL/currarts.html HTTP/1.1" 200 4902 "http://darwinday.org/englishL/home/index.html" "Mozilla/5.0 (Windows; U; Windows NT 5.2; en-US; rv:1.8.0.6) Gecko/20060728 Firefox/1.5.0.6"
196.46.70.185 - - [28/Aug/2006:15:47:04 -0400] "GET /images/alllangimages/lincoln.gif HTTP/1.1" 200 11057 "http://darwinday.org/englishL/home/index.html" "Mozilla/5.0 (Windows; U; Windows NT 5.2; en-US; rv:1.8.0.6) Gecko/20060728 Firefox/1.5.0.6"
196.46.70.185 - - [28/Aug/2006:15:47:04 -0400] "GET /images/alllangimages/trans.gif HTTP/1.1" 200 49 "http://darwinday.org/englishL/home/index.html" "Mozilla/5.0 (Windows; U; Windows NT 5.2; en-US; rv:1.8.0.6) Gecko/20060728 Firefox/1.5.0.6"
196.46.70.185 - - [28/Aug/2006:15:47:04 -0400] "GET /englishL/home/images/joinus.gif HTTP/1.1" 200 524 "http://darwinday.org/englishL/home/index.html" "Mozilla/5.0 (Windows; U; Windows NT 5.2; en-US; rv:1.8.0.6) Gecko/20060728 Firefox/1.5.0.6"
213.156.52.120 - - [28/Aug/2006:15:47:04 -0400] "GET /englishL/home/images/beagle.gif HTTP/1.1" 200 37108 "http://darwinday.org/englishL/home/index.html" "Mozilla/5.0 (Windows; U; Windows NT 5.1; it; rv:1.8.0.6) Gecko/20060728 Firefox/1.5.0.6"
213.156.52.120 - - [28/Aug/2006:15:47:04 -0400] "GET /englishL/home/images/darwinages.gif HTTP/1.1" 200 50309 "http://darwinday.org/englishL/home/index.html" "Mozilla/5.0 (Windows; U; Windows NT 5.1; it; rv:1.8.0.6) Gecko/20060728 Firefox/1.5.0.6"
196.46.70.185 - - [28/Aug/2006:15:47:04 -0400] "GET /images/alllangimages/DNAlogo.gif HTTP/1.1" 200 1370 "http://darwinday.org/englishL/currarts.html" "Mozilla/5.0 (Windows; U; Windows NT 5.2; en-US; rv:1.8.0.6) Gecko/20060728 Firefox/1.5.0.6"
213.156.52.120 - - [28/Aug/2006:15:47:05 -0400] "GET /englishL/images/titletrans.gif HTTP/1.1" 200 15588 "http://darwinday.org/englishL/home/index.html" "Mozilla/5.0 (Windows; U; Windows NT 5.1; it; rv:1.8.0.6) Gecko/20060728 Firefox/1.5.0.6"
196.46.70.185 - - [28/Aug/2006:15:47:05 -0400] "GET /englishL/images/titletrans.gif HTTP/1.1" 200 15588 "http://darwinday.org/englishL/home/index.html" "Mozilla/5.0 (Windows; U; Windows NT 5.2; en-US; rv:1.8.0.6) Gecko/20060728 Firefox/1.5.0.6"
196.46.70.185 - - [28/Aug/2006:15:47:05 -0400] "GET /images/alllangimages/header.gif HTTP/1.1" 200 20989 "http://darwinday.org/englishL/home/index.html" "Mozilla/5.0 (Windows; U; Windows NT 5.2; en-US; rv:1.8.0.6) Gecko/20060728 Firefox/1.5.0.6"
196.46.70.185 - - [28/Aug/2006:15:47:05 -0400] "GET /englishL/home/images/darwinages.gif HTTP/1.1" 200 18637 "http://darwinday.org/englishL/home/index.html" "Mozilla/5.0 (Windows; U; Windows NT 5.2; en-US; rv:1.8.0.6) Gecko/20060728 Firefox/1.5.0.6"
196.46.70.185 - - [28/Aug/2006:15:47:05 -0400] "GET /englishL/home/images/beagle.gif HTTP/1.1" 200 18637 "http://darwinday.org/englishL/home/index.html" "Mozilla/5.0 (Windows; U; Windows NT 5.2; en-US; rv:1.8.0.6) Gecko/20060728 Firefox/1.5.0.6"
196.46.70.185 - - [28/Aug/2006:15:47:06 -0400] "GET /images/alllangimages/worldmaptransp.gif HTTP/1.1" 200 11835 "http://darwinday.org/englishL/home/index.html" "Mozilla/5.0 (Windows; U; Windows NT 5.2; en-US; rv:1.8.0.6) Gecko/20060728 Firefox/1.5.0.6"
196.46.70.185 - - [28/Aug/2006:15:47:06 -0400] "GET /englishL/home/images/horse.evolution.jpg HTTP/1.1" 200 15916 "http://darwinday.org/englishL/home/index.html" "Mozilla/5.0 (Windows; U; Windows NT 5.2; en-US; rv:1.8.0.6) Gecko/20060728 Firefox/1.5.0.6"
196.46.70.185 - - [28/Aug/2006:15:47:06 -0400] "GET /images/alllangimages/darwin.gif HTTP/1.1" 200 13197 "http://darwinday.org/englishL/home/index.html" "Mozilla/5.0 (Windows; U; Windows NT 5.2; en-US; rv:1.8.0.6) Gecko/20060728 Firefox/1.5.0.6"
196.46.70.185 - - [28/Aug/2006:15:47:06 -0400] "GET /images/alllangimages/dnahoriz.gif HTTP/1.1" 200 3391 "http://darwinday.org/englishL/home/index.html" "Mozilla/5.0 (Windows; U; Windows NT 5.2; en-US; rv:1.8.0.6) Gecko/20060728 Firefox/1.5.0.6"
213.156.52.120 - - [28/Aug/2006:15:47:07 -0400] "GET /images/alllangimages/worldmaptransp.gif HTTP/1.1" 200 128893 "http://darwinday.org/englishL/home/index.html" "Mozilla/5.0 (Windows; U; Windows NT 5.1; it; rv:1.8.0.6) Gecko/20060728 Firefox/1.5.0.6"
72.73.71.126 - - [28/Aug/2006:15:47:07 -0400] "GET /englishL/home/index.html HTTP/1.1" 200 26022 "http://www.stumbleupon.com/refer.php?url=http%3A//darwinday.org/englishL/home/index.html" "Mozilla/5.0 (Windows; U; Windows NT 5.1; en-US; rv:1.8.0.6) Gecko/20060728 Firefox/1.5.0.6"
72.73.71.126 - - [28/Aug/2006:15:47:07 -0400] "GET /stylesheets/mainenglishL.css HTTP/1.1" 200 590 "http://darwinday.org/englishL/home/index.html" "Mozilla/5.0 (Windows; U; Windows NT 5.1; en-US; rv:1.8.0.6) Gecko/20060728 Firefox/1.5.0.6"
72.73.71.126 - - [28/Aug/2006:15:47:07 -0400] "GET /stylesheets/main.css HTTP/1.1" 200 638 "http://darwinday.org/englishL/home/index.html" "Mozilla/5.0 (Windows; U; Windows NT 5.1; en-US; rv:1.8.0.6) Gecko/20060728 Firefox/1.5.0.6"
72.73.71.126 - - [28/Aug/2006:15:47:08 -0400] "GET /images/alllangimages/topleftlogo.gif HTTP/1.1" 200 6907 "http://darwinday.org/englishL/home/index.html" "Mozilla/5.0 (Windows; U; Windows NT 5.1; en-US; rv:1.8.0.6) Gecko/20060728 Firefox/1.5.0.6"
72.73.71.126 - - [28/Aug/2006:15:47:08 -0400] "GET /images/alllangimages/header.gif HTTP/1.1" 200 20989 "http://darwinday.org/englishL/home/index.html" "Mozilla/5.0 (Windows; U; Windows NT 5.1; en-US; rv:1.8.0.6) Gecko/20060728 Firefox/1.5.0.6"
72.73.71.126 - - [28/Aug/2006:15:47:08 -0400] "GET /images/alllangimages/dnahorizl.gif HTTP/1.1" 200 2130 "http://darwinday.org/englishL/home/index.html" "Mozilla/5.0 (Windows; U; Windows NT 5.1; en-US; rv:1.8.0.6) Gecko/20060728 Firefox/1.5.0.6"
72.73.71.126 - - [28/Aug/2006:15:47:08 -0400] "GET /images/alllangimages/arrow.gif HTTP/1.1" 200 112 "http://darwinday.org/englishL/home/index.html" "Mozilla/5.0 (Windows; U; Windows NT 5.1; en-US; rv:1.8.0.6) Gecko/20060728 Firefox/1.5.0.6"
72.73.71.126 - - [28/Aug/2006:15:47:08 -0400] "GET /englishL/images/navbar.gif HTTP/1.1" 200 2667 "http://darwinday.org/englishL/home/index.html" "Mozilla/5.0 (Windows; U; Windows NT 5.1; en-US; rv:1.8.0.6) Gecko/20060728 Firefox/1.5.0.6"
72.73.71.126 - - [28/Aug/2006:15:47:08 -0400] "GET /englishL/currarts.html HTTP/1.1" 200 4902 "http://darwinday.org/englishL/home/index.html" "Mozilla/5.0 (Windows; U; Windows NT 5.1; en-US; rv:1.8.0.6) Gecko/20060728 Firefox/1.5.0.6"
72.73.71.126 - - [28/Aug/2006:15:47:08 -0400] "GET /images/alllangimages/dnahoriz.gif HTTP/1.1" 200 3391 "http://darwinday.org/englishL/home/index.html" "Mozilla/5.0 (Windows; U; Windows NT 5.1; en-US; rv:1.8.0.6) Gecko/20060728 Firefox/1.5.0.6"
72.73.71.126 - - [28/Aug/2006:15:47:08 -0400] "GET /images/alllangimages/DNAlogo.gif HTTP/1.1" 200 1370 "http://darwinday.org/englishL/currarts.html" "Mozilla/5.0 (Windows; U; Windows NT 5.1; en-US; rv:1.8.0.6) Gecko/20060728 Firefox/1.5.0.6"
72.73.71.126 - - [28/Aug/2006:15:47:09 -0400] "GET /images/alllangimages/dnahorizr.gif HTTP/1.1" 200 2104 "http://darwinday.org/englishL/home/index.html" "Mozilla/5.0 (Windows; U; Windows NT 5.1; en-US; rv:1.8.0.6) Gecko/20060728 Firefox/1.5.0.6"
72.73.71.126 - - [28/Aug/2006:15:47:09 -0400] "GET /englishL/home/images/horse.evolution.jpg HTTP/1.1" 200 29612 "http://darwinday.org/englishL/home/index.html" "Mozilla/5.0 (Windows; U; Windows NT 5.1; en-US; rv:1.8.0.6) Gecko/20060728 Firefox/1.5.0.6"
72.73.71.126 - - [28/Aug/2006:15:47:09 -0400] "GET /images/alllangimages/lincoln.gif HTTP/1.1" 200 11057 "http://darwinday.org/englishL/home/index.html" "Mozilla/5.0 (Windows; U; Windows NT 5.1; en-US; rv:1.8.0.6) Gecko/20060728 Firefox/1.5.0.6"
72.73.71.126 - - [28/Aug/2006:15:47:10 -0400] "GET /englishL/home/images/darwinages.gif HTTP/1.1" 200 50309 "http://darwinday.org/englishL/home/index.html" "Mozilla/5.0 (Windows; U; Windows NT 5.1; en-US; rv:1.8.0.6) Gecko/20060728 Firefox/1.5.0.6"
213.156.52.120 - - [28/Aug/2006:15:47:10 -0400] "GET /images/alllangimages/arrow.gif HTTP/1.1" 200 112 "http://darwinday.org/englishL/home/index.html" "Mozilla/5.0 (Windows; U; Windows NT 5.1; it; rv:1.8.0.6) Gecko/20060728 Firefox/1.5.0.6"
213.156.52.120 - - [28/Aug/2006:15:47:10 -0400] "GET /favicon.ico HTTP/1.1" 404 3475 "-" "Mozilla/5.0 (Windows; U; Windows NT 5.1; it; rv:1.8.0.6) Gecko/20060728 Firefox/1.5.0.6"
213.156.52.120 - - [28/Aug/2006:15:47:10 -0400] "GET /favicon.ico HTTP/1.1" 404 3475 "-" "Mozilla/5.0 (Windows; U; Windows NT 5.1; it; rv:1.8.0.6) Gecko/20060728 Firefox/1.5.0.6"
72.73.71.126 - - [28/Aug/2006:15:47:10 -0400] "GET /images/alllangimages/worldmaptransp.gif HTTP/1.1" 200 128893 "http://darwinday.org/englishL/home/index.html" "Mozilla/5.0 (Windows; U; Windows NT 5.1; en-US; rv:1.8.0.6) Gecko/20060728 Firefox/1.5.0.6"
69.72.77.213 - - [28/Aug/2006:15:47:10 -0400] "GET /englishL/home/images/darwinages.gif HTTP/1.1" 200 50309 "http://darwinday.org/englishL/home/index.html" "Mozilla/5.0 (Windows; U; Windows NT 5.1; en-US; rv:1.8.0.6) Gecko/20060728 Firefox/1.5.0.6"
69.72.77.213 - - [28/Aug/2006:15:47:10 -0400] "GET /images/alllangimages/arrow.gif HTTP/1.1" 200 112 "http://darwinday.org/englishL/home/index.html" "Mozilla/5.0 (Windows; U; Windows NT 5.1; en-US; rv:1.8.0.6) Gecko/20060728 Firefox/1.5.0.6"
69.72.77.213 - - [28/Aug/2006:15:47:10 -0400] "GET /images/alllangimages/dnahorizl.gif HTTP/1.1" 200 2130 "http://darwinday.org/englishL/home/index.html" "Mozilla/5.0 (Windows; U; Windows NT 5.1; en-US; rv:1.8.0.6) Gecko/20060728 Firefox/1.5.0.6"
12.162.61.81 - - [28/Aug/2006:15:47:11 -0400] "GET /englishL/home/index.html HTTP/1.0" 200 26022 "http://www.stumbleupon.com/refer.php?url=http%3A//darwinday.org/englishL/home/index.html" "Mozilla/5.0 (Windows; U; Windows NT 5.1; en-US; rv:1.8.0.6) Gecko/20060728 Firefox/1.5.0.6"
72.73.71.126 - - [28/Aug/2006:15:47:11 -0400] "GET /images/alllangimages/darwin.gif HTTP/1.1" 200 13783 "http://darwinday.org/englishL/home/index.html" "Mozilla/5.0 (Windows; U; Windows NT 5.1; en-US; rv:1.8.0.6) Gecko/20060728 Firefox/1.5.0.6"
69.244.177.130 - - [28/Aug/2006:15:47:11 -0400] "POST /englishL/regemail/index.php? HTTP/1.1" 302 6153 "http://darwinday.org/englishL/regemail/index.php" "Mozilla/5.0 (Windows; U; Windows NT 5.1; en-US; rv:1.8.0.6) Gecko/20060728 Firefox/1.5.0.6"
72.73.71.126 - - [28/Aug/2006:15:47:11 -0400] "GET /englishL/images/titletrans.gif HTTP/1.1" 200 15588 "http://darwinday.org/englishL/home/index.html" "Mozilla/5.0 (Windows; U; Windows NT 5.1; en-US; rv:1.8.0.6) Gecko/20060728 Firefox/1.5.0.6"
69.244.177.130 - - [28/Aug/2006:15:47:11 -0400] "GET /englishL/home/index.html? HTTP/1.1" 200 26022 "http://darwinday.org/englishL/regemail/index.php" "Mozilla/5.0 (Windows; U; Windows NT 5.1; en-US; rv:1.8.0.6) Gecko/20060728 Firefox/1.5.0.6"
12.162.61.81 - - [28/Aug/2006:15:47:11 -0400] "GET /stylesheets/mainenglishL.css HTTP/1.0" 200 590 "http://darwinday.org/englishL/home/index.html" "Mozilla/5.0 (Windows; U; Windows NT 5.1; en-US; rv:1.8.0.6) Gecko/20060728 Firefox/1.5.0.6"
88.110.196.233 - - [28/Aug/2006:15:47:12 -0400] "GET /stylesheets/mainenglishL.css HTTP/1.1" 200 590 "http://darwinday.org/englishL/home/index.html" "Mozilla/5.0 (Windows; U; Windows NT 5.1; en-GB; rv:1.8.0.6) Gecko/20060728 Firefox/1.5.0.6"
12.162.61.81 - - [28/Aug/2006:15:47:12 -0400] "GET /stylesheets/main.css HTTP/1.0" 200 638 "http://darwinday.org/englishL/home/index.html" "Mozilla/5.0 (Windows; U; Windows NT 5.1; en-US; rv:1.8.0.6) Gecko/20060728 Firefox/1.5.0.6"
88.110.196.233 - - [28/Aug/2006:15:47:12 -0400] "GET /stylesheets/main.css HTTP/1.1" 200 638 "http://darwinday.org/englishL/home/index.html" "Mozilla/5.0 (Windows; U; Windows NT 5.1; en-GB; rv:1.8.0.6) Gecko/20060728 Firefox/1.5.0.6"
88.110.196.233 - - [28/Aug/2006:15:47:12 -0400] "GET /images/alllangimages/topleftlogo.gif HTTP/1.1" 200 6907 "http://darwinday.org/englishL/home/index.html" "Mozilla/5.0 (Windows; U; Windows NT 5.1; en-GB; rv:1.8.0.6) Gecko/20060728 Firefox/1.5.0.6"
12.162.61.81 - - [28/Aug/2006:15:47:12 -0400] "GET /images/alllangimages/topleftlogo.gif HTTP/1.0" 200 6907 "http://darwinday.org/englishL/home/index.html" "Mozilla/5.0 (Windows; U; Windows NT 5.1; en-US; rv:1.8.0.6) Gecko/20060728 Firefox/1.5.0.6"
12.162.61.81 - - [28/Aug/2006:15:47:12 -0400] "GET /englishL/images/titletrans.gif HTTP/1.0" 200 15588 "http://darwinday.org/englishL/home/index.html" "Mozilla/5.0 (Windows; U; Windows NT 5.1; en-US; rv:1.8.0.6) Gecko/20060728 Firefox/1.5.0.6"
72.73.71.126 - - [28/Aug/2006:15:47:12 -0400] "GET /englishL/home/images/beagle.gif HTTP/1.1" 200 37108 "http://darwinday.org/englishL/home/index.html" "Mozilla/5.0 (Windows; U; Windows NT 5.1; en-US; rv:1.8.0.6) Gecko/20060728 Firefox/1.5.0.6"
69.72.77.213 - - [28/Aug/2006:15:47:12 -0400] "GET /images/alllangimages/dnahoriz.gif HTTP/1.1" 200 3391 "http://darwinday.org/englishL/home/index.html" "Mozilla/5.0 (Windows; U; Windows NT 5.1; en-US; rv:1.8.0.6) Gecko/20060728 Firefox/1.5.0.6"
69.72.77.213 - - [28/Aug/2006:15:47:12 -0400] "GET /images/alllangimages/dnahorizr.gif HTTP/1.1" 200 2104 "http://darwinday.org/englishL/home/index.html" "Mozilla/5.0 (Windows; U; Windows NT 5.1; en-US; rv:1.8.0.6) Gecko/20060728 Firefox/1.5.0.6"
86.142.126.97 - - [28/Aug/2006:15:47:12 -0400] "GET /englishL/life/shrewsbury.html HTTP/1.1" 200 37669 "http://darwinday.org/englishL/life/index.html" "Mozilla/5.0 (Windows; U; Windows NT 5.1; en-GB; rv:1.8.0.6) Gecko/20060728 Firefox/1.5.0.6"
12.162.61.81 - - [28/Aug/2006:15:47:12 -0400] "GET /images/alllangimages/header.gif HTTP/1.0" 200 20989 "http://darwinday.org/englishL/home/index.html" "Mozilla/5.0 (Windows; U; Windows NT 5.1; en-US; rv:1.8.0.6) Gecko/20060728 Firefox/1.5.0.6"
72.73.71.126 - - [28/Aug/2006:15:47:13 -0400] "GET /images/alllangimages/trans.gif HTTP/1.1" 200 49 "http://darwinday.org/englishL/home/index.html" "Mozilla/5.0 (Windows; U; Windows NT 5.1; en-US; rv:1.8.0.6) Gecko/20060728 Firefox/1.5.0.6"
72.73.71.126 - - [28/Aug/2006:15:47:13 -0400] "GET /englishL/home/images/joinus.gif HTTP/1.1" 200 524 "http://darwinday.org/englishL/home/index.html" "Mozilla/5.0 (Windows; U; Windows NT 5.1; en-US; rv:1.8.0.6) Gecko/20060728 Firefox/1.5.0.6"
72.73.71.126 - - [28/Aug/2006:15:47:13 -0400] "GET /favicon.ico HTTP/1.1" 404 3475 "-" "Mozilla/5.0 (Windows; U; Windows NT 5.1; en-US; rv:1.8.0.6) Gecko/20060728 Firefox/1.5.0.6"
88.110.196.233 - - [28/Aug/2006:15:47:13 -0400] "GET /images/alllangimages/topleftlogo.gif HTTP/1.1" 200 6907 "http://darwinday.org/englishL/home/index.html" "Mozilla/5.0 (Windows; U; Windows NT 5.1; en-GB; rv:1.8.0.6) Gecko/20060728 Firefox/1.5.0.6"
12.162.61.81 - - [28/Aug/2006:15:47:13 -0400] "GET /englishL/currarts.html HTTP/1.0" 200 4902 "http://darwinday.org/englishL/home/index.html" "Mozilla/5.0 (Windows; U; Windows NT 5.1; en-US; rv:1.8.0.6) Gecko/20060728 Firefox/1.5.0.6"
12.162.61.81 - - [28/Aug/2006:15:47:13 -0400] "GET /images/alllangimages/worldmaptransp.gif HTTP/1.0" 200 128893 "http://darwinday.org/englishL/home/index.html" "Mozilla/5.0 (Windows; U; Windows NT 5.1; en-US; rv:1.8.0.6) Gecko/20060728 Firefox/1.5.0.6"
88.110.196.233 - - [28/Aug/2006:15:47:13 -0400] "GET /englishL/home/index.html HTTP/1.1" 200 26022 "-" "Mozilla/5.0 (Windows; U; Windows NT 5.1; en-GB; rv:1.8.0.6) Gecko/20060728 Firefox/1.5.0.6"
88.110.196.233 - - [28/Aug/2006:15:47:13 -0400] "GET /englishL/home/index.html HTTP/1.1" 200 26022 "-" "Mozilla/5.0 (Windows; U; Windows NT 5.1; en-GB; rv:1.8.0.6) Gecko/20060728 Firefox/1.5.0.6"
88.110.196.233 - - [28/Aug/2006:15:47:14 -0400] "GET /englishL/currarts.html HTTP/1.1" 200 4902 "http://darwinday.org/englishL/home/index.html" "Mozilla/5.0 (Windows; U; Windows NT 5.1; en-GB; rv:1.8.0.6) Gecko/20060728 Firefox/1.5.0.6"
12.162.61.81 - - [28/Aug/2006:15:47:14 -0400] "GET /englishL/images/navbar.gif HTTP/1.0" 200 2667 "http://darwinday.org/englishL/home/index.html" "Mozilla/5.0 (Windows; U; Windows NT 5.1; en-US; rv:1.8.0.6) Gecko/20060728 Firefox/1.5.0.6"
86.142.126.97 - - [28/Aug/2006:15:47:14 -0400] "GET /images/lifeimages/mountmap-t.jpg HTTP/1.1" 200 61648 "http://darwinday.org/englishL/life/shrewsbury.html" "Mozilla/5.0 (Windows; U; Windows NT 5.1; en-GB; rv:1.8.0.6) Gecko/20060728 Firefox/1.5.0.6"
88.110.196.233 - - [28/Aug/2006:15:47:14 -0400] "GET /images/alllangimages/header.gif HTTP/1.1" 200 20989 "http://darwinday.org/englishL/home/index.html" "Mozilla/5.0 (Windows; U; Windows NT 5.1; en-GB; rv:1.8.0.6) Gecko/20060728 Firefox/1.5.0.6"
86.142.126.97 - - [28/Aug/2006:15:47:15 -0400] "GET /images/lifeimages/shrewsbury.jpg HTTP/1.1" 200 103773 "http://darwinday.org/englishL/life/shrewsbury.html" "Mozilla/5.0 (Windows; U; Windows NT 5.1; en-GB; rv:1.8.0.6) Gecko/20060728 Firefox/1.5.0.6"
88.110.196.233 - - [28/Aug/2006:15:47:15 -0400] "GET /englishL/images/titletrans.gif HTTP/1.1" 200 15588 "http://darwinday.org/englishL/home/index.html" "Mozilla/5.0 (Windows; U; Windows NT 5.1; en-GB; rv:1.8.0.6) Gecko/20060728 Firefox/1.5.0.6"
86.142.126.97 - - [28/Aug/2006:15:47:15 -0400] "GET /images/lifeimages/plaque-t.jpg HTTP/1.1" 200 43479 "http://darwinday.org/englishL/life/shrewsbury.html" "Mozilla/5.0 (Windows; U; Windows NT 5.1; en-GB; rv:1.8.0.6) Gecko/20060728 Firefox/1.5.0.6"
12.162.61.81 - - [28/Aug/2006:15:47:15 -0400] "GET /images/alllangimages/arrow.gif HTTP/1.0" 200 112 "http://darwinday.org/englishL/home/index.html" "Mozilla/5.0 (Windows; U; Windows NT 5.1; en-US; rv:1.8.0.6) Gecko/20060728 Firefox/1.5.0.6"
12.162.61.81 - - [28/Aug/2006:15:47:15 -0400] "GET /images/alllangimages/dnahorizl.gif HTTP/1.0" 200 2130 "http://darwinday.org/englishL/home/index.html" "Mozilla/5.0 (Windows; U; Windows NT 5.1; en-US; rv:1.8.0.6) Gecko/20060728 Firefox/1.5.0.6"
88.110.196.233 - - [28/Aug/2006:15:47:16 -0400] "GET /englishL/images/navbar.gif HTTP/1.1" 200 2667 "http://darwinday.org/englishL/home/index.html" "Mozilla/5.0 (Windows; U; Windows NT 5.1; en-GB; rv:1.8.0.6) Gecko/20060728 Firefox/1.5.0.6"
86.142.126.97 - - [28/Aug/2006:15:47:16 -0400] "GET /images/lifeimages/mountleft-t.jpg HTTP/1.1" 200 20725 "http://darwinday.org/englishL/life/shrewsbury.html" "Mozilla/5.0 (Windows; U; Windows NT 5.1; en-GB; rv:1.8.0.6) Gecko/20060728 Firefox/1.5.0.6"
68.183.171.135 - - [28/Aug/2006:15:47:16 -0400] "GET /englishL.ORIG/CHANGELIFE.DELETE/englishL.ORIG/images/titletrans.gif HTTP/1.1" 404 3531 "http://darwinday.org/englishL.ORIG/CHANGELIFE.DELETE/index.html" "Mozilla/5.0 (Windows; U; Windows NT 5.1; en-US; rv:1.8.0.6) Gecko/20060728 Firefox/1.5.0.6"
12.162.61.81 - - [28/Aug/2006:15:47:16 -0400] "GET /images/alllangimages/dnahoriz.gif HTTP/1.0" 200 3391 "http://darwinday.org/englishL/home/index.html" "Mozilla/5.0 (Windows; U; Windows NT 5.1; en-US; rv:1.8.0.6) Gecko/20060728 Firefox/1.5.0.6"
