207.200.116.134 - - [28/Aug/2006:03:32:54 -0400] "HEAD / HTTP/1.1" 200 0 "-" "Mozilla/4.0 (compatible; MSIE 6.0; AOL 9.0; Windows NT 5.1; SV1; .NET CLR 1.1.4322)"
207.200.116.73 - - [28/Aug/2006:03:33:08 -0400] "GET /englishL/newsviews/darlin.html HTTP/1.1" 200 21687 "http://darwinday.org/" "Mozilla/4.0 (compatible; MSIE 6.0; AOL 9.0; Windows NT 5.1; SV1; .NET CLR 1.1.4322)"
207.200.116.133 - - [28/Aug/2006:03:33:10 -0400] "GET /images/alllangimages/medallion.jpg HTTP/1.1" 200 5652 "http://darwinday.org/englishL/newsviews/darlin.html" "Mozilla/4.0 (compatible; MSIE 6.0; AOL 9.0; Windows NT 5.1; SV1; .NET CLR 1.1.4322)"
72.30.177.19 - - [28/Aug/2006:03:33:56 -0400] "GET /robots.txt HTTP/1.0" 404 3462 "-" "Mozilla/5.0 (compatible; Yahoo! Slurp; http://help.yahoo.com/help/us/ysearch/slurp)"
72.30.177.20 - - [28/Aug/2006:03:34:08 -0400] "GET / HTTP/1.0" 200 25696 "-" "Mozilla/5.0 (compatible; Yahoo! Slurp; http://help.yahoo.com/help/us/ysearch/slurp)"
72.10.5.59 - - [28/Aug/2006:03:34:44 -0400] "GET /stylesheets/mainenglishL.css HTTP/1.1" 200 590 "http://www.darwinday.org/" "Mozilla/5.0 (Windows; U; Windows NT 5.1; en-US; rv:1.8.0.6) Gecko/20060728 Firefox/1.5.0.6"
72.10.5.59 - - [28/Aug/2006:03:34:44 -0400] "GET /stylesheets/main.css HTTP/1.1" 200 638 "http://www.darwinday.org/" "Mozilla/5.0 (Windows; U; Windows NT 5.1; en-US; rv:1.8.0.6) Gecko/20060728 Firefox/1.5.0.6"
72.10.5.59 - - [28/Aug/2006:03:34:45 -0400] "GET /images/alllangimages/topleftlogo.gif HTTP/1.1" 200 6907 "http://www.darwinday.org/" "Mozilla/5.0 (Windows; U; Windows NT 5.1; en-US; rv:1.8.0.6) Gecko/20060728 Firefox/1.5.0.6"
72.10.5.59 - - [28/Aug/2006:03:34:46 -0400] "GET / HTTP/1.1" 200 25696 "http://www.atheistalliance.org/" "Mozilla/5.0 (Windows; U; Windows NT 5.1; en-US; rv:1.8.0.6) Gecko/20060728 Firefox/1.5.0.6"
72.10.5.59 - - [28/Aug/2006:03:34:46 -0400] "GET /images/alllangimages/header.gif HTTP/1.1" 200 20989 "http://www.darwinday.org/" "Mozilla/5.0 (Windows; U; Windows NT 5.1; en-US; rv:1.8.0.6) Gecko/20060728 Firefox/1.5.0.6"
72.10.5.59 - - [28/Aug/2006:03:34:46 -0400] "GET /englishL/currarts.html HTTP/1.1" 200 4902 "http://www.darwinday.org/" "Mozilla/5.0 (Windows; U; Windows NT 5.1; en-US; rv:1.8.0.6) Gecko/20060728 Firefox/1.5.0.6"
72.10.5.59 - - [28/Aug/2006:03:34:47 -0400] "GET /englishL/images/titletrans.gif HTTP/1.1" 200 15588 "http://www.darwinday.org/" "Mozilla/5.0 (Windows; U; Windows NT 5.1; en-US; rv:1.8.0.6) Gecko/20060728 Firefox/1.5.0.6"
72.10.5.59 - - [28/Aug/2006:03:34:47 -0400] "GET /englishL/images/navbar.gif HTTP/1.1" 200 2667 "http://www.darwinday.org/" "Mozilla/5.0 (Windows; U; Windows NT 5.1; en-US; rv:1.8.0.6) Gecko/20060728 Firefox/1.5.0.6"
72.10.5.59 - - [28/Aug/2006:03:34:51 -0400] "GET /englishL/home/images/darwinages.gif HTTP/1.1" 200 50309 "http://www.darwinday.org/" "Mozilla/5.0 (Windows; U; Windows NT 5.1; en-US; rv:1.8.0.6) Gecko/20060728 Firefox/1.5.0.6"
72.10.5.59 - - [28/Aug/2006:03:34:51 -0400] "GET /images/alllangimages/arrow.gif HTTP/1.1" 200 112 "http://www.darwinday.org/" "Mozilla/5.0 (Windows; U; Windows NT 5.1; en-US; rv:1.8.0.6) Gecko/20060728 Firefox/1.5.0.6"
72.10.5.59 - - [28/Aug/2006:03:34:51 -0400] "GET /images/alllangimages/dnahorizl.gif HTTP/1.1" 200 2130 "http://www.darwinday.org/" "Mozilla/5.0 (Windows; U; Windows NT 5.1; en-US; rv:1.8.0.6) Gecko/20060728 Firefox/1.5.0.6"
72.10.5.59 - - [28/Aug/2006:03:34:52 -0400] "GET /images/alllangimages/dnahoriz.gif HTTP/1.1" 200 3391 "http://www.darwinday.org/" "Mozilla/5.0 (Windows; U; Windows NT 5.1; en-US; rv:1.8.0.6) Gecko/20060728 Firefox/1.5.0.6"
72.10.5.59 - - [28/Aug/2006:03:34:52 -0400] "GET /images/alllangimages/dnahorizr.gif HTTP/1.1" 200 2104 "http://www.darwinday.org/" "Mozilla/5.0 (Windows; U; Windows NT 5.1; en-US; rv:1.8.0.6) Gecko/20060728 Firefox/1.5.0.6"
72.10.5.59 - - [28/Aug/2006:03:34:52 -0400] "GET /images/alllangimages/lincoln.gif HTTP/1.1" 200 11057 "http://www.darwinday.org/" "Mozilla/5.0 (Windows; U; Windows NT 5.1; en-US; rv:1.8.0.6) Gecko/20060728 Firefox/1.5.0.6"
72.10.5.59 - - [28/Aug/2006:03:34:53 -0400] "GET /images/alllangimages/worldmaptransp.gif HTTP/1.1" 200 128893 "http://www.darwinday.org/" "Mozilla/5.0 (Windows; U; Windows NT 5.1; en-US; rv:1.8.0.6) Gecko/20060728 Firefox/1.5.0.6"
72.10.5.59 - - [28/Aug/2006:03:34:53 -0400] "GET /images/alllangimages/darwin.gif HTTP/1.1" 200 13783 "http://www.darwinday.org/" "Mozilla/5.0 (Windows; U; Windows NT 5.1; en-US; rv:1.8.0.6) Gecko/20060728 Firefox/1.5.0.6"
72.10.5.59 - - [28/Aug/2006:03:34:53 -0400] "GET /images/alllangimages/trans.gif HTTP/1.1" 200 49 "http://www.darwinday.org/" "Mozilla/5.0 (Windows; U; Windows NT 5.1; en-US; rv:1.8.0.6) Gecko/20060728 Firefox/1.5.0.6"
72.10.5.59 - - [28/Aug/2006:03:34:53 -0400] "GET /englishL/home/images/joinus.gif HTTP/1.1" 200 524 "http://www.darwinday.org/" "Mozilla/5.0 (Windows; U; Windows NT 5.1; en-US; rv:1.8.0.6) Gecko/20060728 Firefox/1.5.0.6"
72.10.5.59 - - [28/Aug/2006:03:34:54 -0400] "GET /englishL/home/images/beagle.gif HTTP/1.1" 200 37108 "http://www.darwinday.org/" "Mozilla/5.0 (Windows; U; Windows NT 5.1; en-US; rv:1.8.0.6) Gecko/20060728 Firefox/1.5.0.6"
72.10.5.59 - - [28/Aug/2006:03:34:54 -0400] "GET /images/alllangimages/DNAlogo.gif HTTP/1.1" 200 1370 "http://www.darwinday.org/englishL/currarts.html" "Mozilla/5.0 (Windows; U; Windows NT 5.1; en-US; rv:1.8.0.6) Gecko/20060728 Firefox/1.5.0.6"
72.10.5.59 - - [28/Aug/2006:03:34:54 -0400] "GET /englishL/home/images/horse.evolution.jpg HTTP/1.1" 200 29612 "http://www.darwinday.org/" "Mozilla/5.0 (Windows; U; Windows NT 5.1; en-US; rv:1.8.0.6) Gecko/20060728 Firefox/1.5.0.6"
72.10.5.59 - - [28/Aug/2006:03:34:55 -0400] "GET /favicon.ico HTTP/1.1" 404 3475 "-" "Mozilla/5.0 (Windows; U; Windows NT 5.1; en-US; rv:1.8.0.6) Gecko/20060728 Firefox/1.5.0.6"
72.10.5.59 - - [28/Aug/2006:03:35:37 -0400] "GET /englishL/evolution/index.html HTTP/1.1" 200 4798 "http://www.darwinday.org/" "Mozilla/5.0 (Windows; U; Windows NT 5.1; en-US; rv:1.8.0.6) Gecko/20060728 Firefox/1.5.0.6"
72.10.5.59 - - [28/Aug/2006:03:35:38 -0400] "GET /images/alllangimages/goldball.gif HTTP/1.1" 200 332 "http://www.darwinday.org/englishL/evolution/index.html" "Mozilla/5.0 (Windows; U; Windows NT 5.1; en-US; rv:1.8.0.6) Gecko/20060728 Firefox/1.5.0.6"
72.10.5.59 - - [28/Aug/2006:03:35:39 -0400] "GET /images/alllangimages/dnagraphic.jpg HTTP/1.1" 200 25020 "http://www.darwinday.org/englishL/evolution/index.html" "Mozilla/5.0 (Windows; U; Windows NT 5.1; en-US; rv:1.8.0.6) Gecko/20060728 Firefox/1.5.0.6"
72.10.5.59 - - [28/Aug/2006:03:35:40 -0400] "GET /englishL/evolution/theory.html HTTP/1.1" 200 9548 "http://www.darwinday.org/englishL/evolution/index.html" "Mozilla/5.0 (Windows; U; Windows NT 5.1; en-US; rv:1.8.0.6) Gecko/20060728 Firefox/1.5.0.6"
61.90.155.1 - - [28/Aug/2006:03:36:27 -0400] "GET /englishL/home/images/darwinages.gif HTTP/1.1" 304 - "http://www.muslimthai.com/forum/index.php?topic=309.msg3203;topicseen" "Mozilla/4.0 (compatible; MSIE 6.0; Windows NT 5.1; SV1; .NET CLR 1.1.4322)"
64.4.8.112 - - [28/Aug/2006:03:37:10 -0400] "GET /AutoTrans/life/children.html HTTP/1.0" 200 13726 "-" "msnbot/1.0 (+http://search.msn.com/msnbot.htm)"
66.249.65.226 - - [28/Aug/2006:03:37:20 -0400] "GET /englishL/home/2006.php HTTP/1.1" 200 1831601 "-" "Mozilla/5.0 (compatible; Googlebot/2.1; +http://www.google.com/bot.html)"
64.4.8.112 - - [28/Aug/2006:03:38:18 -0400] "GET /AutoTrans/life/emma.html HTTP/1.0" 200 12993 "-" "msnbot/1.0 (+http://search.msn.com/msnbot.htm)"
125.24.175.39 - - [28/Aug/2006:03:39:37 -0400] "GET /englishL/home/images/darwinages.gif HTTP/1.1" 304 - "http://www.muslimthai.com/forum/index.php?topic=309.msg3203;topicseen" "Mozilla/4.0 (compatible; MSIE 6.0; Windows NT 5.1; SV1)"
65.54.188.56 - - [28/Aug/2006:03:44:25 -0400] "GET /dispevent/index.php HTTP/1.0" 404 3471 "-" "msnbot/1.0 (+http://search.msn.com/msnbot.htm)"
72.30.99.78 - - [28/Aug/2006:03:46:57 -0400] "GET /englishL/newsviews/essays.html HTTP/1.0" 304 - "-" "Mozilla/5.0 (compatible; Yahoo! Slurp; http://help.yahoo.com/help/us/ysearch/slurp)"
72.30.252.144 - - [28/Aug/2006:03:49:59 -0400] "GET /AutoTrans/aboutddc/support.html HTTP/1.0" 304 - "-" "Mozilla/5.0 (compatible; Yahoo! Slurp; http://help.yahoo.com/help/us/ysearch/slurp)"
88.44.251.18 - - [28/Aug/2006:03:52:50 -0400] "GET /images/alllangimages/topleftlogo.gif HTTP/1.1" 200 6907 "http://www.darwinday.org/englishL/home/2006.php" "Mozilla/4.0 (compatible; MSIE 6.0; Windows NT 5.1; SV1)"
88.44.251.18 - - [28/Aug/2006:03:52:52 -0400] "GET /englishL/home/2006.php HTTP/1.1" 200 271035 "-" "Mozilla/4.0 (compatible; MSIE 6.0; Windows NT 5.1; SV1)"
88.44.251.18 - - [28/Aug/2006:03:52:54 -0400] "GET /stylesheets/main.css HTTP/1.1" 200 638 "http://www.darwinday.org/englishL/home/2006.php" "Mozilla/4.0 (compatible; MSIE 6.0; Windows NT 5.1; SV1)"
88.44.251.18 - - [28/Aug/2006:03:52:54 -0400] "GET /images/alllangimages/topleftlogo.gif HTTP/1.1" 206 1469 "http://www.darwinday.org/englishL/home/2006.php" "Mozilla/4.0 (compatible; MSIE 6.0; Windows NT 5.1; SV1)"
88.44.251.18 - - [28/Aug/2006:03:52:54 -0400] "GET /englishL/home/2006.php HTTP/1.1" 200 118230 "-" "Mozilla/4.0 (compatible; MSIE 6.0; Windows NT 5.1; SV1)"
88.44.251.18 - - [28/Aug/2006:03:52:54 -0400] "GET /images/alllangimages/header.gif HTTP/1.1" 200 12737 "http://www.darwinday.org/englishL/home/2006.php" "Mozilla/4.0 (compatible; MSIE 6.0; Windows NT 5.1; SV1)"
66.249.65.226 - - [28/Aug/2006:03:53:00 -0400] "GET /englishL/home/2009.php HTTP/1.1" 200 9131 "-" "Mozilla/5.0 (compatible; Googlebot/2.1; +http://www.google.com/bot.html)"
66.249.65.226 - - [28/Aug/2006:03:53:05 -0400] "GET /englishL/evolution/theory.html HTTP/1.1" 304 - "-" "Mozilla/5.0 (compatible; Googlebot/2.1; +http://www.google.com/bot.html)"
66.249.65.226 - - [28/Aug/2006:03:53:05 -0400] "GET /englishL/evolution/theory.html HTTP/1.1" 200 9548 "-" "Mozilla/5.0 (compatible; Googlebot/2.1; +http://www.google.com/bot.html)"
66.249.65.226 - - [28/Aug/2006:03:53:06 -0400] "GET /englishL/aboutddc/contact.html HTTP/1.1" 200 3496 "-" "Mozilla/5.0 (compatible; Googlebot/2.1; +http://www.google.com/bot.html)"
66.249.65.226 - - [28/Aug/2006:03:53:10 -0400] "GET /englishL/home/2005.php HTTP/1.1" 200 362386 "-" "Mozilla/5.0 (compatible; Googlebot/2.1; +http://www.google.com/bot.html)"
221.191.105.116 - - [28/Aug/2006:03:53:15 -0400] "GET / HTTP/1.0" 200 25696 "-" "Mozilla/4.0 (compatible; MSIE 6.0; Windows 98)"
221.191.105.116 - - [28/Aug/2006:03:53:16 -0400] "GET /englishL/evolution/index.html HTTP/1.0" 200 4798 "-" "Mozilla/4.0 (compatible; MSIE 6.0; Windows 98)"
221.191.105.116 - - [28/Aug/2006:03:53:16 -0400] "GET /englishL/donate/index.html HTTP/1.0" 200 5762 "-" "Mozilla/4.0 (compatible; MSIE 6.0; Windows 98)"
88.44.251.18 - - [28/Aug/2006:03:53:17 -0400] "GET /images/alllangimages/header.gif HTTP/1.1" 200 20989 "http://www.darwinday.org/englishL/home/2006.php" "Mozilla/4.0 (compatible; MSIE 6.0; Windows NT 5.1; SV1)"
221.191.105.116 - - [28/Aug/2006:03:53:17 -0400] "GET /englishL/regevent/index.php HTTP/1.0" 200 31760 "-" "Mozilla/4.0 (compatible; MSIE 6.0; Windows 98)"
221.191.105.116 - - [28/Aug/2006:03:53:17 -0400] "GET /englishL/aboutddc/advisory.html#Dennett HTTP/1.0" 200 31045 "-" "Mozilla/4.0 (compatible; MSIE 6.0; Windows 98)"
221.191.105.116 - - [28/Aug/2006:03:53:17 -0400] "GET /englishL/aboutddc/advisory.html#Durham HTTP/1.0" 200 31045 "-" "Mozilla/4.0 (compatible; MSIE 6.0; Windows 98)"
221.191.105.116 - - [28/Aug/2006:03:53:17 -0400] "GET /englishL/aboutddc/advisory.html#Tudge HTTP/1.0" 200 31045 "-" "Mozilla/4.0 (compatible; MSIE 6.0; Windows 98)"
88.44.251.18 - - [28/Aug/2006:03:53:18 -0400] "GET /englishL/images/titletrans.gif HTTP/1.1" 200 15588 "http://www.darwinday.org/englishL/home/2006.php" "Mozilla/4.0 (compatible; MSIE 6.0; Windows NT 5.1; SV1)"
221.191.105.116 - - [28/Aug/2006:03:53:18 -0400] "GET /englishL/aboutddc/advisory.html#Wilson HTTP/1.0" 200 31045 "-" "Mozilla/4.0 (compatible; MSIE 6.0; Windows 98)"
88.44.251.18 - - [28/Aug/2006:03:53:19 -0400] "GET /images/alllangimages/worldmaptransp.gif HTTP/1.1" 200 128893 "http://www.darwinday.org/englishL/home/2006.php" "Mozilla/4.0 (compatible; MSIE 6.0; Windows NT 5.1; SV1)"
88.44.251.18 - - [28/Aug/2006:03:53:19 -0400] "GET /englishL/home/2006.php HTTP/1.1" 200 335534 "-" "Mozilla/4.0 (compatible; MSIE 6.0; Windows NT 5.1; SV1)"
221.191.105.116 - - [28/Aug/2006:03:53:23 -0400] "GET /englishL/aboutddc/advisory.html#Sulloway HTTP/1.0" 200 31045 "-" "Mozilla/4.0 (compatible; MSIE 6.0; Windows 98)"
221.191.105.116 - - [28/Aug/2006:03:53:23 -0400] "GET /englishL/aboutddc/advisory.html#Zimmer HTTP/1.0" 200 31045 "-" "Mozilla/4.0 (compatible; MSIE 6.0; Windows 98)"
221.191.105.116 - - [28/Aug/2006:03:53:23 -0400] "GET /englishL/aboutddc/advisory.html#Dawkins HTTP/1.0" 200 31045 "-" "Mozilla/4.0 (compatible; MSIE 6.0; Windows 98)"
72.30.133.26 - - [28/Aug/2006:03:53:23 -0400] "GET /home/ HTTP/1.0" 304 - "-" "Mozilla/5.0 (compatible; Yahoo! Slurp; http://help.yahoo.com/help/us/ysearch/slurp)"
221.191.105.116 - - [28/Aug/2006:03:53:23 -0400] "GET /englishL/aboutddc/advisory.html#McKie HTTP/1.0" 200 31045 "-" "Mozilla/4.0 (compatible; MSIE 6.0; Windows 98)"
221.191.105.116 - - [28/Aug/2006:03:53:24 -0400] "GET /englishL/aboutddc/advisory.html#Jones HTTP/1.0" 200 31045 "-" "Mozilla/4.0 (compatible; MSIE 6.0; Windows 98)"
221.191.105.116 - - [28/Aug/2006:03:53:24 -0400] "GET /englishL/aboutddc/advisory.html#Cronin HTTP/1.0" 200 31045 "-" "Mozilla/4.0 (compatible; MSIE 6.0; Windows 98)"
221.191.105.116 - - [28/Aug/2006:03:53:24 -0400] "GET /englishL/aboutddc/advisory.html#Shermer HTTP/1.0" 200 31045 "-" "Mozilla/4.0 (compatible; MSIE 6.0; Windows 98)"
221.191.105.116 - - [28/Aug/2006:03:53:24 -0400] "GET /englishL/aboutddc/advisory.html#Scott HTTP/1.0" 200 31045 "-" "Mozilla/4.0 (compatible; MSIE 6.0; Windows 98)"
221.191.105.116 - - [28/Aug/2006:03:53:25 -0400] "GET /englishL/newsviews/essays.html HTTP/1.0" 200 7784 "-" "Mozilla/4.0 (compatible; MSIE 6.0; Windows 98)"
221.191.105.116 - - [28/Aug/2006:03:53:25 -0400] "GET /englishL/aboutddc/advisory.html#Pinker HTTP/1.0" 200 31045 "-" "Mozilla/4.0 (compatible; MSIE 6.0; Windows 98)"
221.191.105.116 - - [28/Aug/2006:03:53:25 -0400] "GET /englishL/aboutddc/advisory.html#Calvin HTTP/1.0" 200 31045 "-" "Mozilla/4.0 (compatible; MSIE 6.0; Windows 98)"
221.191.105.116 - - [28/Aug/2006:03:53:25 -0400] "GET /englishL/aboutddc/advisory.html#Bateson HTTP/1.0" 200 31045 "-" "Mozilla/4.0 (compatible; MSIE 6.0; Windows 98)"
221.191.105.116 - - [28/Aug/2006:03:53:26 -0400] "GET /englishL/home/2011.php HTTP/1.0" 200 7213 "-" "Mozilla/4.0 (compatible; MSIE 6.0; Windows 98)"
88.44.251.18 - - [28/Aug/2006:03:53:26 -0400] "GET /englishL/home/2006.php HTTP/1.1" 200 12804 "-" "Mozilla/4.0 (compatible; MSIE 6.0; Windows NT 5.1; SV1)"
221.191.105.116 - - [28/Aug/2006:03:53:26 -0400] "GET /englishL/home/2010.php HTTP/1.0" 200 7287 "-" "Mozilla/4.0 (compatible; MSIE 6.0; Windows 98)"
221.191.105.116 - - [28/Aug/2006:03:53:27 -0400] "GET /englishL/aboutddc/advisory.html HTTP/1.0" 200 31045 "-" "Mozilla/4.0 (compatible; MSIE 6.0; Windows 98)"
221.191.105.116 - - [28/Aug/2006:03:53:27 -0400] "GET /englishL/newsviews/darlin.html HTTP/1.0" 200 21687 "-" "Mozilla/4.0 (compatible; MSIE 6.0; Windows 98)"
221.191.105.116 - - [28/Aug/2006:03:53:27 -0400] "GET /englishL/home/2009.php HTTP/1.0" 200 9093 "-" "Mozilla/4.0 (compatible; MSIE 6.0; Windows 98)"
221.191.105.116 - - [28/Aug/2006:03:53:27 -0400] "GET /englishL/home/2008.php HTTP/1.0" 200 7402 "-" "Mozilla/4.0 (compatible; MSIE 6.0; Windows 98)"
221.191.105.116 - - [28/Aug/2006:03:53:29 -0400] "GET /englishL/home/2007.php HTTP/1.0" 200 14078 "-" "Mozilla/4.0 (compatible; MSIE 6.0; Windows 98)"
221.191.105.116 - - [28/Aug/2006:03:53:29 -0400] "GET /englishL/regemail/index.php HTTP/1.0" 200 6127 "-" "Mozilla/4.0 (compatible; MSIE 6.0; Windows 98)"
66.249.65.226 - - [28/Aug/2006:03:53:30 -0400] "GET /englishL/home/2002.html HTTP/1.1" 304 - "-" "Mozilla/5.0 (compatible; Googlebot/2.1; +http://www.google.com/bot.html)"
221.191.105.116 - - [28/Aug/2006:03:53:30 -0400] "GET /englishL/aboutddc/index.html HTTP/1.0" 200 6792 "-" "Mozilla/4.0 (compatible; MSIE 6.0; Windows 98)"
221.191.105.116 - - [28/Aug/2006:03:53:30 -0400] "GET /englishL/newsviews/index.html HTTP/1.0" 200 5095 "-" "Mozilla/4.0 (compatible; MSIE 6.0; Windows 98)"
66.249.65.226 - - [28/Aug/2006:03:53:30 -0400] "GET /englishL/home/2002.html HTTP/1.1" 200 26543 "-" "Mozilla/5.0 (compatible; Googlebot/2.1; +http://www.google.com/bot.html)"
221.191.105.116 - - [28/Aug/2006:03:53:30 -0400] "GET /englishL/register/index.php HTTP/1.0" 200 20039 "-" "Mozilla/4.0 (compatible; MSIE 6.0; Windows 98)"
221.191.105.116 - - [28/Aug/2006:03:53:30 -0400] "GET /englishL/life/index.html HTTP/1.0" 200 10178 "-" "Mozilla/4.0 (compatible; MSIE 6.0; Windows 98)"
221.191.105.116 - - [28/Aug/2006:03:53:31 -0400] "GET /englishL/events/index.html HTTP/1.0" 200 5073 "-" "Mozilla/4.0 (compatible; MSIE 6.0; Windows 98)"
221.191.105.116 - - [28/Aug/2006:03:53:31 -0400] "GET /englishL/home/2004.html HTTP/1.0" 200 80286 "-" "Mozilla/4.0 (compatible; MSIE 6.0; Windows 98)"
88.44.251.18 - - [28/Aug/2006:03:53:32 -0400] "GET /englishL/images/navbar.gif HTTP/1.1" 200 2667 "http://www.darwinday.org/englishL/home/2006.php" "Mozilla/4.0 (compatible; MSIE 6.0; Windows NT 5.1; SV1)"
221.191.105.116 - - [28/Aug/2006:03:53:32 -0400] "GET /chooselang/index.html HTTP/1.0" 200 6143 "-" "Mozilla/4.0 (compatible; MSIE 6.0; Windows 98)"
221.191.105.116 - - [28/Aug/2006:03:53:32 -0400] "GET /englishL/home/index.html HTTP/1.0" 200 26022 "-" "Mozilla/4.0 (compatible; MSIE 6.0; Windows 98)"
66.249.65.226 - - [28/Aug/2006:03:53:32 -0400] "GET /englishL/home/NULL HTTP/1.1" 404 3482 "-" "Mozilla/5.0 (compatible; Googlebot/2.1; +http://www.google.com/bot.html)"
88.44.251.18 - - [28/Aug/2006:03:53:33 -0400] "GET /images/alllangimages/worldmaptransp.gif HTTP/1.1" 206 53378 "http://www.darwinday.org/englishL/home/2006.php" "Mozilla/4.0 (compatible; MSIE 6.0; Windows NT 5.1; SV1)"
88.44.251.18 - - [28/Aug/2006:03:53:36 -0400] "GET /englishL/home/2006.php HTTP/1.1" 200 352440 "-" "Mozilla/4.0 (compatible; MSIE 6.0; Windows NT 5.1; SV1)"
66.249.65.226 - - [28/Aug/2006:03:53:38 -0400] "GET /englishL/home/2008.php HTTP/1.1" 200 7428 "-" "Mozilla/5.0 (compatible; Googlebot/2.1; +http://www.google.com/bot.html)"
221.191.105.116 - - [28/Aug/2006:03:53:46 -0400] "GET /englishL/home/2005.php HTTP/1.0" 200 361303 "-" "Mozilla/4.0 (compatible; MSIE 6.0; Windows 98)"
88.44.251.18 - - [28/Aug/2006:03:53:48 -0400] "GET /englishL/home/2006.php HTTP/1.1" 200 172250 "-" "Mozilla/4.0 (compatible; MSIE 6.0; Windows NT 5.1; SV1)"
221.191.105.116 - - [28/Aug/2006:03:53:53 -0400] "GET /englishL/dispsupport/index.php HTTP/1.0" 200 568998 "-" "Mozilla/4.0 (compatible; MSIE 6.0; Windows 98)"
221.191.105.116 - - [28/Aug/2006:03:53:58 -0400] "GET /englishL/home/2006.php HTTP/1.0" 200 735325 "-" "Mozilla/4.0 (compatible; MSIE 6.0; Windows 98)"
88.44.251.18 - - [28/Aug/2006:03:54:13 -0400] "GET /englishL/home/2006.php HTTP/1.1" 200 781839 "-" "Mozilla/4.0 (compatible; MSIE 6.0; Windows NT 5.1; SV1)"
88.44.251.18 - - [28/Aug/2006:03:54:22 -0400] "GET /englishL/home/2006.php HTTP/1.1" 200 358280 "-" "Mozilla/4.0 (compatible; MSIE 6.0; Windows NT 5.1; SV1)"
88.44.251.18 - - [28/Aug/2006:03:54:55 -0400] "GET /NEWlang/home/2006.php HTTP/1.1" 200 106668 "-" "Mozilla/4.0 (compatible; MSIE 6.0; Windows NT 5.1; SV1)"
88.44.251.18 - - [28/Aug/2006:03:54:55 -0400] "GET /NEWlang/images/navbar.gif HTTP/1.1" 200 2667 "http://www.darwinday.org/NEWlang/home/2006.php" "Mozilla/4.0 (compatible; MSIE 6.0; Windows NT 5.1; SV1)"
88.44.251.18 - - [28/Aug/2006:03:55:00 -0400] "GET /englishL/home/2006.php HTTP/1.1" 200 128237 "-" "Mozilla/4.0 (compatible; MSIE 6.0; Windows NT 5.1; SV1)"
88.44.251.18 - - [28/Aug/2006:03:55:12 -0400] "GET /englishL/home/2006.php HTTP/1.1" 200 42004 "-" "Mozilla/4.0 (compatible; MSIE 6.0; Windows NT 5.1; SV1)"
88.44.251.18 - - [28/Aug/2006:03:55:14 -0400] "GET /NEWlang/home/2006.php HTTP/1.1" 200 168477 "-" "Mozilla/4.0 (compatible; MSIE 6.0; Windows NT 5.1; SV1)"
88.44.251.18 - - [28/Aug/2006:03:55:29 -0400] "GET /NEWlang/images/titletrans.gif HTTP/1.1" 200 15588 "http://www.darwinday.org/NEWlang/home/2006.php" "Mozilla/4.0 (compatible; MSIE 6.0; Windows NT 5.1; SV1)"
88.44.251.18 - - [28/Aug/2006:03:55:30 -0400] "GET /NEWlang/home/2006.php HTTP/1.1" 200 168477 "-" "Mozilla/4.0 (compatible; MSIE 6.0; Windows NT 5.1; SV1)"
64.49.254.21 - - [28/Aug/2006:03:56:38 -0400] "HEAD / HTTP/1.1" 200 0 "http://www.religionlink.org/tip_050314b.php" "Checkbot/1.75 LWP/5.803"
196.207.0.141 - - [28/Aug/2006:03:57:28 -0400] "GET /stylesheets/main.css HTTP/1.1" 200 638 "http://www.darwinday.org/englishL/home/2005.php" "Mozilla/4.0 (compatible; MSIE 6.0; Windows NT 5.1)"
196.207.0.141 - - [28/Aug/2006:03:57:30 -0400] "GET /images/alllangimages/topleftlogo.gif HTTP/1.1" 200 6907 "http://www.darwinday.org/englishL/home/2005.php" "Mozilla/4.0 (compatible; MSIE 6.0; Windows NT 5.1)"
196.207.0.141 - - [28/Aug/2006:03:57:34 -0400] "GET /images/alllangimages/header.gif HTTP/1.1" 200 20989 "http://www.darwinday.org/englishL/home/2005.php" "Mozilla/4.0 (compatible; MSIE 6.0; Windows NT 5.1)"
196.207.0.141 - - [28/Aug/2006:03:58:25 -0400] "GET /images/alllangimages/worldmaptransp.gif HTTP/1.1" 200 128893 "http://www.darwinday.org/englishL/home/2005.php" "Mozilla/4.0 (compatible; MSIE 6.0; Windows NT 5.1)"
196.207.0.141 - - [28/Aug/2006:03:58:52 -0400] "GET /englishL/images/titletrans.gif HTTP/1.1" 200 15588 "http://www.darwinday.org/englishL/home/2005.php" "Mozilla/4.0 (compatible; MSIE 6.0; Windows NT 5.1)"
64.34.145.195 - - [28/Aug/2006:03:58:52 -0400] "GET /robots.txt HTTP/1.0" 404 3462 "-" "SBIder/0.8-dev (SBIder; http://www.sitesell.com/sbider.html; http://support.sitesell.com/contact-support.html)"
64.34.145.195 - - [28/Aug/2006:03:58:52 -0400] "GET /index.html HTTP/1.0" 200 25696 "-" "SBIder/0.8-dev (SBIder; http://www.sitesell.com/sbider.html; http://support.sitesell.com/contact-support.html)"
196.207.0.141 - - [28/Aug/2006:03:59:29 -0400] "GET /englishL/images/navbar.gif HTTP/1.1" 200 2667 "http://www.darwinday.org/englishL/home/2005.php" "Mozilla/4.0 (compatible; MSIE 6.0; Windows NT 5.1)"
63.16.56.78 - - [28/Aug/2006:03:59:32 -0400] "GET /stylesheets/main.css HTTP/1.1" 200 638 "http://www.darwinday.org/englishL/dispsupport/index.php" "Mozilla/4.0 (compatible; MSIE 6.0; Windows NT 5.1; SV1; .NET CLR 1.1.4322; .NET CLR 2.0.50727; MSN 9.0;MSN 9.1; MSNbMSNI; MSNmen-us; MSNcIA)"
63.16.56.78 - - [28/Aug/2006:03:59:33 -0400] "GET /images/alllangimages/topleftlogo.gif HTTP/1.1" 200 6907 "http://www.darwinday.org/englishL/dispsupport/index.php" "Mozilla/4.0 (compatible; MSIE 6.0; Windows NT 5.1; SV1; .NET CLR 1.1.4322; .NET CLR 2.0.50727; MSN 9.0;MSN 9.1; MSNbMSNI; MSNmen-us; MSNcIA)"
63.16.56.78 - - [28/Aug/2006:03:59:37 -0400] "GET /images/alllangimages/header.gif HTTP/1.1" 200 20989 "http://www.darwinday.org/englishL/dispsupport/index.php" "Mozilla/4.0 (compatible; MSIE 6.0; Windows NT 5.1; SV1; .NET CLR 1.1.4322; .NET CLR 2.0.50727; MSN 9.0;MSN 9.1; MSNbMSNI; MSNmen-us; MSNcIA)"
63.16.56.78 - - [28/Aug/2006:04:00:07 -0400] "GET /images/alllangimages/worldmaptransp.gif HTTP/1.1" 200 128893 "http://www.darwinday.org/englishL/dispsupport/index.php" "Mozilla/4.0 (compatible; MSIE 6.0; Windows NT 5.1; SV1; .NET CLR 1.1.4322; .NET CLR 2.0.50727; MSN 9.0;MSN 9.1; MSNbMSNI; MSNmen-us; MSNcIA)"
63.16.56.78 - - [28/Aug/2006:04:00:11 -0400] "GET /englishL/images/titletrans.gif HTTP/1.1" 200 15588 "http://www.darwinday.org/englishL/dispsupport/index.php" "Mozilla/4.0 (compatible; MSIE 6.0; Windows NT 5.1; SV1; .NET CLR 1.1.4322; .NET CLR 2.0.50727; MSN 9.0;MSN 9.1; MSNbMSNI; MSNmen-us; MSNcIA)"
63.16.56.78 - - [28/Aug/2006:04:00:14 -0400] "GET /englishL/images/navbar.gif HTTP/1.1" 200 2667 "http://www.darwinday.org/englishL/dispsupport/index.php" "Mozilla/4.0 (compatible; MSIE 6.0; Windows NT 5.1; SV1; .NET CLR 1.1.4322; .NET CLR 2.0.50727; MSN 9.0;MSN 9.1; MSNbMSNI; MSNmen-us; MSNcIA)"
63.16.56.78 - - [28/Aug/2006:04:00:36 -0400] "GET /englishL/dispsupport/index.php HTTP/1.1" 200 570728 "http://search.msn.com/results.aspx?q=COL.+CHARLES+WHIFFEN+&first=21&FORM=PERE2" "Mozilla/4.0 (compatible; MSIE 6.0; Windows NT 5.1; SV1; .NET CLR 1.1.4322; .NET CLR 2.0.50727; MSN 9.0;MSN 9.1; MSNbMSNI; MSNmen-us; MSNcIA)"
196.207.0.141 - - [28/Aug/2006:04:00:43 -0400] "GET /englishL/home/2005.php HTTP/1.1" 200 362386 "http://vivisimo.com/search?v%3aproject=vivisimo-com&v%3afile=viv_511%4024%3adqa0ml&v:frame=list&v:state=(root)%7Croot-20-20%7C0" "Mozilla/4.0 (compatible; MSIE 6.0; Windows NT 5.1)"
196.207.0.141 - - [28/Aug/2006:04:01:03 -0400] "GET /stylesheets/mainenglishL.css HTTP/1.1" 200 590 "http://www.darwinday.org/englishL/home/2005.php" "Mozilla/4.0 (compatible; MSIE 6.0; Windows NT 5.1)"
72.5.115.44 - - [28/Aug/2006:04:03:52 -0400] "GET /englishL/home/2008.php HTTP/1.1" 200 7428 "-" "Mozilla/5.0 (Windows;) NimbleCrawler 2.0.1 obeys UserAgent NimbleCrawler For problems contact: crawler@healthline.com"
72.30.103.199 - - [28/Aug/2006:04:12:08 -0400] "GET /englishL/life/downhouse.html HTTP/1.0" 304 - "-" "Mozilla/5.0 (compatible; Yahoo! Slurp; http://help.yahoo.com/help/us/ysearch/slurp)"
65.55.212.53 - - [28/Aug/2006:04:13:24 -0400] "GET /dispsupport/index.php HTTP/1.0" 404 3473 "-" "msnbot/0.9 (+http://search.msn.com/msnbot.htm)"
132.166.81.3 - - [28/Aug/2006:04:16:25 -0400] "GET /favicon.ico HTTP/1.1" 404 3475 "-" "Mozilla/4.0 (compatible; GoogleToolbar 4.0.1019.2378-big; Windows XP 5.1; MSIE 6.0.2900.2180)"
132.166.81.3 - - [28/Aug/2006:04:16:25 -0400] "GET /favicon.ico HTTP/1.1" 404 3475 "-" "Mozilla/4.0 (compatible; GoogleToolbar 4.0.1019.2378-big; Windows XP 5.1; MSIE 6.0.2900.2180)"
66.249.65.226 - - [28/Aug/2006:04:16:26 -0400] "GET /englishL/home/coming%20soon! HTTP/1.1" 404 3492 "-" "Mozilla/5.0 (compatible; Googlebot/2.1; +http://www.google.com/bot.html)"
64.4.8.112 - - [28/Aug/2006:04:16:40 -0400] "GET /AutoTrans/life/paternal.html HTTP/1.0" 200 3159 "-" "msnbot/1.0 (+http://search.msn.com/msnbot.htm)"
64.4.8.112 - - [28/Aug/2006:04:16:40 -0400] "GET /AutoTrans/life/parents.html HTTP/1.0" 200 7261 "-" "msnbot/1.0 (+http://search.msn.com/msnbot.htm)"
209.133.64.218 - - [28/Aug/2006:04:25:42 -0400] "GET /robots.txt HTTP/1.1" 404 3474 "-" "MSRBOT"
209.133.64.218 - - [28/Aug/2006:04:25:42 -0400] "GET /dispevent/index.php HTTP/1.1" 404 3483 "http://philbio.typepad.com/philosophy_of_biology/history_of_biology/index.html" "MSRBOT"
65.55.212.53 - - [28/Aug/2006:04:26:48 -0400] "GET /dispevent/index.php HTTP/1.0" 404 3471 "-" "msnbot/0.9 (+http://search.msn.com/msnbot.htm)"
203.144.143.7 - - [28/Aug/2006:04:28:16 -0400] "GET / HTTP/1.1" 200 25696 "-" "Mozilla/4.0 (compatible; MSIE 6.0; Windows NT 5.1; SV1; FunWebProducts; .NET CLR 1.1.4322)"
203.144.143.7 - - [28/Aug/2006:04:28:16 -0400] "GET /stylesheets/mainenglishL.css HTTP/1.1" 200 590 "http://www.darwinday.org/" "Mozilla/4.0 (compatible; MSIE 6.0; Windows NT 5.1; SV1; FunWebProducts; .NET CLR 1.1.4322)"
203.144.143.7 - - [28/Aug/2006:04:28:16 -0400] "GET /stylesheets/main.css HTTP/1.1" 200 638 "http://www.darwinday.org/" "Mozilla/4.0 (compatible; MSIE 6.0; Windows NT 5.1; SV1; FunWebProducts; .NET CLR 1.1.4322)"
203.144.143.7 - - [28/Aug/2006:04:28:17 -0400] "GET /images/alllangimages/topleftlogo.gif HTTP/1.1" 200 6907 "http://www.darwinday.org/" "Mozilla/4.0 (compatible; MSIE 6.0; Windows NT 5.1; SV1; FunWebProducts; .NET CLR 1.1.4322)"
203.144.143.7 - - [28/Aug/2006:04:28:17 -0400] "GET /englishL/currarts.html HTTP/1.1" 200 4902 "http://www.darwinday.org/" "Mozilla/4.0 (compatible; MSIE 6.0; Windows NT 5.1; SV1; FunWebProducts; .NET CLR 1.1.4322)"
203.144.143.7 - - [28/Aug/2006:04:28:18 -0400] "GET /images/alllangimages/header.gif HTTP/1.1" 200 20989 "http://www.darwinday.org/" "Mozilla/4.0 (compatible; MSIE 6.0; Windows NT 5.1; SV1; FunWebProducts; .NET CLR 1.1.4322)"
203.144.143.7 - - [28/Aug/2006:04:28:19 -0400] "GET /englishL/images/titletrans.gif HTTP/1.1" 200 15588 "http://www.darwinday.org/" "Mozilla/4.0 (compatible; MSIE 6.0; Windows NT 5.1; SV1; FunWebProducts; .NET CLR 1.1.4322)"
203.144.143.7 - - [28/Aug/2006:04:28:21 -0400] "GET /englishL/images/navbar.gif HTTP/1.1" 200 2667 "http://www.darwinday.org/" "Mozilla/4.0 (compatible; MSIE 6.0; Windows NT 5.1; SV1; FunWebProducts; .NET CLR 1.1.4322)"
203.144.143.7 - - [28/Aug/2006:04:28:26 -0400] "GET /englishL/home/images/darwinages.gif HTTP/1.1" 200 50309 "http://www.darwinday.org/" "Mozilla/4.0 (compatible; MSIE 6.0; Windows NT 5.1; SV1; FunWebProducts; .NET CLR 1.1.4322)"
72.30.132.30 - - [28/Aug/2006:04:28:26 -0400] "GET /robots.txt HTTP/1.0" 404 3462 "-" "Mozilla/5.0 (compatible; Yahoo! Slurp; http://help.yahoo.com/help/us/ysearch/slurp)"
203.144.143.7 - - [28/Aug/2006:04:28:26 -0400] "GET /images/alllangimages/worldmaptransp.gif HTTP/1.1" 200 128893 "http://www.darwinday.org/" "Mozilla/4.0 (compatible; MSIE 6.0; Windows NT 5.1; SV1; FunWebProducts; .NET CLR 1.1.4322)"
203.144.143.7 - - [28/Aug/2006:04:28:26 -0400] "GET /images/alllangimages/arrow.gif HTTP/1.1" 200 112 "http://www.darwinday.org/" "Mozilla/4.0 (compatible; MSIE 6.0; Windows NT 5.1; SV1; FunWebProducts; .NET CLR 1.1.4322)"
203.144.143.7 - - [28/Aug/2006:04:28:27 -0400] "GET /images/alllangimages/dnahorizl.gif HTTP/1.1" 200 2130 "http://www.darwinday.org/" "Mozilla/4.0 (compatible; MSIE 6.0; Windows NT 5.1; SV1; FunWebProducts; .NET CLR 1.1.4322)"
203.144.143.7 - - [28/Aug/2006:04:28:27 -0400] "GET /images/alllangimages/dnahoriz.gif HTTP/1.1" 200 3391 "http://www.darwinday.org/" "Mozilla/4.0 (compatible; MSIE 6.0; Windows NT 5.1; SV1; FunWebProducts; .NET CLR 1.1.4322)"
203.144.143.7 - - [28/Aug/2006:04:28:27 -0400] "GET /images/alllangimages/dnahorizr.gif HTTP/1.1" 200 2104 "http://www.darwinday.org/" "Mozilla/4.0 (compatible; MSIE 6.0; Windows NT 5.1; SV1; FunWebProducts; .NET CLR 1.1.4322)"
203.144.143.7 - - [28/Aug/2006:04:28:28 -0400] "GET /images/alllangimages/lincoln.gif HTTP/1.1" 200 11057 "http://www.darwinday.org/" "Mozilla/4.0 (compatible; MSIE 6.0; Windows NT 5.1; SV1; FunWebProducts; .NET CLR 1.1.4322)"
203.144.143.7 - - [28/Aug/2006:04:28:28 -0400] "GET /images/alllangimages/darwin.gif HTTP/1.1" 200 13783 "http://www.darwinday.org/" "Mozilla/4.0 (compatible; MSIE 6.0; Windows NT 5.1; SV1; FunWebProducts; .NET CLR 1.1.4322)"
203.144.143.7 - - [28/Aug/2006:04:28:29 -0400] "GET /englishL/home/images/beagle.gif HTTP/1.1" 200 37108 "http://www.darwinday.org/" "Mozilla/4.0 (compatible; MSIE 6.0; Windows NT 5.1; SV1; FunWebProducts; .NET CLR 1.1.4322)"
203.144.143.7 - - [28/Aug/2006:04:28:30 -0400] "GET /images/alllangimages/trans.gif HTTP/1.1" 200 49 "http://www.darwinday.org/" "Mozilla/4.0 (compatible; MSIE 6.0; Windows NT 5.1; SV1; FunWebProducts; .NET CLR 1.1.4322)"
203.144.143.7 - - [28/Aug/2006:04:28:30 -0400] "GET /englishL/home/images/joinus.gif HTTP/1.1" 200 524 "http://www.darwinday.org/" "Mozilla/4.0 (compatible; MSIE 6.0; Windows NT 5.1; SV1; FunWebProducts; .NET CLR 1.1.4322)"
203.144.143.7 - - [28/Aug/2006:04:28:31 -0400] "GET /englishL/home/images/horse.evolution.jpg HTTP/1.1" 200 29612 "http://www.darwinday.org/" "Mozilla/4.0 (compatible; MSIE 6.0; Windows NT 5.1; SV1; FunWebProducts; .NET CLR 1.1.4322)"
203.144.143.7 - - [28/Aug/2006:04:28:32 -0400] "GET /images/alllangimages/DNAlogo.gif HTTP/1.1" 200 1370 "http://www.darwinday.org/englishL/currarts.html" "Mozilla/4.0 (compatible; MSIE 6.0; Windows NT 5.1; SV1; FunWebProducts; .NET CLR 1.1.4322)"
72.30.102.6 - - [28/Aug/2006:04:28:32 -0400] "GET /NEWlang/home/2004.html HTTP/1.0" 304 - "-" "Mozilla/5.0 (compatible; Yahoo! Slurp; http://help.yahoo.com/help/us/ysearch/slurp)"
203.144.143.7 - - [28/Aug/2006:04:28:33 -0400] "GET /favicon.ico HTTP/1.1" 404 3475 "-" "Mozilla/4.0 (compatible; MSIE 6.0; Windows NT 5.1; SV1; FunWebProducts; .NET CLR 1.1.4322)"
203.144.143.7 - - [28/Aug/2006:04:28:34 -0400] "GET /favicon.ico HTTP/1.1" 404 3475 "-" "Mozilla/4.0 (compatible; MSIE 6.0; Windows NT 5.1; SV1; FunWebProducts; .NET CLR 1.1.4322)"
203.144.143.7 - - [28/Aug/2006:04:28:35 -0400] "GET /favicon.ico HTTP/1.1" 404 3475 "-" "Mozilla/4.0 (compatible; MSIE 6.0; Windows NT 5.1; SV1; FunWebProducts; .NET CLR 1.1.4322)"
203.144.143.7 - - [28/Aug/2006:04:28:42 -0400] "GET /englishL/life/index.html HTTP/1.1" 200 10178 "http://www.darwinday.org/" "Mozilla/4.0 (compatible; MSIE 6.0; Windows NT 5.1; SV1; FunWebProducts; .NET CLR 1.1.4322)"
203.144.143.7 - - [28/Aug/2006:04:28:42 -0400] "GET /images/alllangimages/goldball.gif HTTP/1.1" 200 332 "http://www.darwinday.org/englishL/life/index.html" "Mozilla/4.0 (compatible; MSIE 6.0; Windows NT 5.1; SV1; FunWebProducts; .NET CLR 1.1.4322)"
203.144.143.7 - - [28/Aug/2006:04:28:43 -0400] "GET /favicon.ico HTTP/1.1" 404 3475 "-" "Mozilla/4.0 (compatible; MSIE 6.0; Windows NT 5.1; SV1; FunWebProducts; .NET CLR 1.1.4322)"
203.144.143.7 - - [28/Aug/2006:04:28:43 -0400] "GET /favicon.ico HTTP/1.1" 404 3475 "-" "Mozilla/4.0 (compatible; MSIE 6.0; Windows NT 5.1; SV1; FunWebProducts; .NET CLR 1.1.4322)"
203.144.143.7 - - [28/Aug/2006:04:28:46 -0400] "GET /englishL/life/shrewsbury.html HTTP/1.1" 200 37669 "http://www.darwinday.org/englishL/life/index.html" "Mozilla/4.0 (compatible; MSIE 6.0; Windows NT 5.1; SV1; FunWebProducts; .NET CLR 1.1.4322)"
203.144.143.7 - - [28/Aug/2006:04:28:50 -0400] "GET /images/lifeimages/mountmap-t.jpg HTTP/1.1" 200 61648 "http://www.darwinday.org/englishL/life/shrewsbury.html" "Mozilla/4.0 (compatible; MSIE 6.0; Windows NT 5.1; SV1; FunWebProducts; .NET CLR 1.1.4322)"
203.144.143.7 - - [28/Aug/2006:04:28:50 -0400] "GET /images/lifeimages/shrewsbury.jpg HTTP/1.1" 200 103773 "http://www.darwinday.org/englishL/life/shrewsbury.html" "Mozilla/4.0 (compatible; MSIE 6.0; Windows NT 5.1; SV1; FunWebProducts; .NET CLR 1.1.4322)"
203.144.143.7 - - [28/Aug/2006:04:28:52 -0400] "GET /images/lifeimages/plaque-t.jpg HTTP/1.1" 200 43479 "http://www.darwinday.org/englishL/life/shrewsbury.html" "Mozilla/4.0 (compatible; MSIE 6.0; Windows NT 5.1; SV1; FunWebProducts; .NET CLR 1.1.4322)"
203.144.143.7 - - [28/Aug/2006:04:28:52 -0400] "GET /images/lifeimages/mountleft-t.jpg HTTP/1.1" 200 20725 "http://www.darwinday.org/englishL/life/shrewsbury.html" "Mozilla/4.0 (compatible; MSIE 6.0; Windows NT 5.1; SV1; FunWebProducts; .NET CLR 1.1.4322)"
203.144.143.7 - - [28/Aug/2006:04:28:53 -0400] "GET /images/lifeimages/mountfront-t.jpg HTTP/1.1" 200 24718 "http://www.darwinday.org/englishL/life/shrewsbury.html" "Mozilla/4.0 (compatible; MSIE 6.0; Windows NT 5.1; SV1; FunWebProducts; .NET CLR 1.1.4322)"
203.144.143.7 - - [28/Aug/2006:04:28:54 -0400] "GET /images/lifeimages/mountright-t.jpg HTTP/1.1" 200 19879 "http://www.darwinday.org/englishL/life/shrewsbury.html" "Mozilla/4.0 (compatible; MSIE 6.0; Windows NT 5.1; SV1; FunWebProducts; .NET CLR 1.1.4322)"
203.144.143.7 - - [28/Aug/2006:04:28:55 -0400] "GET /images/lifeimages/mountfront2-t.jpg HTTP/1.1" 200 26445 "http://www.darwinday.org/englishL/life/shrewsbury.html" "Mozilla/4.0 (compatible; MSIE 6.0; Windows NT 5.1; SV1; FunWebProducts; .NET CLR 1.1.4322)"
203.144.143.7 - - [28/Aug/2006:04:28:57 -0400] "GET /images/lifeimages/fireplace-t.jpg HTTP/1.1" 200 21734 "http://www.darwinday.org/englishL/life/shrewsbury.html" "Mozilla/4.0 (compatible; MSIE 6.0; Windows NT 5.1; SV1; FunWebProducts; .NET CLR 1.1.4322)"
203.144.143.7 - - [28/Aug/2006:04:28:57 -0400] "GET /images/lifeimages/saintchads-t.jpg HTTP/1.1" 200 18660 "http://www.darwinday.org/englishL/life/shrewsbury.html" "Mozilla/4.0 (compatible; MSIE 6.0; Windows NT 5.1; SV1; FunWebProducts; .NET CLR 1.1.4322)"
203.144.143.7 - - [28/Aug/2006:04:29:00 -0400] "GET /images/lifeimages/saintchads_dingle-t.jpg HTTP/1.1" 200 30689 "http://www.darwinday.org/englishL/life/shrewsbury.html" "Mozilla/4.0 (compatible; MSIE 6.0; Windows NT 5.1; SV1; FunWebProducts; .NET CLR 1.1.4322)"
203.144.143.7 - - [28/Aug/2006:04:29:00 -0400] "GET /images/lifeimages/saintchads_cemetary-t.jpg HTTP/1.1" 200 34330 "http://www.darwinday.org/englishL/life/shrewsbury.html" "Mozilla/4.0 (compatible; MSIE 6.0; Windows NT 5.1; SV1; FunWebProducts; .NET CLR 1.1.4322)"
203.144.143.7 - - [28/Aug/2006:04:29:01 -0400] "GET /favicon.ico HTTP/1.1" 404 3475 "-" "Mozilla/4.0 (compatible; MSIE 6.0; Windows NT 5.1; SV1; FunWebProducts; .NET CLR 1.1.4322)"
203.144.143.7 - - [28/Aug/2006:04:29:02 -0400] "GET /favicon.ico HTTP/1.1" 404 3475 "-" "Mozilla/4.0 (compatible; MSIE 6.0; Windows NT 5.1; SV1; FunWebProducts; .NET CLR 1.1.4322)"
203.144.143.7 - - [28/Aug/2006:04:29:12 -0400] "GET /favicon.ico HTTP/1.1" 404 3475 "-" "Mozilla/4.0 (compatible; MSIE 6.0; Windows NT 5.1; SV1; FunWebProducts; .NET CLR 1.1.4322)"
203.144.143.7 - - [28/Aug/2006:04:29:13 -0400] "GET /favicon.ico HTTP/1.1" 404 3475 "-" "Mozilla/4.0 (compatible; MSIE 6.0; Windows NT 5.1; SV1; FunWebProducts; .NET CLR 1.1.4322)"
58.9.193.166 - - [28/Aug/2006:04:31:24 -0400] "GET /englishL/home/images/darwinages.gif HTTP/1.0" 200 50309 "http://www.muslimthai.com/forum/index.php?topic=309.msg3203;topicseen" "Mozilla/4.0 (compatible; MSIE 5.5; Windows 98)"
221.128.97.154 - - [28/Aug/2006:04:38:27 -0400] "GET /englishL/home/images/darwinages.gif HTTP/1.1" 200 50309 "http://www.muslimthai.com/forum/index.php?PHPSESSID=bea65fdff1082c190b8eef22c51566cc&topic=309.msg3203;topicseen" "Mozilla/4.0 (compatible; MSIE 6.0; Windows NT 5.1)"
219.142.118.37 - - [28/Aug/2006:04:43:43 -0400] "GET /robots.txt HTTP/1.0" 404 3462 "-" "-"
219.142.118.12 - - [28/Aug/2006:04:43:51 -0400] "GET /robots.txt HTTP/1.0" 404 3462 "-" "-"
202.164.166.154 - - [28/Aug/2006:04:45:59 -0400] "GET /stylesheets/mainenglishL.css HTTP/1.0" 200 590 "http://www.darwinday.org/" "Mozilla/4.0 (compatible; MSIE 6.0; Windows NT 5.1; SV1)"
202.164.166.154 - - [28/Aug/2006:04:46:00 -0400] "GET /stylesheets/main.css HTTP/1.0" 200 638 "http://www.darwinday.org/" "Mozilla/4.0 (compatible; MSIE 6.0; Windows NT 5.1; SV1)"
202.164.166.154 - - [28/Aug/2006:04:46:00 -0400] "GET / HTTP/1.0" 200 25696 "http://www.google.com.ph/search?hl=tl&q=Birthday+Programme&meta=" "Mozilla/4.0 (compatible; MSIE 6.0; Windows NT 5.1; SV1)"
202.164.166.154 - - [28/Aug/2006:04:46:00 -0400] "GET /images/alllangimages/topleftlogo.gif HTTP/1.0" 200 6907 "http://www.darwinday.org/" "Mozilla/4.0 (compatible; MSIE 6.0; Windows NT 5.1; SV1)"
202.164.166.154 - - [28/Aug/2006:04:46:02 -0400] "GET /englishL/currarts.html HTTP/1.0" 200 4902 "http://www.darwinday.org/" "Mozilla/4.0 (compatible; MSIE 6.0; Windows NT 5.1; SV1)"
202.164.166.154 - - [28/Aug/2006:04:46:02 -0400] "GET /images/alllangimages/header.gif HTTP/1.0" 200 20989 "http://www.darwinday.org/" "Mozilla/4.0 (compatible; MSIE 6.0; Windows NT 5.1; SV1)"
202.164.166.154 - - [28/Aug/2006:04:46:04 -0400] "GET /englishL/images/titletrans.gif HTTP/1.0" 200 15588 "http://www.darwinday.org/" "Mozilla/4.0 (compatible; MSIE 6.0; Windows NT 5.1; SV1)"
202.164.166.154 - - [28/Aug/2006:04:46:05 -0400] "GET /englishL/images/navbar.gif HTTP/1.0" 200 2667 "http://www.darwinday.org/" "Mozilla/4.0 (compatible; MSIE 6.0; Windows NT 5.1; SV1)"
202.164.166.154 - - [28/Aug/2006:04:46:08 -0400] "GET /englishL/home/images/darwinages.gif HTTP/1.0" 200 50309 "http://www.darwinday.org/" "Mozilla/4.0 (compatible; MSIE 6.0; Windows NT 5.1; SV1)"
202.164.166.154 - - [28/Aug/2006:04:46:08 -0400] "GET /images/alllangimages/worldmaptransp.gif HTTP/1.0" 200 128893 "http://www.darwinday.org/" "Mozilla/4.0 (compatible; MSIE 6.0; Windows NT 5.1; SV1)"
202.164.166.154 - - [28/Aug/2006:04:46:09 -0400] "GET /images/alllangimages/arrow.gif HTTP/1.0" 200 112 "http://www.darwinday.org/" "Mozilla/4.0 (compatible; MSIE 6.0; Windows NT 5.1; SV1)"
202.164.166.154 - - [28/Aug/2006:04:46:09 -0400] "GET /images/alllangimages/dnahorizl.gif HTTP/1.0" 200 2130 "http://www.darwinday.org/" "Mozilla/4.0 (compatible; MSIE 6.0; Windows NT 5.1; SV1)"
202.164.166.154 - - [28/Aug/2006:04:46:09 -0400] "GET /images/alllangimages/dnahoriz.gif HTTP/1.0" 200 3391 "http://www.darwinday.org/" "Mozilla/4.0 (compatible; MSIE 6.0; Windows NT 5.1; SV1)"
202.164.166.154 - - [28/Aug/2006:04:46:09 -0400] "GET /images/alllangimages/dnahorizr.gif HTTP/1.0" 200 2104 "http://www.darwinday.org/" "Mozilla/4.0 (compatible; MSIE 6.0; Windows NT 5.1; SV1)"
202.164.166.154 - - [28/Aug/2006:04:46:09 -0400] "GET /images/alllangimages/lincoln.gif HTTP/1.0" 200 11057 "http://www.darwinday.org/" "Mozilla/4.0 (compatible; MSIE 6.0; Windows NT 5.1; SV1)"
202.164.166.154 - - [28/Aug/2006:04:46:10 -0400] "GET /images/alllangimages/darwin.gif HTTP/1.0" 200 13783 "http://www.darwinday.org/" "Mozilla/4.0 (compatible; MSIE 6.0; Windows NT 5.1; SV1)"
202.164.166.154 - - [28/Aug/2006:04:46:12 -0400] "GET /images/alllangimages/trans.gif HTTP/1.0" 200 49 "http://www.darwinday.org/" "Mozilla/4.0 (compatible; MSIE 6.0; Windows NT 5.1; SV1)"
202.164.166.154 - - [28/Aug/2006:04:46:12 -0400] "GET /englishL/home/images/joinus.gif HTTP/1.0" 200 524 "http://www.darwinday.org/" "Mozilla/4.0 (compatible; MSIE 6.0; Windows NT 5.1; SV1)"
202.164.166.154 - - [28/Aug/2006:04:46:12 -0400] "GET /englishL/home/images/beagle.gif HTTP/1.0" 200 27337 "http://www.darwinday.org/" "Mozilla/4.0 (compatible; MSIE 6.0; Windows NT 5.1; SV1)"
66.249.65.226 - - [28/Aug/2006:04:47:13 -0400] "GET /home/index.html HTTP/1.1" 200 26229 "-" "Mozilla/5.0 (compatible; Googlebot/2.1; +http://www.google.com/bot.html)"
66.249.65.226 - - [28/Aug/2006:04:47:28 -0400] "GET /evolution/index.html HTTP/1.1" 404 3484 "-" "Mozilla/5.0 (compatible; Googlebot/2.1; +http://www.google.com/bot.html)"
65.55.212.53 - - [28/Aug/2006:04:48:07 -0400] "GET /event_info/darwin-lecture.html HTTP/1.0" 404 3482 "-" "msnbot/0.9 (+http://search.msn.com/msnbot.htm)"
125.24.175.39 - - [28/Aug/2006:04:50:11 -0400] "GET /englishL/home/images/darwinages.gif HTTP/1.1" 304 - "http://www.muslimthai.com/forum/index.php?topic=309.msg3203;topicseen" "Mozilla/4.0 (compatible; MSIE 6.0; Windows NT 5.1; SV1)"
209.237.238.227 - - [28/Aug/2006:04:50:38 -0400] "GET /robots.txt HTTP/1.0" 404 3462 "-" "ia_archiver"
209.237.238.227 - - [28/Aug/2006:04:50:38 -0400] "GET /englishL/home/www.retecivica.trieste.it/triestecultura/musei/scientifici HTTP/1.0" 404 3524 "-" "ia_archiver"
132.166.81.3 - - [28/Aug/2006:04:51:42 -0400] "GET /favicon.ico HTTP/1.1" 404 3475 "-" "Mozilla/4.0 (compatible; GoogleToolbar 4.0.1019.2378-big; Windows XP 5.1; MSIE 6.0.2900.2180)"
212.49.245.2 - - [28/Aug/2006:04:54:49 -0400] "GET /stylesheets/mainenglishL.css HTTP/1.1" 200 590 "http://www.darwinday.org/" "Mozilla/4.0 (compatible; MSIE 6.0; Windows NT 5.1; SV1; .NET CLR 1.1.4322; InfoPath.1; .NET CLR 2.0.50727)"
212.49.245.2 - - [28/Aug/2006:04:54:49 -0400] "GET / HTTP/1.1" 200 25696 "http://www.flickr.com/photos/kaptainkobold/98688066/in/set-72157594169740011/" "Mozilla/4.0 (compatible; MSIE 6.0; Windows NT 5.1; SV1; .NET CLR 1.1.4322; InfoPath.1; .NET CLR 2.0.50727)"
212.49.245.2 - - [28/Aug/2006:04:54:49 -0400] "GET /stylesheets/main.css HTTP/1.1" 200 638 "http://www.darwinday.org/" "Mozilla/4.0 (compatible; MSIE 6.0; Windows NT 5.1; SV1; .NET CLR 1.1.4322; InfoPath.1; .NET CLR 2.0.50727)"
212.49.245.2 - - [28/Aug/2006:04:54:49 -0400] "GET /images/alllangimages/topleftlogo.gif HTTP/1.1" 200 6907 "http://www.darwinday.org/" "Mozilla/4.0 (compatible; MSIE 6.0; Windows NT 5.1; SV1; .NET CLR 1.1.4322; InfoPath.1; .NET CLR 2.0.50727)"
212.49.245.2 - - [28/Aug/2006:04:54:49 -0400] "GET /englishL/currarts.html HTTP/1.1" 200 4902 "http://www.darwinday.org/" "Mozilla/4.0 (compatible; MSIE 6.0; Windows NT 5.1; SV1; .NET CLR 1.1.4322; InfoPath.1; .NET CLR 2.0.50727)"
212.49.245.2 - - [28/Aug/2006:04:54:50 -0400] "GET /images/alllangimages/header.gif HTTP/1.1" 200 20989 "http://www.darwinday.org/" "Mozilla/4.0 (compatible; MSIE 6.0; Windows NT 5.1; SV1; .NET CLR 1.1.4322; InfoPath.1; .NET CLR 2.0.50727)"
212.49.245.2 - - [28/Aug/2006:04:54:50 -0400] "GET /englishL/images/titletrans.gif HTTP/1.1" 200 15588 "http://www.darwinday.org/" "Mozilla/4.0 (compatible; MSIE 6.0; Windows NT 5.1; SV1; .NET CLR 1.1.4322; InfoPath.1; .NET CLR 2.0.50727)"
212.49.245.2 - - [28/Aug/2006:04:54:50 -0400] "GET /englishL/images/navbar.gif HTTP/1.1" 200 2667 "http://www.darwinday.org/" "Mozilla/4.0 (compatible; MSIE 6.0; Windows NT 5.1; SV1; .NET CLR 1.1.4322; InfoPath.1; .NET CLR 2.0.50727)"
212.49.245.2 - - [28/Aug/2006:04:54:51 -0400] "GET /englishL/home/images/darwinages.gif HTTP/1.1" 200 50309 "http://www.darwinday.org/" "Mozilla/4.0 (compatible; MSIE 6.0; Windows NT 5.1; SV1; .NET CLR 1.1.4322; InfoPath.1; .NET CLR 2.0.50727)"
212.49.245.2 - - [28/Aug/2006:04:54:51 -0400] "GET /images/alllangimages/arrow.gif HTTP/1.1" 200 112 "http://www.darwinday.org/" "Mozilla/4.0 (compatible; MSIE 6.0; Windows NT 5.1; SV1; .NET CLR 1.1.4322; InfoPath.1; .NET CLR 2.0.50727)"
212.49.245.2 - - [28/Aug/2006:04:54:51 -0400] "GET /images/alllangimages/dnahorizl.gif HTTP/1.1" 200 2130 "http://www.darwinday.org/" "Mozilla/4.0 (compatible; MSIE 6.0; Windows NT 5.1; SV1; .NET CLR 1.1.4322; InfoPath.1; .NET CLR 2.0.50727)"
212.49.245.2 - - [28/Aug/2006:04:54:52 -0400] "GET /images/alllangimages/dnahoriz.gif HTTP/1.1" 200 3391 "http://www.darwinday.org/" "Mozilla/4.0 (compatible; MSIE 6.0; Windows NT 5.1; SV1; .NET CLR 1.1.4322; InfoPath.1; .NET CLR 2.0.50727)"
212.49.245.2 - - [28/Aug/2006:04:54:52 -0400] "GET /images/alllangimages/dnahorizr.gif HTTP/1.1" 200 2104 "http://www.darwinday.org/" "Mozilla/4.0 (compatible; MSIE 6.0; Windows NT 5.1; SV1; .NET CLR 1.1.4322; InfoPath.1; .NET CLR 2.0.50727)"
212.49.245.2 - - [28/Aug/2006:04:54:52 -0400] "GET /images/alllangimages/lincoln.gif HTTP/1.1" 200 11057 "http://www.darwinday.org/" "Mozilla/4.0 (compatible; MSIE 6.0; Windows NT 5.1; SV1; .NET CLR 1.1.4322; InfoPath.1; .NET CLR 2.0.50727)"
212.49.245.2 - - [28/Aug/2006:04:54:53 -0400] "GET /images/alllangimages/darwin.gif HTTP/1.1" 200 13783 "http://www.darwinday.org/" "Mozilla/4.0 (compatible; MSIE 6.0; Windows NT 5.1; SV1; .NET CLR 1.1.4322; InfoPath.1; .NET CLR 2.0.50727)"
212.49.245.2 - - [28/Aug/2006:04:54:54 -0400] "GET /englishL/home/images/beagle.gif HTTP/1.1" 200 37108 "http://www.darwinday.org/" "Mozilla/4.0 (compatible; MSIE 6.0; Windows NT 5.1; SV1; .NET CLR 1.1.4322; InfoPath.1; .NET CLR 2.0.50727)"
212.49.245.2 - - [28/Aug/2006:04:54:55 -0400] "GET /images/alllangimages/worldmaptransp.gif HTTP/1.1" 200 128893 "http://www.darwinday.org/" "Mozilla/4.0 (compatible; MSIE 6.0; Windows NT 5.1; SV1; .NET CLR 1.1.4322; InfoPath.1; .NET CLR 2.0.50727)"
212.49.245.2 - - [28/Aug/2006:04:54:55 -0400] "GET /images/alllangimages/trans.gif HTTP/1.1" 200 49 "http://www.darwinday.org/" "Mozilla/4.0 (compatible; MSIE 6.0; Windows NT 5.1; SV1; .NET CLR 1.1.4322; InfoPath.1; .NET CLR 2.0.50727)"
212.49.245.2 - - [28/Aug/2006:04:54:55 -0400] "GET /englishL/home/images/joinus.gif HTTP/1.1" 200 524 "http://www.darwinday.org/" "Mozilla/4.0 (compatible; MSIE 6.0; Windows NT 5.1; SV1; .NET CLR 1.1.4322; InfoPath.1; .NET CLR 2.0.50727)"
212.49.245.2 - - [28/Aug/2006:04:54:55 -0400] "GET /englishL/home/images/horse.evolution.jpg HTTP/1.1" 200 29612 "http://www.darwinday.org/" "Mozilla/4.0 (compatible; MSIE 6.0; Windows NT 5.1; SV1; .NET CLR 1.1.4322; InfoPath.1; .NET CLR 2.0.50727)"
212.49.245.2 - - [28/Aug/2006:04:54:55 -0400] "GET /images/alllangimages/DNAlogo.gif HTTP/1.1" 200 1370 "http://www.darwinday.org/englishL/currarts.html" "Mozilla/4.0 (compatible; MSIE 6.0; Windows NT 5.1; SV1; .NET CLR 1.1.4322; InfoPath.1; .NET CLR 2.0.50727)"
212.49.245.2 - - [28/Aug/2006:04:55:01 -0400] "GET /favicon.ico HTTP/1.1" 404 3475 "-" "Mozilla/4.0 (compatible; MSIE 6.0; Windows NT 5.1; SV1; .NET CLR 1.1.4322; InfoPath.1; .NET CLR 2.0.50727)"
212.49.245.2 - - [28/Aug/2006:04:56:37 -0400] "GET /englishL/aboutddc/index.html HTTP/1.1" 200 6792 "http://www.darwinday.org/" "Mozilla/4.0 (compatible; MSIE 6.0; Windows NT 5.1; SV1; .NET CLR 1.1.4322; InfoPath.1; .NET CLR 2.0.50727)"
212.49.245.2 - - [28/Aug/2006:04:56:38 -0400] "GET /images/alllangimages/goldball.gif HTTP/1.1" 200 332 "http://www.darwinday.org/englishL/aboutddc/index.html" "Mozilla/4.0 (compatible; MSIE 6.0; Windows NT 5.1; SV1; .NET CLR 1.1.4322; InfoPath.1; .NET CLR 2.0.50727)"
212.49.245.2 - - [28/Aug/2006:04:56:55 -0400] "GET /images/advisorpics/bateson.gif HTTP/1.1" 200 10961 "http://www.darwinday.org/englishL/aboutddc/advisory.html" "Mozilla/4.0 (compatible; MSIE 6.0; Windows NT 5.1; SV1; .NET CLR 1.1.4322; InfoPath.1; .NET CLR 2.0.50727)"
212.49.245.2 - - [28/Aug/2006:04:56:55 -0400] "GET /englishL/aboutddc/advisory.html HTTP/1.1" 200 31045 "http://www.darwinday.org/" "Mozilla/4.0 (compatible; MSIE 6.0; Windows NT 5.1; SV1; .NET CLR 1.1.4322; InfoPath.1; .NET CLR 2.0.50727)"
212.49.245.2 - - [28/Aug/2006:04:56:56 -0400] "GET /images/advisorpics/calvin.gif HTTP/1.1" 200 11213 "http://www.darwinday.org/englishL/aboutddc/advisory.html" "Mozilla/4.0 (compatible; MSIE 6.0; Windows NT 5.1; SV1; .NET CLR 1.1.4322; InfoPath.1; .NET CLR 2.0.50727)"
212.49.245.2 - - [28/Aug/2006:04:56:56 -0400] "GET /images/advisorpics/cronin.gif HTTP/1.1" 200 8731 "http://www.darwinday.org/englishL/aboutddc/advisory.html" "Mozilla/4.0 (compatible; MSIE 6.0; Windows NT 5.1; SV1; .NET CLR 1.1.4322; InfoPath.1; .NET CLR 2.0.50727)"
212.49.245.2 - - [28/Aug/2006:04:56:56 -0400] "GET /images/advisorpics/dawkins.gif HTTP/1.1" 200 14879 "http://www.darwinday.org/englishL/aboutddc/advisory.html" "Mozilla/4.0 (compatible; MSIE 6.0; Windows NT 5.1; SV1; .NET CLR 1.1.4322; InfoPath.1; .NET CLR 2.0.50727)"
212.49.245.2 - - [28/Aug/2006:04:56:56 -0400] "GET /images/advisorpics/dennett.gif HTTP/1.1" 200 11171 "http://www.darwinday.org/englishL/aboutddc/advisory.html" "Mozilla/4.0 (compatible; MSIE 6.0; Windows NT 5.1; SV1; .NET CLR 1.1.4322; InfoPath.1; .NET CLR 2.0.50727)"
