68.122.7.86 - - [28/Aug/2006:12:19:40 -0400] "GET /favicon.ico HTTP/1.1" 404 3475 "-" "Mozilla/5.0 (Windows; U; Windows NT 5.1; en-US; rv:1.8.0.6) Gecko/20060728 Firefox/1.5.0.6"
68.122.7.86 - - [28/Aug/2006:12:19:40 -0400] "GET /englishL/home/images/horse.evolution.jpg HTTP/1.1" 200 29612 "http://darwinday.org/englishL/home/index.html" "Mozilla/5.0 (Windows; U; Windows NT 5.1; en-US; rv:1.8.0.6) Gecko/20060728 Firefox/1.5.0.6"
68.122.7.86 - - [28/Aug/2006:12:19:40 -0400] "GET /englishL/home/images/darwinages.gif HTTP/1.1" 200 50309 "http://darwinday.org/englishL/home/index.html" "Mozilla/5.0 (Windows; U; Windows NT 5.1; en-US; rv:1.8.0.6) Gecko/20060728 Firefox/1.5.0.6"
68.122.7.86 - - [28/Aug/2006:12:19:40 -0400] "GET /englishL/home/images/beagle.gif HTTP/1.1" 200 37108 "http://darwinday.org/englishL/home/index.html" "Mozilla/5.0 (Windows; U; Windows NT 5.1; en-US; rv:1.8.0.6) Gecko/20060728 Firefox/1.5.0.6"
146.186.120.195 - - [28/Aug/2006:12:19:42 -0400] "GET /stylesheets/mainenglishL.css HTTP/1.1" 200 590 "http://darwinday.org/englishL/home/index.html" "Mozilla/5.0 (Windows; U; Windows NT 5.1; en-US; rv:1.8.0.5) Gecko/20060719 Firefox/1.5.0.5"
146.186.120.195 - - [28/Aug/2006:12:19:42 -0400] "GET /englishL/home/index.html HTTP/1.1" 200 26022 "http://www.stumbleupon.com/refer.php?url=http%3A//darwinday.org/englishL/home/index.html" "Mozilla/5.0 (Windows; U; Windows NT 5.1; en-US; rv:1.8.0.5) Gecko/20060719 Firefox/1.5.0.5"
146.186.120.195 - - [28/Aug/2006:12:19:42 -0400] "GET /stylesheets/main.css HTTP/1.1" 200 638 "http://darwinday.org/englishL/home/index.html" "Mozilla/5.0 (Windows; U; Windows NT 5.1; en-US; rv:1.8.0.5) Gecko/20060719 Firefox/1.5.0.5"
146.186.120.195 - - [28/Aug/2006:12:19:42 -0400] "GET /images/alllangimages/topleftlogo.gif HTTP/1.1" 200 6907 "http://darwinday.org/englishL/home/index.html" "Mozilla/5.0 (Windows; U; Windows NT 5.1; en-US; rv:1.8.0.5) Gecko/20060719 Firefox/1.5.0.5"
146.186.120.195 - - [28/Aug/2006:12:19:42 -0400] "GET /images/alllangimages/header.gif HTTP/1.1" 200 20989 "http://darwinday.org/englishL/home/index.html" "Mozilla/5.0 (Windows; U; Windows NT 5.1; en-US; rv:1.8.0.5) Gecko/20060719 Firefox/1.5.0.5"
146.186.120.195 - - [28/Aug/2006:12:19:42 -0400] "GET /englishL/images/navbar.gif HTTP/1.1" 200 2667 "http://darwinday.org/englishL/home/index.html" "Mozilla/5.0 (Windows; U; Windows NT 5.1; en-US; rv:1.8.0.5) Gecko/20060719 Firefox/1.5.0.5"
146.186.120.195 - - [28/Aug/2006:12:19:42 -0400] "GET /images/alllangimages/arrow.gif HTTP/1.1" 200 112 "http://darwinday.org/englishL/home/index.html" "Mozilla/5.0 (Windows; U; Windows NT 5.1; en-US; rv:1.8.0.5) Gecko/20060719 Firefox/1.5.0.5"
146.186.120.195 - - [28/Aug/2006:12:19:42 -0400] "GET /englishL/currarts.html HTTP/1.1" 200 4902 "http://darwinday.org/englishL/home/index.html" "Mozilla/5.0 (Windows; U; Windows NT 5.1; en-US; rv:1.8.0.5) Gecko/20060719 Firefox/1.5.0.5"
146.186.120.195 - - [28/Aug/2006:12:19:42 -0400] "GET /images/alllangimages/dnahoriz.gif HTTP/1.1" 200 3391 "http://darwinday.org/englishL/home/index.html" "Mozilla/5.0 (Windows; U; Windows NT 5.1; en-US; rv:1.8.0.5) Gecko/20060719 Firefox/1.5.0.5"
146.186.120.195 - - [28/Aug/2006:12:19:42 -0400] "GET /images/alllangimages/dnahorizr.gif HTTP/1.1" 200 2104 "http://darwinday.org/englishL/home/index.html" "Mozilla/5.0 (Windows; U; Windows NT 5.1; en-US; rv:1.8.0.5) Gecko/20060719 Firefox/1.5.0.5"
146.186.120.195 - - [28/Aug/2006:12:19:42 -0400] "GET /englishL/home/images/joinus.gif HTTP/1.1" 200 524 "http://darwinday.org/englishL/home/index.html" "Mozilla/5.0 (Windows; U; Windows NT 5.1; en-US; rv:1.8.0.5) Gecko/20060719 Firefox/1.5.0.5"
146.186.120.195 - - [28/Aug/2006:12:19:42 -0400] "GET /images/alllangimages/dnahorizl.gif HTTP/1.1" 200 2130 "http://darwinday.org/englishL/home/index.html" "Mozilla/5.0 (Windows; U; Windows NT 5.1; en-US; rv:1.8.0.5) Gecko/20060719 Firefox/1.5.0.5"
146.186.120.195 - - [28/Aug/2006:12:19:42 -0400] "GET /englishL/images/titletrans.gif HTTP/1.1" 200 15588 "http://darwinday.org/englishL/home/index.html" "Mozilla/5.0 (Windows; U; Windows NT 5.1; en-US; rv:1.8.0.5) Gecko/20060719 Firefox/1.5.0.5"
146.186.120.195 - - [28/Aug/2006:12:19:42 -0400] "GET /images/alllangimages/DNAlogo.gif HTTP/1.1" 200 1370 "http://darwinday.org/englishL/currarts.html" "Mozilla/5.0 (Windows; U; Windows NT 5.1; en-US; rv:1.8.0.5) Gecko/20060719 Firefox/1.5.0.5"
146.186.120.195 - - [28/Aug/2006:12:19:42 -0400] "GET /englishL/home/images/horse.evolution.jpg HTTP/1.1" 200 29612 "http://darwinday.org/englishL/home/index.html" "Mozilla/5.0 (Windows; U; Windows NT 5.1; en-US; rv:1.8.0.5) Gecko/20060719 Firefox/1.5.0.5"
146.186.120.195 - - [28/Aug/2006:12:19:43 -0400] "GET /images/alllangimages/lincoln.gif HTTP/1.1" 200 11057 "http://darwinday.org/englishL/home/index.html" "Mozilla/5.0 (Windows; U; Windows NT 5.1; en-US; rv:1.8.0.5) Gecko/20060719 Firefox/1.5.0.5"
146.186.120.195 - - [28/Aug/2006:12:19:43 -0400] "GET /images/alllangimages/darwin.gif HTTP/1.1" 200 13783 "http://darwinday.org/englishL/home/index.html" "Mozilla/5.0 (Windows; U; Windows NT 5.1; en-US; rv:1.8.0.5) Gecko/20060719 Firefox/1.5.0.5"
146.186.120.195 - - [28/Aug/2006:12:19:43 -0400] "GET /englishL/home/images/darwinages.gif HTTP/1.1" 200 50309 "http://darwinday.org/englishL/home/index.html" "Mozilla/5.0 (Windows; U; Windows NT 5.1; en-US; rv:1.8.0.5) Gecko/20060719 Firefox/1.5.0.5"
146.186.120.195 - - [28/Aug/2006:12:19:43 -0400] "GET /englishL/home/images/beagle.gif HTTP/1.1" 200 37108 "http://darwinday.org/englishL/home/index.html" "Mozilla/5.0 (Windows; U; Windows NT 5.1; en-US; rv:1.8.0.5) Gecko/20060719 Firefox/1.5.0.5"
146.186.120.195 - - [28/Aug/2006:12:19:43 -0400] "GET /images/alllangimages/trans.gif HTTP/1.1" 200 49 "http://darwinday.org/englishL/home/index.html" "Mozilla/5.0 (Windows; U; Windows NT 5.1; en-US; rv:1.8.0.5) Gecko/20060719 Firefox/1.5.0.5"
146.186.120.195 - - [28/Aug/2006:12:19:44 -0400] "GET /images/alllangimages/worldmaptransp.gif HTTP/1.1" 200 128893 "http://darwinday.org/englishL/home/index.html" "Mozilla/5.0 (Windows; U; Windows NT 5.1; en-US; rv:1.8.0.5) Gecko/20060719 Firefox/1.5.0.5"
70.224.6.34 - - [28/Aug/2006:12:19:45 -0400] "GET /englishL/home/index.html HTTP/1.1" 304 - "http://www.stumbleupon.com/refer.php?url=http%3A//darwinday.org/englishL/home/index.html" "Mozilla/5.0 (Windows; U; Windows NT 5.1; en-US; rv:1.8.0.6) Gecko/20060728 Firefox/1.5.0.6"
70.224.6.34 - - [28/Aug/2006:12:19:45 -0400] "GET /stylesheets/mainenglishL.css HTTP/1.1" 304 - "http://darwinday.org/englishL/home/index.html" "Mozilla/5.0 (Windows; U; Windows NT 5.1; en-US; rv:1.8.0.6) Gecko/20060728 Firefox/1.5.0.6"
70.224.6.34 - - [28/Aug/2006:12:19:45 -0400] "GET /favicon.ico HTTP/1.1" 404 3475 "-" "Mozilla/4.0 (compatible; Google Desktop)"
70.224.6.34 - - [28/Aug/2006:12:19:45 -0400] "GET /stylesheets/main.css HTTP/1.1" 304 - "http://darwinday.org/englishL/home/index.html" "Mozilla/5.0 (Windows; U; Windows NT 5.1; en-US; rv:1.8.0.6) Gecko/20060728 Firefox/1.5.0.6"
70.224.6.34 - - [28/Aug/2006:12:19:45 -0400] "GET /images/alllangimages/topleftlogo.gif HTTP/1.1" 304 - "http://darwinday.org/englishL/home/index.html" "Mozilla/5.0 (Windows; U; Windows NT 5.1; en-US; rv:1.8.0.6) Gecko/20060728 Firefox/1.5.0.6"
70.224.6.34 - - [28/Aug/2006:12:19:45 -0400] "GET /images/alllangimages/header.gif HTTP/1.1" 304 - "http://darwinday.org/englishL/home/index.html" "Mozilla/5.0 (Windows; U; Windows NT 5.1; en-US; rv:1.8.0.6) Gecko/20060728 Firefox/1.5.0.6"
70.224.6.34 - - [28/Aug/2006:12:19:45 -0400] "GET /images/alllangimages/worldmaptransp.gif HTTP/1.1" 304 - "http://darwinday.org/englishL/home/index.html" "Mozilla/5.0 (Windows; U; Windows NT 5.1; en-US; rv:1.8.0.6) Gecko/20060728 Firefox/1.5.0.6"
70.224.6.34 - - [28/Aug/2006:12:19:45 -0400] "GET /englishL/images/titletrans.gif HTTP/1.1" 304 - "http://darwinday.org/englishL/home/index.html" "Mozilla/5.0 (Windows; U; Windows NT 5.1; en-US; rv:1.8.0.6) Gecko/20060728 Firefox/1.5.0.6"
70.224.6.34 - - [28/Aug/2006:12:19:45 -0400] "GET /englishL/images/navbar.gif HTTP/1.1" 304 - "http://darwinday.org/englishL/home/index.html" "Mozilla/5.0 (Windows; U; Windows NT 5.1; en-US; rv:1.8.0.6) Gecko/20060728 Firefox/1.5.0.6"
70.224.6.34 - - [28/Aug/2006:12:19:45 -0400] "GET /englishL/home/images/darwinages.gif HTTP/1.1" 304 - "http://darwinday.org/englishL/home/index.html" "Mozilla/5.0 (Windows; U; Windows NT 5.1; en-US; rv:1.8.0.6) Gecko/20060728 Firefox/1.5.0.6"
70.224.6.34 - - [28/Aug/2006:12:19:45 -0400] "GET /images/alllangimages/dnahorizl.gif HTTP/1.1" 304 - "http://darwinday.org/englishL/home/index.html" "Mozilla/5.0 (Windows; U; Windows NT 5.1; en-US; rv:1.8.0.6) Gecko/20060728 Firefox/1.5.0.6"
70.224.6.34 - - [28/Aug/2006:12:19:45 -0400] "GET /images/alllangimages/arrow.gif HTTP/1.1" 304 - "http://darwinday.org/englishL/home/index.html" "Mozilla/5.0 (Windows; U; Windows NT 5.1; en-US; rv:1.8.0.6) Gecko/20060728 Firefox/1.5.0.6"
70.224.6.34 - - [28/Aug/2006:12:19:45 -0400] "GET /images/alllangimages/dnahorizr.gif HTTP/1.1" 304 - "http://darwinday.org/englishL/home/index.html" "Mozilla/5.0 (Windows; U; Windows NT 5.1; en-US; rv:1.8.0.6) Gecko/20060728 Firefox/1.5.0.6"
70.224.6.34 - - [28/Aug/2006:12:19:45 -0400] "GET /englishL/currarts.html HTTP/1.1" 304 - "http://darwinday.org/englishL/home/index.html" "Mozilla/5.0 (Windows; U; Windows NT 5.1; en-US; rv:1.8.0.6) Gecko/20060728 Firefox/1.5.0.6"
70.224.6.34 - - [28/Aug/2006:12:19:45 -0400] "GET /images/alllangimages/lincoln.gif HTTP/1.1" 304 - "http://darwinday.org/englishL/home/index.html" "Mozilla/5.0 (Windows; U; Windows NT 5.1; en-US; rv:1.8.0.6) Gecko/20060728 Firefox/1.5.0.6"
70.224.6.34 - - [28/Aug/2006:12:19:45 -0400] "GET /images/alllangimages/dnahoriz.gif HTTP/1.1" 304 - "http://darwinday.org/englishL/home/index.html" "Mozilla/5.0 (Windows; U; Windows NT 5.1; en-US; rv:1.8.0.6) Gecko/20060728 Firefox/1.5.0.6"
70.224.6.34 - - [28/Aug/2006:12:19:45 -0400] "GET /images/alllangimages/darwin.gif HTTP/1.1" 304 - "http://darwinday.org/englishL/home/index.html" "Mozilla/5.0 (Windows; U; Windows NT 5.1; en-US; rv:1.8.0.6) Gecko/20060728 Firefox/1.5.0.6"
70.224.6.34 - - [28/Aug/2006:12:19:45 -0400] "GET /englishL/home/images/beagle.gif HTTP/1.1" 304 - "http://darwinday.org/englishL/home/index.html" "Mozilla/5.0 (Windows; U; Windows NT 5.1; en-US; rv:1.8.0.6) Gecko/20060728 Firefox/1.5.0.6"
70.224.6.34 - - [28/Aug/2006:12:19:45 -0400] "GET /images/alllangimages/trans.gif HTTP/1.1" 304 - "http://darwinday.org/englishL/home/index.html" "Mozilla/5.0 (Windows; U; Windows NT 5.1; en-US; rv:1.8.0.6) Gecko/20060728 Firefox/1.5.0.6"
70.224.6.34 - - [28/Aug/2006:12:19:45 -0400] "GET /englishL/home/images/joinus.gif HTTP/1.1" 304 - "http://darwinday.org/englishL/home/index.html" "Mozilla/5.0 (Windows; U; Windows NT 5.1; en-US; rv:1.8.0.6) Gecko/20060728 Firefox/1.5.0.6"
70.224.6.34 - - [28/Aug/2006:12:19:46 -0400] "GET /images/alllangimages/DNAlogo.gif HTTP/1.1" 304 - "http://darwinday.org/englishL/currarts.html" "Mozilla/5.0 (Windows; U; Windows NT 5.1; en-US; rv:1.8.0.6) Gecko/20060728 Firefox/1.5.0.6"
70.224.6.34 - - [28/Aug/2006:12:19:47 -0400] "GET /englishL/home/images/horse.evolution.jpg HTTP/1.1" 304 - "http://darwinday.org/englishL/home/index.html" "Mozilla/5.0 (Windows; U; Windows NT 5.1; en-US; rv:1.8.0.6) Gecko/20060728 Firefox/1.5.0.6"
70.224.6.34 - - [28/Aug/2006:12:19:48 -0400] "GET /favicon.ico HTTP/1.1" 404 3475 "-" "Mozilla/5.0 (Windows; U; Windows NT 5.1; en-US; rv:1.8.0.6) Gecko/20060728 Firefox/1.5.0.6"
68.44.64.145 - - [28/Aug/2006:12:19:59 -0400] "GET /englishL/home/index.html HTTP/1.1" 200 26022 "http://www.stumbleupon.com/refer.php?url=http%3A//darwinday.org/englishL/home/index.html" "Mozilla/5.0 (Windows; U; Windows NT 5.1; en-US; rv:1.8.0.6) Gecko/20060728 Firefox/1.5.0.6"
68.44.64.145 - - [28/Aug/2006:12:19:59 -0400] "GET /stylesheets/mainenglishL.css HTTP/1.1" 200 590 "http://darwinday.org/englishL/home/index.html" "Mozilla/5.0 (Windows; U; Windows NT 5.1; en-US; rv:1.8.0.6) Gecko/20060728 Firefox/1.5.0.6"
68.44.64.145 - - [28/Aug/2006:12:19:59 -0400] "GET /stylesheets/main.css HTTP/1.1" 200 638 "http://darwinday.org/englishL/home/index.html" "Mozilla/5.0 (Windows; U; Windows NT 5.1; en-US; rv:1.8.0.6) Gecko/20060728 Firefox/1.5.0.6"
68.44.64.145 - - [28/Aug/2006:12:19:59 -0400] "GET /images/alllangimages/topleftlogo.gif HTTP/1.1" 200 6907 "http://darwinday.org/englishL/home/index.html" "Mozilla/5.0 (Windows; U; Windows NT 5.1; en-US; rv:1.8.0.6) Gecko/20060728 Firefox/1.5.0.6"
68.44.64.145 - - [28/Aug/2006:12:19:59 -0400] "GET /images/alllangimages/header.gif HTTP/1.1" 200 20989 "http://darwinday.org/englishL/home/index.html" "Mozilla/5.0 (Windows; U; Windows NT 5.1; en-US; rv:1.8.0.6) Gecko/20060728 Firefox/1.5.0.6"
68.44.64.145 - - [28/Aug/2006:12:19:59 -0400] "GET /images/alllangimages/dnahorizr.gif HTTP/1.1" 200 2104 "http://darwinday.org/englishL/home/index.html" "Mozilla/5.0 (Windows; U; Windows NT 5.1; en-US; rv:1.8.0.6) Gecko/20060728 Firefox/1.5.0.6"
68.44.64.145 - - [28/Aug/2006:12:19:59 -0400] "GET /images/alllangimages/dnahoriz.gif HTTP/1.1" 200 3391 "http://darwinday.org/englishL/home/index.html" "Mozilla/5.0 (Windows; U; Windows NT 5.1; en-US; rv:1.8.0.6) Gecko/20060728 Firefox/1.5.0.6"
68.44.64.145 - - [28/Aug/2006:12:19:59 -0400] "GET /englishL/images/navbar.gif HTTP/1.1" 200 2667 "http://darwinday.org/englishL/home/index.html" "Mozilla/5.0 (Windows; U; Windows NT 5.1; en-US; rv:1.8.0.6) Gecko/20060728 Firefox/1.5.0.6"
68.44.64.145 - - [28/Aug/2006:12:19:59 -0400] "GET /englishL/currarts.html HTTP/1.1" 200 4902 "http://darwinday.org/englishL/home/index.html" "Mozilla/5.0 (Windows; U; Windows NT 5.1; en-US; rv:1.8.0.6) Gecko/20060728 Firefox/1.5.0.6"
68.44.64.145 - - [28/Aug/2006:12:19:59 -0400] "GET /images/alllangimages/lincoln.gif HTTP/1.1" 200 11057 "http://darwinday.org/englishL/home/index.html" "Mozilla/5.0 (Windows; U; Windows NT 5.1; en-US; rv:1.8.0.6) Gecko/20060728 Firefox/1.5.0.6"
68.44.64.145 - - [28/Aug/2006:12:19:59 -0400] "GET /images/alllangimages/dnahorizl.gif HTTP/1.1" 200 2130 "http://darwinday.org/englishL/home/index.html" "Mozilla/5.0 (Windows; U; Windows NT 5.1; en-US; rv:1.8.0.6) Gecko/20060728 Firefox/1.5.0.6"
68.44.64.145 - - [28/Aug/2006:12:19:59 -0400] "GET /images/alllangimages/arrow.gif HTTP/1.1" 200 112 "http://darwinday.org/englishL/home/index.html" "Mozilla/5.0 (Windows; U; Windows NT 5.1; en-US; rv:1.8.0.6) Gecko/20060728 Firefox/1.5.0.6"
68.44.64.145 - - [28/Aug/2006:12:19:59 -0400] "GET /images/alllangimages/darwin.gif HTTP/1.1" 200 13783 "http://darwinday.org/englishL/home/index.html" "Mozilla/5.0 (Windows; U; Windows NT 5.1; en-US; rv:1.8.0.6) Gecko/20060728 Firefox/1.5.0.6"
68.44.64.145 - - [28/Aug/2006:12:19:59 -0400] "GET /englishL/images/titletrans.gif HTTP/1.1" 200 15588 "http://darwinday.org/englishL/home/index.html" "Mozilla/5.0 (Windows; U; Windows NT 5.1; en-US; rv:1.8.0.6) Gecko/20060728 Firefox/1.5.0.6"
68.44.64.145 - - [28/Aug/2006:12:19:59 -0400] "GET /images/alllangimages/DNAlogo.gif HTTP/1.1" 200 1370 "http://darwinday.org/englishL/currarts.html" "Mozilla/5.0 (Windows; U; Windows NT 5.1; en-US; rv:1.8.0.6) Gecko/20060728 Firefox/1.5.0.6"
68.44.64.145 - - [28/Aug/2006:12:20:00 -0400] "GET /englishL/home/images/beagle.gif HTTP/1.1" 200 37108 "http://darwinday.org/englishL/home/index.html" "Mozilla/5.0 (Windows; U; Windows NT 5.1; en-US; rv:1.8.0.6) Gecko/20060728 Firefox/1.5.0.6"
68.44.64.145 - - [28/Aug/2006:12:20:00 -0400] "GET /images/alllangimages/trans.gif HTTP/1.1" 200 49 "http://darwinday.org/englishL/home/index.html" "Mozilla/5.0 (Windows; U; Windows NT 5.1; en-US; rv:1.8.0.6) Gecko/20060728 Firefox/1.5.0.6"
68.44.64.145 - - [28/Aug/2006:12:20:00 -0400] "GET /englishL/home/images/joinus.gif HTTP/1.1" 200 524 "http://darwinday.org/englishL/home/index.html" "Mozilla/5.0 (Windows; U; Windows NT 5.1; en-US; rv:1.8.0.6) Gecko/20060728 Firefox/1.5.0.6"
68.44.64.145 - - [28/Aug/2006:12:20:00 -0400] "GET /englishL/home/images/darwinages.gif HTTP/1.1" 200 50309 "http://darwinday.org/englishL/home/index.html" "Mozilla/5.0 (Windows; U; Windows NT 5.1; en-US; rv:1.8.0.6) Gecko/20060728 Firefox/1.5.0.6"
68.44.64.145 - - [28/Aug/2006:12:20:00 -0400] "GET /images/alllangimages/worldmaptransp.gif HTTP/1.1" 200 128893 "http://darwinday.org/englishL/home/index.html" "Mozilla/5.0 (Windows; U; Windows NT 5.1; en-US; rv:1.8.0.6) Gecko/20060728 Firefox/1.5.0.6"
68.44.64.145 - - [28/Aug/2006:12:20:00 -0400] "GET /englishL/home/images/horse.evolution.jpg HTTP/1.1" 200 29612 "http://darwinday.org/englishL/home/index.html" "Mozilla/5.0 (Windows; U; Windows NT 5.1; en-US; rv:1.8.0.6) Gecko/20060728 Firefox/1.5.0.6"
212.1.156.204 - - [28/Aug/2006:12:20:13 -0400] "GET /englishL/home/index.html HTTP/1.1" 200 26022 "http://www.stumbleupon.com/refer.php?url=http%3A//darwinday.org/englishL/home/index.html" "Mozilla/5.0 (Windows; U; Windows NT 5.1; en-GB; rv:1.8.0.6) Gecko/20060728 Firefox/1.5.0.6"
212.1.156.204 - - [28/Aug/2006:12:20:14 -0400] "GET /englishL/home/index.html HTTP/1.1" 200 26022 "http://www.stumbleupon.com/refer.php?url=http%3A//darwinday.org/englishL/home/index.html" "Mozilla/5.0 (Windows; U; Windows NT 5.1; en-GB; rv:1.8.0.6) Gecko/20060728 Firefox/1.5.0.6"
212.1.156.204 - - [28/Aug/2006:12:20:14 -0400] "GET /stylesheets/mainenglishL.css HTTP/1.1" 200 590 "http://darwinday.org/englishL/home/index.html" "Mozilla/5.0 (Windows; U; Windows NT 5.1; en-GB; rv:1.8.0.6) Gecko/20060728 Firefox/1.5.0.6"
212.1.156.204 - - [28/Aug/2006:12:20:14 -0400] "GET /stylesheets/main.css HTTP/1.1" 200 638 "http://darwinday.org/englishL/home/index.html" "Mozilla/5.0 (Windows; U; Windows NT 5.1; en-GB; rv:1.8.0.6) Gecko/20060728 Firefox/1.5.0.6"
212.1.156.204 - - [28/Aug/2006:12:20:14 -0400] "GET /images/alllangimages/topleftlogo.gif HTTP/1.1" 200 6907 "http://darwinday.org/englishL/home/index.html" "Mozilla/5.0 (Windows; U; Windows NT 5.1; en-GB; rv:1.8.0.6) Gecko/20060728 Firefox/1.5.0.6"
212.1.156.204 - - [28/Aug/2006:12:20:15 -0400] "GET /englishL/currarts.html HTTP/1.1" 200 4902 "http://darwinday.org/englishL/home/index.html" "Mozilla/5.0 (Windows; U; Windows NT 5.1; en-GB; rv:1.8.0.6) Gecko/20060728 Firefox/1.5.0.6"
212.1.156.204 - - [28/Aug/2006:12:20:16 -0400] "GET /images/alllangimages/header.gif HTTP/1.1" 200 20989 "http://darwinday.org/englishL/home/index.html" "Mozilla/5.0 (Windows; U; Windows NT 5.1; en-GB; rv:1.8.0.6) Gecko/20060728 Firefox/1.5.0.6"
212.1.156.204 - - [28/Aug/2006:12:20:16 -0400] "GET /englishL/images/titletrans.gif HTTP/1.1" 200 15588 "http://darwinday.org/englishL/home/index.html" "Mozilla/5.0 (Windows; U; Windows NT 5.1; en-GB; rv:1.8.0.6) Gecko/20060728 Firefox/1.5.0.6"
212.1.156.204 - - [28/Aug/2006:12:20:16 -0400] "GET /englishL/images/navbar.gif HTTP/1.1" 200 2667 "http://darwinday.org/englishL/home/index.html" "Mozilla/5.0 (Windows; U; Windows NT 5.1; en-GB; rv:1.8.0.6) Gecko/20060728 Firefox/1.5.0.6"
71.136.216.130 - - [28/Aug/2006:12:20:17 -0400] "GET /stylesheets/mainenglishL.css HTTP/1.1" 200 590 "http://darwinday.org/englishL/home/index.html" "Mozilla/5.0 (Windows; U; Windows NT 5.1; en-US; rv:1.8.0.6) Gecko/20060728 Firefox/1.5.0.6"
212.1.156.204 - - [28/Aug/2006:12:20:17 -0400] "GET /images/alllangimages/arrow.gif HTTP/1.1" 200 112 "http://darwinday.org/englishL/home/index.html" "Mozilla/5.0 (Windows; U; Windows NT 5.1; en-GB; rv:1.8.0.6) Gecko/20060728 Firefox/1.5.0.6"
212.1.156.204 - - [28/Aug/2006:12:20:17 -0400] "GET /englishL/home/images/darwinages.gif HTTP/1.1" 200 50309 "http://darwinday.org/englishL/home/index.html" "Mozilla/5.0 (Windows; U; Windows NT 5.1; en-GB; rv:1.8.0.6) Gecko/20060728 Firefox/1.5.0.6"
71.136.216.130 - - [28/Aug/2006:12:20:17 -0400] "GET /englishL/home/index.html HTTP/1.1" 200 26022 "http://www.stumbleupon.com/refer.html" "Mozilla/5.0 (Windows; U; Windows NT 5.1; en-US; rv:1.8.0.6) Gecko/20060728 Firefox/1.5.0.6"
71.136.216.130 - - [28/Aug/2006:12:20:17 -0400] "GET /stylesheets/main.css HTTP/1.1" 200 638 "http://darwinday.org/englishL/home/index.html" "Mozilla/5.0 (Windows; U; Windows NT 5.1; en-US; rv:1.8.0.6) Gecko/20060728 Firefox/1.5.0.6"
71.136.216.130 - - [28/Aug/2006:12:20:17 -0400] "GET /images/alllangimages/topleftlogo.gif HTTP/1.1" 200 6907 "http://darwinday.org/englishL/home/index.html" "Mozilla/5.0 (Windows; U; Windows NT 5.1; en-US; rv:1.8.0.6) Gecko/20060728 Firefox/1.5.0.6"
212.1.156.204 - - [28/Aug/2006:12:20:17 -0400] "GET /images/alllangimages/dnahorizl.gif HTTP/1.1" 200 2130 "http://darwinday.org/englishL/home/index.html" "Mozilla/5.0 (Windows; U; Windows NT 5.1; en-GB; rv:1.8.0.6) Gecko/20060728 Firefox/1.5.0.6"
71.136.216.130 - - [28/Aug/2006:12:20:17 -0400] "GET /englishL/images/navbar.gif HTTP/1.1" 200 2667 "http://darwinday.org/englishL/home/index.html" "Mozilla/5.0 (Windows; U; Windows NT 5.1; en-US; rv:1.8.0.6) Gecko/20060728 Firefox/1.5.0.6"
71.136.216.130 - - [28/Aug/2006:12:20:17 -0400] "GET /images/alllangimages/arrow.gif HTTP/1.1" 200 112 "http://darwinday.org/englishL/home/index.html" "Mozilla/5.0 (Windows; U; Windows NT 5.1; en-US; rv:1.8.0.6) Gecko/20060728 Firefox/1.5.0.6"
212.1.156.204 - - [28/Aug/2006:12:20:18 -0400] "GET /images/alllangimages/dnahoriz.gif HTTP/1.1" 200 3391 "http://darwinday.org/englishL/home/index.html" "Mozilla/5.0 (Windows; U; Windows NT 5.1; en-GB; rv:1.8.0.6) Gecko/20060728 Firefox/1.5.0.6"
71.136.216.130 - - [28/Aug/2006:12:20:18 -0400] "GET /englishL/currarts.html HTTP/1.1" 200 4902 "http://darwinday.org/englishL/home/index.html" "Mozilla/5.0 (Windows; U; Windows NT 5.1; en-US; rv:1.8.0.6) Gecko/20060728 Firefox/1.5.0.6"
71.136.216.130 - - [28/Aug/2006:12:20:18 -0400] "GET /images/alllangimages/dnahorizl.gif HTTP/1.1" 200 2130 "http://darwinday.org/englishL/home/index.html" "Mozilla/5.0 (Windows; U; Windows NT 5.1; en-US; rv:1.8.0.6) Gecko/20060728 Firefox/1.5.0.6"
71.136.216.130 - - [28/Aug/2006:12:20:18 -0400] "GET /images/alllangimages/dnahoriz.gif HTTP/1.1" 200 3391 "http://darwinday.org/englishL/home/index.html" "Mozilla/5.0 (Windows; U; Windows NT 5.1; en-US; rv:1.8.0.6) Gecko/20060728 Firefox/1.5.0.6"
71.136.216.130 - - [28/Aug/2006:12:20:18 -0400] "GET /images/alllangimages/dnahorizr.gif HTTP/1.1" 200 2104 "http://darwinday.org/englishL/home/index.html" "Mozilla/5.0 (Windows; U; Windows NT 5.1; en-US; rv:1.8.0.6) Gecko/20060728 Firefox/1.5.0.6"
71.136.216.130 - - [28/Aug/2006:12:20:18 -0400] "GET /images/alllangimages/header.gif HTTP/1.1" 200 20989 "http://darwinday.org/englishL/home/index.html" "Mozilla/5.0 (Windows; U; Windows NT 5.1; en-US; rv:1.8.0.6) Gecko/20060728 Firefox/1.5.0.6"
71.136.216.130 - - [28/Aug/2006:12:20:18 -0400] "GET /englishL/images/titletrans.gif HTTP/1.1" 200 15588 "http://darwinday.org/englishL/home/index.html" "Mozilla/5.0 (Windows; U; Windows NT 5.1; en-US; rv:1.8.0.6) Gecko/20060728 Firefox/1.5.0.6"
71.136.216.130 - - [28/Aug/2006:12:20:18 -0400] "GET /images/alllangimages/lincoln.gif HTTP/1.1" 200 11057 "http://darwinday.org/englishL/home/index.html" "Mozilla/5.0 (Windows; U; Windows NT 5.1; en-US; rv:1.8.0.6) Gecko/20060728 Firefox/1.5.0.6"
71.136.216.130 - - [28/Aug/2006:12:20:18 -0400] "GET /images/alllangimages/DNAlogo.gif HTTP/1.1" 200 1370 "http://darwinday.org/englishL/currarts.html" "Mozilla/5.0 (Windows; U; Windows NT 5.1; en-US; rv:1.8.0.6) Gecko/20060728 Firefox/1.5.0.6"
212.1.156.204 - - [28/Aug/2006:12:20:18 -0400] "GET /images/alllangimages/dnahorizr.gif HTTP/1.1" 200 2104 "http://darwinday.org/englishL/home/index.html" "Mozilla/5.0 (Windows; U; Windows NT 5.1; en-GB; rv:1.8.0.6) Gecko/20060728 Firefox/1.5.0.6"
71.136.216.130 - - [28/Aug/2006:12:20:18 -0400] "GET /images/alllangimages/trans.gif HTTP/1.1" 200 49 "http://darwinday.org/englishL/home/index.html" "Mozilla/5.0 (Windows; U; Windows NT 5.1; en-US; rv:1.8.0.6) Gecko/20060728 Firefox/1.5.0.6"
212.1.156.204 - - [28/Aug/2006:12:20:18 -0400] "GET /images/alllangimages/lincoln.gif HTTP/1.1" 200 11057 "http://darwinday.org/englishL/home/index.html" "Mozilla/5.0 (Windows; U; Windows NT 5.1; en-GB; rv:1.8.0.6) Gecko/20060728 Firefox/1.5.0.6"
71.136.216.130 - - [28/Aug/2006:12:20:18 -0400] "GET /englishL/home/images/joinus.gif HTTP/1.1" 200 524 "http://darwinday.org/englishL/home/index.html" "Mozilla/5.0 (Windows; U; Windows NT 5.1; en-US; rv:1.8.0.6) Gecko/20060728 Firefox/1.5.0.6"
212.1.156.204 - - [28/Aug/2006:12:20:18 -0400] "GET /images/alllangimages/darwin.gif HTTP/1.1" 200 13783 "http://darwinday.org/englishL/home/index.html" "Mozilla/5.0 (Windows; U; Windows NT 5.1; en-GB; rv:1.8.0.6) Gecko/20060728 Firefox/1.5.0.6"
66.67.6.60 - - [28/Aug/2006:12:20:19 -0400] "GET /favicon.ico HTTP/1.1" 404 3475 "-" "Mozilla/4.0 (compatible; Google Desktop)"
66.67.6.60 - - [28/Aug/2006:12:20:19 -0400] "GET /favicon.ico HTTP/1.1" 404 3475 "-" "Mozilla/5.0 (Windows; U; Windows NT 5.1; en-US; rv:1.8.0.6) Gecko/20060728 Firefox/1.5.0.6"
81.245.178.38 - - [28/Aug/2006:12:20:19 -0400] "GET /englishL/home/index.html HTTP/1.1" 200 26022 "http://www.stumbleupon.com/refer.php?url=http%3A//darwinday.org/englishL/home/index.html" "Mozilla/5.0 (Windows; U; Windows NT 5.0; nl; rv:1.8.0.6) Gecko/20060728 Firefox/1.5.0.6"
81.245.178.38 - - [28/Aug/2006:12:20:19 -0400] "GET /stylesheets/mainenglishL.css HTTP/1.1" 200 590 "http://darwinday.org/englishL/home/index.html" "Mozilla/5.0 (Windows; U; Windows NT 5.0; nl; rv:1.8.0.6) Gecko/20060728 Firefox/1.5.0.6"
81.245.178.38 - - [28/Aug/2006:12:20:20 -0400] "GET /stylesheets/main.css HTTP/1.1" 200 638 "http://darwinday.org/englishL/home/index.html" "Mozilla/5.0 (Windows; U; Windows NT 5.0; nl; rv:1.8.0.6) Gecko/20060728 Firefox/1.5.0.6"
212.1.156.204 - - [28/Aug/2006:12:20:20 -0400] "GET /images/alllangimages/DNAlogo.gif HTTP/1.1" 200 1370 "http://darwinday.org/englishL/currarts.html" "Mozilla/5.0 (Windows; U; Windows NT 5.1; en-GB; rv:1.8.0.6) Gecko/20060728 Firefox/1.5.0.6"
81.245.178.38 - - [28/Aug/2006:12:20:20 -0400] "GET /images/alllangimages/topleftlogo.gif HTTP/1.1" 200 6907 "http://darwinday.org/englishL/home/index.html" "Mozilla/5.0 (Windows; U; Windows NT 5.0; nl; rv:1.8.0.6) Gecko/20060728 Firefox/1.5.0.6"
71.136.216.130 - - [28/Aug/2006:12:20:20 -0400] "GET /englishL/home/images/horse.evolution.jpg HTTP/1.1" 200 29612 "http://darwinday.org/englishL/home/index.html" "Mozilla/5.0 (Windows; U; Windows NT 5.1; en-US; rv:1.8.0.6) Gecko/20060728 Firefox/1.5.0.6"
212.1.156.204 - - [28/Aug/2006:12:20:20 -0400] "GET /englishL/home/images/horse.evolution.jpg HTTP/1.1" 200 29612 "http://darwinday.org/englishL/home/index.html" "Mozilla/5.0 (Windows; U; Windows NT 5.1; en-GB; rv:1.8.0.6) Gecko/20060728 Firefox/1.5.0.6"
81.245.178.38 - - [28/Aug/2006:12:20:20 -0400] "GET /englishL/images/navbar.gif HTTP/1.1" 200 2667 "http://darwinday.org/englishL/home/index.html" "Mozilla/5.0 (Windows; U; Windows NT 5.0; nl; rv:1.8.0.6) Gecko/20060728 Firefox/1.5.0.6"
81.245.178.38 - - [28/Aug/2006:12:20:20 -0400] "GET /images/alllangimages/arrow.gif HTTP/1.1" 200 112 "http://darwinday.org/englishL/home/index.html" "Mozilla/5.0 (Windows; U; Windows NT 5.0; nl; rv:1.8.0.6) Gecko/20060728 Firefox/1.5.0.6"
81.245.178.38 - - [28/Aug/2006:12:20:20 -0400] "GET /images/alllangimages/header.gif HTTP/1.1" 200 20989 "http://darwinday.org/englishL/home/index.html" "Mozilla/5.0 (Windows; U; Windows NT 5.0; nl; rv:1.8.0.6) Gecko/20060728 Firefox/1.5.0.6"
81.245.178.38 - - [28/Aug/2006:12:20:20 -0400] "GET /images/alllangimages/dnahorizl.gif HTTP/1.1" 200 2130 "http://darwinday.org/englishL/home/index.html" "Mozilla/5.0 (Windows; U; Windows NT 5.0; nl; rv:1.8.0.6) Gecko/20060728 Firefox/1.5.0.6"
81.245.178.38 - - [28/Aug/2006:12:20:20 -0400] "GET /images/alllangimages/lincoln.gif HTTP/1.1" 200 11057 "http://darwinday.org/englishL/home/index.html" "Mozilla/5.0 (Windows; U; Windows NT 5.0; nl; rv:1.8.0.6) Gecko/20060728 Firefox/1.5.0.6"
81.245.178.38 - - [28/Aug/2006:12:20:20 -0400] "GET /englishL/currarts.html HTTP/1.1" 200 4902 "http://darwinday.org/englishL/home/index.html" "Mozilla/5.0 (Windows; U; Windows NT 5.0; nl; rv:1.8.0.6) Gecko/20060728 Firefox/1.5.0.6"
81.245.178.38 - - [28/Aug/2006:12:20:21 -0400] "GET /images/alllangimages/dnahorizr.gif HTTP/1.1" 200 2104 "http://darwinday.org/englishL/home/index.html" "Mozilla/5.0 (Windows; U; Windows NT 5.0; nl; rv:1.8.0.6) Gecko/20060728 Firefox/1.5.0.6"
81.245.178.38 - - [28/Aug/2006:12:20:21 -0400] "GET /images/alllangimages/dnahoriz.gif HTTP/1.1" 200 3391 "http://darwinday.org/englishL/home/index.html" "Mozilla/5.0 (Windows; U; Windows NT 5.0; nl; rv:1.8.0.6) Gecko/20060728 Firefox/1.5.0.6"
81.245.178.38 - - [28/Aug/2006:12:20:21 -0400] "GET /englishL/images/titletrans.gif HTTP/1.1" 200 15588 "http://darwinday.org/englishL/home/index.html" "Mozilla/5.0 (Windows; U; Windows NT 5.0; nl; rv:1.8.0.6) Gecko/20060728 Firefox/1.5.0.6"
81.245.178.38 - - [28/Aug/2006:12:20:21 -0400] "GET /images/alllangimages/trans.gif HTTP/1.1" 200 49 "http://darwinday.org/englishL/home/index.html" "Mozilla/5.0 (Windows; U; Windows NT 5.0; nl; rv:1.8.0.6) Gecko/20060728 Firefox/1.5.0.6"
81.245.178.38 - - [28/Aug/2006:12:20:21 -0400] "GET /englishL/home/images/joinus.gif HTTP/1.1" 200 524 "http://darwinday.org/englishL/home/index.html" "Mozilla/5.0 (Windows; U; Windows NT 5.0; nl; rv:1.8.0.6) Gecko/20060728 Firefox/1.5.0.6"
81.245.178.38 - - [28/Aug/2006:12:20:21 -0400] "GET /images/alllangimages/darwin.gif HTTP/1.1" 200 13783 "http://darwinday.org/englishL/home/index.html" "Mozilla/5.0 (Windows; U; Windows NT 5.0; nl; rv:1.8.0.6) Gecko/20060728 Firefox/1.5.0.6"
212.1.156.204 - - [28/Aug/2006:12:20:21 -0400] "GET /englishL/home/images/beagle.gif HTTP/1.1" 200 37108 "http://darwinday.org/englishL/home/index.html" "Mozilla/5.0 (Windows; U; Windows NT 5.1; en-GB; rv:1.8.0.6) Gecko/20060728 Firefox/1.5.0.6"
212.1.156.204 - - [28/Aug/2006:12:20:21 -0400] "GET /images/alllangimages/worldmaptransp.gif HTTP/1.1" 200 128893 "http://darwinday.org/englishL/home/index.html" "Mozilla/5.0 (Windows; U; Windows NT 5.1; en-GB; rv:1.8.0.6) Gecko/20060728 Firefox/1.5.0.6"
81.245.178.38 - - [28/Aug/2006:12:20:21 -0400] "GET /englishL/home/images/horse.evolution.jpg HTTP/1.1" 200 29612 "http://darwinday.org/englishL/home/index.html" "Mozilla/5.0 (Windows; U; Windows NT 5.0; nl; rv:1.8.0.6) Gecko/20060728 Firefox/1.5.0.6"
81.245.178.38 - - [28/Aug/2006:12:20:21 -0400] "GET /images/alllangimages/DNAlogo.gif HTTP/1.1" 200 1370 "http://darwinday.org/englishL/currarts.html" "Mozilla/5.0 (Windows; U; Windows NT 5.0; nl; rv:1.8.0.6) Gecko/20060728 Firefox/1.5.0.6"
81.245.178.38 - - [28/Aug/2006:12:20:21 -0400] "GET /images/alllangimages/worldmaptransp.gif HTTP/1.1" 200 128893 "http://darwinday.org/englishL/home/index.html" "Mozilla/5.0 (Windows; U; Windows NT 5.0; nl; rv:1.8.0.6) Gecko/20060728 Firefox/1.5.0.6"
212.1.156.204 - - [28/Aug/2006:12:20:21 -0400] "GET /englishL/home/images/joinus.gif HTTP/1.1" 200 524 "http://darwinday.org/englishL/home/index.html" "Mozilla/5.0 (Windows; U; Windows NT 5.1; en-GB; rv:1.8.0.6) Gecko/20060728 Firefox/1.5.0.6"
81.245.178.38 - - [28/Aug/2006:12:20:21 -0400] "GET /englishL/home/images/beagle.gif HTTP/1.1" 200 37108 "http://darwinday.org/englishL/home/index.html" "Mozilla/5.0 (Windows; U; Windows NT 5.0; nl; rv:1.8.0.6) Gecko/20060728 Firefox/1.5.0.6"
81.245.178.38 - - [28/Aug/2006:12:20:22 -0400] "GET /englishL/home/images/darwinages.gif HTTP/1.1" 200 50309 "http://darwinday.org/englishL/home/index.html" "Mozilla/5.0 (Windows; U; Windows NT 5.0; nl; rv:1.8.0.6) Gecko/20060728 Firefox/1.5.0.6"
212.1.156.204 - - [28/Aug/2006:12:20:22 -0400] "GET /images/alllangimages/trans.gif HTTP/1.1" 200 49 "http://darwinday.org/englishL/home/index.html" "Mozilla/5.0 (Windows; U; Windows NT 5.1; en-GB; rv:1.8.0.6) Gecko/20060728 Firefox/1.5.0.6"
71.136.216.130 - - [28/Aug/2006:12:20:22 -0400] "GET /images/alllangimages/darwin.gif HTTP/1.1" 200 13783 "http://darwinday.org/englishL/home/index.html" "Mozilla/5.0 (Windows; U; Windows NT 5.1; en-US; rv:1.8.0.6) Gecko/20060728 Firefox/1.5.0.6"
71.136.216.130 - - [28/Aug/2006:12:20:24 -0400] "GET /englishL/home/images/beagle.gif HTTP/1.1" 200 37108 "http://darwinday.org/englishL/home/index.html" "Mozilla/5.0 (Windows; U; Windows NT 5.1; en-US; rv:1.8.0.6) Gecko/20060728 Firefox/1.5.0.6"
212.1.156.204 - - [28/Aug/2006:12:20:24 -0400] "GET /favicon.ico HTTP/1.1" 404 3475 "-" "Mozilla/5.0 (Windows; U; Windows NT 5.1; en-GB; rv:1.8.0.6) Gecko/20060728 Firefox/1.5.0.6"
212.1.156.204 - - [28/Aug/2006:12:20:24 -0400] "GET /favicon.ico HTTP/1.1" 404 3475 "-" "Mozilla/5.0 (Windows; U; Windows NT 5.1; en-GB; rv:1.8.0.6) Gecko/20060728 Firefox/1.5.0.6"
212.1.156.204 - - [28/Aug/2006:12:20:25 -0400] "GET /favicon.ico HTTP/1.1" 404 3475 "-" "Mozilla/5.0 (Windows; U; Windows NT 5.1; en-GB; rv:1.8.0.6) Gecko/20060728 Firefox/1.5.0.6"
71.136.216.130 - - [28/Aug/2006:12:20:25 -0400] "GET /favicon.ico HTTP/1.1" 404 3475 "-" "Mozilla/5.0 (Windows; U; Windows NT 5.1; en-US; rv:1.8.0.6) Gecko/20060728 Firefox/1.5.0.6"
71.136.216.130 - - [28/Aug/2006:12:20:25 -0400] "GET /images/alllangimages/worldmaptransp.gif HTTP/1.1" 200 82815 "http://darwinday.org/englishL/home/index.html" "Mozilla/5.0 (Windows; U; Windows NT 5.1; en-US; rv:1.8.0.6) Gecko/20060728 Firefox/1.5.0.6"
212.1.156.204 - - [28/Aug/2006:12:20:25 -0400] "GET /favicon.ico HTTP/1.1" 404 3475 "-" "Mozilla/5.0 (Windows; U; Windows NT 5.1; en-GB; rv:1.8.0.6) Gecko/20060728 Firefox/1.5.0.6"
212.1.156.204 - - [28/Aug/2006:12:20:26 -0400] "GET /favicon.ico HTTP/1.1" 404 3475 "-" "Mozilla/5.0 (Windows; U; Windows NT 5.1; en-GB; rv:1.8.0.6) Gecko/20060728 Firefox/1.5.0.6"
71.136.216.130 - - [28/Aug/2006:12:20:27 -0400] "GET /englishL/home/images/darwinages.gif HTTP/1.1" 200 12737 "http://darwinday.org/englishL/home/index.html" "Mozilla/5.0 (Windows; U; Windows NT 5.1; en-US; rv:1.8.0.6) Gecko/20060728 Firefox/1.5.0.6"
146.186.120.195 - - [28/Aug/2006:12:20:27 -0400] "GET /robots.txt HTTP/1.1" 404 3474 "-" "Mozilla/5.0 (Windows; U; Windows NT 5.1; en-US; rv:1.8.0.5) Gecko/20060719 Firefox/1.5.0.5"
146.186.120.195 - - [28/Aug/2006:12:20:27 -0400] "GET /favicon.ico HTTP/1.1" 404 3475 "-" "Mozilla/5.0 (Windows; U; Windows NT 5.1; en-US; rv:1.8.0.5) Gecko/20060719 Firefox/1.5.0.5"
146.186.120.195 - - [28/Aug/2006:12:20:27 -0400] "GET /robots.txt HTTP/1.1" 404 3474 "-" "Mozilla/5.0 (Windows; U; Windows NT 5.1; en-US; rv:1.8.0.5) Gecko/20060719 Firefox/1.5.0.5"
146.186.120.195 - - [28/Aug/2006:12:20:27 -0400] "GET /robots.txt HTTP/1.1" 404 3474 "-" "Mozilla/5.0 (Windows; U; Windows NT 5.1; en-US; rv:1.8.0.5) Gecko/20060719 Firefox/1.5.0.5"
146.186.120.195 - - [28/Aug/2006:12:20:27 -0400] "GET /robots.txt HTTP/1.1" 404 3474 "-" "Mozilla/5.0 (Windows; U; Windows NT 5.1; en-US; rv:1.8.0.5) Gecko/20060719 Firefox/1.5.0.5"
68.82.221.232 - - [28/Aug/2006:12:20:36 -0400] "GET /englishL/home/index.html HTTP/1.1" 200 26022 "http://www.stumbleupon.com/refer.php?url=http%3A//darwinday.org/englishL/home/index.html" "Mozilla/5.0 (Windows; U; Windows NT 5.1; en-US; rv:1.8.0.6) Gecko/20060728 Firefox/1.5.0.6"
68.82.221.232 - - [28/Aug/2006:12:20:36 -0400] "GET /stylesheets/mainenglishL.css HTTP/1.1" 200 590 "http://darwinday.org/englishL/home/index.html" "Mozilla/5.0 (Windows; U; Windows NT 5.1; en-US; rv:1.8.0.6) Gecko/20060728 Firefox/1.5.0.6"
68.82.221.232 - - [28/Aug/2006:12:20:36 -0400] "GET /stylesheets/main.css HTTP/1.1" 200 638 "http://darwinday.org/englishL/home/index.html" "Mozilla/5.0 (Windows; U; Windows NT 5.1; en-US; rv:1.8.0.6) Gecko/20060728 Firefox/1.5.0.6"
68.82.221.232 - - [28/Aug/2006:12:20:36 -0400] "GET /images/alllangimages/topleftlogo.gif HTTP/1.1" 200 6907 "http://darwinday.org/englishL/home/index.html" "Mozilla/5.0 (Windows; U; Windows NT 5.1; en-US; rv:1.8.0.6) Gecko/20060728 Firefox/1.5.0.6"
68.82.221.232 - - [28/Aug/2006:12:20:37 -0400] "GET /englishL/currarts.html HTTP/1.1" 200 4902 "http://darwinday.org/englishL/home/index.html" "Mozilla/5.0 (Windows; U; Windows NT 5.1; en-US; rv:1.8.0.6) Gecko/20060728 Firefox/1.5.0.6"
68.82.221.232 - - [28/Aug/2006:12:20:37 -0400] "GET /images/alllangimages/arrow.gif HTTP/1.1" 200 112 "http://darwinday.org/englishL/home/index.html" "Mozilla/5.0 (Windows; U; Windows NT 5.1; en-US; rv:1.8.0.6) Gecko/20060728 Firefox/1.5.0.6"
68.82.221.232 - - [28/Aug/2006:12:20:37 -0400] "GET /englishL/images/navbar.gif HTTP/1.1" 200 2667 "http://darwinday.org/englishL/home/index.html" "Mozilla/5.0 (Windows; U; Windows NT 5.1; en-US; rv:1.8.0.6) Gecko/20060728 Firefox/1.5.0.6"
68.82.221.232 - - [28/Aug/2006:12:20:37 -0400] "GET /images/alllangimages/dnahorizl.gif HTTP/1.1" 200 2130 "http://darwinday.org/englishL/home/index.html" "Mozilla/5.0 (Windows; U; Windows NT 5.1; en-US; rv:1.8.0.6) Gecko/20060728 Firefox/1.5.0.6"
68.82.221.232 - - [28/Aug/2006:12:20:37 -0400] "GET /englishL/home/images/joinus.gif HTTP/1.1" 200 524 "http://darwinday.org/englishL/home/index.html" "Mozilla/5.0 (Windows; U; Windows NT 5.1; en-US; rv:1.8.0.6) Gecko/20060728 Firefox/1.5.0.6"
68.82.221.232 - - [28/Aug/2006:12:20:37 -0400] "GET /images/alllangimages/trans.gif HTTP/1.1" 200 49 "http://darwinday.org/englishL/home/index.html" "Mozilla/5.0 (Windows; U; Windows NT 5.1; en-US; rv:1.8.0.6) Gecko/20060728 Firefox/1.5.0.6"
68.82.221.232 - - [28/Aug/2006:12:20:37 -0400] "GET /images/alllangimages/dnahoriz.gif HTTP/1.1" 200 3391 "http://darwinday.org/englishL/home/index.html" "Mozilla/5.0 (Windows; U; Windows NT 5.1; en-US; rv:1.8.0.6) Gecko/20060728 Firefox/1.5.0.6"
68.82.221.232 - - [28/Aug/2006:12:20:37 -0400] "GET /images/alllangimages/header.gif HTTP/1.1" 200 20989 "http://darwinday.org/englishL/home/index.html" "Mozilla/5.0 (Windows; U; Windows NT 5.1; en-US; rv:1.8.0.6) Gecko/20060728 Firefox/1.5.0.6"
68.82.221.232 - - [28/Aug/2006:12:20:37 -0400] "GET /englishL/images/titletrans.gif HTTP/1.1" 200 15588 "http://darwinday.org/englishL/home/index.html" "Mozilla/5.0 (Windows; U; Windows NT 5.1; en-US; rv:1.8.0.6) Gecko/20060728 Firefox/1.5.0.6"
68.82.221.232 - - [28/Aug/2006:12:20:37 -0400] "GET /images/alllangimages/dnahorizr.gif HTTP/1.1" 200 2104 "http://darwinday.org/englishL/home/index.html" "Mozilla/5.0 (Windows; U; Windows NT 5.1; en-US; rv:1.8.0.6) Gecko/20060728 Firefox/1.5.0.6"
68.82.221.232 - - [28/Aug/2006:12:20:37 -0400] "GET /englishL/home/images/darwinages.gif HTTP/1.1" 200 50309 "http://darwinday.org/englishL/home/index.html" "Mozilla/5.0 (Windows; U; Windows NT 5.1; en-US; rv:1.8.0.6) Gecko/20060728 Firefox/1.5.0.6"
68.82.221.232 - - [28/Aug/2006:12:20:37 -0400] "GET /images/alllangimages/lincoln.gif HTTP/1.1" 200 11057 "http://darwinday.org/englishL/home/index.html" "Mozilla/5.0 (Windows; U; Windows NT 5.1; en-US; rv:1.8.0.6) Gecko/20060728 Firefox/1.5.0.6"
68.82.221.232 - - [28/Aug/2006:12:20:37 -0400] "GET /images/alllangimages/DNAlogo.gif HTTP/1.1" 200 1370 "http://darwinday.org/englishL/currarts.html" "Mozilla/5.0 (Windows; U; Windows NT 5.1; en-US; rv:1.8.0.6) Gecko/20060728 Firefox/1.5.0.6"
68.82.221.232 - - [28/Aug/2006:12:20:37 -0400] "GET /englishL/home/images/horse.evolution.jpg HTTP/1.1" 200 29612 "http://darwinday.org/englishL/home/index.html" "Mozilla/5.0 (Windows; U; Windows NT 5.1; en-US; rv:1.8.0.6) Gecko/20060728 Firefox/1.5.0.6"
68.82.221.232 - - [28/Aug/2006:12:20:37 -0400] "GET /englishL/home/images/beagle.gif HTTP/1.1" 200 37108 "http://darwinday.org/englishL/home/index.html" "Mozilla/5.0 (Windows; U; Windows NT 5.1; en-US; rv:1.8.0.6) Gecko/20060728 Firefox/1.5.0.6"
68.82.221.232 - - [28/Aug/2006:12:20:37 -0400] "GET /images/alllangimages/worldmaptransp.gif HTTP/1.1" 200 128893 "http://darwinday.org/englishL/home/index.html" "Mozilla/5.0 (Windows; U; Windows NT 5.1; en-US; rv:1.8.0.6) Gecko/20060728 Firefox/1.5.0.6"
68.82.221.232 - - [28/Aug/2006:12:20:37 -0400] "GET /images/alllangimages/darwin.gif HTTP/1.1" 200 13783 "http://darwinday.org/englishL/home/index.html" "Mozilla/5.0 (Windows; U; Windows NT 5.1; en-US; rv:1.8.0.6) Gecko/20060728 Firefox/1.5.0.6"
68.82.221.232 - - [28/Aug/2006:12:20:38 -0400] "GET /favicon.ico HTTP/1.1" 404 3475 "-" "Mozilla/5.0 (Windows; U; Windows NT 5.1; en-US; rv:1.8.0.6) Gecko/20060728 Firefox/1.5.0.6"
83.95.241.35 - - [28/Aug/2006:12:20:51 -0400] "GET /stylesheets/mainenglishL.css HTTP/1.1" 200 590 "http://darwinday.org/englishL/home/index.html" "Mozilla/5.0 (Windows; U; Windows NT 5.1; en-US; rv:1.8.1b1; .NET CLR 1.0.3705; .NET CLR 1.1.4322; .NET CLR 2.0.50727) Gecko/20060710 Firefox/2.0b1"
83.95.241.35 - - [28/Aug/2006:12:20:51 -0400] "GET /stylesheets/main.css HTTP/1.1" 200 638 "http://darwinday.org/englishL/home/index.html" "Mozilla/5.0 (Windows; U; Windows NT 5.1; en-US; rv:1.8.1b1; .NET CLR 1.0.3705; .NET CLR 1.1.4322; .NET CLR 2.0.50727) Gecko/20060710 Firefox/2.0b1"
83.95.241.35 - - [28/Aug/2006:12:20:52 -0400] "GET /images/alllangimages/topleftlogo.gif HTTP/1.1" 200 6907 "http://darwinday.org/englishL/home/index.html" "Mozilla/5.0 (Windows; U; Windows NT 5.1; en-US; rv:1.8.1b1; .NET CLR 1.0.3705; .NET CLR 1.1.4322; .NET CLR 2.0.50727) Gecko/20060710 Firefox/2.0b1"
83.95.241.35 - - [28/Aug/2006:12:20:52 -0400] "GET /englishL/home/index.html HTTP/1.1" 200 26022 "http://www.stumbleupon.com/refer.html" "Mozilla/5.0 (Windows; U; Windows NT 5.1; en-US; rv:1.8.1b1; .NET CLR 1.0.3705; .NET CLR 1.1.4322; .NET CLR 2.0.50727) Gecko/20060710 Firefox/2.0b1"
83.95.241.35 - - [28/Aug/2006:12:20:52 -0400] "GET /images/alllangimages/header.gif HTTP/1.1" 200 20989 "http://darwinday.org/englishL/home/index.html" "Mozilla/5.0 (Windows; U; Windows NT 5.1; en-US; rv:1.8.1b1; .NET CLR 1.0.3705; .NET CLR 1.1.4322; .NET CLR 2.0.50727) Gecko/20060710 Firefox/2.0b1"
83.95.241.35 - - [28/Aug/2006:12:20:53 -0400] "GET /englishL/currarts.html HTTP/1.1" 200 4902 "http://darwinday.org/englishL/home/index.html" "Mozilla/5.0 (Windows; U; Windows NT 5.1; en-US; rv:1.8.1b1; .NET CLR 1.0.3705; .NET CLR 1.1.4322; .NET CLR 2.0.50727) Gecko/20060710 Firefox/2.0b1"
83.95.241.35 - - [28/Aug/2006:12:20:54 -0400] "GET /englishL/images/titletrans.gif HTTP/1.1" 200 15588 "http://darwinday.org/englishL/home/index.html" "Mozilla/5.0 (Windows; U; Windows NT 5.1; en-US; rv:1.8.1b1; .NET CLR 1.0.3705; .NET CLR 1.1.4322; .NET CLR 2.0.50727) Gecko/20060710 Firefox/2.0b1"
83.95.241.35 - - [28/Aug/2006:12:20:55 -0400] "GET /englishL/images/navbar.gif HTTP/1.1" 200 2667 "http://darwinday.org/englishL/home/index.html" "Mozilla/5.0 (Windows; U; Windows NT 5.1; en-US; rv:1.8.1b1; .NET CLR 1.0.3705; .NET CLR 1.1.4322; .NET CLR 2.0.50727) Gecko/20060710 Firefox/2.0b1"
83.95.241.35 - - [28/Aug/2006:12:20:56 -0400] "GET /englishL/home/images/darwinages.gif HTTP/1.1" 200 50309 "http://darwinday.org/englishL/home/index.html" "Mozilla/5.0 (Windows; U; Windows NT 5.1; en-US; rv:1.8.1b1; .NET CLR 1.0.3705; .NET CLR 1.1.4322; .NET CLR 2.0.50727) Gecko/20060710 Firefox/2.0b1"
83.95.241.35 - - [28/Aug/2006:12:20:56 -0400] "GET /images/alllangimages/arrow.gif HTTP/1.1" 200 112 "http://darwinday.org/englishL/home/index.html" "Mozilla/5.0 (Windows; U; Windows NT 5.1; en-US; rv:1.8.1b1; .NET CLR 1.0.3705; .NET CLR 1.1.4322; .NET CLR 2.0.50727) Gecko/20060710 Firefox/2.0b1"
83.95.241.35 - - [28/Aug/2006:12:20:56 -0400] "GET /images/alllangimages/dnahorizl.gif HTTP/1.1" 200 2130 "http://darwinday.org/englishL/home/index.html" "Mozilla/5.0 (Windows; U; Windows NT 5.1; en-US; rv:1.8.1b1; .NET CLR 1.0.3705; .NET CLR 1.1.4322; .NET CLR 2.0.50727) Gecko/20060710 Firefox/2.0b1"
83.95.241.35 - - [28/Aug/2006:12:20:56 -0400] "GET /images/alllangimages/worldmaptransp.gif HTTP/1.1" 200 73935 "http://darwinday.org/englishL/home/index.html" "Mozilla/5.0 (Windows; U; Windows NT 5.1; en-US; rv:1.8.1b1; .NET CLR 1.0.3705; .NET CLR 1.1.4322; .NET CLR 2.0.50727) Gecko/20060710 Firefox/2.0b1"
67.41.153.111 - - [28/Aug/2006:12:20:57 -0400] "GET /stylesheets/mainenglishL.css HTTP/1.1" 200 590 "http://darwinday.org/englishL/home/index.html" "Mozilla/5.0 (Windows; U; Windows NT 5.1; en-US; rv:1.7.12) Gecko/20050915 Firefox/1.0.7"
206.45.72.49 - - [28/Aug/2006:12:20:58 -0400] "GET /englishL/home/index.html HTTP/1.1" 200 26022 "http://www.stumbleupon.com/refer.php?url=http%3A//darwinday.org/englishL/home/index.html" "Mozilla/5.0 (Windows; U; Windows NT 5.0; en-US; rv:1.8.0.6) Gecko/20060728 Firefox/1.5.0.6"
206.45.72.49 - - [28/Aug/2006:12:20:58 -0400] "GET /stylesheets/mainenglishL.css HTTP/1.1" 200 590 "http://darwinday.org/englishL/home/index.html" "Mozilla/5.0 (Windows; U; Windows NT 5.0; en-US; rv:1.8.0.6) Gecko/20060728 Firefox/1.5.0.6"
67.41.153.111 - - [28/Aug/2006:12:20:58 -0400] "GET /englishL/home/index.html HTTP/1.1" 200 26022 "-" "Mozilla/5.0 (Windows; U; Windows NT 5.1; en-US; rv:1.7.12) Gecko/20050915 Firefox/1.0.7"
67.41.153.111 - - [28/Aug/2006:12:20:58 -0400] "GET /stylesheets/main.css HTTP/1.1" 200 638 "http://darwinday.org/englishL/home/index.html" "Mozilla/5.0 (Windows; U; Windows NT 5.1; en-US; rv:1.7.12) Gecko/20050915 Firefox/1.0.7"
206.45.72.49 - - [28/Aug/2006:12:20:58 -0400] "GET /stylesheets/main.css HTTP/1.1" 200 638 "http://darwinday.org/englishL/home/index.html" "Mozilla/5.0 (Windows; U; Windows NT 5.0; en-US; rv:1.8.0.6) Gecko/20060728 Firefox/1.5.0.6"
206.45.72.49 - - [28/Aug/2006:12:20:58 -0400] "GET /images/alllangimages/topleftlogo.gif HTTP/1.1" 200 6907 "http://darwinday.org/englishL/home/index.html" "Mozilla/5.0 (Windows; U; Windows NT 5.0; en-US; rv:1.8.0.6) Gecko/20060728 Firefox/1.5.0.6"
67.41.153.111 - - [28/Aug/2006:12:20:58 -0400] "GET /images/alllangimages/topleftlogo.gif HTTP/1.1" 200 6907 "http://darwinday.org/englishL/home/index.html" "Mozilla/5.0 (Windows; U; Windows NT 5.1; en-US; rv:1.7.12) Gecko/20050915 Firefox/1.0.7"
206.45.72.49 - - [28/Aug/2006:12:20:58 -0400] "GET /images/alllangimages/dnahorizl.gif HTTP/1.1" 200 2130 "http://darwinday.org/englishL/home/index.html" "Mozilla/5.0 (Windows; U; Windows NT 5.0; en-US; rv:1.8.0.6) Gecko/20060728 Firefox/1.5.0.6"
206.45.72.49 - - [28/Aug/2006:12:20:58 -0400] "GET /images/alllangimages/arrow.gif HTTP/1.1" 200 112 "http://darwinday.org/englishL/home/index.html" "Mozilla/5.0 (Windows; U; Windows NT 5.0; en-US; rv:1.8.0.6) Gecko/20060728 Firefox/1.5.0.6"
206.45.72.49 - - [28/Aug/2006:12:20:58 -0400] "GET /englishL/images/navbar.gif HTTP/1.1" 200 2667 "http://darwinday.org/englishL/home/index.html" "Mozilla/5.0 (Windows; U; Windows NT 5.0; en-US; rv:1.8.0.6) Gecko/20060728 Firefox/1.5.0.6"
206.45.72.49 - - [28/Aug/2006:12:20:58 -0400] "GET /englishL/currarts.html HTTP/1.1" 200 4902 "http://darwinday.org/englishL/home/index.html" "Mozilla/5.0 (Windows; U; Windows NT 5.0; en-US; rv:1.8.0.6) Gecko/20060728 Firefox/1.5.0.6"
206.45.72.49 - - [28/Aug/2006:12:20:58 -0400] "GET /images/alllangimages/dnahoriz.gif HTTP/1.1" 200 3391 "http://darwinday.org/englishL/home/index.html" "Mozilla/5.0 (Windows; U; Windows NT 5.0; en-US; rv:1.8.0.6) Gecko/20060728 Firefox/1.5.0.6"
206.45.72.49 - - [28/Aug/2006:12:20:58 -0400] "GET /images/alllangimages/dnahorizr.gif HTTP/1.1" 200 2104 "http://darwinday.org/englishL/home/index.html" "Mozilla/5.0 (Windows; U; Windows NT 5.0; en-US; rv:1.8.0.6) Gecko/20060728 Firefox/1.5.0.6"
67.185.89.191 - - [28/Aug/2006:12:20:58 -0400] "GET /stylesheets/mainenglishL.css HTTP/1.1" 200 590 "http://darwinday.org/englishL/home/index.html" "Mozilla/5.0 (Windows; U; Windows NT 5.1; en-US; rv:1.8.0.6) Gecko/20060728 Firefox/1.5.0.6"
206.45.72.49 - - [28/Aug/2006:12:20:58 -0400] "GET /images/alllangimages/header.gif HTTP/1.1" 200 20989 "http://darwinday.org/englishL/home/index.html" "Mozilla/5.0 (Windows; U; Windows NT 5.0; en-US; rv:1.8.0.6) Gecko/20060728 Firefox/1.5.0.6"
206.45.72.49 - - [28/Aug/2006:12:20:58 -0400] "GET /images/alllangimages/DNAlogo.gif HTTP/1.1" 200 1370 "http://darwinday.org/englishL/currarts.html" "Mozilla/5.0 (Windows; U; Windows NT 5.0; en-US; rv:1.8.0.6) Gecko/20060728 Firefox/1.5.0.6"
67.41.153.111 - - [28/Aug/2006:12:20:58 -0400] "GET /images/alllangimages/header.gif HTTP/1.1" 200 20989 "http://darwinday.org/englishL/home/index.html" "Mozilla/5.0 (Windows; U; Windows NT 5.1; en-US; rv:1.7.12) Gecko/20050915 Firefox/1.0.7"
206.45.72.49 - - [28/Aug/2006:12:20:58 -0400] "GET /englishL/images/titletrans.gif HTTP/1.1" 200 15588 "http://darwinday.org/englishL/home/index.html" "Mozilla/5.0 (Windows; U; Windows NT 5.0; en-US; rv:1.8.0.6) Gecko/20060728 Firefox/1.5.0.6"
67.185.89.191 - - [28/Aug/2006:12:20:58 -0400] "GET /stylesheets/main.css HTTP/1.1" 200 638 "http://darwinday.org/englishL/home/index.html" "Mozilla/5.0 (Windows; U; Windows NT 5.1; en-US; rv:1.8.0.6) Gecko/20060728 Firefox/1.5.0.6"
67.185.89.191 - - [28/Aug/2006:12:20:58 -0400] "GET /images/alllangimages/topleftlogo.gif HTTP/1.1" 200 6907 "http://darwinday.org/englishL/home/index.html" "Mozilla/5.0 (Windows; U; Windows NT 5.1; en-US; rv:1.8.0.6) Gecko/20060728 Firefox/1.5.0.6"
206.45.72.49 - - [28/Aug/2006:12:20:58 -0400] "GET /englishL/home/images/horse.evolution.jpg HTTP/1.1" 200 29612 "http://darwinday.org/englishL/home/index.html" "Mozilla/5.0 (Windows; U; Windows NT 5.0; en-US; rv:1.8.0.6) Gecko/20060728 Firefox/1.5.0.6"
206.45.72.49 - - [28/Aug/2006:12:20:58 -0400] "GET /images/alllangimages/lincoln.gif HTTP/1.1" 200 11057 "http://darwinday.org/englishL/home/index.html" "Mozilla/5.0 (Windows; U; Windows NT 5.0; en-US; rv:1.8.0.6) Gecko/20060728 Firefox/1.5.0.6"
67.185.89.191 - - [28/Aug/2006:12:20:59 -0400] "GET /englishL/images/navbar.gif HTTP/1.1" 200 2667 "http://darwinday.org/englishL/home/index.html" "Mozilla/5.0 (Windows; U; Windows NT 5.1; en-US; rv:1.8.0.6) Gecko/20060728 Firefox/1.5.0.6"
67.41.153.111 - - [28/Aug/2006:12:20:59 -0400] "GET /englishL/images/titletrans.gif HTTP/1.1" 200 15588 "http://darwinday.org/englishL/home/index.html" "Mozilla/5.0 (Windows; U; Windows NT 5.1; en-US; rv:1.7.12) Gecko/20050915 Firefox/1.0.7"
