86.129.214.204 - - [28/Aug/2006:15:44:45 -0400] "GET /images/alllangimages/arrow.gif HTTP/1.1" 200 112 "http://darwinday.org/englishL/home/index.html" "Mozilla/5.0 (Windows; U; Windows NT 5.1; en-US; rv:1.8.0.6) Gecko/20060728 Firefox/1.5.0.6"
207.235.70.84 - - [28/Aug/2006:15:44:45 -0400] "GET /images/alllangimages/trans.gif HTTP/1.1" 200 49 "http://darwinday.org/englishL/home/index.html" "Mozilla/5.0 (Windows; U; Windows NT 5.1; en-US; rv:1.8.0.6) Gecko/20060728 Firefox/1.5.0.6"
86.129.214.204 - - [28/Aug/2006:15:44:45 -0400] "GET /images/alllangimages/arrow.gif HTTP/1.1" 200 112 "http://darwinday.org/englishL/home/index.html" "Mozilla/5.0 (Windows; U; Windows NT 5.1; en-US; rv:1.8.0.6) Gecko/20060728 Firefox/1.5.0.6"
86.129.214.204 - - [28/Aug/2006:15:44:45 -0400] "GET /images/alllangimages/arrow.gif HTTP/1.1" 200 112 "http://darwinday.org/englishL/home/index.html" "Mozilla/5.0 (Windows; U; Windows NT 5.1; en-US; rv:1.8.0.6) Gecko/20060728 Firefox/1.5.0.6"
86.129.214.204 - - [28/Aug/2006:15:44:45 -0400] "GET /images/alllangimages/dnahorizl.gif HTTP/1.1" 200 2130 "http://darwinday.org/englishL/home/index.html" "Mozilla/5.0 (Windows; U; Windows NT 5.1; en-US; rv:1.8.0.6) Gecko/20060728 Firefox/1.5.0.6"
207.235.70.84 - - [28/Aug/2006:15:44:45 -0400] "GET /englishL/home/images/joinus.gif HTTP/1.1" 200 524 "http://darwinday.org/englishL/home/index.html" "Mozilla/5.0 (Windows; U; Windows NT 5.1; en-US; rv:1.8.0.6) Gecko/20060728 Firefox/1.5.0.6"
86.129.214.204 - - [28/Aug/2006:15:44:45 -0400] "GET /images/alllangimages/dnahoriz.gif HTTP/1.1" 200 3391 "http://darwinday.org/englishL/home/index.html" "Mozilla/5.0 (Windows; U; Windows NT 5.1; en-US; rv:1.8.0.6) Gecko/20060728 Firefox/1.5.0.6"
86.129.214.204 - - [28/Aug/2006:15:44:45 -0400] "GET /images/alllangimages/dnahoriz.gif HTTP/1.1" 200 3391 "http://darwinday.org/englishL/home/index.html" "Mozilla/5.0 (Windows; U; Windows NT 5.1; en-US; rv:1.8.0.6) Gecko/20060728 Firefox/1.5.0.6"
207.235.70.84 - - [28/Aug/2006:15:44:45 -0400] "GET /englishL/home/images/horse.evolution.jpg HTTP/1.1" 200 29612 "http://darwinday.org/englishL/home/index.html" "Mozilla/5.0 (Windows; U; Windows NT 5.1; en-US; rv:1.8.0.6) Gecko/20060728 Firefox/1.5.0.6"
86.129.214.204 - - [28/Aug/2006:15:44:45 -0400] "GET /englishL/currarts.html HTTP/1.1" 200 4902 "http://darwinday.org/englishL/home/index.html" "Mozilla/5.0 (Windows; U; Windows NT 5.1; en-US; rv:1.8.0.6) Gecko/20060728 Firefox/1.5.0.6"
86.129.214.204 - - [28/Aug/2006:15:44:45 -0400] "GET /images/alllangimages/dnahoriz.gif HTTP/1.1" 200 3391 "http://darwinday.org/englishL/home/index.html" "Mozilla/5.0 (Windows; U; Windows NT 5.1; en-US; rv:1.8.0.6) Gecko/20060728 Firefox/1.5.0.6"
86.129.214.204 - - [28/Aug/2006:15:44:45 -0400] "GET /images/alllangimages/dnahoriz.gif HTTP/1.1" 200 3391 "http://darwinday.org/englishL/home/index.html" "Mozilla/5.0 (Windows; U; Windows NT 5.1; en-US; rv:1.8.0.6) Gecko/20060728 Firefox/1.5.0.6"
86.129.214.204 - - [28/Aug/2006:15:44:45 -0400] "GET /images/alllangimages/dnahoriz.gif HTTP/1.1" 200 3391 "http://darwinday.org/englishL/home/index.html" "Mozilla/5.0 (Windows; U; Windows NT 5.1; en-US; rv:1.8.0.6) Gecko/20060728 Firefox/1.5.0.6"
86.129.214.204 - - [28/Aug/2006:15:44:45 -0400] "GET /images/alllangimages/dnahoriz.gif HTTP/1.1" 200 3391 "http://darwinday.org/englishL/home/index.html" "Mozilla/5.0 (Windows; U; Windows NT 5.1; en-US; rv:1.8.0.6) Gecko/20060728 Firefox/1.5.0.6"
86.129.214.204 - - [28/Aug/2006:15:44:45 -0400] "GET /images/alllangimages/dnahorizr.gif HTTP/1.1" 200 2104 "http://darwinday.org/englishL/home/index.html" "Mozilla/5.0 (Windows; U; Windows NT 5.1; en-US; rv:1.8.0.6) Gecko/20060728 Firefox/1.5.0.6"
210.49.18.102 - - [28/Aug/2006:15:44:45 -0400] "GET /englishL/home/index.html HTTP/1.1" 200 26022 "http://www.stumbleupon.com/refer.php?url=http%3A//darwinday.org/englishL/home/index.html" "Mozilla/5.0 (X11; U; Linux i686; en-US; rv:1.7.13) Gecko/20060411 Firefox/1.0.8 SUSE/1.0.8-0.2"
86.129.214.204 - - [28/Aug/2006:15:44:45 -0400] "GET /englishL/images/navbar.gif HTTP/1.1" 200 2667 "http://darwinday.org/englishL/home/index.html" "Mozilla/5.0 (Windows; U; Windows NT 5.1; en-US; rv:1.8.0.6) Gecko/20060728 Firefox/1.5.0.6"
86.129.214.204 - - [28/Aug/2006:15:44:45 -0400] "GET /images/alllangimages/lincoln.gif HTTP/1.1" 200 11057 "http://darwinday.org/englishL/home/index.html" "Mozilla/5.0 (Windows; U; Windows NT 5.1; en-US; rv:1.8.0.6) Gecko/20060728 Firefox/1.5.0.6"
86.129.214.204 - - [28/Aug/2006:15:44:45 -0400] "GET /englishL/images/navbar.gif HTTP/1.1" 200 2667 "http://darwinday.org/englishL/home/index.html" "Mozilla/5.0 (Windows; U; Windows NT 5.1; en-US; rv:1.8.0.6) Gecko/20060728 Firefox/1.5.0.6"
207.235.70.84 - - [28/Aug/2006:15:44:45 -0400] "GET /englishL/home/images/beagle.gif HTTP/1.1" 200 37108 "http://darwinday.org/englishL/home/index.html" "Mozilla/5.0 (Windows; U; Windows NT 5.1; en-US; rv:1.8.0.6) Gecko/20060728 Firefox/1.5.0.6"
86.129.214.204 - - [28/Aug/2006:15:44:45 -0400] "GET /englishL/images/titletrans.gif HTTP/1.1" 200 15588 "http://darwinday.org/englishL/home/index.html" "Mozilla/5.0 (Windows; U; Windows NT 5.1; en-US; rv:1.8.0.6) Gecko/20060728 Firefox/1.5.0.6"
86.130.162.234 - - [28/Aug/2006:15:44:45 -0400] "GET /englishL/home/images/horse.evolution.jpg HTTP/1.1" 200 29612 "http://darwinday.org/englishL/home/index.html" "Mozilla/5.0 (Windows; U; Windows NT 5.1; en-GB; rv:1.8.0.6) Gecko/20060728 Firefox/1.5.0.6"
86.129.214.204 - - [28/Aug/2006:15:44:45 -0400] "GET /images/alllangimages/trans.gif HTTP/1.1" 200 49 "http://darwinday.org/englishL/home/index.html" "Mozilla/5.0 (Windows; U; Windows NT 5.1; en-US; rv:1.8.0.6) Gecko/20060728 Firefox/1.5.0.6"
207.235.70.84 - - [28/Aug/2006:15:44:46 -0400] "GET /images/alllangimages/DNAlogo.gif HTTP/1.1" 200 1370 "http://darwinday.org/englishL/currarts.html" "Mozilla/5.0 (Windows; U; Windows NT 5.1; en-US; rv:1.8.0.6) Gecko/20060728 Firefox/1.5.0.6"
86.129.214.204 - - [28/Aug/2006:15:44:46 -0400] "GET /images/alllangimages/trans.gif HTTP/1.1" 200 49 "http://darwinday.org/englishL/home/index.html" "Mozilla/5.0 (Windows; U; Windows NT 5.1; en-US; rv:1.8.0.6) Gecko/20060728 Firefox/1.5.0.6"
86.129.214.204 - - [28/Aug/2006:15:44:46 -0400] "GET /images/alllangimages/trans.gif HTTP/1.1" 200 49 "http://darwinday.org/englishL/home/index.html" "Mozilla/5.0 (Windows; U; Windows NT 5.1; en-US; rv:1.8.0.6) Gecko/20060728 Firefox/1.5.0.6"
86.129.214.204 - - [28/Aug/2006:15:44:46 -0400] "GET /englishL/home/images/joinus.gif HTTP/1.1" 200 524 "http://darwinday.org/englishL/home/index.html" "Mozilla/5.0 (Windows; U; Windows NT 5.1; en-US; rv:1.8.0.6) Gecko/20060728 Firefox/1.5.0.6"
86.129.214.204 - - [28/Aug/2006:15:44:46 -0400] "GET /englishL/home/images/beagle.gif HTTP/1.1" 200 37108 "http://darwinday.org/englishL/home/index.html" "Mozilla/5.0 (Windows; U; Windows NT 5.1; en-US; rv:1.8.0.6) Gecko/20060728 Firefox/1.5.0.6"
207.235.70.84 - - [28/Aug/2006:15:44:46 -0400] "GET /favicon.ico HTTP/1.1" 404 3475 "-" "Mozilla/5.0 (Windows; U; Windows NT 5.1; en-US; rv:1.8.0.6) Gecko/20060728 Firefox/1.5.0.6"
86.130.162.234 - - [28/Aug/2006:15:44:46 -0400] "GET /englishL/home/images/beagle.gif HTTP/1.1" 200 37108 "http://darwinday.org/englishL/home/index.html" "Mozilla/5.0 (Windows; U; Windows NT 5.1; en-GB; rv:1.8.0.6) Gecko/20060728 Firefox/1.5.0.6"
210.49.18.102 - - [28/Aug/2006:15:44:46 -0400] "GET /stylesheets/mainenglishL.css HTTP/1.1" 200 590 "http://darwinday.org/englishL/home/index.html" "Mozilla/5.0 (X11; U; Linux i686; en-US; rv:1.7.13) Gecko/20060411 Firefox/1.0.8 SUSE/1.0.8-0.2"
86.129.214.204 - - [28/Aug/2006:15:44:46 -0400] "GET /images/alllangimages/DNAlogo.gif HTTP/1.1" 200 1370 "http://darwinday.org/englishL/currarts.html" "Mozilla/5.0 (Windows; U; Windows NT 5.1; en-US; rv:1.8.0.6) Gecko/20060728 Firefox/1.5.0.6"
86.129.214.204 - - [28/Aug/2006:15:44:46 -0400] "GET /images/alllangimages/DNAlogo.gif HTTP/1.1" 200 1370 "http://darwinday.org/englishL/currarts.html" "Mozilla/5.0 (Windows; U; Windows NT 5.1; en-US; rv:1.8.0.6) Gecko/20060728 Firefox/1.5.0.6"
86.129.214.204 - - [28/Aug/2006:15:44:46 -0400] "GET /images/alllangimages/DNAlogo.gif HTTP/1.1" 200 1370 "http://darwinday.org/englishL/currarts.html" "Mozilla/5.0 (Windows; U; Windows NT 5.1; en-US; rv:1.8.0.6) Gecko/20060728 Firefox/1.5.0.6"
86.129.214.204 - - [28/Aug/2006:15:44:46 -0400] "GET /images/alllangimages/DNAlogo.gif HTTP/1.1" 200 1370 "http://darwinday.org/englishL/currarts.html" "Mozilla/5.0 (Windows; U; Windows NT 5.1; en-US; rv:1.8.0.6) Gecko/20060728 Firefox/1.5.0.6"
210.49.18.102 - - [28/Aug/2006:15:44:46 -0400] "GET /stylesheets/main.css HTTP/1.1" 200 638 "http://darwinday.org/englishL/home/index.html" "Mozilla/5.0 (X11; U; Linux i686; en-US; rv:1.7.13) Gecko/20060411 Firefox/1.0.8 SUSE/1.0.8-0.2"
86.129.214.204 - - [28/Aug/2006:15:44:46 -0400] "GET /images/alllangimages/DNAlogo.gif HTTP/1.1" 200 1370 "http://darwinday.org/englishL/currarts.html" "Mozilla/5.0 (Windows; U; Windows NT 5.1; en-US; rv:1.8.0.6) Gecko/20060728 Firefox/1.5.0.6"
86.129.214.204 - - [28/Aug/2006:15:44:46 -0400] "GET /images/alllangimages/darwin.gif HTTP/1.1" 200 13783 "http://darwinday.org/englishL/home/index.html" "Mozilla/5.0 (Windows; U; Windows NT 5.1; en-US; rv:1.8.0.6) Gecko/20060728 Firefox/1.5.0.6"
210.49.18.102 - - [28/Aug/2006:15:44:46 -0400] "GET /images/alllangimages/topleftlogo.gif HTTP/1.1" 200 6907 "http://darwinday.org/englishL/home/index.html" "Mozilla/5.0 (X11; U; Linux i686; en-US; rv:1.7.13) Gecko/20060411 Firefox/1.0.8 SUSE/1.0.8-0.2"
210.49.18.102 - - [28/Aug/2006:15:44:46 -0400] "GET /images/alllangimages/header.gif HTTP/1.1" 200 20989 "http://darwinday.org/englishL/home/index.html" "Mozilla/5.0 (X11; U; Linux i686; en-US; rv:1.7.13) Gecko/20060411 Firefox/1.0.8 SUSE/1.0.8-0.2"
210.49.18.102 - - [28/Aug/2006:15:44:47 -0400] "GET /englishL/images/navbar.gif HTTP/1.1" 200 2667 "http://darwinday.org/englishL/home/index.html" "Mozilla/5.0 (X11; U; Linux i686; en-US; rv:1.7.13) Gecko/20060411 Firefox/1.0.8 SUSE/1.0.8-0.2"
210.49.18.102 - - [28/Aug/2006:15:44:47 -0400] "GET /images/alllangimages/arrow.gif HTTP/1.1" 200 112 "http://darwinday.org/englishL/home/index.html" "Mozilla/5.0 (X11; U; Linux i686; en-US; rv:1.7.13) Gecko/20060411 Firefox/1.0.8 SUSE/1.0.8-0.2"
210.49.18.102 - - [28/Aug/2006:15:44:47 -0400] "GET /images/alllangimages/dnahorizl.gif HTTP/1.1" 200 2130 "http://darwinday.org/englishL/home/index.html" "Mozilla/5.0 (X11; U; Linux i686; en-US; rv:1.7.13) Gecko/20060411 Firefox/1.0.8 SUSE/1.0.8-0.2"
210.49.18.102 - - [28/Aug/2006:15:44:47 -0400] "GET /images/alllangimages/dnahoriz.gif HTTP/1.1" 200 3391 "http://darwinday.org/englishL/home/index.html" "Mozilla/5.0 (X11; U; Linux i686; en-US; rv:1.7.13) Gecko/20060411 Firefox/1.0.8 SUSE/1.0.8-0.2"
210.49.18.102 - - [28/Aug/2006:15:44:47 -0400] "GET /images/alllangimages/dnahorizr.gif HTTP/1.1" 200 2104 "http://darwinday.org/englishL/home/index.html" "Mozilla/5.0 (X11; U; Linux i686; en-US; rv:1.7.13) Gecko/20060411 Firefox/1.0.8 SUSE/1.0.8-0.2"
210.49.18.102 - - [28/Aug/2006:15:44:47 -0400] "GET /englishL/currarts.html HTTP/1.1" 200 4902 "http://darwinday.org/englishL/home/index.html" "Mozilla/5.0 (X11; U; Linux i686; en-US; rv:1.7.13) Gecko/20060411 Firefox/1.0.8 SUSE/1.0.8-0.2"
210.49.18.102 - - [28/Aug/2006:15:44:47 -0400] "GET /images/alllangimages/trans.gif HTTP/1.1" 200 49 "http://darwinday.org/englishL/home/index.html" "Mozilla/5.0 (X11; U; Linux i686; en-US; rv:1.7.13) Gecko/20060411 Firefox/1.0.8 SUSE/1.0.8-0.2"
210.49.18.102 - - [28/Aug/2006:15:44:47 -0400] "GET /englishL/home/images/joinus.gif HTTP/1.1" 200 524 "http://darwinday.org/englishL/home/index.html" "Mozilla/5.0 (X11; U; Linux i686; en-US; rv:1.7.13) Gecko/20060411 Firefox/1.0.8 SUSE/1.0.8-0.2"
210.49.18.102 - - [28/Aug/2006:15:44:47 -0400] "GET /images/alllangimages/lincoln.gif HTTP/1.1" 200 11057 "http://darwinday.org/englishL/home/index.html" "Mozilla/5.0 (X11; U; Linux i686; en-US; rv:1.7.13) Gecko/20060411 Firefox/1.0.8 SUSE/1.0.8-0.2"
86.129.214.204 - - [28/Aug/2006:15:44:47 -0400] "GET /englishL/home/images/horse.evolution.jpg HTTP/1.1" 200 29612 "http://darwinday.org/englishL/home/index.html" "Mozilla/5.0 (Windows; U; Windows NT 5.1; en-US; rv:1.8.0.6) Gecko/20060728 Firefox/1.5.0.6"
210.49.18.102 - - [28/Aug/2006:15:44:47 -0400] "GET /englishL/images/titletrans.gif HTTP/1.1" 200 15588 "http://darwinday.org/englishL/home/index.html" "Mozilla/5.0 (X11; U; Linux i686; en-US; rv:1.7.13) Gecko/20060411 Firefox/1.0.8 SUSE/1.0.8-0.2"
210.49.18.102 - - [28/Aug/2006:15:44:47 -0400] "GET /images/alllangimages/darwin.gif HTTP/1.1" 200 13783 "http://darwinday.org/englishL/home/index.html" "Mozilla/5.0 (X11; U; Linux i686; en-US; rv:1.7.13) Gecko/20060411 Firefox/1.0.8 SUSE/1.0.8-0.2"
210.49.18.102 - - [28/Aug/2006:15:44:47 -0400] "GET /images/alllangimages/DNAlogo.gif HTTP/1.1" 200 1370 "http://darwinday.org/englishL/currarts.html" "Mozilla/5.0 (X11; U; Linux i686; en-US; rv:1.7.13) Gecko/20060411 Firefox/1.0.8 SUSE/1.0.8-0.2"
210.49.18.102 - - [28/Aug/2006:15:44:48 -0400] "GET /englishL/home/images/darwinages.gif HTTP/1.1" 200 50309 "http://darwinday.org/englishL/home/index.html" "Mozilla/5.0 (X11; U; Linux i686; en-US; rv:1.7.13) Gecko/20060411 Firefox/1.0.8 SUSE/1.0.8-0.2"
86.129.214.204 - - [28/Aug/2006:15:44:48 -0400] "GET /englishL/home/images/darwinages.gif HTTP/1.1" 200 50309 "http://darwinday.org/englishL/home/index.html" "Mozilla/5.0 (Windows; U; Windows NT 5.1; en-US; rv:1.8.0.6) Gecko/20060728 Firefox/1.5.0.6"
210.49.18.102 - - [28/Aug/2006:15:44:48 -0400] "GET /englishL/home/images/beagle.gif HTTP/1.1" 200 37108 "http://darwinday.org/englishL/home/index.html" "Mozilla/5.0 (X11; U; Linux i686; en-US; rv:1.7.13) Gecko/20060411 Firefox/1.0.8 SUSE/1.0.8-0.2"
210.49.18.102 - - [28/Aug/2006:15:44:48 -0400] "GET /images/alllangimages/worldmaptransp.gif HTTP/1.1" 200 128893 "http://darwinday.org/englishL/home/index.html" "Mozilla/5.0 (X11; U; Linux i686; en-US; rv:1.7.13) Gecko/20060411 Firefox/1.0.8 SUSE/1.0.8-0.2"
210.49.18.102 - - [28/Aug/2006:15:44:49 -0400] "GET /englishL/home/images/horse.evolution.jpg HTTP/1.1" 200 29612 "http://darwinday.org/englishL/home/index.html" "Mozilla/5.0 (X11; U; Linux i686; en-US; rv:1.7.13) Gecko/20060411 Firefox/1.0.8 SUSE/1.0.8-0.2"
86.130.162.234 - - [28/Aug/2006:15:44:49 -0400] "GET /favicon.ico HTTP/1.1" 404 3475 "-" "Mozilla/5.0 (Windows; U; Windows NT 5.1; en-GB; rv:1.8.0.6) Gecko/20060728 Firefox/1.5.0.6"
82.35.98.104 - - [28/Aug/2006:15:44:50 -0400] "GET /stylesheets/mainenglishL.css HTTP/1.1" 200 590 "http://darwinday.org/englishL/home/index.html" "Mozilla/5.0 (Windows; U; Windows NT 5.1; en-US; rv:1.8.0.6) Gecko/20060728 Firefox/1.5.0.6"
82.35.98.104 - - [28/Aug/2006:15:44:50 -0400] "GET /stylesheets/main.css HTTP/1.1" 200 638 "http://darwinday.org/englishL/home/index.html" "Mozilla/5.0 (Windows; U; Windows NT 5.1; en-US; rv:1.8.0.6) Gecko/20060728 Firefox/1.5.0.6"
82.35.98.104 - - [28/Aug/2006:15:44:50 -0400] "GET /englishL/home/index.html HTTP/1.1" 200 26022 "http://www.stumbleupon.com/refer.php?url=http%3A//darwinday.org/englishL/home/index.html" "Mozilla/5.0 (Windows; U; Windows NT 5.1; en-US; rv:1.8.0.6) Gecko/20060728 Firefox/1.5.0.6"
82.35.98.104 - - [28/Aug/2006:15:44:51 -0400] "GET /images/alllangimages/topleftlogo.gif HTTP/1.1" 200 6907 "http://darwinday.org/englishL/home/index.html" "Mozilla/5.0 (Windows; U; Windows NT 5.1; en-US; rv:1.8.0.6) Gecko/20060728 Firefox/1.5.0.6"
82.35.98.104 - - [28/Aug/2006:15:44:51 -0400] "GET /englishL/images/navbar.gif HTTP/1.1" 200 2667 "http://darwinday.org/englishL/home/index.html" "Mozilla/5.0 (Windows; U; Windows NT 5.1; en-US; rv:1.8.0.6) Gecko/20060728 Firefox/1.5.0.6"
82.35.98.104 - - [28/Aug/2006:15:44:51 -0400] "GET /images/alllangimages/arrow.gif HTTP/1.1" 200 112 "http://darwinday.org/englishL/home/index.html" "Mozilla/5.0 (Windows; U; Windows NT 5.1; en-US; rv:1.8.0.6) Gecko/20060728 Firefox/1.5.0.6"
82.35.98.104 - - [28/Aug/2006:15:44:51 -0400] "GET /englishL/currarts.html HTTP/1.1" 200 4902 "http://darwinday.org/englishL/home/index.html" "Mozilla/5.0 (Windows; U; Windows NT 5.1; en-US; rv:1.8.0.6) Gecko/20060728 Firefox/1.5.0.6"
82.35.98.104 - - [28/Aug/2006:15:44:51 -0400] "GET /images/alllangimages/dnahorizl.gif HTTP/1.1" 200 2130 "http://darwinday.org/englishL/home/index.html" "Mozilla/5.0 (Windows; U; Windows NT 5.1; en-US; rv:1.8.0.6) Gecko/20060728 Firefox/1.5.0.6"
82.35.98.104 - - [28/Aug/2006:15:44:51 -0400] "GET /images/alllangimages/dnahoriz.gif HTTP/1.1" 200 3391 "http://darwinday.org/englishL/home/index.html" "Mozilla/5.0 (Windows; U; Windows NT 5.1; en-US; rv:1.8.0.6) Gecko/20060728 Firefox/1.5.0.6"
86.129.214.204 - - [28/Aug/2006:15:44:51 -0400] "GET /images/alllangimages/worldmaptransp.gif HTTP/1.1" 200 128893 "http://darwinday.org/englishL/home/index.html" "Mozilla/5.0 (Windows; U; Windows NT 5.1; en-US; rv:1.8.0.6) Gecko/20060728 Firefox/1.5.0.6"
82.35.98.104 - - [28/Aug/2006:15:44:51 -0400] "GET /images/alllangimages/dnahorizr.gif HTTP/1.1" 200 2104 "http://darwinday.org/englishL/home/index.html" "Mozilla/5.0 (Windows; U; Windows NT 5.1; en-US; rv:1.8.0.6) Gecko/20060728 Firefox/1.5.0.6"
82.35.98.104 - - [28/Aug/2006:15:44:51 -0400] "GET /englishL/home/images/joinus.gif HTTP/1.1" 200 524 "http://darwinday.org/englishL/home/index.html" "Mozilla/5.0 (Windows; U; Windows NT 5.1; en-US; rv:1.8.0.6) Gecko/20060728 Firefox/1.5.0.6"
82.35.98.104 - - [28/Aug/2006:15:44:51 -0400] "GET /englishL/images/titletrans.gif HTTP/1.1" 200 15588 "http://darwinday.org/englishL/home/index.html" "Mozilla/5.0 (Windows; U; Windows NT 5.1; en-US; rv:1.8.0.6) Gecko/20060728 Firefox/1.5.0.6"
82.35.98.104 - - [28/Aug/2006:15:44:51 -0400] "GET /images/alllangimages/DNAlogo.gif HTTP/1.1" 200 1370 "http://darwinday.org/englishL/currarts.html" "Mozilla/5.0 (Windows; U; Windows NT 5.1; en-US; rv:1.8.0.6) Gecko/20060728 Firefox/1.5.0.6"
86.129.214.204 - - [28/Aug/2006:15:44:51 -0400] "GET /favicon.ico HTTP/1.1" 404 3475 "-" "Mozilla/5.0 (Windows; U; Windows NT 5.1; en-US; rv:1.8.0.6) Gecko/20060728 Firefox/1.5.0.6"
86.129.214.204 - - [28/Aug/2006:15:44:51 -0400] "GET /favicon.ico HTTP/1.1" 404 3475 "-" "Mozilla/5.0 (Windows; U; Windows NT 5.1; en-US; rv:1.8.0.6) Gecko/20060728 Firefox/1.5.0.6"
86.129.214.204 - - [28/Aug/2006:15:44:51 -0400] "GET /favicon.ico HTTP/1.1" 404 3475 "-" "Mozilla/5.0 (Windows; U; Windows NT 5.1; en-US; rv:1.8.0.6) Gecko/20060728 Firefox/1.5.0.6"
82.35.98.104 - - [28/Aug/2006:15:44:51 -0400] "GET /images/alllangimages/header.gif HTTP/1.1" 200 20989 "http://darwinday.org/englishL/home/index.html" "Mozilla/5.0 (Windows; U; Windows NT 5.1; en-US; rv:1.8.0.6) Gecko/20060728 Firefox/1.5.0.6"
82.35.98.104 - - [28/Aug/2006:15:44:51 -0400] "GET /images/alllangimages/lincoln.gif HTTP/1.1" 200 11057 "http://darwinday.org/englishL/home/index.html" "Mozilla/5.0 (Windows; U; Windows NT 5.1; en-US; rv:1.8.0.6) Gecko/20060728 Firefox/1.5.0.6"
82.35.98.104 - - [28/Aug/2006:15:44:51 -0400] "GET /englishL/home/images/horse.evolution.jpg HTTP/1.1" 200 29612 "http://darwinday.org/englishL/home/index.html" "Mozilla/5.0 (Windows; U; Windows NT 5.1; en-US; rv:1.8.0.6) Gecko/20060728 Firefox/1.5.0.6"
82.35.98.104 - - [28/Aug/2006:15:44:52 -0400] "GET /images/alllangimages/darwin.gif HTTP/1.1" 200 13783 "http://darwinday.org/englishL/home/index.html" "Mozilla/5.0 (Windows; U; Windows NT 5.1; en-US; rv:1.8.0.6) Gecko/20060728 Firefox/1.5.0.6"
82.35.98.104 - - [28/Aug/2006:15:44:54 -0400] "GET /englishL/home/images/beagle.gif HTTP/1.1" 200 37108 "http://darwinday.org/englishL/home/index.html" "Mozilla/5.0 (Windows; U; Windows NT 5.1; en-US; rv:1.8.0.6) Gecko/20060728 Firefox/1.5.0.6"
82.35.98.104 - - [28/Aug/2006:15:44:54 -0400] "GET /images/alllangimages/trans.gif HTTP/1.1" 200 49 "http://darwinday.org/englishL/home/index.html" "Mozilla/5.0 (Windows; U; Windows NT 5.1; en-US; rv:1.8.0.6) Gecko/20060728 Firefox/1.5.0.6"
82.35.98.104 - - [28/Aug/2006:15:44:54 -0400] "GET /englishL/home/images/darwinages.gif HTTP/1.1" 200 50309 "http://darwinday.org/englishL/home/index.html" "Mozilla/5.0 (Windows; U; Windows NT 5.1; en-US; rv:1.8.0.6) Gecko/20060728 Firefox/1.5.0.6"
217.71.244.17 - - [28/Aug/2006:15:44:55 -0400] "GET /stylesheets/mainenglishL.css HTTP/1.1" 200 590 "http://darwinday.org/englishL/home/index.html" "Mozilla/5.0 (Windows; U; Windows NT 5.1; en-US; rv:1.8.0.6) Gecko/20060728 Firefox/1.5.0.6"
217.71.244.17 - - [28/Aug/2006:15:44:55 -0400] "GET /stylesheets/main.css HTTP/1.1" 200 638 "http://darwinday.org/englishL/home/index.html" "Mozilla/5.0 (Windows; U; Windows NT 5.1; en-US; rv:1.8.0.6) Gecko/20060728 Firefox/1.5.0.6"
88.110.142.231 - - [28/Aug/2006:15:44:55 -0400] "GET /englishL/home/index.html HTTP/1.1" 200 26022 "http://www.stumbleupon.com/refer.php?url=http%3A//darwinday.org/englishL/home/index.html" "Mozilla/5.0 (Windows; U; Windows NT 5.1; en-US; rv:1.8.0.6) Gecko/20060728 Firefox/1.5.0.6"
217.71.244.17 - - [28/Aug/2006:15:44:55 -0400] "GET /images/alllangimages/topleftlogo.gif HTTP/1.1" 200 6907 "http://darwinday.org/englishL/home/index.html" "Mozilla/5.0 (Windows; U; Windows NT 5.1; en-US; rv:1.8.0.6) Gecko/20060728 Firefox/1.5.0.6"
67.33.168.220 - - [28/Aug/2006:15:44:56 -0400] "GET /englishL/home/index.html HTTP/1.1" 200 26022 "http://www.stumbleupon.com/refer.php?url=http%3A//darwinday.org/englishL/home/index.html" "Mozilla/5.0 (Windows; U; Windows NT 5.1; en-US; rv:1.8.0.6) Gecko/20060728 Firefox/1.5.0.6"
217.71.244.17 - - [28/Aug/2006:15:44:56 -0400] "GET /englishL/home/index.html HTTP/1.1" 200 26022 "http://www.stumbleupon.com/refer.php?url=http%3A//darwinday.org/englishL/home/index.html" "Mozilla/5.0 (Windows; U; Windows NT 5.1; en-US; rv:1.8.0.6) Gecko/20060728 Firefox/1.5.0.6"
67.33.168.220 - - [28/Aug/2006:15:44:56 -0400] "GET /stylesheets/mainenglishL.css HTTP/1.1" 200 590 "http://darwinday.org/englishL/home/index.html" "Mozilla/5.0 (Windows; U; Windows NT 5.1; en-US; rv:1.8.0.6) Gecko/20060728 Firefox/1.5.0.6"
67.33.168.220 - - [28/Aug/2006:15:44:56 -0400] "GET /stylesheets/main.css HTTP/1.1" 200 638 "http://darwinday.org/englishL/home/index.html" "Mozilla/5.0 (Windows; U; Windows NT 5.1; en-US; rv:1.8.0.6) Gecko/20060728 Firefox/1.5.0.6"
88.110.142.231 - - [28/Aug/2006:15:44:56 -0400] "GET /stylesheets/mainenglishL.css HTTP/1.1" 200 590 "http://darwinday.org/englishL/home/index.html" "Mozilla/5.0 (Windows; U; Windows NT 5.1; en-US; rv:1.8.0.6) Gecko/20060728 Firefox/1.5.0.6"
67.33.168.220 - - [28/Aug/2006:15:44:56 -0400] "GET /images/alllangimages/topleftlogo.gif HTTP/1.1" 200 6907 "http://darwinday.org/englishL/home/index.html" "Mozilla/5.0 (Windows; U; Windows NT 5.1; en-US; rv:1.8.0.6) Gecko/20060728 Firefox/1.5.0.6"
67.33.168.220 - - [28/Aug/2006:15:44:56 -0400] "GET /images/alllangimages/header.gif HTTP/1.1" 200 20989 "http://darwinday.org/englishL/home/index.html" "Mozilla/5.0 (Windows; U; Windows NT 5.1; en-US; rv:1.8.0.6) Gecko/20060728 Firefox/1.5.0.6"
88.110.142.231 - - [28/Aug/2006:15:44:56 -0400] "GET /stylesheets/main.css HTTP/1.1" 200 638 "http://darwinday.org/englishL/home/index.html" "Mozilla/5.0 (Windows; U; Windows NT 5.1; en-US; rv:1.8.0.6) Gecko/20060728 Firefox/1.5.0.6"
67.33.168.220 - - [28/Aug/2006:15:44:56 -0400] "GET /englishL/currarts.html HTTP/1.1" 200 4902 "http://darwinday.org/englishL/home/index.html" "Mozilla/5.0 (Windows; U; Windows NT 5.1; en-US; rv:1.8.0.6) Gecko/20060728 Firefox/1.5.0.6"
67.33.168.220 - - [28/Aug/2006:15:44:56 -0400] "GET /images/alllangimages/lincoln.gif HTTP/1.1" 200 11057 "http://darwinday.org/englishL/home/index.html" "Mozilla/5.0 (Windows; U; Windows NT 5.1; en-US; rv:1.8.0.6) Gecko/20060728 Firefox/1.5.0.6"
67.33.168.220 - - [28/Aug/2006:15:44:56 -0400] "GET /images/alllangimages/darwin.gif HTTP/1.1" 200 13783 "http://darwinday.org/englishL/home/index.html" "Mozilla/5.0 (Windows; U; Windows NT 5.1; en-US; rv:1.8.0.6) Gecko/20060728 Firefox/1.5.0.6"
88.110.142.231 - - [28/Aug/2006:15:44:56 -0400] "GET /images/alllangimages/topleftlogo.gif HTTP/1.1" 200 6907 "http://darwinday.org/englishL/home/index.html" "Mozilla/5.0 (Windows; U; Windows NT 5.1; en-US; rv:1.8.0.6) Gecko/20060728 Firefox/1.5.0.6"
88.110.142.231 - - [28/Aug/2006:15:44:56 -0400] "GET /images/alllangimages/dnahorizr.gif HTTP/1.1" 200 2104 "http://darwinday.org/englishL/home/index.html" "Mozilla/5.0 (Windows; U; Windows NT 5.1; en-US; rv:1.8.0.6) Gecko/20060728 Firefox/1.5.0.6"
88.110.142.231 - - [28/Aug/2006:15:44:56 -0400] "GET /images/alllangimages/dnahorizl.gif HTTP/1.1" 200 2130 "http://darwinday.org/englishL/home/index.html" "Mozilla/5.0 (Windows; U; Windows NT 5.1; en-US; rv:1.8.0.6) Gecko/20060728 Firefox/1.5.0.6"
88.110.142.231 - - [28/Aug/2006:15:44:56 -0400] "GET /englishL/images/navbar.gif HTTP/1.1" 200 2667 "http://darwinday.org/englishL/home/index.html" "Mozilla/5.0 (Windows; U; Windows NT 5.1; en-US; rv:1.8.0.6) Gecko/20060728 Firefox/1.5.0.6"
67.33.168.220 - - [28/Aug/2006:15:44:56 -0400] "GET /englishL/home/images/beagle.gif HTTP/1.1" 200 37108 "http://darwinday.org/englishL/home/index.html" "Mozilla/5.0 (Windows; U; Windows NT 5.1; en-US; rv:1.8.0.6) Gecko/20060728 Firefox/1.5.0.6"
67.33.168.220 - - [28/Aug/2006:15:44:56 -0400] "GET /images/alllangimages/trans.gif HTTP/1.1" 200 49 "http://darwinday.org/englishL/home/index.html" "Mozilla/5.0 (Windows; U; Windows NT 5.1; en-US; rv:1.8.0.6) Gecko/20060728 Firefox/1.5.0.6"
67.33.168.220 - - [28/Aug/2006:15:44:56 -0400] "GET /englishL/home/images/joinus.gif HTTP/1.1" 200 524 "http://darwinday.org/englishL/home/index.html" "Mozilla/5.0 (Windows; U; Windows NT 5.1; en-US; rv:1.8.0.6) Gecko/20060728 Firefox/1.5.0.6"
217.71.244.17 - - [28/Aug/2006:15:44:57 -0400] "GET /englishL/currarts.html HTTP/1.1" 200 4902 "http://darwinday.org/englishL/home/index.html" "Mozilla/5.0 (Windows; U; Windows NT 5.1; en-US; rv:1.8.0.6) Gecko/20060728 Firefox/1.5.0.6"
88.110.142.231 - - [28/Aug/2006:15:44:57 -0400] "GET /englishL/currarts.html HTTP/1.1" 200 4902 "http://darwinday.org/englishL/home/index.html" "Mozilla/5.0 (Windows; U; Windows NT 5.1; en-US; rv:1.8.0.6) Gecko/20060728 Firefox/1.5.0.6"
88.110.142.231 - - [28/Aug/2006:15:44:57 -0400] "GET /images/alllangimages/dnahoriz.gif HTTP/1.1" 200 3391 "http://darwinday.org/englishL/home/index.html" "Mozilla/5.0 (Windows; U; Windows NT 5.1; en-US; rv:1.8.0.6) Gecko/20060728 Firefox/1.5.0.6"
88.110.142.231 - - [28/Aug/2006:15:44:57 -0400] "GET /images/alllangimages/arrow.gif HTTP/1.1" 200 112 "http://darwinday.org/englishL/home/index.html" "Mozilla/5.0 (Windows; U; Windows NT 5.1; en-US; rv:1.8.0.6) Gecko/20060728 Firefox/1.5.0.6"
88.110.142.231 - - [28/Aug/2006:15:44:57 -0400] "GET /englishL/home/images/joinus.gif HTTP/1.1" 200 524 "http://darwinday.org/englishL/home/index.html" "Mozilla/5.0 (Windows; U; Windows NT 5.1; en-US; rv:1.8.0.6) Gecko/20060728 Firefox/1.5.0.6"
88.110.142.231 - - [28/Aug/2006:15:44:57 -0400] "GET /images/alllangimages/lincoln.gif HTTP/1.1" 200 11057 "http://darwinday.org/englishL/home/index.html" "Mozilla/5.0 (Windows; U; Windows NT 5.1; en-US; rv:1.8.0.6) Gecko/20060728 Firefox/1.5.0.6"
82.35.98.104 - - [28/Aug/2006:15:44:57 -0400] "GET /images/alllangimages/worldmaptransp.gif HTTP/1.1" 200 128893 "http://darwinday.org/englishL/home/index.html" "Mozilla/5.0 (Windows; U; Windows NT 5.1; en-US; rv:1.8.0.6) Gecko/20060728 Firefox/1.5.0.6"
88.110.142.231 - - [28/Aug/2006:15:44:57 -0400] "GET /images/alllangimages/trans.gif HTTP/1.1" 200 49 "http://darwinday.org/englishL/home/index.html" "Mozilla/5.0 (Windows; U; Windows NT 5.1; en-US; rv:1.8.0.6) Gecko/20060728 Firefox/1.5.0.6"
88.110.142.231 - - [28/Aug/2006:15:44:57 -0400] "GET /images/alllangimages/darwin.gif HTTP/1.1" 200 13783 "http://darwinday.org/englishL/home/index.html" "Mozilla/5.0 (Windows; U; Windows NT 5.1; en-US; rv:1.8.0.6) Gecko/20060728 Firefox/1.5.0.6"
67.33.168.220 - - [28/Aug/2006:15:44:57 -0400] "GET /englishL/home/images/horse.evolution.jpg HTTP/1.1" 200 29612 "http://darwinday.org/englishL/home/index.html" "Mozilla/5.0 (Windows; U; Windows NT 5.1; en-US; rv:1.8.0.6) Gecko/20060728 Firefox/1.5.0.6"
67.33.168.220 - - [28/Aug/2006:15:44:57 -0400] "GET /images/alllangimages/DNAlogo.gif HTTP/1.1" 200 1370 "http://darwinday.org/englishL/currarts.html" "Mozilla/5.0 (Windows; U; Windows NT 5.1; en-US; rv:1.8.0.6) Gecko/20060728 Firefox/1.5.0.6"
217.71.244.17 - - [28/Aug/2006:15:44:57 -0400] "GET /images/alllangimages/header.gif HTTP/1.1" 200 20989 "http://darwinday.org/englishL/home/index.html" "Mozilla/5.0 (Windows; U; Windows NT 5.1; en-US; rv:1.8.0.6) Gecko/20060728 Firefox/1.5.0.6"
88.110.142.231 - - [28/Aug/2006:15:44:57 -0400] "GET /englishL/home/images/beagle.gif HTTP/1.1" 200 37108 "http://darwinday.org/englishL/home/index.html" "Mozilla/5.0 (Windows; U; Windows NT 5.1; en-US; rv:1.8.0.6) Gecko/20060728 Firefox/1.5.0.6"
88.110.142.231 - - [28/Aug/2006:15:44:57 -0400] "GET /englishL/images/titletrans.gif HTTP/1.1" 200 15588 "http://darwinday.org/englishL/home/index.html" "Mozilla/5.0 (Windows; U; Windows NT 5.1; en-US; rv:1.8.0.6) Gecko/20060728 Firefox/1.5.0.6"
88.110.142.231 - - [28/Aug/2006:15:44:58 -0400] "GET /englishL/home/images/horse.evolution.jpg HTTP/1.1" 200 29612 "http://darwinday.org/englishL/home/index.html" "Mozilla/5.0 (Windows; U; Windows NT 5.1; en-US; rv:1.8.0.6) Gecko/20060728 Firefox/1.5.0.6"
67.33.168.220 - - [28/Aug/2006:15:44:58 -0400] "GET /images/alllangimages/worldmaptransp.gif HTTP/1.1" 200 128893 "http://darwinday.org/englishL/home/index.html" "Mozilla/5.0 (Windows; U; Windows NT 5.1; en-US; rv:1.8.0.6) Gecko/20060728 Firefox/1.5.0.6"
217.71.244.17 - - [28/Aug/2006:15:44:58 -0400] "GET /englishL/images/titletrans.gif HTTP/1.1" 200 15588 "http://darwinday.org/englishL/home/index.html" "Mozilla/5.0 (Windows; U; Windows NT 5.1; en-US; rv:1.8.0.6) Gecko/20060728 Firefox/1.5.0.6"
88.110.142.231 - - [28/Aug/2006:15:44:58 -0400] "GET /englishL/home/images/darwinages.gif HTTP/1.1" 200 50309 "http://darwinday.org/englishL/home/index.html" "Mozilla/5.0 (Windows; U; Windows NT 5.1; en-US; rv:1.8.0.6) Gecko/20060728 Firefox/1.5.0.6"
67.33.168.220 - - [28/Aug/2006:15:44:58 -0400] "GET /englishL/images/titletrans.gif HTTP/1.1" 200 15588 "http://darwinday.org/englishL/home/index.html" "Mozilla/5.0 (Windows; U; Windows NT 5.1; en-US; rv:1.8.0.6) Gecko/20060728 Firefox/1.5.0.6"
67.33.168.220 - - [28/Aug/2006:15:44:58 -0400] "GET /englishL/images/navbar.gif HTTP/1.1" 200 2667 "http://darwinday.org/englishL/home/index.html" "Mozilla/5.0 (Windows; U; Windows NT 5.1; en-US; rv:1.8.0.6) Gecko/20060728 Firefox/1.5.0.6"
88.110.142.231 - - [28/Aug/2006:15:44:58 -0400] "GET /images/alllangimages/header.gif HTTP/1.1" 200 20989 "http://darwinday.org/englishL/home/index.html" "Mozilla/5.0 (Windows; U; Windows NT 5.1; en-US; rv:1.8.0.6) Gecko/20060728 Firefox/1.5.0.6"
217.71.244.17 - - [28/Aug/2006:15:44:59 -0400] "GET /englishL/images/navbar.gif HTTP/1.1" 200 2667 "http://darwinday.org/englishL/home/index.html" "Mozilla/5.0 (Windows; U; Windows NT 5.1; en-US; rv:1.8.0.6) Gecko/20060728 Firefox/1.5.0.6"
88.110.142.231 - - [28/Aug/2006:15:44:59 -0400] "GET /images/alllangimages/DNAlogo.gif HTTP/1.1" 200 1370 "http://darwinday.org/englishL/currarts.html" "Mozilla/5.0 (Windows; U; Windows NT 5.1; en-US; rv:1.8.0.6) Gecko/20060728 Firefox/1.5.0.6"
217.71.244.17 - - [28/Aug/2006:15:44:59 -0400] "GET /images/alllangimages/worldmaptransp.gif HTTP/1.1" 200 128893 "http://darwinday.org/englishL/home/index.html" "Mozilla/5.0 (Windows; U; Windows NT 5.1; en-US; rv:1.8.0.6) Gecko/20060728 Firefox/1.5.0.6"
217.71.244.17 - - [28/Aug/2006:15:45:00 -0400] "GET /englishL/home/images/darwinages.gif HTTP/1.1" 200 24281 "http://darwinday.org/englishL/home/index.html" "Mozilla/5.0 (Windows; U; Windows NT 5.1; en-US; rv:1.8.0.6) Gecko/20060728 Firefox/1.5.0.6"
217.71.244.17 - - [28/Aug/2006:15:45:00 -0400] "GET /favicon.ico HTTP/1.1" 404 3475 "-" "Mozilla/5.0 (Windows; U; Windows NT 5.1; en-US; rv:1.8.0.6) Gecko/20060728 Firefox/1.5.0.6"
82.35.98.104 - - [28/Aug/2006:15:45:00 -0400] "GET /favicon.ico HTTP/1.1" 404 3475 "-" "Mozilla/5.0 (Windows; U; Windows NT 5.1; en-US; rv:1.8.0.6) Gecko/20060728 Firefox/1.5.0.6"
88.110.142.231 - - [28/Aug/2006:15:45:01 -0400] "GET /images/alllangimages/worldmaptransp.gif HTTP/1.1" 200 128893 "http://darwinday.org/englishL/home/index.html" "Mozilla/5.0 (Windows; U; Windows NT 5.1; en-US; rv:1.8.0.6) Gecko/20060728 Firefox/1.5.0.6"
67.33.168.220 - - [28/Aug/2006:15:45:01 -0400] "GET /englishL/home/images/darwinages.gif HTTP/1.1" 200 50309 "http://darwinday.org/englishL/home/index.html" "Mozilla/5.0 (Windows; U; Windows NT 5.1; en-US; rv:1.8.0.6) Gecko/20060728 Firefox/1.5.0.6"
67.33.168.220 - - [28/Aug/2006:15:45:01 -0400] "GET /images/alllangimages/arrow.gif HTTP/1.1" 200 112 "http://darwinday.org/englishL/home/index.html" "Mozilla/5.0 (Windows; U; Windows NT 5.1; en-US; rv:1.8.0.6) Gecko/20060728 Firefox/1.5.0.6"
67.33.168.220 - - [28/Aug/2006:15:45:01 -0400] "GET /images/alllangimages/dnahorizl.gif HTTP/1.1" 200 2130 "http://darwinday.org/englishL/home/index.html" "Mozilla/5.0 (Windows; U; Windows NT 5.1; en-US; rv:1.8.0.6) Gecko/20060728 Firefox/1.5.0.6"
67.33.168.220 - - [28/Aug/2006:15:45:01 -0400] "GET /images/alllangimages/dnahoriz.gif HTTP/1.1" 200 3391 "http://darwinday.org/englishL/home/index.html" "Mozilla/5.0 (Windows; U; Windows NT 5.1; en-US; rv:1.8.0.6) Gecko/20060728 Firefox/1.5.0.6"
67.33.168.220 - - [28/Aug/2006:15:45:01 -0400] "GET /images/alllangimages/dnahorizr.gif HTTP/1.1" 200 2104 "http://darwinday.org/englishL/home/index.html" "Mozilla/5.0 (Windows; U; Windows NT 5.1; en-US; rv:1.8.0.6) Gecko/20060728 Firefox/1.5.0.6"
67.33.168.220 - - [28/Aug/2006:15:45:01 -0400] "GET /favicon.ico HTTP/1.1" 404 3475 "-" "Mozilla/5.0 (Windows; U; Windows NT 5.1; en-US; rv:1.8.0.6) Gecko/20060728 Firefox/1.5.0.6"
65.31.56.211 - - [28/Aug/2006:15:45:01 -0400] "GET /englishL/home/index.html HTTP/1.1" 200 26022 "http://www.stumbleupon.com/refer.html" "Mozilla/5.0 (Windows; U; Windows NT 5.1; en-US; rv:1.8.0.6) Gecko/20060728 Firefox/1.5.0.6"
65.31.56.211 - - [28/Aug/2006:15:45:02 -0400] "GET /stylesheets/mainenglishL.css HTTP/1.1" 200 590 "http://darwinday.org/englishL/home/index.html" "Mozilla/5.0 (Windows; U; Windows NT 5.1; en-US; rv:1.8.0.6) Gecko/20060728 Firefox/1.5.0.6"
65.31.56.211 - - [28/Aug/2006:15:45:02 -0400] "GET /stylesheets/main.css HTTP/1.1" 200 638 "http://darwinday.org/englishL/home/index.html" "Mozilla/5.0 (Windows; U; Windows NT 5.1; en-US; rv:1.8.0.6) Gecko/20060728 Firefox/1.5.0.6"
88.110.142.231 - - [28/Aug/2006:15:45:02 -0400] "GET /favicon.ico HTTP/1.1" 404 3475 "-" "Mozilla/5.0 (Windows; U; Windows NT 5.1; en-US; rv:1.8.0.6) Gecko/20060728 Firefox/1.5.0.6"
65.31.56.211 - - [28/Aug/2006:15:45:02 -0400] "GET /favicon.ico HTTP/1.1" 404 3475 "-" "Mozilla/4.0 (compatible; Google Desktop)"
65.31.56.211 - - [28/Aug/2006:15:45:02 -0400] "GET /images/alllangimages/topleftlogo.gif HTTP/1.1" 200 6907 "http://darwinday.org/englishL/home/index.html" "Mozilla/5.0 (Windows; U; Windows NT 5.1; en-US; rv:1.8.0.6) Gecko/20060728 Firefox/1.5.0.6"
65.31.56.211 - - [28/Aug/2006:15:45:02 -0400] "GET /images/alllangimages/header.gif HTTP/1.1" 200 20989 "http://darwinday.org/englishL/home/index.html" "Mozilla/5.0 (Windows; U; Windows NT 5.1; en-US; rv:1.8.0.6) Gecko/20060728 Firefox/1.5.0.6"
65.31.56.211 - - [28/Aug/2006:15:45:02 -0400] "GET /englishL/images/navbar.gif HTTP/1.1" 200 2667 "http://darwinday.org/englishL/home/index.html" "Mozilla/5.0 (Windows; U; Windows NT 5.1; en-US; rv:1.8.0.6) Gecko/20060728 Firefox/1.5.0.6"
65.31.56.211 - - [28/Aug/2006:15:45:02 -0400] "GET /englishL/currarts.html HTTP/1.1" 200 4902 "http://darwinday.org/englishL/home/index.html" "Mozilla/5.0 (Windows; U; Windows NT 5.1; en-US; rv:1.8.0.6) Gecko/20060728 Firefox/1.5.0.6"
65.31.56.211 - - [28/Aug/2006:15:45:02 -0400] "GET /images/alllangimages/arrow.gif HTTP/1.1" 200 112 "http://darwinday.org/englishL/home/index.html" "Mozilla/5.0 (Windows; U; Windows NT 5.1; en-US; rv:1.8.0.6) Gecko/20060728 Firefox/1.5.0.6"
65.31.56.211 - - [28/Aug/2006:15:45:02 -0400] "GET /images/alllangimages/dnahorizl.gif HTTP/1.1" 200 2130 "http://darwinday.org/englishL/home/index.html" "Mozilla/5.0 (Windows; U; Windows NT 5.1; en-US; rv:1.8.0.6) Gecko/20060728 Firefox/1.5.0.6"
65.31.56.211 - - [28/Aug/2006:15:45:02 -0400] "GET /englishL/images/titletrans.gif HTTP/1.1" 200 15588 "http://darwinday.org/englishL/home/index.html" "Mozilla/5.0 (Windows; U; Windows NT 5.1; en-US; rv:1.8.0.6) Gecko/20060728 Firefox/1.5.0.6"
65.31.56.211 - - [28/Aug/2006:15:45:02 -0400] "GET /images/alllangimages/dnahoriz.gif HTTP/1.1" 200 3391 "http://darwinday.org/englishL/home/index.html" "Mozilla/5.0 (Windows; U; Windows NT 5.1; en-US; rv:1.8.0.6) Gecko/20060728 Firefox/1.5.0.6"
65.31.56.211 - - [28/Aug/2006:15:45:02 -0400] "GET /images/alllangimages/dnahorizr.gif HTTP/1.1" 200 2104 "http://darwinday.org/englishL/home/index.html" "Mozilla/5.0 (Windows; U; Windows NT 5.1; en-US; rv:1.8.0.6) Gecko/20060728 Firefox/1.5.0.6"
65.31.56.211 - - [28/Aug/2006:15:45:02 -0400] "GET /images/alllangimages/lincoln.gif HTTP/1.1" 200 11057 "http://darwinday.org/englishL/home/index.html" "Mozilla/5.0 (Windows; U; Windows NT 5.1; en-US; rv:1.8.0.6) Gecko/20060728 Firefox/1.5.0.6"
65.31.56.211 - - [28/Aug/2006:15:45:02 -0400] "GET /images/alllangimages/trans.gif HTTP/1.1" 200 49 "http://darwinday.org/englishL/home/index.html" "Mozilla/5.0 (Windows; U; Windows NT 5.1; en-US; rv:1.8.0.6) Gecko/20060728 Firefox/1.5.0.6"
65.31.56.211 - - [28/Aug/2006:15:45:02 -0400] "GET /englishL/home/images/joinus.gif HTTP/1.1" 200 524 "http://darwinday.org/englishL/home/index.html" "Mozilla/5.0 (Windows; U; Windows NT 5.1; en-US; rv:1.8.0.6) Gecko/20060728 Firefox/1.5.0.6"
65.31.56.211 - - [28/Aug/2006:15:45:02 -0400] "GET /images/alllangimages/DNAlogo.gif HTTP/1.1" 200 1370 "http://darwinday.org/englishL/currarts.html" "Mozilla/5.0 (Windows; U; Windows NT 5.1; en-US; rv:1.8.0.6) Gecko/20060728 Firefox/1.5.0.6"
65.31.56.211 - - [28/Aug/2006:15:45:02 -0400] "GET /images/alllangimages/darwin.gif HTTP/1.1" 200 13783 "http://darwinday.org/englishL/home/index.html" "Mozilla/5.0 (Windows; U; Windows NT 5.1; en-US; rv:1.8.0.6) Gecko/20060728 Firefox/1.5.0.6"
65.31.56.211 - - [28/Aug/2006:15:45:02 -0400] "GET /images/alllangimages/worldmaptransp.gif HTTP/1.1" 200 128893 "http://darwinday.org/englishL/home/index.html" "Mozilla/5.0 (Windows; U; Windows NT 5.1; en-US; rv:1.8.0.6) Gecko/20060728 Firefox/1.5.0.6"
65.31.56.211 - - [28/Aug/2006:15:45:02 -0400] "GET /englishL/home/images/beagle.gif HTTP/1.1" 200 37108 "http://darwinday.org/englishL/home/index.html" "Mozilla/5.0 (Windows; U; Windows NT 5.1; en-US; rv:1.8.0.6) Gecko/20060728 Firefox/1.5.0.6"
65.31.56.211 - - [28/Aug/2006:15:45:03 -0400] "GET /englishL/home/images/darwinages.gif HTTP/1.1" 200 50309 "http://darwinday.org/englishL/home/index.html" "Mozilla/5.0 (Windows; U; Windows NT 5.1; en-US; rv:1.8.0.6) Gecko/20060728 Firefox/1.5.0.6"
65.31.56.211 - - [28/Aug/2006:15:45:03 -0400] "GET /englishL/home/images/horse.evolution.jpg HTTP/1.1" 200 29612 "http://darwinday.org/englishL/home/index.html" "Mozilla/5.0 (Windows; U; Windows NT 5.1; en-US; rv:1.8.0.6) Gecko/20060728 Firefox/1.5.0.6"
65.31.56.211 - - [28/Aug/2006:15:45:03 -0400] "GET /favicon.ico HTTP/1.1" 404 3475 "-" "Mozilla/5.0 (Windows; U; Windows NT 5.1; en-US; rv:1.8.0.6) Gecko/20060728 Firefox/1.5.0.6"
159.178.248.125 - - [28/Aug/2006:15:45:12 -0400] "GET /stylesheets/mainenglishL.css HTTP/1.1" 200 590 "http://darwinday.org/englishL/home/index.html" "Mozilla/5.0 (Macintosh; U; Intel Mac OS X; en-US; rv:1.8.0.6) Gecko/20060728 Firefox/1.5.0.6"
24.52.22.41 - - [28/Aug/2006:15:45:12 -0400] "GET /englishL/home/index.html HTTP/1.1" 200 26022 "http://www.stumbleupon.com/refer.php?url=http%3A//darwinday.org/englishL/home/index.html" "Mozilla/5.0 (Windows; U; Windows NT 5.2; en-US; rv:1.8.0.6) Gecko/20060728 Firefox/1.5.0.6"
159.178.248.125 - - [28/Aug/2006:15:45:12 -0400] "GET /stylesheets/main.css HTTP/1.1" 200 638 "http://darwinday.org/englishL/home/index.html" "Mozilla/5.0 (Macintosh; U; Intel Mac OS X; en-US; rv:1.8.0.6) Gecko/20060728 Firefox/1.5.0.6"
159.178.248.125 - - [28/Aug/2006:15:45:12 -0400] "GET /images/alllangimages/topleftlogo.gif HTTP/1.1" 200 6907 "http://darwinday.org/englishL/home/index.html" "Mozilla/5.0 (Macintosh; U; Intel Mac OS X; en-US; rv:1.8.0.6) Gecko/20060728 Firefox/1.5.0.6"
24.52.22.41 - - [28/Aug/2006:15:45:12 -0400] "GET /stylesheets/mainenglishL.css HTTP/1.1" 200 590 "http://darwinday.org/englishL/home/index.html" "Mozilla/5.0 (Windows; U; Windows NT 5.2; en-US; rv:1.8.0.6) Gecko/20060728 Firefox/1.5.0.6"
24.52.22.41 - - [28/Aug/2006:15:45:12 -0400] "GET /stylesheets/main.css HTTP/1.1" 200 638 "http://darwinday.org/englishL/home/index.html" "Mozilla/5.0 (Windows; U; Windows NT 5.2; en-US; rv:1.8.0.6) Gecko/20060728 Firefox/1.5.0.6"
24.52.22.41 - - [28/Aug/2006:15:45:13 -0400] "GET /images/alllangimages/topleftlogo.gif HTTP/1.1" 200 6907 "http://darwinday.org/englishL/home/index.html" "Mozilla/5.0 (Windows; U; Windows NT 5.2; en-US; rv:1.8.0.6) Gecko/20060728 Firefox/1.5.0.6"
24.52.22.41 - - [28/Aug/2006:15:45:13 -0400] "GET /englishL/currarts.html HTTP/1.1" 200 4902 "http://darwinday.org/englishL/home/index.html" "Mozilla/5.0 (Windows; U; Windows NT 5.2; en-US; rv:1.8.0.6) Gecko/20060728 Firefox/1.5.0.6"
159.178.248.125 - - [28/Aug/2006:15:45:13 -0400] "GET /englishL/home/index.html HTTP/1.1" 200 26022 "http://www.stumbleupon.com/refer.php?url=http%3A//darwinday.org/englishL/home/index.html" "Mozilla/5.0 (Macintosh; U; Intel Mac OS X; en-US; rv:1.8.0.6) Gecko/20060728 Firefox/1.5.0.6"
159.178.248.125 - - [28/Aug/2006:15:45:13 -0400] "GET /englishL/currarts.html HTTP/1.1" 200 4902 "http://darwinday.org/englishL/home/index.html" "Mozilla/5.0 (Macintosh; U; Intel Mac OS X; en-US; rv:1.8.0.6) Gecko/20060728 Firefox/1.5.0.6"
24.52.22.41 - - [28/Aug/2006:15:45:13 -0400] "GET /images/alllangimages/header.gif HTTP/1.1" 200 20989 "http://darwinday.org/englishL/home/index.html" "Mozilla/5.0 (Windows; U; Windows NT 5.2; en-US; rv:1.8.0.6) Gecko/20060728 Firefox/1.5.0.6"
24.52.22.41 - - [28/Aug/2006:15:45:13 -0400] "GET /englishL/images/titletrans.gif HTTP/1.1" 200 15588 "http://darwinday.org/englishL/home/index.html" "Mozilla/5.0 (Windows; U; Windows NT 5.2; en-US; rv:1.8.0.6) Gecko/20060728 Firefox/1.5.0.6"
159.178.248.125 - - [28/Aug/2006:15:45:13 -0400] "GET /images/alllangimages/header.gif HTTP/1.1" 200 20989 "http://darwinday.org/englishL/home/index.html" "Mozilla/5.0 (Macintosh; U; Intel Mac OS X; en-US; rv:1.8.0.6) Gecko/20060728 Firefox/1.5.0.6"
24.52.22.41 - - [28/Aug/2006:15:45:14 -0400] "GET /englishL/images/navbar.gif HTTP/1.1" 200 2667 "http://darwinday.org/englishL/home/index.html" "Mozilla/5.0 (Windows; U; Windows NT 5.2; en-US; rv:1.8.0.6) Gecko/20060728 Firefox/1.5.0.6"
159.178.248.125 - - [28/Aug/2006:15:45:14 -0400] "GET /englishL/images/titletrans.gif HTTP/1.1" 200 15588 "http://darwinday.org/englishL/home/index.html" "Mozilla/5.0 (Macintosh; U; Intel Mac OS X; en-US; rv:1.8.0.6) Gecko/20060728 Firefox/1.5.0.6"
159.178.248.125 - - [28/Aug/2006:15:45:14 -0400] "GET /englishL/images/navbar.gif HTTP/1.1" 200 2667 "http://darwinday.org/englishL/home/index.html" "Mozilla/5.0 (Macintosh; U; Intel Mac OS X; en-US; rv:1.8.0.6) Gecko/20060728 Firefox/1.5.0.6"
24.52.22.41 - - [28/Aug/2006:15:45:14 -0400] "GET /englishL/home/images/darwinages.gif HTTP/1.1" 200 50309 "http://darwinday.org/englishL/home/index.html" "Mozilla/5.0 (Windows; U; Windows NT 5.2; en-US; rv:1.8.0.6) Gecko/20060728 Firefox/1.5.0.6"
24.52.22.41 - - [28/Aug/2006:15:45:14 -0400] "GET /images/alllangimages/worldmaptransp.gif HTTP/1.1" 200 128893 "http://darwinday.org/englishL/home/index.html" "Mozilla/5.0 (Windows; U; Windows NT 5.2; en-US; rv:1.8.0.6) Gecko/20060728 Firefox/1.5.0.6"
24.52.22.41 - - [28/Aug/2006:15:45:14 -0400] "GET /images/alllangimages/arrow.gif HTTP/1.1" 200 112 "http://darwinday.org/englishL/home/index.html" "Mozilla/5.0 (Windows; U; Windows NT 5.2; en-US; rv:1.8.0.6) Gecko/20060728 Firefox/1.5.0.6"
69.171.33.195 - - [28/Aug/2006:15:45:14 -0400] "GET /stylesheets/mainenglishL.css HTTP/1.1" 200 590 "http://darwinday.org/englishL/home/index.html" "Mozilla/5.0 (Windows; U; Windows NT 5.1; en-US; rv:1.8.0.6) Gecko/20060728 Firefox/1.5.0.6"
69.171.33.195 - - [28/Aug/2006:15:45:14 -0400] "GET /englishL/home/index.html HTTP/1.1" 200 26022 "http://www.stumbleupon.com/refer.php?url=http%3A//darwinday.org/englishL/home/index.html" "Mozilla/5.0 (Windows; U; Windows NT 5.1; en-US; rv:1.8.0.6) Gecko/20060728 Firefox/1.5.0.6"
24.52.22.41 - - [28/Aug/2006:15:45:14 -0400] "GET /images/alllangimages/dnahorizl.gif HTTP/1.1" 200 2130 "http://darwinday.org/englishL/home/index.html" "Mozilla/5.0 (Windows; U; Windows NT 5.2; en-US; rv:1.8.0.6) Gecko/20060728 Firefox/1.5.0.6"
69.171.33.195 - - [28/Aug/2006:15:45:14 -0400] "GET /stylesheets/main.css HTTP/1.1" 200 638 "http://darwinday.org/englishL/home/index.html" "Mozilla/5.0 (Windows; U; Windows NT 5.1; en-US; rv:1.8.0.6) Gecko/20060728 Firefox/1.5.0.6"
24.52.22.41 - - [28/Aug/2006:15:45:14 -0400] "GET /images/alllangimages/dnahoriz.gif HTTP/1.1" 200 3391 "http://darwinday.org/englishL/home/index.html" "Mozilla/5.0 (Windows; U; Windows NT 5.2; en-US; rv:1.8.0.6) Gecko/20060728 Firefox/1.5.0.6"
69.171.33.195 - - [28/Aug/2006:15:45:14 -0400] "GET /images/alllangimages/topleftlogo.gif HTTP/1.1" 200 6907 "http://darwinday.org/englishL/home/index.html" "Mozilla/5.0 (Windows; U; Windows NT 5.1; en-US; rv:1.8.0.6) Gecko/20060728 Firefox/1.5.0.6"
24.52.22.41 - - [28/Aug/2006:15:45:14 -0400] "GET /images/alllangimages/dnahorizr.gif HTTP/1.1" 200 2104 "http://darwinday.org/englishL/home/index.html" "Mozilla/5.0 (Windows; U; Windows NT 5.2; en-US; rv:1.8.0.6) Gecko/20060728 Firefox/1.5.0.6"
69.171.33.195 - - [28/Aug/2006:15:45:14 -0400] "GET /englishL/currarts.html HTTP/1.1" 200 4902 "http://darwinday.org/englishL/home/index.html" "Mozilla/5.0 (Windows; U; Windows NT 5.1; en-US; rv:1.8.0.6) Gecko/20060728 Firefox/1.5.0.6"
24.52.22.41 - - [28/Aug/2006:15:45:15 -0400] "GET /images/alllangimages/lincoln.gif HTTP/1.1" 200 11057 "http://darwinday.org/englishL/home/index.html" "Mozilla/5.0 (Windows; U; Windows NT 5.2; en-US; rv:1.8.0.6) Gecko/20060728 Firefox/1.5.0.6"
24.52.22.41 - - [28/Aug/2006:15:45:15 -0400] "GET /images/alllangimages/darwin.gif HTTP/1.1" 200 13783 "http://darwinday.org/englishL/home/index.html" "Mozilla/5.0 (Windows; U; Windows NT 5.2; en-US; rv:1.8.0.6) Gecko/20060728 Firefox/1.5.0.6"
69.171.33.195 - - [28/Aug/2006:15:45:15 -0400] "GET /images/alllangimages/header.gif HTTP/1.1" 200 20989 "http://darwinday.org/englishL/home/index.html" "Mozilla/5.0 (Windows; U; Windows NT 5.1; en-US; rv:1.8.0.6) Gecko/20060728 Firefox/1.5.0.6"
69.171.33.195 - - [28/Aug/2006:15:45:15 -0400] "GET /englishL/images/titletrans.gif HTTP/1.1" 200 15588 "http://darwinday.org/englishL/home/index.html" "Mozilla/5.0 (Windows; U; Windows NT 5.1; en-US; rv:1.8.0.6) Gecko/20060728 Firefox/1.5.0.6"
159.178.248.125 - - [28/Aug/2006:15:45:15 -0400] "GET /images/alllangimages/worldmaptransp.gif HTTP/1.1" 200 128893 "http://darwinday.org/englishL/home/index.html" "Mozilla/5.0 (Macintosh; U; Intel Mac OS X; en-US; rv:1.8.0.6) Gecko/20060728 Firefox/1.5.0.6"
69.171.33.195 - - [28/Aug/2006:15:45:15 -0400] "GET /englishL/images/navbar.gif HTTP/1.1" 200 2667 "http://darwinday.org/englishL/home/index.html" "Mozilla/5.0 (Windows; U; Windows NT 5.1; en-US; rv:1.8.0.6) Gecko/20060728 Firefox/1.5.0.6"
24.52.22.41 - - [28/Aug/2006:15:45:15 -0400] "GET /englishL/home/images/beagle.gif HTTP/1.1" 200 37108 "http://darwinday.org/englishL/home/index.html" "Mozilla/5.0 (Windows; U; Windows NT 5.2; en-US; rv:1.8.0.6) Gecko/20060728 Firefox/1.5.0.6"
159.178.248.125 - - [28/Aug/2006:15:45:15 -0400] "GET /englishL/home/images/darwinages.gif HTTP/1.1" 200 50309 "http://darwinday.org/englishL/home/index.html" "Mozilla/5.0 (Macintosh; U; Intel Mac OS X; en-US; rv:1.8.0.6) Gecko/20060728 Firefox/1.5.0.6"
159.178.248.125 - - [28/Aug/2006:15:45:15 -0400] "GET /favicon.ico HTTP/1.1" 404 3475 "-" "Mozilla/5.0 (Macintosh; U; Intel Mac OS X; en-US; rv:1.8.0.6) Gecko/20060728 Firefox/1.5.0.6"
24.52.22.41 - - [28/Aug/2006:15:45:16 -0400] "GET /images/alllangimages/trans.gif HTTP/1.1" 200 49 "http://darwinday.org/englishL/home/index.html" "Mozilla/5.0 (Windows; U; Windows NT 5.2; en-US; rv:1.8.0.6) Gecko/20060728 Firefox/1.5.0.6"
84.92.52.215 - - [28/Aug/2006:15:45:16 -0400] "GET /englishL/home/index.html HTTP/1.1" 200 26022 "http://www.stumbleupon.com/refer.php?url=http%3A//darwinday.org/englishL/home/index.html" "Mozilla/5.0 (Windows; U; Windows NT 5.2; en-GB; rv:1.8.0.6) Gecko/20060728 Firefox/1.5.0.6"
69.171.33.195 - - [28/Aug/2006:15:45:16 -0400] "GET /englishL/home/images/darwinages.gif HTTP/1.1" 200 50309 "http://darwinday.org/englishL/home/index.html" "Mozilla/5.0 (Windows; U; Windows NT 5.1; en-US; rv:1.8.0.6) Gecko/20060728 Firefox/1.5.0.6"
24.52.22.41 - - [28/Aug/2006:15:45:16 -0400] "GET /englishL/home/images/joinus.gif HTTP/1.1" 200 524 "http://darwinday.org/englishL/home/index.html" "Mozilla/5.0 (Windows; U; Windows NT 5.2; en-US; rv:1.8.0.6) Gecko/20060728 Firefox/1.5.0.6"
24.52.22.41 - - [28/Aug/2006:15:45:16 -0400] "GET /images/alllangimages/DNAlogo.gif HTTP/1.1" 200 1370 "http://darwinday.org/englishL/currarts.html" "Mozilla/5.0 (Windows; U; Windows NT 5.2; en-US; rv:1.8.0.6) Gecko/20060728 Firefox/1.5.0.6"
69.171.33.195 - - [28/Aug/2006:15:45:16 -0400] "GET /images/alllangimages/arrow.gif HTTP/1.1" 200 112 "http://darwinday.org/englishL/home/index.html" "Mozilla/5.0 (Windows; U; Windows NT 5.1; en-US; rv:1.8.0.6) Gecko/20060728 Firefox/1.5.0.6"
