24.213.178.114 - - [28/Aug/2006:15:50:55 -0400] "GET /englishL/home/index.html HTTP/1.1" 200 26022 "http://www.stumbleupon.com/refer.php?url=http%3A//darwinday.org/englishL/home/index.html" "Mozilla/5.0 (Windows; U; Windows NT 5.1; en-US; rv:1.8.0.6) Gecko/20060728 Firefox/1.5.0.6"
24.213.178.114 - - [28/Aug/2006:15:50:55 -0400] "GET /stylesheets/mainenglishL.css HTTP/1.1" 200 590 "http://darwinday.org/englishL/home/index.html" "Mozilla/5.0 (Windows; U; Windows NT 5.1; en-US; rv:1.8.0.6) Gecko/20060728 Firefox/1.5.0.6"
24.213.178.114 - - [28/Aug/2006:15:50:56 -0400] "GET /stylesheets/main.css HTTP/1.1" 200 638 "http://darwinday.org/englishL/home/index.html" "Mozilla/5.0 (Windows; U; Windows NT 5.1; en-US; rv:1.8.0.6) Gecko/20060728 Firefox/1.5.0.6"
24.213.178.114 - - [28/Aug/2006:15:50:56 -0400] "GET /images/alllangimages/topleftlogo.gif HTTP/1.1" 200 6907 "http://darwinday.org/englishL/home/index.html" "Mozilla/5.0 (Windows; U; Windows NT 5.1; en-US; rv:1.8.0.6) Gecko/20060728 Firefox/1.5.0.6"
24.213.178.114 - - [28/Aug/2006:15:50:56 -0400] "GET /images/alllangimages/header.gif HTTP/1.1" 200 20989 "http://darwinday.org/englishL/home/index.html" "Mozilla/5.0 (Windows; U; Windows NT 5.1; en-US; rv:1.8.0.6) Gecko/20060728 Firefox/1.5.0.6"
195.252.90.43 - - [28/Aug/2006:15:50:56 -0400] "GET /englishL/images/titletrans.gif HTTP/1.1" 200 15588 "http://darwinday.org/englishL/home/index.html" "Mozilla/5.0 (Windows; U; Windows NT 5.1; en-US; rv:1.8.0.6) Gecko/20060728 Firefox/1.5.0.6"
84.71.10.245 - - [28/Aug/2006:15:50:56 -0400] "GET /stylesheets/mainenglishL.css HTTP/1.1" 200 590 "http://darwinday.org/englishL/home/index.html" "Mozilla/5.0 (Windows; U; Windows NT 5.1; en-GB; rv:1.8.0.6) Gecko/20060728 Firefox/1.5.0.6"
84.71.10.245 - - [28/Aug/2006:15:50:56 -0400] "GET /englishL/home/index.html HTTP/1.1" 200 26022 "http://www.stumbleupon.com/refer.php?url=http%3A//darwinday.org/englishL/home/index.html" "Mozilla/5.0 (Windows; U; Windows NT 5.1; en-GB; rv:1.8.0.6) Gecko/20060728 Firefox/1.5.0.6"
88.148.145.192 - - [28/Aug/2006:15:50:56 -0400] "GET /englishL/home/images/darwinages.gif HTTP/1.1" 200 50309 "http://darwinday.org/englishL/home/index.html" "Mozilla/5.0 (Windows; U; Windows NT 5.1; fi; rv:1.8.0.6) Gecko/20060728 Firefox/1.5.0.6"
84.71.10.245 - - [28/Aug/2006:15:50:56 -0400] "GET /stylesheets/main.css HTTP/1.1" 200 638 "http://darwinday.org/englishL/home/index.html" "Mozilla/5.0 (Windows; U; Windows NT 5.1; en-GB; rv:1.8.0.6) Gecko/20060728 Firefox/1.5.0.6"
84.71.10.245 - - [28/Aug/2006:15:50:56 -0400] "GET /images/alllangimages/topleftlogo.gif HTTP/1.1" 200 6907 "http://darwinday.org/englishL/home/index.html" "Mozilla/5.0 (Windows; U; Windows NT 5.1; en-GB; rv:1.8.0.6) Gecko/20060728 Firefox/1.5.0.6"
84.71.10.245 - - [28/Aug/2006:15:50:56 -0400] "GET /englishL/images/titletrans.gif HTTP/1.1" 200 15588 "http://darwinday.org/englishL/home/index.html" "Mozilla/5.0 (Windows; U; Windows NT 5.1; en-GB; rv:1.8.0.6) Gecko/20060728 Firefox/1.5.0.6"
195.252.90.43 - - [28/Aug/2006:15:50:56 -0400] "GET /englishL/images/navbar.gif HTTP/1.1" 200 2667 "http://darwinday.org/englishL/home/index.html" "Mozilla/5.0 (Windows; U; Windows NT 5.1; en-US; rv:1.8.0.6) Gecko/20060728 Firefox/1.5.0.6"
84.71.10.245 - - [28/Aug/2006:15:50:57 -0400] "GET /englishL/currarts.html HTTP/1.1" 200 4902 "http://darwinday.org/englishL/home/index.html" "Mozilla/5.0 (Windows; U; Windows NT 5.1; en-GB; rv:1.8.0.6) Gecko/20060728 Firefox/1.5.0.6"
24.213.178.114 - - [28/Aug/2006:15:50:57 -0400] "GET /images/alllangimages/worldmaptransp.gif HTTP/1.1" 200 128893 "http://darwinday.org/englishL/home/index.html" "Mozilla/5.0 (Windows; U; Windows NT 5.1; en-US; rv:1.8.0.6) Gecko/20060728 Firefox/1.5.0.6"
84.71.10.245 - - [28/Aug/2006:15:50:57 -0400] "GET /images/alllangimages/header.gif HTTP/1.1" 200 20989 "http://darwinday.org/englishL/home/index.html" "Mozilla/5.0 (Windows; U; Windows NT 5.1; en-GB; rv:1.8.0.6) Gecko/20060728 Firefox/1.5.0.6"
84.71.10.245 - - [28/Aug/2006:15:50:57 -0400] "GET /englishL/images/navbar.gif HTTP/1.1" 200 2667 "http://darwinday.org/englishL/home/index.html" "Mozilla/5.0 (Windows; U; Windows NT 5.1; en-GB; rv:1.8.0.6) Gecko/20060728 Firefox/1.5.0.6"
24.213.178.114 - - [28/Aug/2006:15:50:57 -0400] "GET /englishL/images/titletrans.gif HTTP/1.1" 200 15588 "http://darwinday.org/englishL/home/index.html" "Mozilla/5.0 (Windows; U; Windows NT 5.1; en-US; rv:1.8.0.6) Gecko/20060728 Firefox/1.5.0.6"
24.213.178.114 - - [28/Aug/2006:15:50:57 -0400] "GET /englishL/images/navbar.gif HTTP/1.1" 200 2667 "http://darwinday.org/englishL/home/index.html" "Mozilla/5.0 (Windows; U; Windows NT 5.1; en-US; rv:1.8.0.6) Gecko/20060728 Firefox/1.5.0.6"
24.213.178.114 - - [28/Aug/2006:15:50:57 -0400] "GET /englishL/home/images/darwinages.gif HTTP/1.1" 200 50309 "http://darwinday.org/englishL/home/index.html" "Mozilla/5.0 (Windows; U; Windows NT 5.1; en-US; rv:1.8.0.6) Gecko/20060728 Firefox/1.5.0.6"
84.71.10.245 - - [28/Aug/2006:15:50:57 -0400] "GET /images/alllangimages/worldmaptransp.gif HTTP/1.1" 200 128893 "http://darwinday.org/englishL/home/index.html" "Mozilla/5.0 (Windows; U; Windows NT 5.1; en-GB; rv:1.8.0.6) Gecko/20060728 Firefox/1.5.0.6"
24.213.178.114 - - [28/Aug/2006:15:50:57 -0400] "GET /englishL/currarts.html HTTP/1.1" 200 4902 "http://darwinday.org/englishL/home/index.html" "Mozilla/5.0 (Windows; U; Windows NT 5.1; en-US; rv:1.8.0.6) Gecko/20060728 Firefox/1.5.0.6"
24.213.178.114 - - [28/Aug/2006:15:50:57 -0400] "GET /images/alllangimages/arrow.gif HTTP/1.1" 200 112 "http://darwinday.org/englishL/home/index.html" "Mozilla/5.0 (Windows; U; Windows NT 5.1; en-US; rv:1.8.0.6) Gecko/20060728 Firefox/1.5.0.6"
84.71.10.245 - - [28/Aug/2006:15:50:57 -0400] "GET /images/alllangimages/arrow.gif HTTP/1.1" 200 112 "http://darwinday.org/englishL/home/index.html" "Mozilla/5.0 (Windows; U; Windows NT 5.1; en-GB; rv:1.8.0.6) Gecko/20060728 Firefox/1.5.0.6"
24.213.178.114 - - [28/Aug/2006:15:50:57 -0400] "GET /images/alllangimages/dnahorizl.gif HTTP/1.1" 200 2130 "http://darwinday.org/englishL/home/index.html" "Mozilla/5.0 (Windows; U; Windows NT 5.1; en-US; rv:1.8.0.6) Gecko/20060728 Firefox/1.5.0.6"
24.213.178.114 - - [28/Aug/2006:15:50:57 -0400] "GET /images/alllangimages/dnahoriz.gif HTTP/1.1" 200 3391 "http://darwinday.org/englishL/home/index.html" "Mozilla/5.0 (Windows; U; Windows NT 5.1; en-US; rv:1.8.0.6) Gecko/20060728 Firefox/1.5.0.6"
24.213.178.114 - - [28/Aug/2006:15:50:57 -0400] "GET /images/alllangimages/dnahorizr.gif HTTP/1.1" 200 2104 "http://darwinday.org/englishL/home/index.html" "Mozilla/5.0 (Windows; U; Windows NT 5.1; en-US; rv:1.8.0.6) Gecko/20060728 Firefox/1.5.0.6"
84.71.10.245 - - [28/Aug/2006:15:50:57 -0400] "GET /images/alllangimages/dnahorizl.gif HTTP/1.1" 200 2130 "http://darwinday.org/englishL/home/index.html" "Mozilla/5.0 (Windows; U; Windows NT 5.1; en-GB; rv:1.8.0.6) Gecko/20060728 Firefox/1.5.0.6"
84.71.10.245 - - [28/Aug/2006:15:50:57 -0400] "GET /images/alllangimages/dnahoriz.gif HTTP/1.1" 200 3391 "http://darwinday.org/englishL/home/index.html" "Mozilla/5.0 (Windows; U; Windows NT 5.1; en-GB; rv:1.8.0.6) Gecko/20060728 Firefox/1.5.0.6"
84.71.10.245 - - [28/Aug/2006:15:50:58 -0400] "GET /englishL/home/images/darwinages.gif HTTP/1.1" 200 50309 "http://darwinday.org/englishL/home/index.html" "Mozilla/5.0 (Windows; U; Windows NT 5.1; en-GB; rv:1.8.0.6) Gecko/20060728 Firefox/1.5.0.6"
24.213.178.114 - - [28/Aug/2006:15:50:58 -0400] "GET /images/alllangimages/darwin.gif HTTP/1.1" 200 13783 "http://darwinday.org/englishL/home/index.html" "Mozilla/5.0 (Windows; U; Windows NT 5.1; en-US; rv:1.8.0.6) Gecko/20060728 Firefox/1.5.0.6"
84.71.10.245 - - [28/Aug/2006:15:50:58 -0400] "GET /images/alllangimages/dnahorizr.gif HTTP/1.1" 200 2104 "http://darwinday.org/englishL/home/index.html" "Mozilla/5.0 (Windows; U; Windows NT 5.1; en-GB; rv:1.8.0.6) Gecko/20060728 Firefox/1.5.0.6"
24.213.178.114 - - [28/Aug/2006:15:50:58 -0400] "GET /favicon.ico HTTP/1.1" 404 3475 "-" "Mozilla/5.0 (Windows; U; Windows NT 5.1; en-US; rv:1.8.0.6) Gecko/20060728 Firefox/1.5.0.6"
84.71.10.245 - - [28/Aug/2006:15:50:58 -0400] "GET /images/alllangimages/lincoln.gif HTTP/1.1" 200 11057 "http://darwinday.org/englishL/home/index.html" "Mozilla/5.0 (Windows; U; Windows NT 5.1; en-GB; rv:1.8.0.6) Gecko/20060728 Firefox/1.5.0.6"
200.32.214.131 - - [28/Aug/2006:15:50:58 -0400] "GET /images/alllangimages/darwin.gif HTTP/1.1" 200 13783 "http://darwinday.org/englishL/home/index.html" "Mozilla/5.0 (Windows; U; Windows NT 5.1; en-US; rv:1.8.0.6) Gecko/20060728 Firefox/1.5.0.6"
84.71.10.245 - - [28/Aug/2006:15:50:58 -0400] "GET /images/alllangimages/darwin.gif HTTP/1.1" 200 13783 "http://darwinday.org/englishL/home/index.html" "Mozilla/5.0 (Windows; U; Windows NT 5.1; en-GB; rv:1.8.0.6) Gecko/20060728 Firefox/1.5.0.6"
195.252.90.43 - - [28/Aug/2006:15:50:58 -0400] "GET /images/alllangimages/worldmaptransp.gif HTTP/1.1" 206 119344 "http://darwinday.org/englishL/home/index.html" "Mozilla/5.0 (Windows; U; Windows NT 5.1; en-US; rv:1.8.0.6) Gecko/20060728 Firefox/1.5.0.6"
84.71.10.245 - - [28/Aug/2006:15:50:58 -0400] "GET /images/alllangimages/trans.gif HTTP/1.1" 200 49 "http://darwinday.org/englishL/home/index.html" "Mozilla/5.0 (Windows; U; Windows NT 5.1; en-GB; rv:1.8.0.6) Gecko/20060728 Firefox/1.5.0.6"
88.148.145.192 - - [28/Aug/2006:15:50:58 -0400] "GET /images/alllangimages/worldmaptransp.gif HTTP/1.1" 200 128893 "http://darwinday.org/englishL/home/index.html" "Mozilla/5.0 (Windows; U; Windows NT 5.1; fi; rv:1.8.0.6) Gecko/20060728 Firefox/1.5.0.6"
84.71.10.245 - - [28/Aug/2006:15:50:58 -0400] "GET /englishL/home/images/joinus.gif HTTP/1.1" 200 524 "http://darwinday.org/englishL/home/index.html" "Mozilla/5.0 (Windows; U; Windows NT 5.1; en-GB; rv:1.8.0.6) Gecko/20060728 Firefox/1.5.0.6"
195.252.90.43 - - [28/Aug/2006:15:50:58 -0400] "GET /englishL/home/images/darwinages.gif HTTP/1.1" 200 50309 "http://darwinday.org/englishL/home/index.html" "Mozilla/5.0 (Windows; U; Windows NT 5.1; en-US; rv:1.8.0.6) Gecko/20060728 Firefox/1.5.0.6"
24.213.178.114 - - [28/Aug/2006:15:50:58 -0400] "GET /images/alllangimages/lincoln.gif HTTP/1.1" 200 11057 "http://darwinday.org/englishL/home/index.html" "Mozilla/5.0 (Windows; U; Windows NT 5.1; en-US; rv:1.8.0.6) Gecko/20060728 Firefox/1.5.0.6"
88.148.145.192 - - [28/Aug/2006:15:50:58 -0400] "GET /englishL/home/images/horse.evolution.jpg HTTP/1.1" 200 29612 "http://darwinday.org/englishL/home/index.html" "Mozilla/5.0 (Windows; U; Windows NT 5.1; fi; rv:1.8.0.6) Gecko/20060728 Firefox/1.5.0.6"
88.148.145.192 - - [28/Aug/2006:15:50:58 -0400] "GET /images/alllangimages/DNAlogo.gif HTTP/1.1" 200 1370 "http://darwinday.org/englishL/currarts.html" "Mozilla/5.0 (Windows; U; Windows NT 5.1; fi; rv:1.8.0.6) Gecko/20060728 Firefox/1.5.0.6"
84.71.10.245 - - [28/Aug/2006:15:50:58 -0400] "GET /images/alllangimages/DNAlogo.gif HTTP/1.1" 200 1370 "http://darwinday.org/englishL/currarts.html" "Mozilla/5.0 (Windows; U; Windows NT 5.1; en-GB; rv:1.8.0.6) Gecko/20060728 Firefox/1.5.0.6"
84.71.10.245 - - [28/Aug/2006:15:50:58 -0400] "GET /englishL/home/images/horse.evolution.jpg HTTP/1.1" 200 29612 "http://darwinday.org/englishL/home/index.html" "Mozilla/5.0 (Windows; U; Windows NT 5.1; en-GB; rv:1.8.0.6) Gecko/20060728 Firefox/1.5.0.6"
84.71.10.245 - - [28/Aug/2006:15:50:59 -0400] "GET /englishL/home/images/beagle.gif HTTP/1.1" 200 37108 "http://darwinday.org/englishL/home/index.html" "Mozilla/5.0 (Windows; U; Windows NT 5.1; en-GB; rv:1.8.0.6) Gecko/20060728 Firefox/1.5.0.6"
200.32.214.131 - - [28/Aug/2006:15:50:59 -0400] "GET /englishL/home/images/darwinages.gif HTTP/1.1" 200 50309 "http://darwinday.org/englishL/home/index.html" "Mozilla/5.0 (Windows; U; Windows NT 5.1; en-US; rv:1.8.0.6) Gecko/20060728 Firefox/1.5.0.6"
195.252.90.43 - - [28/Aug/2006:15:50:59 -0400] "GET /images/alllangimages/arrow.gif HTTP/1.1" 200 112 "http://darwinday.org/englishL/home/index.html" "Mozilla/5.0 (Windows; U; Windows NT 5.1; en-US; rv:1.8.0.6) Gecko/20060728 Firefox/1.5.0.6"
195.252.90.43 - - [28/Aug/2006:15:50:59 -0400] "GET /images/alllangimages/dnahorizl.gif HTTP/1.1" 200 2130 "http://darwinday.org/englishL/home/index.html" "Mozilla/5.0 (Windows; U; Windows NT 5.1; en-US; rv:1.8.0.6) Gecko/20060728 Firefox/1.5.0.6"
195.252.90.43 - - [28/Aug/2006:15:51:00 -0400] "GET /images/alllangimages/dnahoriz.gif HTTP/1.1" 200 3391 "http://darwinday.org/englishL/home/index.html" "Mozilla/5.0 (Windows; U; Windows NT 5.1; en-US; rv:1.8.0.6) Gecko/20060728 Firefox/1.5.0.6"
195.252.90.43 - - [28/Aug/2006:15:51:00 -0400] "GET /images/alllangimages/dnahorizr.gif HTTP/1.1" 200 2104 "http://darwinday.org/englishL/home/index.html" "Mozilla/5.0 (Windows; U; Windows NT 5.1; en-US; rv:1.8.0.6) Gecko/20060728 Firefox/1.5.0.6"
200.32.214.131 - - [28/Aug/2006:15:51:00 -0400] "GET /englishL/home/images/joinus.gif HTTP/1.1" 200 524 "http://darwinday.org/englishL/home/index.html" "Mozilla/5.0 (Windows; U; Windows NT 5.1; en-US; rv:1.8.0.6) Gecko/20060728 Firefox/1.5.0.6"
195.252.90.43 - - [28/Aug/2006:15:51:00 -0400] "GET /images/alllangimages/lincoln.gif HTTP/1.1" 200 11057 "http://darwinday.org/englishL/home/index.html" "Mozilla/5.0 (Windows; U; Windows NT 5.1; en-US; rv:1.8.0.6) Gecko/20060728 Firefox/1.5.0.6"
195.252.90.43 - - [28/Aug/2006:15:51:00 -0400] "GET /images/alllangimages/darwin.gif HTTP/1.1" 200 13783 "http://darwinday.org/englishL/home/index.html" "Mozilla/5.0 (Windows; U; Windows NT 5.1; en-US; rv:1.8.0.6) Gecko/20060728 Firefox/1.5.0.6"
200.32.214.131 - - [28/Aug/2006:15:51:00 -0400] "GET /images/alllangimages/trans.gif HTTP/1.1" 200 49 "http://darwinday.org/englishL/home/index.html" "Mozilla/5.0 (Windows; U; Windows NT 5.1; en-US; rv:1.8.0.6) Gecko/20060728 Firefox/1.5.0.6"
200.32.214.131 - - [28/Aug/2006:15:51:00 -0400] "GET /favicon.ico HTTP/1.1" 404 3475 "-" "Mozilla/5.0 (Windows; U; Windows NT 5.1; en-US; rv:1.8.0.6) Gecko/20060728 Firefox/1.5.0.6"
200.32.214.131 - - [28/Aug/2006:15:51:00 -0400] "GET /images/alllangimages/worldmaptransp.gif HTTP/1.1" 200 23735 "http://darwinday.org/englishL/home/index.html" "Mozilla/5.0 (Windows; U; Windows NT 5.1; en-US; rv:1.8.0.6) Gecko/20060728 Firefox/1.5.0.6"
200.32.214.131 - - [28/Aug/2006:15:51:01 -0400] "GET /englishL/home/images/horse.evolution.jpg HTTP/1.1" 200 19476 "http://darwinday.org/englishL/home/index.html" "Mozilla/5.0 (Windows; U; Windows NT 5.1; en-US; rv:1.8.0.6) Gecko/20060728 Firefox/1.5.0.6"
195.252.90.43 - - [28/Aug/2006:15:51:01 -0400] "GET /englishL/home/images/beagle.gif HTTP/1.1" 200 37108 "http://darwinday.org/englishL/home/index.html" "Mozilla/5.0 (Windows; U; Windows NT 5.1; en-US; rv:1.8.0.6) Gecko/20060728 Firefox/1.5.0.6"
88.148.145.192 - - [28/Aug/2006:15:51:01 -0400] "GET /images/alllangimages/DNAlogo.gif HTTP/1.1" 200 1370 "http://darwinday.org/englishL/currarts.html" "Mozilla/5.0 (Windows; U; Windows NT 5.1; fi; rv:1.8.0.6) Gecko/20060728 Firefox/1.5.0.6"
200.32.214.131 - - [28/Aug/2006:15:51:01 -0400] "GET /images/alllangimages/darwin.gif HTTP/1.1" 200 12377 "http://darwinday.org/englishL/home/index.html" "Mozilla/5.0 (Windows; U; Windows NT 5.1; en-US; rv:1.8.0.6) Gecko/20060728 Firefox/1.5.0.6"
207.200.116.132 - - [28/Aug/2006:15:51:02 -0400] "GET /englishL/home/index.html HTTP/1.1" 200 26022 "http://darwinday.org/englishL/newsviews/darlin.html" "Mozilla/4.0 (compatible; MSIE 6.0; AOL 8.0; Windows 98; .NET CLR 1.1.4322)"
88.148.145.192 - - [28/Aug/2006:15:51:02 -0400] "GET /images/alllangimages/worldmaptransp.gif HTTP/1.1" 206 27281 "http://darwinday.org/englishL/home/index.html" "Mozilla/5.0 (Windows; U; Windows NT 5.1; fi; rv:1.8.0.6) Gecko/20060728 Firefox/1.5.0.6"
88.148.145.192 - - [28/Aug/2006:15:51:03 -0400] "GET /englishL/home/images/horse.evolution.jpg HTTP/1.1" 206 21444 "http://darwinday.org/englishL/home/index.html" "Mozilla/5.0 (Windows; U; Windows NT 5.1; fi; rv:1.8.0.6) Gecko/20060728 Firefox/1.5.0.6"
207.200.116.130 - - [28/Aug/2006:15:51:03 -0400] "GET /stylesheets/mainenglishL.css HTTP/1.1" 200 590 "http://darwinday.org/englishL/home/index.html" "Mozilla/4.0 (compatible; MSIE 6.0; AOL 8.0; Windows 98; .NET CLR 1.1.4322)"
207.200.116.73 - - [28/Aug/2006:15:51:03 -0400] "GET /images/alllangimages/arrow.gif HTTP/1.1" 200 112 "http://darwinday.org/englishL/home/index.html" "Mozilla/4.0 (compatible; MSIE 6.0; AOL 8.0; Windows 98; .NET CLR 1.1.4322)"
207.200.116.12 - - [28/Aug/2006:15:51:03 -0400] "GET /images/alllangimages/dnahorizl.gif HTTP/1.1" 200 2130 "http://darwinday.org/englishL/home/index.html" "Mozilla/4.0 (compatible; MSIE 6.0; AOL 8.0; Windows 98; .NET CLR 1.1.4322)"
207.200.116.5 - - [28/Aug/2006:15:51:03 -0400] "GET /images/alllangimages/dnahorizr.gif HTTP/1.1" 200 2104 "http://darwinday.org/englishL/home/index.html" "Mozilla/4.0 (compatible; MSIE 6.0; AOL 8.0; Windows 98; .NET CLR 1.1.4322)"
207.200.116.11 - - [28/Aug/2006:15:51:03 -0400] "GET /images/alllangimages/dnahoriz.gif HTTP/1.1" 200 3391 "http://darwinday.org/englishL/home/index.html" "Mozilla/4.0 (compatible; MSIE 6.0; AOL 8.0; Windows 98; .NET CLR 1.1.4322)"
200.32.214.131 - - [28/Aug/2006:15:51:03 -0400] "GET /englishL/home/images/beagle.gif HTTP/1.1" 200 4951 "http://darwinday.org/englishL/home/index.html" "Mozilla/5.0 (Windows; U; Windows NT 5.1; en-US; rv:1.8.0.6) Gecko/20060728 Firefox/1.5.0.6"
207.200.116.5 - - [28/Aug/2006:15:51:03 -0400] "GET /englishL/home/images/joinus.gif HTTP/1.1" 200 524 "http://darwinday.org/englishL/home/index.html" "Mozilla/4.0 (compatible; MSIE 6.0; AOL 8.0; Windows 98; .NET CLR 1.1.4322)"
207.200.116.70 - - [28/Aug/2006:15:51:03 -0400] "GET /images/alllangimages/trans.gif HTTP/1.1" 200 49 "http://darwinday.org/englishL/home/index.html" "Mozilla/4.0 (compatible; MSIE 6.0; AOL 8.0; Windows 98; .NET CLR 1.1.4322)"
207.200.116.199 - - [28/Aug/2006:15:51:05 -0400] "GET /englishL/home/images/horse.evolution.jpg HTTP/1.1" 200 29612 "http://darwinday.org/englishL/home/index.html" "Mozilla/4.0 (compatible; MSIE 6.0; AOL 8.0; Windows 98; .NET CLR 1.1.4322)"
195.252.90.43 - - [28/Aug/2006:15:51:05 -0400] "GET /images/alllangimages/darwin.gif HTTP/1.1" 206 2810 "http://darwinday.org/englishL/home/index.html" "Mozilla/5.0 (Windows; U; Windows NT 5.1; en-US; rv:1.8.0.6) Gecko/20060728 Firefox/1.5.0.6"
195.252.90.43 - - [28/Aug/2006:15:51:05 -0400] "GET /images/alllangimages/trans.gif HTTP/1.1" 200 49 "http://darwinday.org/englishL/home/index.html" "Mozilla/5.0 (Windows; U; Windows NT 5.1; en-US; rv:1.8.0.6) Gecko/20060728 Firefox/1.5.0.6"
195.252.90.43 - - [28/Aug/2006:15:51:05 -0400] "GET /englishL/home/images/joinus.gif HTTP/1.1" 200 524 "http://darwinday.org/englishL/home/index.html" "Mozilla/5.0 (Windows; U; Windows NT 5.1; en-US; rv:1.8.0.6) Gecko/20060728 Firefox/1.5.0.6"
195.252.90.43 - - [28/Aug/2006:15:51:05 -0400] "GET /englishL/home/images/beagle.gif HTTP/1.1" 206 23291 "http://darwinday.org/englishL/home/index.html" "Mozilla/5.0 (Windows; U; Windows NT 5.1; en-US; rv:1.8.0.6) Gecko/20060728 Firefox/1.5.0.6"
195.252.90.43 - - [28/Aug/2006:15:51:06 -0400] "GET /englishL/home/images/horse.evolution.jpg HTTP/1.1" 200 29612 "http://darwinday.org/englishL/home/index.html" "Mozilla/5.0 (Windows; U; Windows NT 5.1; en-US; rv:1.8.0.6) Gecko/20060728 Firefox/1.5.0.6"
195.252.90.43 - - [28/Aug/2006:15:51:06 -0400] "GET /images/alllangimages/DNAlogo.gif HTTP/1.1" 200 1370 "http://darwinday.org/englishL/currarts.html" "Mozilla/5.0 (Windows; U; Windows NT 5.1; en-US; rv:1.8.0.6) Gecko/20060728 Firefox/1.5.0.6"
69.245.125.16 - - [28/Aug/2006:15:51:10 -0400] "GET /stylesheets/mainenglishL.css HTTP/1.1" 200 590 "http://darwinday.org/englishL/home/index.html" "Mozilla/5.0 (Windows; U; Windows NT 5.1; en-US; rv:1.8.0.6) Gecko/20060728 Firefox/1.5.0.6"
69.245.125.16 - - [28/Aug/2006:15:51:10 -0400] "GET /stylesheets/main.css HTTP/1.1" 200 638 "http://darwinday.org/englishL/home/index.html" "Mozilla/5.0 (Windows; U; Windows NT 5.1; en-US; rv:1.8.0.6) Gecko/20060728 Firefox/1.5.0.6"
69.245.125.16 - - [28/Aug/2006:15:51:10 -0400] "GET /englishL/home/index.html HTTP/1.1" 200 26022 "http://www.stumbleupon.com/refer.php?url=http%3A//darwinday.org/englishL/home/index.html" "Mozilla/5.0 (Windows; U; Windows NT 5.1; en-US; rv:1.8.0.6) Gecko/20060728 Firefox/1.5.0.6"
69.245.125.16 - - [28/Aug/2006:15:51:11 -0400] "GET /images/alllangimages/topleftlogo.gif HTTP/1.1" 200 6907 "http://darwinday.org/englishL/home/index.html" "Mozilla/5.0 (Windows; U; Windows NT 5.1; en-US; rv:1.8.0.6) Gecko/20060728 Firefox/1.5.0.6"
69.245.125.16 - - [28/Aug/2006:15:51:11 -0400] "GET /images/alllangimages/header.gif HTTP/1.1" 200 20989 "http://darwinday.org/englishL/home/index.html" "Mozilla/5.0 (Windows; U; Windows NT 5.1; en-US; rv:1.8.0.6) Gecko/20060728 Firefox/1.5.0.6"
69.245.125.16 - - [28/Aug/2006:15:51:11 -0400] "GET /englishL/currarts.html HTTP/1.1" 200 4902 "http://darwinday.org/englishL/home/index.html" "Mozilla/5.0 (Windows; U; Windows NT 5.1; en-US; rv:1.8.0.6) Gecko/20060728 Firefox/1.5.0.6"
69.245.125.16 - - [28/Aug/2006:15:51:11 -0400] "GET /englishL/images/titletrans.gif HTTP/1.1" 200 15588 "http://darwinday.org/englishL/home/index.html" "Mozilla/5.0 (Windows; U; Windows NT 5.1; en-US; rv:1.8.0.6) Gecko/20060728 Firefox/1.5.0.6"
69.245.125.16 - - [28/Aug/2006:15:51:11 -0400] "GET /images/alllangimages/worldmaptransp.gif HTTP/1.1" 200 128893 "http://darwinday.org/englishL/home/index.html" "Mozilla/5.0 (Windows; U; Windows NT 5.1; en-US; rv:1.8.0.6) Gecko/20060728 Firefox/1.5.0.6"
69.245.125.16 - - [28/Aug/2006:15:51:11 -0400] "GET /englishL/images/navbar.gif HTTP/1.1" 200 2667 "http://darwinday.org/englishL/home/index.html" "Mozilla/5.0 (Windows; U; Windows NT 5.1; en-US; rv:1.8.0.6) Gecko/20060728 Firefox/1.5.0.6"
69.245.125.16 - - [28/Aug/2006:15:51:11 -0400] "GET /images/alllangimages/arrow.gif HTTP/1.1" 200 112 "http://darwinday.org/englishL/home/index.html" "Mozilla/5.0 (Windows; U; Windows NT 5.1; en-US; rv:1.8.0.6) Gecko/20060728 Firefox/1.5.0.6"
88.148.145.192 - - [28/Aug/2006:15:51:11 -0400] "GET /images/alllangimages/worldmaptransp.gif HTTP/1.1" 206 12680 "http://darwinday.org/englishL/home/index.html" "Mozilla/5.0 (Windows; U; Windows NT 5.1; fi; rv:1.8.0.6) Gecko/20060728 Firefox/1.5.0.6"
69.245.125.16 - - [28/Aug/2006:15:51:11 -0400] "GET /images/alllangimages/dnahorizl.gif HTTP/1.1" 200 2130 "http://darwinday.org/englishL/home/index.html" "Mozilla/5.0 (Windows; U; Windows NT 5.1; en-US; rv:1.8.0.6) Gecko/20060728 Firefox/1.5.0.6"
69.245.125.16 - - [28/Aug/2006:15:51:11 -0400] "GET /images/alllangimages/dnahoriz.gif HTTP/1.1" 200 3391 "http://darwinday.org/englishL/home/index.html" "Mozilla/5.0 (Windows; U; Windows NT 5.1; en-US; rv:1.8.0.6) Gecko/20060728 Firefox/1.5.0.6"
69.245.125.16 - - [28/Aug/2006:15:51:11 -0400] "GET /images/alllangimages/dnahorizr.gif HTTP/1.1" 200 2104 "http://darwinday.org/englishL/home/index.html" "Mozilla/5.0 (Windows; U; Windows NT 5.1; en-US; rv:1.8.0.6) Gecko/20060728 Firefox/1.5.0.6"
69.245.125.16 - - [28/Aug/2006:15:51:12 -0400] "GET /images/alllangimages/lincoln.gif HTTP/1.1" 200 11057 "http://darwinday.org/englishL/home/index.html" "Mozilla/5.0 (Windows; U; Windows NT 5.1; en-US; rv:1.8.0.6) Gecko/20060728 Firefox/1.5.0.6"
69.245.125.16 - - [28/Aug/2006:15:51:12 -0400] "GET /images/alllangimages/darwin.gif HTTP/1.1" 200 13783 "http://darwinday.org/englishL/home/index.html" "Mozilla/5.0 (Windows; U; Windows NT 5.1; en-US; rv:1.8.0.6) Gecko/20060728 Firefox/1.5.0.6"
69.245.125.16 - - [28/Aug/2006:15:51:12 -0400] "GET /englishL/home/images/darwinages.gif HTTP/1.1" 200 50309 "http://darwinday.org/englishL/home/index.html" "Mozilla/5.0 (Windows; U; Windows NT 5.1; en-US; rv:1.8.0.6) Gecko/20060728 Firefox/1.5.0.6"
69.245.125.16 - - [28/Aug/2006:15:51:12 -0400] "GET /images/alllangimages/trans.gif HTTP/1.1" 200 49 "http://darwinday.org/englishL/home/index.html" "Mozilla/5.0 (Windows; U; Windows NT 5.1; en-US; rv:1.8.0.6) Gecko/20060728 Firefox/1.5.0.6"
69.245.125.16 - - [28/Aug/2006:15:51:12 -0400] "GET /englishL/home/images/joinus.gif HTTP/1.1" 200 524 "http://darwinday.org/englishL/home/index.html" "Mozilla/5.0 (Windows; U; Windows NT 5.1; en-US; rv:1.8.0.6) Gecko/20060728 Firefox/1.5.0.6"
69.245.125.16 - - [28/Aug/2006:15:51:12 -0400] "GET /englishL/home/images/horse.evolution.jpg HTTP/1.1" 200 29612 "http://darwinday.org/englishL/home/index.html" "Mozilla/5.0 (Windows; U; Windows NT 5.1; en-US; rv:1.8.0.6) Gecko/20060728 Firefox/1.5.0.6"
69.245.125.16 - - [28/Aug/2006:15:51:12 -0400] "GET /englishL/home/images/beagle.gif HTTP/1.1" 200 37108 "http://darwinday.org/englishL/home/index.html" "Mozilla/5.0 (Windows; U; Windows NT 5.1; en-US; rv:1.8.0.6) Gecko/20060728 Firefox/1.5.0.6"
69.245.125.16 - - [28/Aug/2006:15:51:12 -0400] "GET /images/alllangimages/DNAlogo.gif HTTP/1.1" 200 1370 "http://darwinday.org/englishL/currarts.html" "Mozilla/5.0 (Windows; U; Windows NT 5.1; en-US; rv:1.8.0.6) Gecko/20060728 Firefox/1.5.0.6"
69.245.125.16 - - [28/Aug/2006:15:51:12 -0400] "GET /favicon.ico HTTP/1.1" 404 3475 "-" "Mozilla/5.0 (Windows; U; Windows NT 5.1; en-US; rv:1.8.0.6) Gecko/20060728 Firefox/1.5.0.6"
70.224.100.201 - - [28/Aug/2006:15:51:17 -0400] "GET /englishL/home/index.html HTTP/1.1" 200 26022 "http://www.stumbleupon.com/refer.html" "Mozilla/5.0 (Windows; U; Windows NT 5.1; en-US; rv:1.8.0.6) Gecko/20060728 Firefox/1.5.0.6"
70.224.100.201 - - [28/Aug/2006:15:51:17 -0400] "GET /stylesheets/mainenglishL.css HTTP/1.1" 200 590 "http://darwinday.org/englishL/home/index.html" "Mozilla/5.0 (Windows; U; Windows NT 5.1; en-US; rv:1.8.0.6) Gecko/20060728 Firefox/1.5.0.6"
70.224.100.201 - - [28/Aug/2006:15:51:17 -0400] "GET /stylesheets/main.css HTTP/1.1" 200 638 "http://darwinday.org/englishL/home/index.html" "Mozilla/5.0 (Windows; U; Windows NT 5.1; en-US; rv:1.8.0.6) Gecko/20060728 Firefox/1.5.0.6"
70.224.100.201 - - [28/Aug/2006:15:51:17 -0400] "GET /images/alllangimages/topleftlogo.gif HTTP/1.1" 200 6907 "http://darwinday.org/englishL/home/index.html" "Mozilla/5.0 (Windows; U; Windows NT 5.1; en-US; rv:1.8.0.6) Gecko/20060728 Firefox/1.5.0.6"
70.224.100.201 - - [28/Aug/2006:15:51:19 -0400] "GET /images/alllangimages/dnahorizl.gif HTTP/1.1" 200 2130 "http://darwinday.org/englishL/home/index.html" "Mozilla/5.0 (Windows; U; Windows NT 5.1; en-US; rv:1.8.0.6) Gecko/20060728 Firefox/1.5.0.6"
70.224.100.201 - - [28/Aug/2006:15:51:19 -0400] "GET /images/alllangimages/arrow.gif HTTP/1.1" 200 112 "http://darwinday.org/englishL/home/index.html" "Mozilla/5.0 (Windows; U; Windows NT 5.1; en-US; rv:1.8.0.6) Gecko/20060728 Firefox/1.5.0.6"
70.224.100.201 - - [28/Aug/2006:15:51:19 -0400] "GET /englishL/currarts.html HTTP/1.1" 200 4902 "http://darwinday.org/englishL/home/index.html" "Mozilla/5.0 (Windows; U; Windows NT 5.1; en-US; rv:1.8.0.6) Gecko/20060728 Firefox/1.5.0.6"
70.224.100.201 - - [28/Aug/2006:15:51:19 -0400] "GET /englishL/images/navbar.gif HTTP/1.1" 200 2667 "http://darwinday.org/englishL/home/index.html" "Mozilla/5.0 (Windows; U; Windows NT 5.1; en-US; rv:1.8.0.6) Gecko/20060728 Firefox/1.5.0.6"
70.224.100.201 - - [28/Aug/2006:15:51:19 -0400] "GET /images/alllangimages/header.gif HTTP/1.1" 200 20989 "http://darwinday.org/englishL/home/index.html" "Mozilla/5.0 (Windows; U; Windows NT 5.1; en-US; rv:1.8.0.6) Gecko/20060728 Firefox/1.5.0.6"
70.224.100.201 - - [28/Aug/2006:15:51:19 -0400] "GET /englishL/images/titletrans.gif HTTP/1.1" 200 15588 "http://darwinday.org/englishL/home/index.html" "Mozilla/5.0 (Windows; U; Windows NT 5.1; en-US; rv:1.8.0.6) Gecko/20060728 Firefox/1.5.0.6"
69.245.125.16 - - [28/Aug/2006:15:51:19 -0400] "GET /favicon.ico HTTP/1.1" 404 3475 "-" "Mozilla/5.0 (Windows; U; Windows NT 5.1; en-US; rv:1.8.0.6) Gecko/20060728 Firefox/1.5.0.6"
70.224.100.201 - - [28/Aug/2006:15:51:19 -0400] "GET /images/alllangimages/worldmaptransp.gif HTTP/1.1" 200 128893 "http://darwinday.org/englishL/home/index.html" "Mozilla/5.0 (Windows; U; Windows NT 5.1; en-US; rv:1.8.0.6) Gecko/20060728 Firefox/1.5.0.6"
70.224.100.201 - - [28/Aug/2006:15:51:19 -0400] "GET /englishL/home/images/darwinages.gif HTTP/1.1" 200 50309 "http://darwinday.org/englishL/home/index.html" "Mozilla/5.0 (Windows; U; Windows NT 5.1; en-US; rv:1.8.0.6) Gecko/20060728 Firefox/1.5.0.6"
69.245.125.16 - - [28/Aug/2006:15:51:19 -0400] "GET /favicon.ico HTTP/1.1" 404 3475 "-" "Mozilla/5.0 (Windows; U; Windows NT 5.1; en-US; rv:1.8.0.6) Gecko/20060728 Firefox/1.5.0.6"
70.224.100.201 - - [28/Aug/2006:15:51:19 -0400] "GET /images/alllangimages/dnahoriz.gif HTTP/1.1" 200 3391 "http://darwinday.org/englishL/home/index.html" "Mozilla/5.0 (Windows; U; Windows NT 5.1; en-US; rv:1.8.0.6) Gecko/20060728 Firefox/1.5.0.6"
70.224.100.201 - - [28/Aug/2006:15:51:19 -0400] "GET /images/alllangimages/dnahorizr.gif HTTP/1.1" 200 2104 "http://darwinday.org/englishL/home/index.html" "Mozilla/5.0 (Windows; U; Windows NT 5.1; en-US; rv:1.8.0.6) Gecko/20060728 Firefox/1.5.0.6"
70.224.100.201 - - [28/Aug/2006:15:51:19 -0400] "GET /images/alllangimages/DNAlogo.gif HTTP/1.1" 200 1370 "http://darwinday.org/englishL/currarts.html" "Mozilla/5.0 (Windows; U; Windows NT 5.1; en-US; rv:1.8.0.6) Gecko/20060728 Firefox/1.5.0.6"
70.224.100.201 - - [28/Aug/2006:15:51:19 -0400] "GET /images/alllangimages/lincoln.gif HTTP/1.1" 200 11057 "http://darwinday.org/englishL/home/index.html" "Mozilla/5.0 (Windows; U; Windows NT 5.1; en-US; rv:1.8.0.6) Gecko/20060728 Firefox/1.5.0.6"
70.224.100.201 - - [28/Aug/2006:15:51:19 -0400] "GET /images/alllangimages/darwin.gif HTTP/1.1" 200 13783 "http://darwinday.org/englishL/home/index.html" "Mozilla/5.0 (Windows; U; Windows NT 5.1; en-US; rv:1.8.0.6) Gecko/20060728 Firefox/1.5.0.6"
70.224.100.201 - - [28/Aug/2006:15:51:19 -0400] "GET /englishL/home/images/horse.evolution.jpg HTTP/1.1" 200 29612 "http://darwinday.org/englishL/home/index.html" "Mozilla/5.0 (Windows; U; Windows NT 5.1; en-US; rv:1.8.0.6) Gecko/20060728 Firefox/1.5.0.6"
70.224.100.201 - - [28/Aug/2006:15:51:19 -0400] "GET /englishL/home/images/beagle.gif HTTP/1.1" 200 37108 "http://darwinday.org/englishL/home/index.html" "Mozilla/5.0 (Windows; U; Windows NT 5.1; en-US; rv:1.8.0.6) Gecko/20060728 Firefox/1.5.0.6"
70.224.100.201 - - [28/Aug/2006:15:51:19 -0400] "GET /images/alllangimages/trans.gif HTTP/1.1" 200 49 "http://darwinday.org/englishL/home/index.html" "Mozilla/5.0 (Windows; U; Windows NT 5.1; en-US; rv:1.8.0.6) Gecko/20060728 Firefox/1.5.0.6"
70.224.100.201 - - [28/Aug/2006:15:51:19 -0400] "GET /englishL/home/images/joinus.gif HTTP/1.1" 200 524 "http://darwinday.org/englishL/home/index.html" "Mozilla/5.0 (Windows; U; Windows NT 5.1; en-US; rv:1.8.0.6) Gecko/20060728 Firefox/1.5.0.6"
70.224.100.201 - - [28/Aug/2006:15:51:20 -0400] "GET /favicon.ico HTTP/1.1" 404 3475 "-" "Mozilla/5.0 (Windows; U; Windows NT 5.1; en-US; rv:1.8.0.6) Gecko/20060728 Firefox/1.5.0.6"
83.205.125.95 - - [28/Aug/2006:15:51:21 -0400] "GET /stylesheets/mainenglishL.css HTTP/1.1" 200 590 "http://darwinday.org/englishL/home/index.html" "Mozilla/5.0 (Windows; U; Windows NT 5.1; fr; rv:1.8.0.6) Gecko/20060728 Firefox/1.5.0.6"
83.205.125.95 - - [28/Aug/2006:15:51:21 -0400] "GET /englishL/home/index.html HTTP/1.1" 200 26022 "http://www.stumbleupon.com/refer.php?url=http%3A//darwinday.org/englishL/home/index.html" "Mozilla/5.0 (Windows; U; Windows NT 5.1; fr; rv:1.8.0.6) Gecko/20060728 Firefox/1.5.0.6"
83.205.125.95 - - [28/Aug/2006:15:51:21 -0400] "GET /stylesheets/main.css HTTP/1.1" 200 638 "http://darwinday.org/englishL/home/index.html" "Mozilla/5.0 (Windows; U; Windows NT 5.1; fr; rv:1.8.0.6) Gecko/20060728 Firefox/1.5.0.6"
83.205.125.95 - - [28/Aug/2006:15:51:22 -0400] "GET /images/alllangimages/topleftlogo.gif HTTP/1.1" 200 6907 "http://darwinday.org/englishL/home/index.html" "Mozilla/5.0 (Windows; U; Windows NT 5.1; fr; rv:1.8.0.6) Gecko/20060728 Firefox/1.5.0.6"
83.205.125.95 - - [28/Aug/2006:15:51:22 -0400] "GET /englishL/currarts.html HTTP/1.1" 200 4902 "http://darwinday.org/englishL/home/index.html" "Mozilla/5.0 (Windows; U; Windows NT 5.1; fr; rv:1.8.0.6) Gecko/20060728 Firefox/1.5.0.6"
83.205.125.95 - - [28/Aug/2006:15:51:22 -0400] "GET /images/alllangimages/header.gif HTTP/1.1" 200 20989 "http://darwinday.org/englishL/home/index.html" "Mozilla/5.0 (Windows; U; Windows NT 5.1; fr; rv:1.8.0.6) Gecko/20060728 Firefox/1.5.0.6"
83.205.125.95 - - [28/Aug/2006:15:51:23 -0400] "GET /images/alllangimages/lincoln.gif HTTP/1.1" 200 11057 "http://darwinday.org/englishL/home/index.html" "Mozilla/5.0 (Windows; U; Windows NT 5.1; fr; rv:1.8.0.6) Gecko/20060728 Firefox/1.5.0.6"
72.14.192.5 - - [28/Aug/2006:15:51:23 -0400] "GET /englishL/regemail/index.php HTTP/1.1" 200 6153 "http://darwinday.org/englishL/home/index.html" "Mozilla/5.0 (Windows; U; Windows NT 5.1; en-GB; rv:1.8.0.6) Gecko/20060728 Firefox/1.5.0.6"
83.205.125.95 - - [28/Aug/2006:15:51:24 -0400] "GET /images/alllangimages/darwin.gif HTTP/1.1" 200 13783 "http://darwinday.org/englishL/home/index.html" "Mozilla/5.0 (Windows; U; Windows NT 5.1; fr; rv:1.8.0.6) Gecko/20060728 Firefox/1.5.0.6"
195.252.90.43 - - [28/Aug/2006:15:51:24 -0400] "GET /favicon.ico HTTP/1.1" 404 3475 "-" "Mozilla/5.0 (Windows; U; Windows NT 5.1; en-US; rv:1.8.0.6) Gecko/20060728 Firefox/1.5.0.6"
83.205.125.95 - - [28/Aug/2006:15:51:25 -0400] "GET /englishL/home/images/beagle.gif HTTP/1.1" 200 37108 "http://darwinday.org/englishL/home/index.html" "Mozilla/5.0 (Windows; U; Windows NT 5.1; fr; rv:1.8.0.6) Gecko/20060728 Firefox/1.5.0.6"
83.205.125.95 - - [28/Aug/2006:15:51:25 -0400] "GET /images/alllangimages/trans.gif HTTP/1.1" 200 49 "http://darwinday.org/englishL/home/index.html" "Mozilla/5.0 (Windows; U; Windows NT 5.1; fr; rv:1.8.0.6) Gecko/20060728 Firefox/1.5.0.6"
83.205.125.95 - - [28/Aug/2006:15:51:25 -0400] "GET /englishL/home/images/joinus.gif HTTP/1.1" 200 524 "http://darwinday.org/englishL/home/index.html" "Mozilla/5.0 (Windows; U; Windows NT 5.1; fr; rv:1.8.0.6) Gecko/20060728 Firefox/1.5.0.6"
83.205.125.95 - - [28/Aug/2006:15:51:26 -0400] "GET /images/alllangimages/worldmaptransp.gif HTTP/1.1" 200 128893 "http://darwinday.org/englishL/home/index.html" "Mozilla/5.0 (Windows; U; Windows NT 5.1; fr; rv:1.8.0.6) Gecko/20060728 Firefox/1.5.0.6"
83.205.125.95 - - [28/Aug/2006:15:51:26 -0400] "GET /englishL/images/titletrans.gif HTTP/1.1" 200 15588 "http://darwinday.org/englishL/home/index.html" "Mozilla/5.0 (Windows; U; Windows NT 5.1; fr; rv:1.8.0.6) Gecko/20060728 Firefox/1.5.0.6"
83.205.125.95 - - [28/Aug/2006:15:51:26 -0400] "GET /englishL/images/navbar.gif HTTP/1.1" 200 2667 "http://darwinday.org/englishL/home/index.html" "Mozilla/5.0 (Windows; U; Windows NT 5.1; fr; rv:1.8.0.6) Gecko/20060728 Firefox/1.5.0.6"
83.205.125.95 - - [28/Aug/2006:15:51:26 -0400] "GET /englishL/home/images/horse.evolution.jpg HTTP/1.1" 200 29612 "http://darwinday.org/englishL/home/index.html" "Mozilla/5.0 (Windows; U; Windows NT 5.1; fr; rv:1.8.0.6) Gecko/20060728 Firefox/1.5.0.6"
83.205.125.95 - - [28/Aug/2006:15:51:26 -0400] "GET /images/alllangimages/DNAlogo.gif HTTP/1.1" 200 1370 "http://darwinday.org/englishL/currarts.html" "Mozilla/5.0 (Windows; U; Windows NT 5.1; fr; rv:1.8.0.6) Gecko/20060728 Firefox/1.5.0.6"
71.108.27.97 - - [28/Aug/2006:15:51:27 -0400] "GET /englishL/home/images/beagle.gif HTTP/1.1" 206 1011 "http://darwinday.org/englishL/home/index.html" "Mozilla/5.0 (Windows; U; Windows NT 5.2; en-US; rv:1.8.0.6) Gecko/20060728 Firefox/1.5.0.6"
71.108.27.97 - - [28/Aug/2006:15:51:27 -0400] "GET /englishL/home/images/horse.evolution.jpg HTTP/1.1" 206 8116 "http://darwinday.org/englishL/home/index.html" "Mozilla/5.0 (Windows; U; Windows NT 5.2; en-US; rv:1.8.0.6) Gecko/20060728 Firefox/1.5.0.6"
83.205.125.95 - - [28/Aug/2006:15:51:28 -0400] "GET /englishL/home/images/darwinages.gif HTTP/1.1" 200 50309 "http://darwinday.org/englishL/home/index.html" "Mozilla/5.0 (Windows; U; Windows NT 5.1; fr; rv:1.8.0.6) Gecko/20060728 Firefox/1.5.0.6"
83.205.125.95 - - [28/Aug/2006:15:51:28 -0400] "GET /images/alllangimages/arrow.gif HTTP/1.1" 200 112 "http://darwinday.org/englishL/home/index.html" "Mozilla/5.0 (Windows; U; Windows NT 5.1; fr; rv:1.8.0.6) Gecko/20060728 Firefox/1.5.0.6"
83.205.125.95 - - [28/Aug/2006:15:51:28 -0400] "GET /images/alllangimages/dnahorizl.gif HTTP/1.1" 200 2130 "http://darwinday.org/englishL/home/index.html" "Mozilla/5.0 (Windows; U; Windows NT 5.1; fr; rv:1.8.0.6) Gecko/20060728 Firefox/1.5.0.6"
83.205.125.95 - - [28/Aug/2006:15:51:28 -0400] "GET /images/alllangimages/dnahoriz.gif HTTP/1.1" 200 3391 "http://darwinday.org/englishL/home/index.html" "Mozilla/5.0 (Windows; U; Windows NT 5.1; fr; rv:1.8.0.6) Gecko/20060728 Firefox/1.5.0.6"
83.205.125.95 - - [28/Aug/2006:15:51:28 -0400] "GET /images/alllangimages/dnahorizr.gif HTTP/1.1" 200 2104 "http://darwinday.org/englishL/home/index.html" "Mozilla/5.0 (Windows; U; Windows NT 5.1; fr; rv:1.8.0.6) Gecko/20060728 Firefox/1.5.0.6"
212.120.84.241 - - [28/Aug/2006:15:51:29 -0400] "GET /stylesheets/mainenglishL.css HTTP/1.1" 200 590 "http://darwinday.org/englishL/home/index.html" "Mozilla/5.0 (Windows; U; Windows NT 5.1; en-US; rv:1.8.0.6) Gecko/20060728 Firefox/1.5.0.6"
212.120.84.241 - - [28/Aug/2006:15:51:29 -0400] "GET /englishL/home/index.html HTTP/1.1" 200 26022 "http://www.stumbleupon.com/refer.php?url=http%3A//darwinday.org/englishL/home/index.html" "Mozilla/5.0 (Windows; U; Windows NT 5.1; en-US; rv:1.8.0.6) Gecko/20060728 Firefox/1.5.0.6"
212.120.84.241 - - [28/Aug/2006:15:51:29 -0400] "GET /stylesheets/main.css HTTP/1.1" 200 638 "http://darwinday.org/englishL/home/index.html" "Mozilla/5.0 (Windows; U; Windows NT 5.1; en-US; rv:1.8.0.6) Gecko/20060728 Firefox/1.5.0.6"
212.120.84.241 - - [28/Aug/2006:15:51:29 -0400] "GET /images/alllangimages/topleftlogo.gif HTTP/1.1" 200 6907 "http://darwinday.org/englishL/home/index.html" "Mozilla/5.0 (Windows; U; Windows NT 5.1; en-US; rv:1.8.0.6) Gecko/20060728 Firefox/1.5.0.6"
212.120.84.241 - - [28/Aug/2006:15:51:30 -0400] "GET /englishL/currarts.html HTTP/1.1" 200 4902 "http://darwinday.org/englishL/home/index.html" "Mozilla/5.0 (Windows; U; Windows NT 5.1; en-US; rv:1.8.0.6) Gecko/20060728 Firefox/1.5.0.6"
212.120.84.241 - - [28/Aug/2006:15:51:30 -0400] "GET /images/alllangimages/header.gif HTTP/1.1" 200 20989 "http://darwinday.org/englishL/home/index.html" "Mozilla/5.0 (Windows; U; Windows NT 5.1; en-US; rv:1.8.0.6) Gecko/20060728 Firefox/1.5.0.6"
212.120.84.241 - - [28/Aug/2006:15:51:30 -0400] "GET /englishL/images/titletrans.gif HTTP/1.1" 200 15588 "http://darwinday.org/englishL/home/index.html" "Mozilla/5.0 (Windows; U; Windows NT 5.1; en-US; rv:1.8.0.6) Gecko/20060728 Firefox/1.5.0.6"
212.120.84.241 - - [28/Aug/2006:15:51:31 -0400] "GET /englishL/images/navbar.gif HTTP/1.1" 200 2667 "http://darwinday.org/englishL/home/index.html" "Mozilla/5.0 (Windows; U; Windows NT 5.1; en-US; rv:1.8.0.6) Gecko/20060728 Firefox/1.5.0.6"
212.120.84.241 - - [28/Aug/2006:15:51:31 -0400] "GET /englishL/home/images/darwinages.gif HTTP/1.1" 200 50309 "http://darwinday.org/englishL/home/index.html" "Mozilla/5.0 (Windows; U; Windows NT 5.1; en-US; rv:1.8.0.6) Gecko/20060728 Firefox/1.5.0.6"
212.120.84.241 - - [28/Aug/2006:15:51:32 -0400] "GET /images/alllangimages/arrow.gif HTTP/1.1" 200 112 "http://darwinday.org/englishL/home/index.html" "Mozilla/5.0 (Windows; U; Windows NT 5.1; en-US; rv:1.8.0.6) Gecko/20060728 Firefox/1.5.0.6"
212.120.84.241 - - [28/Aug/2006:15:51:32 -0400] "GET /images/alllangimages/dnahorizl.gif HTTP/1.1" 200 2130 "http://darwinday.org/englishL/home/index.html" "Mozilla/5.0 (Windows; U; Windows NT 5.1; en-US; rv:1.8.0.6) Gecko/20060728 Firefox/1.5.0.6"
212.120.84.241 - - [28/Aug/2006:15:51:33 -0400] "GET /images/alllangimages/dnahoriz.gif HTTP/1.1" 200 3391 "http://darwinday.org/englishL/home/index.html" "Mozilla/5.0 (Windows; U; Windows NT 5.1; en-US; rv:1.8.0.6) Gecko/20060728 Firefox/1.5.0.6"
212.120.84.241 - - [28/Aug/2006:15:51:33 -0400] "GET /images/alllangimages/dnahorizr.gif HTTP/1.1" 200 2104 "http://darwinday.org/englishL/home/index.html" "Mozilla/5.0 (Windows; U; Windows NT 5.1; en-US; rv:1.8.0.6) Gecko/20060728 Firefox/1.5.0.6"
212.120.84.241 - - [28/Aug/2006:15:51:33 -0400] "GET /images/alllangimages/lincoln.gif HTTP/1.1" 200 11057 "http://darwinday.org/englishL/home/index.html" "Mozilla/5.0 (Windows; U; Windows NT 5.1; en-US; rv:1.8.0.6) Gecko/20060728 Firefox/1.5.0.6"
212.120.84.241 - - [28/Aug/2006:15:51:33 -0400] "GET /images/alllangimages/worldmaptransp.gif HTTP/1.1" 200 128893 "http://darwinday.org/englishL/home/index.html" "Mozilla/5.0 (Windows; U; Windows NT 5.1; en-US; rv:1.8.0.6) Gecko/20060728 Firefox/1.5.0.6"
212.120.84.241 - - [28/Aug/2006:15:51:33 -0400] "GET /images/alllangimages/darwin.gif HTTP/1.1" 200 13783 "http://darwinday.org/englishL/home/index.html" "Mozilla/5.0 (Windows; U; Windows NT 5.1; en-US; rv:1.8.0.6) Gecko/20060728 Firefox/1.5.0.6"
212.120.84.241 - - [28/Aug/2006:15:51:33 -0400] "GET /images/alllangimages/trans.gif HTTP/1.1" 200 49 "http://darwinday.org/englishL/home/index.html" "Mozilla/5.0 (Windows; U; Windows NT 5.1; en-US; rv:1.8.0.6) Gecko/20060728 Firefox/1.5.0.6"
212.120.84.241 - - [28/Aug/2006:15:51:34 -0400] "GET /englishL/home/images/joinus.gif HTTP/1.1" 200 524 "http://darwinday.org/englishL/home/index.html" "Mozilla/5.0 (Windows; U; Windows NT 5.1; en-US; rv:1.8.0.6) Gecko/20060728 Firefox/1.5.0.6"
212.120.84.241 - - [28/Aug/2006:15:51:34 -0400] "GET /englishL/home/images/beagle.gif HTTP/1.1" 200 37108 "http://darwinday.org/englishL/home/index.html" "Mozilla/5.0 (Windows; U; Windows NT 5.1; en-US; rv:1.8.0.6) Gecko/20060728 Firefox/1.5.0.6"
212.120.84.241 - - [28/Aug/2006:15:51:34 -0400] "GET /englishL/home/images/horse.evolution.jpg HTTP/1.1" 200 29612 "http://darwinday.org/englishL/home/index.html" "Mozilla/5.0 (Windows; U; Windows NT 5.1; en-US; rv:1.8.0.6) Gecko/20060728 Firefox/1.5.0.6"
212.120.84.241 - - [28/Aug/2006:15:51:34 -0400] "GET /images/alllangimages/DNAlogo.gif HTTP/1.1" 200 1370 "http://darwinday.org/englishL/currarts.html" "Mozilla/5.0 (Windows; U; Windows NT 5.1; en-US; rv:1.8.0.6) Gecko/20060728 Firefox/1.5.0.6"
212.120.84.241 - - [28/Aug/2006:15:51:34 -0400] "GET /favicon.ico HTTP/1.1" 404 3475 "-" "Mozilla/5.0 (Windows; U; Windows NT 5.1; en-US; rv:1.8.0.6) Gecko/20060728 Firefox/1.5.0.6"
84.71.10.245 - - [28/Aug/2006:15:51:37 -0400] "GET /favicon.ico HTTP/1.1" 404 3475 "-" "Mozilla/5.0 (Windows; U; Windows NT 5.1; en-GB; rv:1.8.0.6) Gecko/20060728 Firefox/1.5.0.6"
71.254.71.126 - - [28/Aug/2006:15:51:39 -0400] "GET /stylesheets/mainenglishL.css HTTP/1.1" 200 590 "http://darwinday.org/englishL/home/index.html" "Mozilla/5.0 (Macintosh; U; PPC Mac OS X Mach-O; en-US; rv:1.8.0.6) Gecko/20060728 Firefox/1.5.0.6"
71.254.71.126 - - [28/Aug/2006:15:51:39 -0400] "GET /englishL/home/index.html HTTP/1.1" 200 26022 "http://www.stumbleupon.com/refer.php?url=http%3A//darwinday.org/englishL/home/index.html" "Mozilla/5.0 (Macintosh; U; PPC Mac OS X Mach-O; en-US; rv:1.8.0.6) Gecko/20060728 Firefox/1.5.0.6"
159.121.128.80 - - [28/Aug/2006:15:51:39 -0400] "GET /stylesheets/mainenglishL.css HTTP/1.1" 200 590 "http://darwinday.org/englishL/home/index.html" "Mozilla/5.0 (X11; U; Linux i686; en-US; rv:1.8.1b1) Gecko/20060710 Firefox/2.0b1"
71.254.71.126 - - [28/Aug/2006:15:51:39 -0400] "GET /stylesheets/main.css HTTP/1.1" 200 638 "http://darwinday.org/englishL/home/index.html" "Mozilla/5.0 (Macintosh; U; PPC Mac OS X Mach-O; en-US; rv:1.8.0.6) Gecko/20060728 Firefox/1.5.0.6"
159.121.128.80 - - [28/Aug/2006:15:51:39 -0400] "GET /stylesheets/main.css HTTP/1.1" 200 638 "http://darwinday.org/englishL/home/index.html" "Mozilla/5.0 (X11; U; Linux i686; en-US; rv:1.8.1b1) Gecko/20060710 Firefox/2.0b1"
71.254.71.126 - - [28/Aug/2006:15:51:39 -0400] "GET /images/alllangimages/topleftlogo.gif HTTP/1.1" 200 6907 "http://darwinday.org/englishL/home/index.html" "Mozilla/5.0 (Macintosh; U; PPC Mac OS X Mach-O; en-US; rv:1.8.0.6) Gecko/20060728 Firefox/1.5.0.6"
159.121.128.80 - - [28/Aug/2006:15:51:39 -0400] "GET /englishL/home/index.html HTTP/1.1" 200 26022 "http://www.stumbleupon.com/refer.php?url=http%3A//darwinday.org/englishL/home/index.html" "Mozilla/5.0 (X11; U; Linux i686; en-US; rv:1.8.1b1) Gecko/20060710 Firefox/2.0b1"
71.254.71.126 - - [28/Aug/2006:15:51:39 -0400] "GET /englishL/currarts.html HTTP/1.1" 200 4902 "http://darwinday.org/englishL/home/index.html" "Mozilla/5.0 (Macintosh; U; PPC Mac OS X Mach-O; en-US; rv:1.8.0.6) Gecko/20060728 Firefox/1.5.0.6"
159.121.128.80 - - [28/Aug/2006:15:51:39 -0400] "GET /images/alllangimages/topleftlogo.gif HTTP/1.1" 200 6907 "http://darwinday.org/englishL/home/index.html" "Mozilla/5.0 (X11; U; Linux i686; en-US; rv:1.8.1b1) Gecko/20060710 Firefox/2.0b1"
71.254.71.126 - - [28/Aug/2006:15:51:39 -0400] "GET /images/alllangimages/header.gif HTTP/1.1" 200 20989 "http://darwinday.org/englishL/home/index.html" "Mozilla/5.0 (Macintosh; U; PPC Mac OS X Mach-O; en-US; rv:1.8.0.6) Gecko/20060728 Firefox/1.5.0.6"
71.254.71.126 - - [28/Aug/2006:15:51:39 -0400] "GET /englishL/images/titletrans.gif HTTP/1.1" 200 15588 "http://darwinday.org/englishL/home/index.html" "Mozilla/5.0 (Macintosh; U; PPC Mac OS X Mach-O; en-US; rv:1.8.0.6) Gecko/20060728 Firefox/1.5.0.6"
159.121.128.80 - - [28/Aug/2006:15:51:39 -0400] "GET /images/alllangimages/header.gif HTTP/1.1" 200 20989 "http://darwinday.org/englishL/home/index.html" "Mozilla/5.0 (X11; U; Linux i686; en-US; rv:1.8.1b1) Gecko/20060710 Firefox/2.0b1"
159.121.128.80 - - [28/Aug/2006:15:51:39 -0400] "GET /englishL/currarts.html HTTP/1.1" 200 4902 "http://darwinday.org/englishL/home/index.html" "Mozilla/5.0 (X11; U; Linux i686; en-US; rv:1.8.1b1) Gecko/20060710 Firefox/2.0b1"
71.254.71.126 - - [28/Aug/2006:15:51:39 -0400] "GET /englishL/images/navbar.gif HTTP/1.1" 200 2667 "http://darwinday.org/englishL/home/index.html" "Mozilla/5.0 (Macintosh; U; PPC Mac OS X Mach-O; en-US; rv:1.8.0.6) Gecko/20060728 Firefox/1.5.0.6"
71.254.71.126 - - [28/Aug/2006:15:51:40 -0400] "GET /englishL/home/images/darwinages.gif HTTP/1.1" 200 50309 "http://darwinday.org/englishL/home/index.html" "Mozilla/5.0 (Macintosh; U; PPC Mac OS X Mach-O; en-US; rv:1.8.0.6) Gecko/20060728 Firefox/1.5.0.6"
159.121.128.80 - - [28/Aug/2006:15:51:40 -0400] "GET /englishL/images/titletrans.gif HTTP/1.1" 200 15588 "http://darwinday.org/englishL/home/index.html" "Mozilla/5.0 (X11; U; Linux i686; en-US; rv:1.8.1b1) Gecko/20060710 Firefox/2.0b1"
71.254.71.126 - - [28/Aug/2006:15:51:40 -0400] "GET /images/alllangimages/worldmaptransp.gif HTTP/1.1" 200 29835 "http://darwinday.org/englishL/home/index.html" "Mozilla/5.0 (Macintosh; U; PPC Mac OS X Mach-O; en-US; rv:1.8.0.6) Gecko/20060728 Firefox/1.5.0.6"
159.121.128.80 - - [28/Aug/2006:15:51:40 -0400] "GET /englishL/images/navbar.gif HTTP/1.1" 200 2667 "http://darwinday.org/englishL/home/index.html" "Mozilla/5.0 (X11; U; Linux i686; en-US; rv:1.8.1b1) Gecko/20060710 Firefox/2.0b1"
159.121.128.80 - - [28/Aug/2006:15:51:40 -0400] "GET /images/alllangimages/worldmaptransp.gif HTTP/1.1" 200 128893 "http://darwinday.org/englishL/home/index.html" "Mozilla/5.0 (X11; U; Linux i686; en-US; rv:1.8.1b1) Gecko/20060710 Firefox/2.0b1"
71.254.71.126 - - [28/Aug/2006:15:51:40 -0400] "GET /englishL/home/images/darwinages.gif HTTP/1.1" 206 23352 "http://darwinday.org/englishL/home/index.html" "Mozilla/5.0 (Macintosh; U; PPC Mac OS X Mach-O; en-US; rv:1.8.0.6) Gecko/20060728 Firefox/1.5.0.6"
71.254.71.126 - - [28/Aug/2006:15:51:40 -0400] "GET /images/alllangimages/arrow.gif HTTP/1.1" 200 112 "http://darwinday.org/englishL/home/index.html" "Mozilla/5.0 (Macintosh; U; PPC Mac OS X Mach-O; en-US; rv:1.8.0.6) Gecko/20060728 Firefox/1.5.0.6"
159.121.128.80 - - [28/Aug/2006:15:51:40 -0400] "GET /images/alllangimages/arrow.gif HTTP/1.1" 200 112 "http://darwinday.org/englishL/home/index.html" "Mozilla/5.0 (X11; U; Linux i686; en-US; rv:1.8.1b1) Gecko/20060710 Firefox/2.0b1"
71.254.71.126 - - [28/Aug/2006:15:51:40 -0400] "GET /images/alllangimages/dnahorizl.gif HTTP/1.1" 200 2130 "http://darwinday.org/englishL/home/index.html" "Mozilla/5.0 (Macintosh; U; PPC Mac OS X Mach-O; en-US; rv:1.8.0.6) Gecko/20060728 Firefox/1.5.0.6"
71.254.71.126 - - [28/Aug/2006:15:51:40 -0400] "GET /images/alllangimages/dnahoriz.gif HTTP/1.1" 200 3391 "http://darwinday.org/englishL/home/index.html" "Mozilla/5.0 (Macintosh; U; PPC Mac OS X Mach-O; en-US; rv:1.8.0.6) Gecko/20060728 Firefox/1.5.0.6"
159.121.128.80 - - [28/Aug/2006:15:51:40 -0400] "GET /images/alllangimages/dnahorizl.gif HTTP/1.1" 200 2130 "http://darwinday.org/englishL/home/index.html" "Mozilla/5.0 (X11; U; Linux i686; en-US; rv:1.8.1b1) Gecko/20060710 Firefox/2.0b1"
71.254.71.126 - - [28/Aug/2006:15:51:40 -0400] "GET /images/alllangimages/dnahorizr.gif HTTP/1.1" 200 2104 "http://darwinday.org/englishL/home/index.html" "Mozilla/5.0 (Macintosh; U; PPC Mac OS X Mach-O; en-US; rv:1.8.0.6) Gecko/20060728 Firefox/1.5.0.6"
71.254.71.126 - - [28/Aug/2006:15:51:41 -0400] "GET /images/alllangimages/lincoln.gif HTTP/1.1" 200 11057 "http://darwinday.org/englishL/home/index.html" "Mozilla/5.0 (Macintosh; U; PPC Mac OS X Mach-O; en-US; rv:1.8.0.6) Gecko/20060728 Firefox/1.5.0.6"
159.121.128.80 - - [28/Aug/2006:15:51:41 -0400] "GET /images/alllangimages/dnahoriz.gif HTTP/1.1" 200 3391 "http://darwinday.org/englishL/home/index.html" "Mozilla/5.0 (X11; U; Linux i686; en-US; rv:1.8.1b1) Gecko/20060710 Firefox/2.0b1"
71.254.71.126 - - [28/Aug/2006:15:51:41 -0400] "GET /images/alllangimages/darwin.gif HTTP/1.1" 200 13783 "http://darwinday.org/englishL/home/index.html" "Mozilla/5.0 (Macintosh; U; PPC Mac OS X Mach-O; en-US; rv:1.8.0.6) Gecko/20060728 Firefox/1.5.0.6"
159.121.128.80 - - [28/Aug/2006:15:51:41 -0400] "GET /images/alllangimages/dnahorizr.gif HTTP/1.1" 200 2104 "http://darwinday.org/englishL/home/index.html" "Mozilla/5.0 (X11; U; Linux i686; en-US; rv:1.8.1b1) Gecko/20060710 Firefox/2.0b1"
